Passwd-Keyring-PWSafe3 v1.0000 Perl 5 v5.32.1 MSWin32-x86-multi-thread-64int

Status
Fail
From
gregor herrmann
Dist
Passwd-Keyring-PWSafe3 v1.0000
Platform
Perl 5 v5.32.1 MSWin32-x86-multi-thread-64int
Date
2023-06-26 14:26:22
ID
a66d8638-6c76-1014-90b0-0e19560a61e2
This distribution has been tested as part of the CPAN Testers
project, supporting the Perl programming language.  See
http://wiki.cpantesters.org/ for more information or email
questions to cpan-testers-discuss@perl.org


--
Dear Marcin Kasperski,

This is a computer-generated report for Passwd-Keyring-PWSafe3-1.0000
on perl 5.32.1, created by CPAN-Reporter-1.2019.

Thank you for uploading your work to CPAN.  However, there was a problem
testing your distribution.

If you think this report is invalid, please consult the CPAN Testers Wiki
for suggestions on how to avoid getting FAIL reports for missing library
or binary dependencies, unsupported operating systems, and so on:

http://wiki.cpantesters.org/wiki/CPANAuthorNotes

Sections of this report:

    * Tester comments
    * Program output
    * Prerequisites
    * Environment and other context

------------------------------
TESTER COMMENTS
------------------------------

Additional comments from tester:

this report is from an automated smoke testing program
and was not reviewed by a human for accuracy

------------------------------
PROGRAM OUTPUT
------------------------------

Output from 'C:\Strawberry\perl\bin\perl.exe ./Build test':

# Testing Passwd::Keyring::PWSafe3 1.0000, Crypt::PWSafe3 1.22, Perl 5.032001, C:\Strawberry\perl\bin\perl.exe
t\00-load.t .......................... ok
Could not move C:\cpan\build\Passwd-Keyring-PWSafe3-1.0000-0\t\.vaultczqdlfoF to C:\cpan\build\Passwd-Keyring-PWSafe3-1.0000-0\t\test.psafe3: Permission denied at C:\cpan\build\Passwd-Keyring-PWSafe3-1.0000-0\blib\lib/Passwd/Keyring/PWSafe3.pm line 314.
	(in cleanup) Could not move C:\cpan\build\Passwd-Keyring-PWSafe3-1.0000-0\t\.vaultgFK1Y2ba to C:\cpan\build\Passwd-Keyring-PWSafe3-1.0000-0\t\test.psafe3: Permission denied at C:\cpan\build\Passwd-Keyring-PWSafe3-1.0000-0\blib\lib/Passwd/Keyring/PWSafe3.pm line 314.
# Looks like your test exited with 13 just after 1.
t\01-set-and-get.t ................... 
Dubious, test returned 13 (wstat 3328, 0xd00)
Failed 7/8 subtests 
t\02-is-persistent.t ................. ok
# No save, on purpose, destructor is to fire.
# 04-recovering-in-sep-prog.t is to recover saved data (in separate process).
	(in cleanup) Could not move C:\cpan\build\Passwd-Keyring-PWSafe3-1.0000-0\t\.vaultDeAbOSr6 to C:\cpan\build\Passwd-Keyring-PWSafe3-1.0000-0\t\test.psafe3: Permission denied at C:\cpan\build\Passwd-Keyring-PWSafe3-1.0000-0\blib\lib/Passwd/Keyring/PWSafe3.pm line 314.
t\03-many-sets-and-gets.t ............ ok
# This assumes 03-many-sets-and-gets.t was run and filled C:\cpan\build\Passwd-Keyring-PWSafe3-1.0000-0\t\test.psafe3.

#   Failed test 'Got password back -> get_password(Gregory, my@@realm)'
#   at t\04-recovering-in-sep-prog.t line 33.
#          got: undef
#     expected: 'secret-Greg'

#   Failed test 'Got password back -> get_password(Paul, my@@realm)'
#   at t\04-recovering-in-sep-prog.t line 36.
#          got: undef
#     expected: 'secret-Paul2'

#   Failed test 'Got password back -> get_password(Duke, my@@realm)'
#   at t\04-recovering-in-sep-prog.t line 39.
#          got: undef
#     expected: 'secret-Duke'

#   Failed test 'Cleared properly -> clear_password(Gregory, my@@realm)'
#   at t\04-recovering-in-sep-prog.t line 42.

#   Failed test 'Got password back -> get_password(Paul, other realm)'
#   at t\04-recovering-in-sep-prog.t line 48.
#          got: undef
#     expected: 'secret-Paul2'

#   Failed test 'Got password back -> get_password(Duke, my@@realm)'
#   at t\04-recovering-in-sep-prog.t line 51.
#          got: undef
#     expected: 'secret-Duke'

#   Failed test 'Cleared properly -> clear_password(Paul, other realm)'
#   at t\04-recovering-in-sep-prog.t line 54.

#   Failed test 'Cleared properly -> clear_password(Duke, my@@realm)'
#   at t\04-recovering-in-sep-prog.t line 57.
# Looks like you failed 8 tests of 14.
t\04-recovering-in-sep-prog.t ........ 
Dubious, test returned 8 (wstat 2048, 0x800)
Failed 8/14 subtests 
Could not move C:\cpan\build\Passwd-Keyring-PWSafe3-1.0000-0\t\.vaultlmMyDchI to C:\cpan\build\Passwd-Keyring-PWSafe3-1.0000-0\t\test.psafe3: Permission denied at C:\cpan\build\Passwd-Keyring-PWSafe3-1.0000-0\blib\lib/Passwd/Keyring/PWSafe3.pm line 314.
	(in cleanup) Could not move C:\cpan\build\Passwd-Keyring-PWSafe3-1.0000-0\t\.vaultRcbBy4N2 to C:\cpan\build\Passwd-Keyring-PWSafe3-1.0000-0\t\test.psafe3: Permission denied at C:\cpan\build\Passwd-Keyring-PWSafe3-1.0000-0\blib\lib/Passwd/Keyring/PWSafe3.pm line 314.
# Looks like your test exited with 13 just after 5.
t\05-many-sets-and-gets-with-name.t .. 
Dubious, test returned 13 (wstat 3328, 0xd00)
Failed 20/25 subtests 
Could not move C:\cpan\build\Passwd-Keyring-PWSafe3-1.0000-0\t\.vaultvSqiWeso to C:\cpan\build\Passwd-Keyring-PWSafe3-1.0000-0\t\test.psafe3: Permission denied at C:\cpan\build\Passwd-Keyring-PWSafe3-1.0000-0\blib\lib/Passwd/Keyring/PWSafe3.pm line 314.
	(in cleanup) Could not move C:\cpan\build\Passwd-Keyring-PWSafe3-1.0000-0\t\.vaultAFge6cvH to C:\cpan\build\Passwd-Keyring-PWSafe3-1.0000-0\t\test.psafe3: Permission denied at C:\cpan\build\Passwd-Keyring-PWSafe3-1.0000-0\blib\lib/Passwd/Keyring/PWSafe3.pm line 314.
# Looks like your test exited with 13 just after 4.
t\06-recovering-with-app-change.t .... 
Dubious, test returned 13 (wstat 3328, 0xd00)
Failed 14/18 subtests 
Could not move C:\cpan\build\Passwd-Keyring-PWSafe3-1.0000-0\t\.vaultC4hva8e6 to C:\cpan\build\Passwd-Keyring-PWSafe3-1.0000-0\t\test.psafe3: Permission denied at C:\cpan\build\Passwd-Keyring-PWSafe3-1.0000-0\blib\lib/Passwd/Keyring/PWSafe3.pm line 314.
	(in cleanup) Could not move C:\cpan\build\Passwd-Keyring-PWSafe3-1.0000-0\t\.vault7ZsbNwzJ to C:\cpan\build\Passwd-Keyring-PWSafe3-1.0000-0\t\test.psafe3: Permission denied at C:\cpan\build\Passwd-Keyring-PWSafe3-1.0000-0\blib\lib/Passwd/Keyring/PWSafe3.pm line 314.
# Looks like your test exited with 13 just after 1.
t\07-ugly-chars.t .................... 
Dubious, test returned 13 (wstat 3328, 0xd00)
Failed 3/4 subtests 
Could not move C:\cpan\build\Passwd-Keyring-PWSafe3-1.0000-0\t\.vaultHHfUOVn0 to C:\cpan\build\Passwd-Keyring-PWSafe3-1.0000-0\t\test.psafe3: Permission denied at C:\cpan\build\Passwd-Keyring-PWSafe3-1.0000-0\blib\lib/Passwd/Keyring/PWSafe3.pm line 314.
	(in cleanup) Could not move C:\cpan\build\Passwd-Keyring-PWSafe3-1.0000-0\t\.vault96ebYQaS to C:\cpan\build\Passwd-Keyring-PWSafe3-1.0000-0\t\test.psafe3: Permission denied at C:\cpan\build\Passwd-Keyring-PWSafe3-1.0000-0\blib\lib/Passwd/Keyring/PWSafe3.pm line 314.
# Looks like your test exited with 13 just after 3.
t\08-verylong-params.t ............... 
Dubious, test returned 13 (wstat 3328, 0xd00)
Failed 3/6 subtests 
t\09-using-fresh-file.t .............. ok
# Consider spawning  Password Safe GUI  to check how test.psafe3 looks like and whether it differs from sampledb/test.psafe3. Master password is 10101010
t\99-note.t .......................... ok
t\cpan-meta-json.t ................... skipped: Test::CPAN::Meta::JSON required for testing META.json
t\cpan-meta.t ........................ ok
t\kwalitee.t ......................... skipped: these tests are for release candidate testing
t\manifest.t ......................... skipped: Author tests not required for installation
t\pod-coverage.t ..................... ok
t\pod.t .............................. ok

Test Summary Report
-------------------
t\01-set-and-get.t                 (Wstat: 3328 (exited 13) Tests: 1 Failed: 0)
  Non-zero exit status: 13
  Parse errors: Bad plan.  You planned 8 tests but ran 1.
t\04-recovering-in-sep-prog.t      (Wstat: 2048 (exited 8) Tests: 14 Failed: 8)
  Failed tests:  3-6, 8-11
  Non-zero exit status: 8
t\05-many-sets-and-gets-with-name.t (Wstat: 3328 (exited 13) Tests: 5 Failed: 0)
  Non-zero exit status: 13
  Parse errors: Bad plan.  You planned 25 tests but ran 5.
t\06-recovering-with-app-change.t  (Wstat: 3328 (exited 13) Tests: 4 Failed: 0)
  Non-zero exit status: 13
  Parse errors: Bad plan.  You planned 18 tests but ran 4.
t\07-ugly-chars.t                  (Wstat: 3328 (exited 13) Tests: 1 Failed: 0)
  Non-zero exit status: 13
  Parse errors: Bad plan.  You planned 4 tests but ran 1.
t\08-verylong-params.t             (Wstat: 3328 (exited 13) Tests: 3 Failed: 0)
  Non-zero exit status: 13
  Parse errors: Bad plan.  You planned 6 tests but ran 3.
Files=17, Tests=59, 10 wallclock secs ( 0.14 usr +  0.05 sys =  0.19 CPU)
Result: FAIL
Failed 6/17 test programs. 8/59 subtests failed.

------------------------------
PREREQUISITES
------------------------------

Prerequisite modules loaded:

requires:

    Module                Need     Have    
    --------------------- -------- --------
    Bytes::Random::Secure 0.09     0.29    
    Crypt::PWSafe3        1.15     1.22    
    File::HomeDir         0        1.006   
    File::ShareDir        1.00     1.118   
    perl                  5.009002 5.032001
    Term::ReadKey         0        2.38    

build_requires:

    Module                Need     Have    
    --------------------- -------- --------
    Module::Build         0.36     0.42_35 
    Pod::Markdown         2.0      3.300   
    Pod::Readme           1.001002 v1.2.3  
    Test::More            0        1.302195
    Test::Pod::Coverage   1.0      1.10    

configure_requires:

    Module                Need     Have    
    --------------------- -------- --------
    Module::Build         0.36     0.42_35 


------------------------------
ENVIRONMENT AND OTHER CONTEXT
------------------------------

Environment variables:

    AUTOMATED_TESTING = 1
    COMSPEC = C:\WINDOWS\system32\cmd.exe
    NONINTERACTIVE_TESTING = 1
    NUMBER_OF_PROCESSORS = 2
    PATH = C:\WINDOWS\system32;C:\strawberry\c\bin;C:\strawberry\perl\site\bin;C:\strawberry\perl\bin
    PERL5LIB = 
    PERL5OPT = 
    PERL5_CPANPLUS_IS_RUNNING = 6424
    PERL5_CPAN_IS_RUNNING = 6424
    PERL5_CPAN_IS_RUNNING_IN_RECURSION = 9588,6424
    PERL_CR_SMOKER_CURRENT = Passwd-Keyring-PWSafe3-1.0000
    PERL_EXTUTILS_AUTOINSTALL = --defaultdeps
    PERL_MM_USE_DEFAULT = 1
    PERL_USE_UNSAFE_INC = 1
    PROCESSOR_IDENTIFIER = x86 Family 6 Model 15 Stepping 11, GenuineIntel
    TEMP = C:\Users\smoker\AppData\Local\Temp

Perl special variables (and OS-specific diagnostics, for MSWin32):

    $^X = C:\Strawberry\perl\bin\perl.exe
    $UID/$EUID = 0 / 0
    $GID = 0
    $EGID = 0
    Win32::GetOSName = Win10
    Win32::GetOSVersion = , 10, 0, 19045, 2, 0, 0, 256, 1
    Win32::FsType = NTFS
    Win32::IsAdminUser = 0

Perl module toolchain versions installed:

    Module              Have    
    ------------------- --------
    CPAN                2.36    
    CPAN::Meta          2.150010
    Cwd                 3.78    
    ExtUtils::CBuilder  0.280236
    ExtUtils::Command   7.70    
    ExtUtils::Install   2.20    
    ExtUtils::MakeMaker 7.70    
    ExtUtils::Manifest  1.75    
    ExtUtils::ParseXS   3.40    
    File::Spec          3.78    
    JSON                4.10    
    JSON::PP            4.16    
    Module::Build       0.42_35 
    Module::Signature   0.88    
    Parse::CPAN::Meta   2.150010
    Test2               1.302195
    Test::Harness       3.45_02 
    Test::More          1.302195
    YAML                1.30    
    YAML::Syck          1.34    
    version             0.9928  


--

Summary of my perl5 (revision 5 version 32 subversion 1) configuration:
   
  Platform:
    osname=MSWin32
    osvers=10.0.19042.746
    archname=MSWin32-x86-multi-thread-64int
    uname='Win32 strawberry-perl 5.32.1.1 #1 Sun Jan 24 12:17:47 2021 i386'
    config_args='undef'
    hint=recommended
    useposix=true
    d_sigaction=undef
    useithreads=define
    usemultiplicity=define
    use64bitint=define
    use64bitall=undef
    uselongdouble=undef
    usemymalloc=n
    default_inc_excludes_dot=define
    bincompat5005=undef
  Compiler:
    cc='gcc'
    ccflags =' -DWIN32 -D__USE_MINGW_ANSI_STDIO -DPERL_TEXTMODE_SCRIPTS -DPERL_IMPLICIT_CONTEXT -DPERL_IMPLICIT_SYS -DUSE_PERLIO -fwrapv -fno-strict-aliasing -mms-bitfields'
    optimize='-s -O2'
    cppflags='-DWIN32'
    ccversion=''
    gccversion='8.3.0'
    gccosandvers=''
    intsize=4
    longsize=4
    ptrsize=4
    doublesize=8
    byteorder=12345678
    doublekind=3
    d_longlong=define
    longlongsize=8
    d_longdbl=define
    longdblsize=12
    longdblkind=3
    ivtype='long long'
    ivsize=8
    nvtype='double'
    nvsize=8
    Off_t='long long'
    lseeksize=8
    alignbytes=8
    prototype=define
  Linker and Libraries:
    ld='g++'
    ldflags ='-s -L"C:\STRAWB~1\perl\lib\CORE" -L"C:\STRAWB~1\c\lib"'
    libpth=C:\STRAWB~1\c\lib C:\STRAWB~1\c\i686-w64-mingw32\lib C:\STRAWB~1\c\lib\gcc\i686-w64-mingw32\8.3.0
    libs= -lmoldname -lkernel32 -luser32 -lgdi32 -lwinspool -lcomdlg32 -ladvapi32 -lshell32 -lole32 -loleaut32 -lnetapi32 -luuid -lws2_32 -lmpr -lwinmm -lversion -lodbc32 -lodbccp32 -lcomctl32
    perllibs= -lmoldname -lkernel32 -luser32 -lgdi32 -lwinspool -lcomdlg32 -ladvapi32 -lshell32 -lole32 -loleaut32 -lnetapi32 -luuid -lws2_32 -lmpr -lwinmm -lversion -lodbc32 -lodbccp32 -lcomctl32
    libc=
    so=dll
    useshrplib=true
    libperl=libperl532.a
    gnulibc_version=''
  Dynamic Linking:
    dlsrc=dl_win32.xs
    dlext=xs.dll
    d_dlsymun=undef
    ccdlflags=' '
    cccdlflags=' '
    lddlflags='-mdll -s -L"C:\STRAWB~1\perl\lib\CORE" -L"C:\STRAWB~1\c\lib"'


Characteristics of this binary (from libperl): 
  Compile-time options:
    HAS_TIMES
    HAVE_INTERP_INTERN
    MULTIPLICITY
    PERLIO_LAYERS
    PERL_COPY_ON_WRITE
    PERL_DONT_CREATE_GVSV
    PERL_IMPLICIT_CONTEXT
    PERL_IMPLICIT_SYS
    PERL_MALLOC_WRAP
    PERL_OP_PARENT
    PERL_PRESERVE_IVUV
    USE_64_BIT_INT
    USE_ITHREADS
    USE_LARGE_FILES
    USE_LOCALE
    USE_LOCALE_COLLATE
    USE_LOCALE_CTYPE
    USE_LOCALE_NUMERIC
    USE_LOCALE_TIME
    USE_PERLIO
    USE_PERL_ATOF
  Built under MSWin32
  Compiled at Jan 24 2021 12:22:49
  %ENV:
    PERL5_CPANPLUS_IS_RUNNING="6424"
    PERL5_CPAN_IS_RUNNING="6424"
    PERL5_CPAN_IS_RUNNING_IN_RECURSION="9588,6424"
    PERL_CR_SMOKER_CURRENT="Passwd-Keyring-PWSafe3-1.0000"
    PERL_EXTUTILS_AUTOINSTALL="--defaultdeps"
    PERL_MM_USE_DEFAULT="1"
    PERL_USE_UNSAFE_INC="1"
  @INC:
    C:/Strawberry/perl/site/lib/MSWin32-x86-multi-thread-64int
    C:/Strawberry/perl/site/lib
    C:/Strawberry/perl/vendor/lib
    C:/Strawberry/perl/lib
    .