NG v0.001_05 Perl 5 v5.24.4 x86_64-linux-thread-multi
- Status
- Fail
- From
- Andreas J. König (ANDK)
- Dist
-
NG v0.001_05
- Platform
- Perl 5 v5.24.4 x86_64-linux-thread-multi
- Date
- 2018-12-13 11:53:04
- ID
- a629a2f4-fecd-11e8-8ccf-440e8ddb3039
This distribution has been tested as part of the CPAN Testers
project, supporting the Perl programming language. See
http://wiki.cpantesters.org/ for more information or email
questions to cpan-testers-discuss@perl.org
--
Dear Jeff Rao,
This is a computer-generated report for NG-0.001_05
on perl 5.24.4, created by CPAN-Reporter-1.2018.
Thank you for uploading your work to CPAN. However, there was a problem
testing your distribution.
If you think this report is invalid, please consult the CPAN Testers Wiki
for suggestions on how to avoid getting FAIL reports for missing library
or binary dependencies, unsupported operating systems, and so on:
http://wiki.cpantesters.org/wiki/CPANAuthorNotes
Sections of this report:
* Tester comments
* Program output
* Prerequisites
* Environment and other context
------------------------------
TESTER COMMENTS
------------------------------
Additional comments from tester:
this report is from an automated smoke testing program
and was not reviewed by a human for accuracy
------------------------------
PROGRAM OUTPUT
------------------------------
Output from '/usr/bin/make test':
PERL_DL_NONLAZY=1 "/home/sand/src/perl/repoperls/installed-perls/host/k93msid/v5.24.4/1e0c/bin/perl" "-MExtUtils::Command::MM" "-MTest::Harness" "-e" "undef *Test::Harness::Switches; test_harness(0, 'blib/lib', 'blib/arch')" t/*.t
given is experimental at /tmp/loop_over_bdir-13788-npo_g_/NG-0.001_05-0/blib/lib/NG/Excel/Cell.pm line 95.
when is experimental at /tmp/loop_over_bdir-13788-npo_g_/NG-0.001_05-0/blib/lib/NG/Excel/Cell.pm line 96.
given is experimental at /tmp/loop_over_bdir-13788-npo_g_/NG-0.001_05-0/blib/lib/NG/Excel/Cell.pm line 97.
when is experimental at /tmp/loop_over_bdir-13788-npo_g_/NG-0.001_05-0/blib/lib/NG/Excel/Cell.pm line 98.
when is experimental at /tmp/loop_over_bdir-13788-npo_g_/NG-0.001_05-0/blib/lib/NG/Excel/Cell.pm line 99.
when is experimental at /tmp/loop_over_bdir-13788-npo_g_/NG-0.001_05-0/blib/lib/NG/Excel/Cell.pm line 100.
when is experimental at /tmp/loop_over_bdir-13788-npo_g_/NG-0.001_05-0/blib/lib/NG/Excel/Cell.pm line 101.
when is experimental at /tmp/loop_over_bdir-13788-npo_g_/NG-0.001_05-0/blib/lib/NG/Excel/Cell.pm line 105.
given is experimental at /tmp/loop_over_bdir-13788-npo_g_/NG-0.001_05-0/blib/lib/NG/Excel/Cell.pm line 106.
when is experimental at /tmp/loop_over_bdir-13788-npo_g_/NG-0.001_05-0/blib/lib/NG/Excel/Cell.pm line 107.
when is experimental at /tmp/loop_over_bdir-13788-npo_g_/NG-0.001_05-0/blib/lib/NG/Excel/Cell.pm line 108.
when is experimental at /tmp/loop_over_bdir-13788-npo_g_/NG-0.001_05-0/blib/lib/NG/Excel/Cell.pm line 112.
given is experimental at /tmp/loop_over_bdir-13788-npo_g_/NG-0.001_05-0/blib/lib/NG/Excel/Cell.pm line 113.
when is experimental at /tmp/loop_over_bdir-13788-npo_g_/NG-0.001_05-0/blib/lib/NG/Excel/Cell.pm line 114.
when is experimental at /tmp/loop_over_bdir-13788-npo_g_/NG-0.001_05-0/blib/lib/NG/Excel/Cell.pm line 115.
when is experimental at /tmp/loop_over_bdir-13788-npo_g_/NG-0.001_05-0/blib/lib/NG/Excel/Cell.pm line 119.
given is experimental at /tmp/loop_over_bdir-13788-npo_g_/NG-0.001_05-0/blib/lib/NG/Excel/Cell.pm line 120.
when is experimental at /tmp/loop_over_bdir-13788-npo_g_/NG-0.001_05-0/blib/lib/NG/Excel/Cell.pm line 121.
when is experimental at /tmp/loop_over_bdir-13788-npo_g_/NG-0.001_05-0/blib/lib/NG/Excel/Cell.pm line 122.
when is experimental at /tmp/loop_over_bdir-13788-npo_g_/NG-0.001_05-0/blib/lib/NG/Excel/Cell.pm line 126.
when is experimental at /tmp/loop_over_bdir-13788-npo_g_/NG-0.001_05-0/blib/lib/NG/Excel/Cell.pm line 129.
when is experimental at /tmp/loop_over_bdir-13788-npo_g_/NG-0.001_05-0/blib/lib/NG/Excel/Cell.pm line 132.
given is experimental at /tmp/loop_over_bdir-13788-npo_g_/NG-0.001_05-0/blib/lib/NG/Excel/Cell.pm line 141.
when is experimental at /tmp/loop_over_bdir-13788-npo_g_/NG-0.001_05-0/blib/lib/NG/Excel/Cell.pm line 142.
when is experimental at /tmp/loop_over_bdir-13788-npo_g_/NG-0.001_05-0/blib/lib/NG/Excel/Cell.pm line 143.
when is experimental at /tmp/loop_over_bdir-13788-npo_g_/NG-0.001_05-0/blib/lib/NG/Excel/Cell.pm line 144.
when is experimental at /tmp/loop_over_bdir-13788-npo_g_/NG-0.001_05-0/blib/lib/NG/Excel/Cell.pm line 145.
when is experimental at /tmp/loop_over_bdir-13788-npo_g_/NG-0.001_05-0/blib/lib/NG/Excel/Cell.pm line 146.
when is experimental at /tmp/loop_over_bdir-13788-npo_g_/NG-0.001_05-0/blib/lib/NG/Excel/Cell.pm line 147.
when is experimental at /tmp/loop_over_bdir-13788-npo_g_/NG-0.001_05-0/blib/lib/NG/Excel/Cell.pm line 148.
when is experimental at /tmp/loop_over_bdir-13788-npo_g_/NG-0.001_05-0/blib/lib/NG/Excel/Cell.pm line 149.
when is experimental at /tmp/loop_over_bdir-13788-npo_g_/NG-0.001_05-0/blib/lib/NG/Excel/Cell.pm line 150.
when is experimental at /tmp/loop_over_bdir-13788-npo_g_/NG-0.001_05-0/blib/lib/NG/Excel/Cell.pm line 151.
when is experimental at /tmp/loop_over_bdir-13788-npo_g_/NG-0.001_05-0/blib/lib/NG/Excel/Cell.pm line 152.
when is experimental at /tmp/loop_over_bdir-13788-npo_g_/NG-0.001_05-0/blib/lib/NG/Excel/Cell.pm line 153.
when is experimental at /tmp/loop_over_bdir-13788-npo_g_/NG-0.001_05-0/blib/lib/NG/Excel/Cell.pm line 154.
when is experimental at /tmp/loop_over_bdir-13788-npo_g_/NG-0.001_05-0/blib/lib/NG/Excel/Cell.pm line 155.
# Testing NG 0.001_05, Perl 5.024004, /home/sand/src/perl/repoperls/installed-perls/host/k93msid/v5.24.4/1e0c/bin/perl
t/00-load.t ......... ok
t/01-array.t ........ ok
# Failed test at t/02-hashtable.t line 22.
# Compared $data->[0]
# got : '1'
# expect : '2'
# Looks like you failed 1 test of 9.
t/02-hashtable.t ....
Dubious, test returned 1 (wstat 256, 0x100)
Failed 1/9 subtests
t/03-shashtable.t ... ok
t/04-time.t ......... ok
# Failed test at t/05-file-stat.t line 14.
# got: '1005'
# expected: '1000'
# Looks like you failed 1 test of 6.
t/05-file-stat.t ....
Dubious, test returned 1 (wstat 256, 0x100)
Failed 1/6 subtests
t/06-file-read.t .... ok
Use of uninitialized value in subroutine entry at /home/sand/src/perl/repoperls/installed-perls/host/k93msid/v5.24.4/1e0c/lib/site_perl/5.24.4/HTML/TreeBuilder.pm line 151.
t/07-http-dom.t ..... ok
Use of uninitialized value in subroutine entry at /home/sand/src/perl/repoperls/installed-perls/host/k93msid/v5.24.4/1e0c/lib/site_perl/5.24.4/HTML/TreeBuilder.pm line 151.
# Failed test 'HTTP code ok'
# at t/08-http-client.t line 18.
# got: '596'
# expected: '200'
# Looks like you failed 1 test of 6.
t/08-http-client.t ..
Dubious, test returned 1 (wstat 256, 0x100)
Failed 1/6 subtests
t/09-system.t ....... ok
Smartmatch is experimental at t/10-log.t line 13.
t/10-log.t .......... ok
t/11-email.t ........ ok
given is experimental at /tmp/loop_over_bdir-13788-npo_g_/NG-0.001_05-0/blib/lib/NG/Excel/Cell.pm line 95.
when is experimental at /tmp/loop_over_bdir-13788-npo_g_/NG-0.001_05-0/blib/lib/NG/Excel/Cell.pm line 96.
given is experimental at /tmp/loop_over_bdir-13788-npo_g_/NG-0.001_05-0/blib/lib/NG/Excel/Cell.pm line 97.
when is experimental at /tmp/loop_over_bdir-13788-npo_g_/NG-0.001_05-0/blib/lib/NG/Excel/Cell.pm line 98.
when is experimental at /tmp/loop_over_bdir-13788-npo_g_/NG-0.001_05-0/blib/lib/NG/Excel/Cell.pm line 99.
when is experimental at /tmp/loop_over_bdir-13788-npo_g_/NG-0.001_05-0/blib/lib/NG/Excel/Cell.pm line 100.
when is experimental at /tmp/loop_over_bdir-13788-npo_g_/NG-0.001_05-0/blib/lib/NG/Excel/Cell.pm line 101.
when is experimental at /tmp/loop_over_bdir-13788-npo_g_/NG-0.001_05-0/blib/lib/NG/Excel/Cell.pm line 105.
given is experimental at /tmp/loop_over_bdir-13788-npo_g_/NG-0.001_05-0/blib/lib/NG/Excel/Cell.pm line 106.
when is experimental at /tmp/loop_over_bdir-13788-npo_g_/NG-0.001_05-0/blib/lib/NG/Excel/Cell.pm line 107.
when is experimental at /tmp/loop_over_bdir-13788-npo_g_/NG-0.001_05-0/blib/lib/NG/Excel/Cell.pm line 108.
when is experimental at /tmp/loop_over_bdir-13788-npo_g_/NG-0.001_05-0/blib/lib/NG/Excel/Cell.pm line 112.
given is experimental at /tmp/loop_over_bdir-13788-npo_g_/NG-0.001_05-0/blib/lib/NG/Excel/Cell.pm line 113.
when is experimental at /tmp/loop_over_bdir-13788-npo_g_/NG-0.001_05-0/blib/lib/NG/Excel/Cell.pm line 114.
when is experimental at /tmp/loop_over_bdir-13788-npo_g_/NG-0.001_05-0/blib/lib/NG/Excel/Cell.pm line 115.
when is experimental at /tmp/loop_over_bdir-13788-npo_g_/NG-0.001_05-0/blib/lib/NG/Excel/Cell.pm line 119.
given is experimental at /tmp/loop_over_bdir-13788-npo_g_/NG-0.001_05-0/blib/lib/NG/Excel/Cell.pm line 120.
when is experimental at /tmp/loop_over_bdir-13788-npo_g_/NG-0.001_05-0/blib/lib/NG/Excel/Cell.pm line 121.
when is experimental at /tmp/loop_over_bdir-13788-npo_g_/NG-0.001_05-0/blib/lib/NG/Excel/Cell.pm line 122.
when is experimental at /tmp/loop_over_bdir-13788-npo_g_/NG-0.001_05-0/blib/lib/NG/Excel/Cell.pm line 126.
when is experimental at /tmp/loop_over_bdir-13788-npo_g_/NG-0.001_05-0/blib/lib/NG/Excel/Cell.pm line 129.
when is experimental at /tmp/loop_over_bdir-13788-npo_g_/NG-0.001_05-0/blib/lib/NG/Excel/Cell.pm line 132.
given is experimental at /tmp/loop_over_bdir-13788-npo_g_/NG-0.001_05-0/blib/lib/NG/Excel/Cell.pm line 141.
when is experimental at /tmp/loop_over_bdir-13788-npo_g_/NG-0.001_05-0/blib/lib/NG/Excel/Cell.pm line 142.
when is experimental at /tmp/loop_over_bdir-13788-npo_g_/NG-0.001_05-0/blib/lib/NG/Excel/Cell.pm line 143.
when is experimental at /tmp/loop_over_bdir-13788-npo_g_/NG-0.001_05-0/blib/lib/NG/Excel/Cell.pm line 144.
when is experimental at /tmp/loop_over_bdir-13788-npo_g_/NG-0.001_05-0/blib/lib/NG/Excel/Cell.pm line 145.
when is experimental at /tmp/loop_over_bdir-13788-npo_g_/NG-0.001_05-0/blib/lib/NG/Excel/Cell.pm line 146.
when is experimental at /tmp/loop_over_bdir-13788-npo_g_/NG-0.001_05-0/blib/lib/NG/Excel/Cell.pm line 147.
when is experimental at /tmp/loop_over_bdir-13788-npo_g_/NG-0.001_05-0/blib/lib/NG/Excel/Cell.pm line 148.
when is experimental at /tmp/loop_over_bdir-13788-npo_g_/NG-0.001_05-0/blib/lib/NG/Excel/Cell.pm line 149.
when is experimental at /tmp/loop_over_bdir-13788-npo_g_/NG-0.001_05-0/blib/lib/NG/Excel/Cell.pm line 150.
when is experimental at /tmp/loop_over_bdir-13788-npo_g_/NG-0.001_05-0/blib/lib/NG/Excel/Cell.pm line 151.
when is experimental at /tmp/loop_over_bdir-13788-npo_g_/NG-0.001_05-0/blib/lib/NG/Excel/Cell.pm line 152.
when is experimental at /tmp/loop_over_bdir-13788-npo_g_/NG-0.001_05-0/blib/lib/NG/Excel/Cell.pm line 153.
when is experimental at /tmp/loop_over_bdir-13788-npo_g_/NG-0.001_05-0/blib/lib/NG/Excel/Cell.pm line 154.
when is experimental at /tmp/loop_over_bdir-13788-npo_g_/NG-0.001_05-0/blib/lib/NG/Excel/Cell.pm line 155.
t/12-parse-excel.t .. ok
t/13-autobox.t ...... ok
given is experimental at /tmp/loop_over_bdir-13788-npo_g_/NG-0.001_05-0/blib/lib/NG/Excel/Cell.pm line 95.
when is experimental at /tmp/loop_over_bdir-13788-npo_g_/NG-0.001_05-0/blib/lib/NG/Excel/Cell.pm line 96.
given is experimental at /tmp/loop_over_bdir-13788-npo_g_/NG-0.001_05-0/blib/lib/NG/Excel/Cell.pm line 97.
when is experimental at /tmp/loop_over_bdir-13788-npo_g_/NG-0.001_05-0/blib/lib/NG/Excel/Cell.pm line 98.
when is experimental at /tmp/loop_over_bdir-13788-npo_g_/NG-0.001_05-0/blib/lib/NG/Excel/Cell.pm line 99.
when is experimental at /tmp/loop_over_bdir-13788-npo_g_/NG-0.001_05-0/blib/lib/NG/Excel/Cell.pm line 100.
when is experimental at /tmp/loop_over_bdir-13788-npo_g_/NG-0.001_05-0/blib/lib/NG/Excel/Cell.pm line 101.
when is experimental at /tmp/loop_over_bdir-13788-npo_g_/NG-0.001_05-0/blib/lib/NG/Excel/Cell.pm line 105.
given is experimental at /tmp/loop_over_bdir-13788-npo_g_/NG-0.001_05-0/blib/lib/NG/Excel/Cell.pm line 106.
when is experimental at /tmp/loop_over_bdir-13788-npo_g_/NG-0.001_05-0/blib/lib/NG/Excel/Cell.pm line 107.
when is experimental at /tmp/loop_over_bdir-13788-npo_g_/NG-0.001_05-0/blib/lib/NG/Excel/Cell.pm line 108.
when is experimental at /tmp/loop_over_bdir-13788-npo_g_/NG-0.001_05-0/blib/lib/NG/Excel/Cell.pm line 112.
given is experimental at /tmp/loop_over_bdir-13788-npo_g_/NG-0.001_05-0/blib/lib/NG/Excel/Cell.pm line 113.
when is experimental at /tmp/loop_over_bdir-13788-npo_g_/NG-0.001_05-0/blib/lib/NG/Excel/Cell.pm line 114.
when is experimental at /tmp/loop_over_bdir-13788-npo_g_/NG-0.001_05-0/blib/lib/NG/Excel/Cell.pm line 115.
when is experimental at /tmp/loop_over_bdir-13788-npo_g_/NG-0.001_05-0/blib/lib/NG/Excel/Cell.pm line 119.
given is experimental at /tmp/loop_over_bdir-13788-npo_g_/NG-0.001_05-0/blib/lib/NG/Excel/Cell.pm line 120.
when is experimental at /tmp/loop_over_bdir-13788-npo_g_/NG-0.001_05-0/blib/lib/NG/Excel/Cell.pm line 121.
when is experimental at /tmp/loop_over_bdir-13788-npo_g_/NG-0.001_05-0/blib/lib/NG/Excel/Cell.pm line 122.
when is experimental at /tmp/loop_over_bdir-13788-npo_g_/NG-0.001_05-0/blib/lib/NG/Excel/Cell.pm line 126.
when is experimental at /tmp/loop_over_bdir-13788-npo_g_/NG-0.001_05-0/blib/lib/NG/Excel/Cell.pm line 129.
when is experimental at /tmp/loop_over_bdir-13788-npo_g_/NG-0.001_05-0/blib/lib/NG/Excel/Cell.pm line 132.
given is experimental at /tmp/loop_over_bdir-13788-npo_g_/NG-0.001_05-0/blib/lib/NG/Excel/Cell.pm line 141.
when is experimental at /tmp/loop_over_bdir-13788-npo_g_/NG-0.001_05-0/blib/lib/NG/Excel/Cell.pm line 142.
when is experimental at /tmp/loop_over_bdir-13788-npo_g_/NG-0.001_05-0/blib/lib/NG/Excel/Cell.pm line 143.
when is experimental at /tmp/loop_over_bdir-13788-npo_g_/NG-0.001_05-0/blib/lib/NG/Excel/Cell.pm line 144.
when is experimental at /tmp/loop_over_bdir-13788-npo_g_/NG-0.001_05-0/blib/lib/NG/Excel/Cell.pm line 145.
when is experimental at /tmp/loop_over_bdir-13788-npo_g_/NG-0.001_05-0/blib/lib/NG/Excel/Cell.pm line 146.
when is experimental at /tmp/loop_over_bdir-13788-npo_g_/NG-0.001_05-0/blib/lib/NG/Excel/Cell.pm line 147.
when is experimental at /tmp/loop_over_bdir-13788-npo_g_/NG-0.001_05-0/blib/lib/NG/Excel/Cell.pm line 148.
when is experimental at /tmp/loop_over_bdir-13788-npo_g_/NG-0.001_05-0/blib/lib/NG/Excel/Cell.pm line 149.
when is experimental at /tmp/loop_over_bdir-13788-npo_g_/NG-0.001_05-0/blib/lib/NG/Excel/Cell.pm line 150.
when is experimental at /tmp/loop_over_bdir-13788-npo_g_/NG-0.001_05-0/blib/lib/NG/Excel/Cell.pm line 151.
when is experimental at /tmp/loop_over_bdir-13788-npo_g_/NG-0.001_05-0/blib/lib/NG/Excel/Cell.pm line 152.
when is experimental at /tmp/loop_over_bdir-13788-npo_g_/NG-0.001_05-0/blib/lib/NG/Excel/Cell.pm line 153.
when is experimental at /tmp/loop_over_bdir-13788-npo_g_/NG-0.001_05-0/blib/lib/NG/Excel/Cell.pm line 154.
when is experimental at /tmp/loop_over_bdir-13788-npo_g_/NG-0.001_05-0/blib/lib/NG/Excel/Cell.pm line 155.
# Failed test 'list all methods ok'
# at t/14-def_class.t line 37.
# Compared $data->[1]
# got : 'sound'
# expect : 'run'
# Looks like you failed 1 test of 6.
t/14-def_class.t ....
Dubious, test returned 1 (wstat 256, 0x100)
Failed 1/6 subtests
t/15-dir-read.t ..... ok
Test Summary Report
-------------------
t/02-hashtable.t (Wstat: 256 Tests: 9 Failed: 1)
Failed test: 4
Non-zero exit status: 1
t/05-file-stat.t (Wstat: 256 Tests: 6 Failed: 1)
Failed test: 4
Non-zero exit status: 1
t/08-http-client.t (Wstat: 256 Tests: 6 Failed: 1)
Failed test: 3
Non-zero exit status: 1
t/14-def_class.t (Wstat: 256 Tests: 6 Failed: 1)
Failed test: 6
Non-zero exit status: 1
Files=16, Tests=81, 10 wallclock secs ( 0.05 usr 0.07 sys + 1.80 cusr 0.69 csys = 2.61 CPU)
Result: FAIL
Failed 4/16 test programs. 4/81 subtests failed.
make: *** [Makefile:933: test_dynamic] Error 255
------------------------------
PREREQUISITES
------------------------------
Prerequisite modules loaded:
requires:
Module Need Have
------------------------ ---- --------
AnyEvent::HTTP 0 2.24
autobox 0 v3.0.1
autodie 0 2.29
Child 0 0.013
DBI 0 1.642
Digest::MD5 0 2.54
Email::MIME 0 1.946
File::Copy::Recursive 0 0.44
HTML::Element 5.00 5.07
HTML::Selector::XPath 0 0.25
HTML::TreeBuilder::XPath 0 0.14
JSON::XS 0 3.04
Net::SSH::Any 0 0.10
perl 5.01 5.024004
Spreadsheet::ParseExcel 0 0.65
Spreadsheet::WriteExcel 0 2.40
SQL::Abstract 0 1.86
Sys::CpuAffinity 0 1.12
Time::HiRes 0 1.9741
Try::Tiny 0 0.30
XML::Simple 0 2.25
YAML::XS 0 0.75
build_requires:
Module Need Have
------------------------ ---- --------
Test::Deep 0 1.128
Test::More 0 1.302140
configure_requires:
Module Need Have
------------------------ ---- --------
ExtUtils::MakeMaker 0 7.35_08
------------------------------
ENVIRONMENT AND OTHER CONTEXT
------------------------------
Environment variables:
AUTOMATED_TESTING = 1
LANG = en_US.UTF-8
PATH = /home/sand/bin:/usr/local/bin:/usr/bin:/bin:/usr/games:/usr/local/perl/bin:/usr/X11/bin:/sbin:/usr/sbin
PERL5LIB = /tmp/loop_over_bdir-13788-npo_g_/Sys-CpuAffinity-1.12-0/blib/arch:/tmp/loop_over_bdir-13788-npo_g_/Sys-CpuAffinity-1.12-0/blib/lib:/tmp/loop_over_bdir-13788-npo_g_/Net-SSH-Any-0.10-0/blib/arch:/tmp/loop_over_bdir-13788-npo_g_/Net-SSH-Any-0.10-0/blib/lib:/tmp/loop_over_bdir-13788-npo_g_/Child-0.013-0/blib/arch:/tmp/loop_over_bdir-13788-npo_g_/Child-0.013-0/blib/lib:/tmp/loop_over_bdir-13788-npo_g_/AnyEvent-HTTP-2.24-0/blib/arch:/tmp/loop_over_bdir-13788-npo_g_/AnyEvent-HTTP-2.24-0/blib/lib
PERL5OPT =
PERL5_CPANPLUS_IS_RUNNING = 13789
PERL5_CPAN_IS_RUNNING = 13789
PERL5_CPAN_IS_RUNNING_IN_RECURSION = 6113,13789
PERL_CANARY_STABILITY_NOPROMPT = 1
PERL_MM_USE_DEFAULT = 1
PERL_USE_UNSAFE_INC = 1
SHELL = /usr/bin/zsh
TERM = screen
Perl special variables (and OS-specific diagnostics, for MSWin32):
$^X = /home/sand/src/perl/repoperls/installed-perls/host/k93msid/v5.24.4/1e0c/bin/perl
$UID/$EUID = 1005 / 1005
$GID = 1005 1005
$EGID = 1005 1005
Perl module toolchain versions installed:
Module Have
------------------- --------
CPAN 2.21
CPAN::Meta 2.150010
Cwd 3.75
ExtUtils::CBuilder 0.280230
ExtUtils::Command 7.35_08
ExtUtils::Install 2.06
ExtUtils::MakeMaker 7.35_08
ExtUtils::Manifest 1.70
ExtUtils::ParseXS 3.31
File::Spec 3.75
JSON 2.97001
JSON::PP 2.97001
Module::Build 0.4224
Module::Signature 0.83
Parse::CPAN::Meta 2.150010
Test::Harness 3.42
Test::More 1.302140
YAML 1.26
YAML::Syck 1.31
version 0.9916
--
Summary of my perl5 (revision 5 version 24 subversion 4) configuration:
Derived from: 901dd848e31de6d0cacfb77c029b4e92c41a13ce
Platform:
osname=linux, osvers=4.18.0-2-amd64, archname=x86_64-linux-thread-multi
uname='linux k93msid 4.18.0-2-amd64 #1 smp debian 4.18.10-2 (2018-10-07) x86_64 gnulinux '
config_args='-Dprefix=/home/sand/src/perl/repoperls/installed-perls/host/k93msid/v5.24.4/1e0c -Dmyhostname=k93msid -Dinstallusrbinperl=n -Uversiononly -Dusedevel -des -Ui_db -Dlibswanted=cl pthread socket inet nsl gdbm dbm malloc dl ld sun m crypt sec util c cposix posix ucb BSD gdbm_compat -Duseithreads -Uuselongdouble -DEBUGGING=-g'
hint=recommended, useposix=true, d_sigaction=define
useithreads=define, usemultiplicity=define
use64bitint=define, use64bitall=define, uselongdouble=undef
usemymalloc=n, bincompat5005=undef
Compiler:
cc='cc', ccflags ='-D_REENTRANT -D_GNU_SOURCE -fwrapv -fno-strict-aliasing -pipe -fstack-protector-strong -I/usr/local/include -D_LARGEFILE_SOURCE -D_FILE_OFFSET_BITS=64',
optimize='-O2 -g',
cppflags='-D_REENTRANT -D_GNU_SOURCE -fwrapv -fno-strict-aliasing -pipe -fstack-protector-strong -I/usr/local/include'
ccversion='', gccversion='8.2.0', gccosandvers=''
intsize=4, longsize=8, ptrsize=8, doublesize=8, byteorder=12345678, doublekind=3
d_longlong=define, longlongsize=8, d_longdbl=define, longdblsize=16, longdblkind=3
ivtype='long', ivsize=8, nvtype='double', nvsize=8, Off_t='off_t', lseeksize=8
alignbytes=8, prototype=define
Linker and Libraries:
ld='cc', ldflags =' -fstack-protector-strong -L/usr/local/lib'
libpth=/usr/local/lib /usr/lib/gcc/x86_64-linux-gnu/8/include-fixed /usr/include/x86_64-linux-gnu /usr/lib /lib/x86_64-linux-gnu /lib/../lib /usr/lib/x86_64-linux-gnu /usr/lib/../lib /lib
libs=-lpthread -lnsl -ldl -lm -lcrypt -lutil -lc
perllibs=-lpthread -lnsl -ldl -lm -lcrypt -lutil -lc
libc=libc-2.27.so, so=so, useshrplib=false, libperl=libperl.a
gnulibc_version='2.27'
Dynamic Linking:
dlsrc=dl_dlopen.xs, dlext=so, d_dlsymun=undef, ccdlflags='-Wl,-E'
cccdlflags='-fPIC', lddlflags='-shared -O2 -g -L/usr/local/lib -fstack-protector-strong'
Characteristics of this binary (from libperl):
Compile-time options: HAS_TIMES MULTIPLICITY PERLIO_LAYERS
PERL_COPY_ON_WRITE PERL_DONT_CREATE_GVSV
PERL_HASH_FUNC_ONE_AT_A_TIME_HARD
PERL_IMPLICIT_CONTEXT PERL_MALLOC_WRAP
PERL_PRESERVE_IVUV PERL_USE_DEVEL USE_64_BIT_ALL
USE_64_BIT_INT USE_ITHREADS USE_LARGE_FILES
USE_LOCALE USE_LOCALE_COLLATE USE_LOCALE_CTYPE
USE_LOCALE_NUMERIC USE_LOCALE_TIME USE_PERLIO
USE_PERL_ATOF USE_REENTRANT_API
Locally applied patches:
uncommitted-changes
Built under linux
Compiled at Oct 28 2018 04:52:14
%ENV:
PERL5LIB="/tmp/loop_over_bdir-13788-npo_g_/Sys-CpuAffinity-1.12-0/blib/arch:/tmp/loop_over_bdir-13788-npo_g_/Sys-CpuAffinity-1.12-0/blib/lib:/tmp/loop_over_bdir-13788-npo_g_/Net-SSH-Any-0.10-0/blib/arch:/tmp/loop_over_bdir-13788-npo_g_/Net-SSH-Any-0.10-0/blib/lib:/tmp/loop_over_bdir-13788-npo_g_/Child-0.013-0/blib/arch:/tmp/loop_over_bdir-13788-npo_g_/Child-0.013-0/blib/lib:/tmp/loop_over_bdir-13788-npo_g_/AnyEvent-HTTP-2.24-0/blib/arch:/tmp/loop_over_bdir-13788-npo_g_/AnyEvent-HTTP-2.24-0/blib/lib"
PERL5OPT=""
PERL5_CPANPLUS_IS_RUNNING="13789"
PERL5_CPAN_IS_RUNNING="13789"
PERL5_CPAN_IS_RUNNING_IN_RECURSION="6113,13789"
PERL_CANARY_STABILITY_NOPROMPT="1"
PERL_MM_USE_DEFAULT="1"
PERL_USE_UNSAFE_INC="1"
@INC:
/tmp/loop_over_bdir-13788-npo_g_/Sys-CpuAffinity-1.12-0/blib/arch
/tmp/loop_over_bdir-13788-npo_g_/Sys-CpuAffinity-1.12-0/blib/lib
/tmp/loop_over_bdir-13788-npo_g_/Net-SSH-Any-0.10-0/blib/arch
/tmp/loop_over_bdir-13788-npo_g_/Net-SSH-Any-0.10-0/blib/lib
/tmp/loop_over_bdir-13788-npo_g_/Child-0.013-0/blib/arch
/tmp/loop_over_bdir-13788-npo_g_/Child-0.013-0/blib/lib
/tmp/loop_over_bdir-13788-npo_g_/AnyEvent-HTTP-2.24-0/blib/arch
/tmp/loop_over_bdir-13788-npo_g_/AnyEvent-HTTP-2.24-0/blib/lib
/home/sand/src/perl/repoperls/installed-perls/host/k93msid/v5.24.4/1e0c/lib/site_perl/5.24.4/x86_64-linux-thread-multi
/home/sand/src/perl/repoperls/installed-perls/host/k93msid/v5.24.4/1e0c/lib/site_perl/5.24.4
/home/sand/src/perl/repoperls/installed-perls/host/k93msid/v5.24.4/1e0c/lib/5.24.4/x86_64-linux-thread-multi
/home/sand/src/perl/repoperls/installed-perls/host/k93msid/v5.24.4/1e0c/lib/5.24.4
.