Report for Util-XML_YAML_Perl-1.0.0

Back
From: metabase:user:30f4dfbe-2aae-11df-837a-5e0a49663a4f
Subject: FAIL Util-XML_YAML_Perl-1.0.0 v5.13.7 GNU/Linux
Date: 2011-09-13T13:24:01Z

This distribution has been tested as part of the CPAN Testers
project, supporting the Perl programming language.  See
http://wiki.cpantesters.org/ for more information or email
questions to cpan-testers-discuss@perl.org


--
Dear ravi chandra m,

This is a computer-generated report for Util-XML_YAML_Perl-1.0.0
on perl 5.13.7, created by CPAN-Reporter-1.1902.

Thank you for uploading your work to CPAN.  However, there was a problem
testing your distribution.

If you think this report is invalid, please consult the CPAN Testers Wiki
for suggestions on how to avoid getting FAIL reports for missing library
or binary dependencies, unsupported operating systems, and so on:

http://wiki.cpantesters.org/wiki/CPANAuthorNotes

Sections of this report:

    * Tester comments
    * Program output
    * Prerequisites
    * Environment and other context

------------------------------
TESTER COMMENTS
------------------------------

Additional comments from tester:

this report is from an automated smoke testing program
and was not reviewed by a human for accuracy

------------------------------
PROGRAM OUTPUT
------------------------------

Output from '/usr/bin/make test':

PERL_DL_NONLAZY=1 /usr/local/bin/perl5.13.7 "-MExtUtils::Command::MM" "-e" "test_harness(0, 'blib/lib', 'blib/arch')" t/*.t
UNIVERSAL->import is deprecated and will be removed in a future perl at /home/njh/.cpan/build/YAML-AppConfig-0.16-W_KEzR/blib/lib/YAML/AppConfig.pm line 5
# Testing Util::XML_YAML_Perl 1.0.0, Perl 5.013007, /usr/local/bin/perl5.13.7
t/00-load.t ....... ok
UNIVERSAL->import is deprecated and will be removed in a future perl at /home/njh/.cpan/build/YAML-AppConfig-0.16-W_KEzR/blib/lib/YAML/AppConfig.pm line 5
t/01.t ............ ok
UNIVERSAL->import is deprecated and will be removed in a future perl at /home/njh/.cpan/build/YAML-AppConfig-0.16-W_KEzR/blib/lib/YAML/AppConfig.pm line 5

#   Failed test 'perl_to_xml() - XMLout could not write file'
#   at t/02.t line 51.
#                   'Died at /home/njh/.cpan/build/Util-XML_YAML_Perl-1.0.0-iYYelL/blib/lib/Util/XML_YAML_Perl.pm line 254.
# '
#     doesn't match '(?^:No such file or directory at)'
# Looks like you failed 1 test of 10.
t/02.t ............ 
Dubious, test returned 1 (wstat 256, 0x100)
Failed 1/10 subtests 
UNIVERSAL->import is deprecated and will be removed in a future perl at /home/njh/.cpan/build/YAML-AppConfig-0.16-W_KEzR/blib/lib/YAML/AppConfig.pm line 5
t/03.t ............ ok
t/manifest.t ...... skipped: Author tests not required for installation
UNIVERSAL->import is deprecated and will be removed in a future perl at /home/njh/.cpan/build/YAML-AppConfig-0.16-W_KEzR/blib/lib/YAML/AppConfig.pm line 5
t/pod-coverage.t .. ok
t/pod.t ........... ok

Test Summary Report
-------------------
t/02.t          (Wstat: 256 Tests: 10 Failed: 1)
  Failed test:  9
  Non-zero exit status: 1
Files=7, Tests=33,  1 wallclock secs ( 0.05 usr  0.02 sys +  0.49 cusr  0.05 csys =  0.61 CPU)
Result: FAIL
Failed 1/7 test programs. 1/33 subtests failed.
make: *** [test_dynamic] Error 255

------------------------------
PREREQUISITES
------------------------------

Prerequisite modules loaded:

requires:

    Module              Need Have   
    ------------------- ---- -------
    Test::More          0    0.98   
    XML::Simple         2.18 2.18   
    YAML                0.68 0.73   
    YAML::AppConfig     0.16 0.16   

build_requires:

    Module              Need Have   
    ------------------- ---- -------
    ExtUtils::MakeMaker 0    6.57_05

configure_requires:

    Module              Need Have   
    ------------------- ---- -------
    ExtUtils::MakeMaker 0    6.57_05


------------------------------
ENVIRONMENT AND OTHER CONTEXT
------------------------------

Environment variables:

    AUTOMATED_TESTING = 1
    LANG = en_GB.UTF-8
    PATH = /usr/bin:/bin
    PERL5LIB = /home/njh/.cpan/build/XML-Simple-2.18-kpDCID/blib/arch:/home/njh/.cpan/build/XML-Simple-2.18-kpDCID/blib/lib:/home/njh/.cpan/build/YAML-AppConfig-0.16-W_KEzR/blib/arch:/home/njh/.cpan/build/YAML-AppConfig-0.16-W_KEzR/blib/lib:/home/njh/.cpan/build/YAML-0.73-zNUtUV/blib/arch:/home/njh/.cpan/build/YAML-0.73-zNUtUV/blib/lib
    PERL5OPT = 
    PERL5_CPANPLUS_IS_RUNNING = 2416
    PERL5_CPAN_IS_RUNNING = 2416
    PERL5_MINISMOKEBOX = 0.54
    PERL_EXTUTILS_AUTOINSTALL = --defaultdeps
    PERL_MM_USE_DEFAULT = 1
    SHELL = /bin/sh

Perl special variables (and OS-specific diagnostics, for MSWin32):

    $^X = /usr/local/bin/perl5.13.7
    $UID/$EUID = 1000 / 1000
    $GID = 1000 20 24 25 29 44 46 1000
    $EGID = 1000 20 24 25 29 44 46 1000

Perl module toolchain versions installed:

    Module              Have   
    ------------------- -------
    CPAN                1.94_62
    Cwd                 3.34   
    ExtUtils::CBuilder  0.2802 
    ExtUtils::Command   1.16   
    ExtUtils::Install   1.55   
    ExtUtils::MakeMaker 6.57_05
    ExtUtils::Manifest  1.58   
    ExtUtils::ParseXS   2.2207 
    File::Spec          3.33   
    Module::Build       0.3607 
    Module::Signature   0.66   
    Test::Harness       3.22   
    Test::More          0.98   
    YAML                0.73   
    YAML::Syck          1.17   
    version             0.86   


--

Summary of my perl5 (revision 5 version 13 subversion 7) configuration:
  Snapshot of: 9f47963d4156d454084c8456d1538bfe0fee3858
  Platform:
    osname=linux, osvers=2.6.32-5-686, archname=i686-linux-thread-multi
    uname='linux gateway.bandsman.co.uk 2.6.32-5-686 #1 smp fri dec 10 16:12:40 utc 2010 i686 gnulinux '
    config_args='-des -Dusedevel -Accflags=-O2 -W -Wformat=2 -Wall -Wextra -pipe -mtune=native -march=native -fomit-frame-pointer -ffast-math -msse2 -msse -mmmx -mfpmath=sse -D_FORTIFY_SOURCE=2 -fstack-protector -Wstack-protector -Wfloat-equal -Duseithreads'
    hint=recommended, useposix=true, d_sigaction=define
    useithreads=define, usemultiplicity=define
    useperlio=define, d_sfio=undef, uselargefiles=define, usesocks=undef
    use64bitint=undef, use64bitall=undef, uselongdouble=undef
    usemymalloc=n, bincompat5005=undef
  Compiler:
    cc='cc', ccflags ='-D_REENTRANT -D_GNU_SOURCE -DDEBUGGING -O2 -W -Wformat=2 -Wall -Wextra -pipe -mtune=native -march=native -fomit-frame-pointer -ffast-math -msse2 -msse -mmmx -mfpmath=sse -D_FORTIFY_SOURCE=2 -fstack-protector -Wstack-protector -Wfloat-equal -fno-strict-aliasing -I/usr/local/include -D_LARGEFILE_SOURCE -D_FILE_OFFSET_BITS=64',
    optimize='-O2',
    cppflags='-D_REENTRANT -D_GNU_SOURCE -DDEBUGGING -O2 -W -Wformat=2 -Wall -Wextra -pipe -mtune=native -march=native -fomit-frame-pointer -ffast-math -msse2 -msse -mmmx -mfpmath=sse -D_FORTIFY_SOURCE=2 -fstack-protector -Wstack-protector -Wfloat-equal -fno-strict-aliasing -I/usr/local/include'
    ccversion='', gccversion='4.4.5', gccosandvers=''
    intsize=4, longsize=4, ptrsize=4, doublesize=8, byteorder=1234
    d_longlong=define, longlongsize=8, d_longdbl=define, longdblsize=12
    ivtype='long', ivsize=4, nvtype='double', nvsize=8, Off_t='off_t', lseeksize=8
    alignbytes=4, prototype=define
  Linker and Libraries:
    ld='cc', ldflags =' -fstack-protector -L/usr/local/lib'
    libpth=/usr/local/lib /lib /usr/lib
    libs=-lnsl -lgdbm -ldb -ldl -lm -lcrypt -lutil -lpthread -lc -lgdbm_compat
    perllibs=-lnsl -ldl -lm -lcrypt -lutil -lpthread -lc
    libc=/lib/libc-2.11.2.so, so=so, useshrplib=false, libperl=libperl.a
    gnulibc_version='2.11.2'
  Dynamic Linking:
    dlsrc=dl_dlopen.xs, dlext=so, d_dlsymun=undef, ccdlflags='-Wl,-E'
    cccdlflags='-fPIC', lddlflags='-shared -O2 -L/usr/local/lib -fstack-protector'


Characteristics of this binary (from libperl): 
  Compile-time options: DEBUGGING MULTIPLICITY PERL_DONT_CREATE_GVSV
                        PERL_IMPLICIT_CONTEXT PERL_MALLOC_WRAP
                        PERL_TRACK_MEMPOOL PERL_USE_DEVEL USE_ITHREADS
                        USE_LARGE_FILES USE_PERLIO USE_PERL_ATOF
                        USE_REENTRANT_API
  Locally applied patches:
	SMOKE9f47963d4156d454084c8456d1538bfe0fee3858
  Built under linux
  Compiled at Dec 19 2010 01:27:41
  %ENV:
    PERL5LIB="/home/njh/.cpan/build/XML-Simple-2.18-kpDCID/blib/arch:/home/njh/.cpan/build/XML-Simple-2.18-kpDCID/blib/lib:/home/njh/.cpan/build/YAML-AppConfig-0.16-W_KEzR/blib/arch:/home/njh/.cpan/build/YAML-AppConfig-0.16-W_KEzR/blib/lib:/home/njh/.cpan/build/YAML-0.73-zNUtUV/blib/arch:/home/njh/.cpan/build/YAML-0.73-zNUtUV/blib/lib"
    PERL5OPT=""
    PERL5_CPANPLUS_IS_RUNNING="2416"
    PERL5_CPAN_IS_RUNNING="2416"
    PERL5_MINISMOKEBOX="0.54"
    PERL_EXTUTILS_AUTOINSTALL="--defaultdeps"
    PERL_MM_USE_DEFAULT="1"
  @INC:
    /home/njh/.cpan/build/XML-Simple-2.18-kpDCID/blib/arch
    /home/njh/.cpan/build/XML-Simple-2.18-kpDCID/blib/lib
    /home/njh/.cpan/build/YAML-AppConfig-0.16-W_KEzR/blib/arch
    /home/njh/.cpan/build/YAML-AppConfig-0.16-W_KEzR/blib/lib
    /home/njh/.cpan/build/YAML-0.73-zNUtUV/blib/arch
    /home/njh/.cpan/build/YAML-0.73-zNUtUV/blib/lib
    /usr/local/lib/perl5/site_perl/5.13.7/i686-linux-thread-multi
    /usr/local/lib/perl5/site_perl/5.13.7
    /usr/local/lib/perl5/5.13.7/i686-linux-thread-multi
    /usr/local/lib/perl5/5.13.7
    /usr/local/lib/perl5/site_perl
    .