Report for MooseX-WithCache-0.01002

Back
From: metabase:user:320bfe00-2aae-11df-837a-5e0a49663a4f
Subject: FAIL MooseX-WithCache-0.01002 v5.13.4 GNU/Linux
Date: 2010-12-24T07:01:33Z

This distribution has been tested as part of the CPAN Testers
project, supporting the Perl programming language.  See
http://wiki.cpantesters.org/ for more information or email
questions to cpan-testers-discuss@perl.org


--
Dear Daisuke Maki,

This is a computer-generated report for MooseX-WithCache-0.01002
on perl 5.13.4, created by CPAN-Reporter-1.1803.

Thank you for uploading your work to CPAN.  However, there was a problem
testing your distribution.

If you think this report is invalid, please consult the CPAN Testers Wiki
for suggestions on how to avoid getting FAIL reports for missing library
or binary dependencies, unsupported operating systems, and so on:

http://wiki.cpantesters.org/wiki/CPANAuthorNotes

Sections of this report:

    * Tester comments
    * Program output
    * Prerequisites
    * Environment and other context

------------------------------
TESTER COMMENTS
------------------------------

Additional comments from tester:

this report is from an automated smoke testing program
and was not reviewed by a human for accuracy

------------------------------
PROGRAM OUTPUT
------------------------------

Output from '/usr/bin/make test':

PERL_DL_NONLAZY=1 /home/src/perl/repoperls/installed-perls/perl/v5.13.4-171-gea25a9b/bin/perl "-MExtUtils::Command::MM" "-e" "test_harness(0, 'inc', 'blib/lib', 'blib/arch')" t/*.t t/*/*.t
t/00_compile.t ............... ok
Use of qw(...) as parentheses is deprecated at t/02_memcached.t line 25.
# found Cache::Memcached...
Use of qw(...) as parentheses is deprecated at t/02_memcached.t line 49.
# testig with Cache::Memcached...
Use of qw(...) as parentheses is deprecated at /home/sand/.cpan/build/MooseX-WithCache-0.01002-vpK8y_/blib/lib/MooseX/WithCache/Backend/Cache/Memcached.pm line 8.
# Specifying with memcached object...
# Specifying with hashref ...
t/02_memcached.t ............. ok
t/03_chi.t ................... skipped: CHI not available
t/04_fastmmap.t .............. skipped: no Cache::FastMmap found
t/deprecated/00_compile.t .... ok
Use of qw(...) as parentheses is deprecated at t/deprecated/02_memcached.t line 20.
# found Cache::Memcached...
# testig with Cache::Memcached...

#   Failed test 'Correct deprecation warning'
#   at t/deprecated/02_memcached.t line 46.
#                   'Use of qw(...) as parentheses is deprecated at /home/sand/.cpan/build/MooseX-WithCache-0.01002-vpK8y_/blib/lib/MooseX/WithCache/Backend/Cache/Memcached.pm line 8.
# '
#     doesn't match '(?-xism:^use of with_cache for MooseX::WithCache is now deprecated\. Use parameterized roles directly)'
# Looks like you planned 28 tests but ran 29.
# Looks like you failed 1 test of 29 run.
t/deprecated/02_memcached.t .. 
Dubious, test returned 1 (wstat 256, 0x100)
Failed 1/28 subtests 
t/deprecated/03_chi.t ........ skipped: CHI not available
t/deprecated/04_fastmmap.t ... skipped: no Cache::FastMmap found

Test Summary Report
-------------------
t/deprecated/02_memcached.t (Wstat: 256 Tests: 29 Failed: 2)
  Failed tests:  2, 29
  Non-zero exit status: 1
  Parse errors: Bad plan.  You planned 28 tests but ran 29.
Files=8, Tests=85,  2 wallclock secs ( 0.05 usr  0.01 sys +  1.86 cusr  0.20 csys =  2.12 CPU)
Result: FAIL
Failed 1/8 test programs. 2/85 subtests failed.
make: *** [test_dynamic] Error 255

------------------------------
PREREQUISITES
------------------------------

Prerequisite modules loaded:

requires:

    Module                      Need Have   
    --------------------------- ---- -------
    Cache::Memcached            0    1.29   
    Data::Dumper                0    2.128  
    Digest::MD5                 0    2.51   
    ExtUtils::MakeMaker         6.42 6.57_01
    IO::Socket::INET            0    1.31   
    Moose                       0.59 1.19   
    MooseX::Role::Parameterized 0    0.22   
    Test::Exception             0    0.31   
    Test::More                  0    0.97_01

configure_requires:

    Module                      Need Have   
    --------------------------- ---- -------
    ExtUtils::MakeMaker         6.42 6.57_01


------------------------------
ENVIRONMENT AND OTHER CONTEXT
------------------------------

Environment variables:

    AUTOMATED_TESTING = 1
    LANG = en_US.UTF-8
    PATH = /home/sand/bin:/usr/local/bin:/usr/bin:/bin:/usr/bin/X11:/usr/games:/usr/local/perl/bin:/usr/X11/bin:/sbin:/usr/sbin
    PERL5LIB = 
    PERL5OPT = 
    PERL5_CPANPLUS_IS_RUNNING = 27806
    PERL5_CPAN_IS_RUNNING = 27806
    PERL_MM_USE_DEFAULT = 1
    SHELL = /usr/bin/zsh
    TERM = screen

Perl special variables (and OS-specific diagnostics, for MSWin32):

    $^X = /home/src/perl/repoperls/installed-perls/perl/v5.13.4-171-gea25a9b/bin/perl
    $UID/$EUID = 1001 / 1001
    $GID = 1001 1001
    $EGID = 1001 1001

Perl module toolchain versions installed:

    Module              Have   
    ------------------- -------
    CPAN                1.94_57
    Cwd                 3.33   
    ExtUtils::CBuilder  0.2703 
    ExtUtils::Command   1.16   
    ExtUtils::Install   1.55   
    ExtUtils::MakeMaker 6.57_01
    ExtUtils::Manifest  1.58   
    ExtUtils::ParseXS   2.2207 
    File::Spec          3.33   
    Module::Build       0.3607 
    Module::Signature   0.66   
    Test::Harness       3.22   
    Test::More          0.97_01
    YAML                0.72   
    YAML::Syck          1.15   
    version             0.85   


--

Summary of my perl5 (revision 5 version 13 subversion 4) configuration:
  Commit id: ea25a9b2cf73948b1e8c5675de027e0ad13277bd
  Platform:
    osname=linux, osvers=2.6.32-5-amd64, archname=x86_64-linux
    uname='linux k81 2.6.32-5-amd64 #1 smp sat oct 30 14:18:21 utc 2010 x86_64 gnulinux '
    config_args='-Dprefix=/home/src/perl/repoperls/installed-perls/perl/v5.13.4-171-gea25a9b -Dinstallusrbinperl=n -Uversiononly -Dusedevel -des -Ui_db -Uuseithreads -Uuselongdouble'
    hint=recommended, useposix=true, d_sigaction=define
    useithreads=undef, usemultiplicity=undef
    useperlio=define, d_sfio=undef, uselargefiles=define, usesocks=undef
    use64bitint=define, use64bitall=define, uselongdouble=undef
    usemymalloc=n, bincompat5005=undef
  Compiler:
    cc='cc', ccflags ='-fno-strict-aliasing -pipe -fstack-protector -I/usr/local/include -D_LARGEFILE_SOURCE -D_FILE_OFFSET_BITS=64',
    optimize='-O2',
    cppflags='-fno-strict-aliasing -pipe -fstack-protector -I/usr/local/include'
    ccversion='', gccversion='4.4.5', gccosandvers=''
    intsize=4, longsize=8, ptrsize=8, doublesize=8, byteorder=12345678
    d_longlong=define, longlongsize=8, d_longdbl=define, longdblsize=16
    ivtype='long', ivsize=8, nvtype='double', nvsize=8, Off_t='off_t', lseeksize=8
    alignbytes=8, prototype=define
  Linker and Libraries:
    ld='cc', ldflags =' -fstack-protector -L/usr/local/lib'
    libpth=/usr/local/lib /lib /usr/lib /lib64 /usr/lib64
    libs=-lnsl -lgdbm -ldb -ldl -lm -lcrypt -lutil -lc -lgdbm_compat
    perllibs=-lnsl -ldl -lm -lcrypt -lutil -lc
    libc=/lib/libc-2.11.2.so, so=so, useshrplib=false, libperl=libperl.a
    gnulibc_version='2.11.2'
  Dynamic Linking:
    dlsrc=dl_dlopen.xs, dlext=so, d_dlsymun=undef, ccdlflags='-Wl,-E'
    cccdlflags='-fPIC', lddlflags='-shared -O2 -L/usr/local/lib -fstack-protector'


Characteristics of this binary (from libperl): 
  Compile-time options: PERL_DONT_CREATE_GVSV PERL_MALLOC_WRAP PERL_USE_DEVEL
                        USE_64_BIT_ALL USE_64_BIT_INT USE_LARGE_FILES
                        USE_PERLIO USE_PERL_ATOF
  Built under linux
  Compiled at Nov 15 2010 23:20:21
  %ENV:
    PERL5LIB=""
    PERL5OPT=""
    PERL5_CPANPLUS_IS_RUNNING="27806"
    PERL5_CPAN_IS_RUNNING="27806"
    PERL_MM_USE_DEFAULT="1"
  @INC:
    /home/src/perl/repoperls/installed-perls/perl/v5.13.4-171-gea25a9b/lib/site_perl/5.13.4/x86_64-linux
    /home/src/perl/repoperls/installed-perls/perl/v5.13.4-171-gea25a9b/lib/site_perl/5.13.4
    /home/src/perl/repoperls/installed-perls/perl/v5.13.4-171-gea25a9b/lib/5.13.4/x86_64-linux
    /home/src/perl/repoperls/installed-perls/perl/v5.13.4-171-gea25a9b/lib/5.13.4
    .