Report for Fey-ORM-0.38

Back
From: metabase:user:320bfe00-2aae-11df-837a-5e0a49663a4f
Subject: FAIL Fey-ORM-0.38 v5.15.8 GNU/Linux
Date: 2012-03-06T01:06:44Z

This distribution has been tested as part of the CPAN Testers
project, supporting the Perl programming language.  See
http://wiki.cpantesters.org/ for more information or email
questions to cpan-testers-discuss@perl.org


--
Dear Dave Rolsky,

This is a computer-generated report for Fey-ORM-0.38
on perl 5.15.8, created by CPAN-Reporter-1.2005.

Thank you for uploading your work to CPAN.  However, there was a problem
testing your distribution.

If you think this report is invalid, please consult the CPAN Testers Wiki
for suggestions on how to avoid getting FAIL reports for missing library
or binary dependencies, unsupported operating systems, and so on:

http://wiki.cpantesters.org/wiki/CPANAuthorNotes

Sections of this report:

    * Tester comments
    * Program output
    * Prerequisites
    * Environment and other context

------------------------------
TESTER COMMENTS
------------------------------

Additional comments from tester:

this report is from an automated smoke testing program
and was not reviewed by a human for accuracy

------------------------------
PROGRAM OUTPUT
------------------------------

Output from '/usr/bin/make test':

PERL_DL_NONLAZY=1 /home/sand/src/perl/repoperls/installed-perls/perl/v5.15.8-72-g920e47b/165a/bin/perl "-MExtUtils::Command::MM" "-e" "test_harness(0, 'blib/lib', 'blib/arch')" t/*.t t/Class/*.t t/Object/*.t t/Object/Iterator/*.t t/Object/Iterator/FromSelect/*.t
Can't locate MooseX/StrictConstructor/Role/Meta/Method/Constructor.pm in @INC (@INC contains: t/lib /tmp/loop_over_bdir-pOMXZa/Fey-ORM-0.38-TKhrT9/blib/lib /tmp/loop_over_bdir-pOMXZa/Fey-ORM-0.38-TKhrT9/blib/arch /home/src/perl/repoperls/installed-perls/perl/v5.15.8-72-g920e47b/165a/lib/site_perl/5.15.8/x86_64-linux /home/src/perl/repoperls/installed-perls/perl/v5.15.8-72-g920e47b/165a/lib/site_perl/5.15.8 /home/src/perl/repoperls/installed-perls/perl/v5.15.8-72-g920e47b/165a/lib/5.15.8/x86_64-linux /home/src/perl/repoperls/installed-perls/perl/v5.15.8-72-g920e47b/165a/lib/5.15.8 .) at /home/src/perl/repoperls/installed-perls/perl/v5.15.8-72-g920e47b/165a/lib/site_perl/5.15.8/Module/Runtime.pm line 317.
 at /home/src/perl/repoperls/installed-perls/perl/v5.15.8-72-g920e47b/165a/lib/site_perl/5.15.8/x86_64-linux/Moose.pm line 67.
Compilation failed in require at /tmp/loop_over_bdir-pOMXZa/Fey-ORM-0.38-TKhrT9/blib/lib/Fey/Meta/Class/Table.pm line 21.
BEGIN failed--compilation aborted at /tmp/loop_over_bdir-pOMXZa/Fey-ORM-0.38-TKhrT9/blib/lib/Fey/Meta/Class/Table.pm line 21.
Compilation failed in require at /tmp/loop_over_bdir-pOMXZa/Fey-ORM-0.38-TKhrT9/blib/lib/Fey/Object/Schema.pm line 10.
BEGIN failed--compilation aborted at /tmp/loop_over_bdir-pOMXZa/Fey-ORM-0.38-TKhrT9/blib/lib/Fey/Object/Schema.pm line 10.
Compilation failed in require at /tmp/loop_over_bdir-pOMXZa/Fey-ORM-0.38-TKhrT9/blib/lib/Fey/ORM/Schema.pm line 11.
BEGIN failed--compilation aborted at /tmp/loop_over_bdir-pOMXZa/Fey-ORM-0.38-TKhrT9/blib/lib/Fey/ORM/Schema.pm line 11.
Compilation failed in require at t/Class/Policy.t line 105.
BEGIN failed--compilation aborted at t/Class/Policy.t line 105.
t/Class/Policy.t ........................ 
Dubious, test returned 2 (wstat 512, 0x200)
No subtests run 
Can't locate MooseX/StrictConstructor/Role/Meta/Method/Constructor.pm in @INC (@INC contains: t/lib /tmp/loop_over_bdir-pOMXZa/Fey-ORM-0.38-TKhrT9/blib/lib /tmp/loop_over_bdir-pOMXZa/Fey-ORM-0.38-TKhrT9/blib/arch /home/src/perl/repoperls/installed-perls/perl/v5.15.8-72-g920e47b/165a/lib/site_perl/5.15.8/x86_64-linux /home/src/perl/repoperls/installed-perls/perl/v5.15.8-72-g920e47b/165a/lib/site_perl/5.15.8 /home/src/perl/repoperls/installed-perls/perl/v5.15.8-72-g920e47b/165a/lib/5.15.8/x86_64-linux /home/src/perl/repoperls/installed-perls/perl/v5.15.8-72-g920e47b/165a/lib/5.15.8 .) at /home/src/perl/repoperls/installed-perls/perl/v5.15.8-72-g920e47b/165a/lib/site_perl/5.15.8/Module/Runtime.pm line 317.
 at /home/src/perl/repoperls/installed-perls/perl/v5.15.8-72-g920e47b/165a/lib/site_perl/5.15.8/x86_64-linux/Moose.pm line 67.
Compilation failed in require at /tmp/loop_over_bdir-pOMXZa/Fey-ORM-0.38-TKhrT9/blib/lib/Fey/Meta/Class/Table.pm line 21.
BEGIN failed--compilation aborted at /tmp/loop_over_bdir-pOMXZa/Fey-ORM-0.38-TKhrT9/blib/lib/Fey/Meta/Class/Table.pm line 21.
Compilation failed in require at /tmp/loop_over_bdir-pOMXZa/Fey-ORM-0.38-TKhrT9/blib/lib/Fey/Object/Schema.pm line 10.
BEGIN failed--compilation aborted at /tmp/loop_over_bdir-pOMXZa/Fey-ORM-0.38-TKhrT9/blib/lib/Fey/Object/Schema.pm line 10.
Compilation failed in require at /tmp/loop_over_bdir-pOMXZa/Fey-ORM-0.38-TKhrT9/blib/lib/Fey/ORM/Schema.pm line 11.
BEGIN failed--compilation aborted at /tmp/loop_over_bdir-pOMXZa/Fey-ORM-0.38-TKhrT9/blib/lib/Fey/ORM/Schema.pm line 11.
Compilation failed in require at t/Class/Schema.t line 16.
BEGIN failed--compilation aborted at t/Class/Schema.t line 16.
t/Class/Schema.t ........................ 
Dubious, test returned 2 (wstat 512, 0x200)
No subtests run 
Can't locate MooseX/StrictConstructor/Role/Meta/Method/Constructor.pm in @INC (@INC contains: t/lib /tmp/loop_over_bdir-pOMXZa/Fey-ORM-0.38-TKhrT9/blib/lib /tmp/loop_over_bdir-pOMXZa/Fey-ORM-0.38-TKhrT9/blib/arch /home/src/perl/repoperls/installed-perls/perl/v5.15.8-72-g920e47b/165a/lib/site_perl/5.15.8/x86_64-linux /home/src/perl/repoperls/installed-perls/perl/v5.15.8-72-g920e47b/165a/lib/site_perl/5.15.8 /home/src/perl/repoperls/installed-perls/perl/v5.15.8-72-g920e47b/165a/lib/5.15.8/x86_64-linux /home/src/perl/repoperls/installed-perls/perl/v5.15.8-72-g920e47b/165a/lib/5.15.8 .) at /home/src/perl/repoperls/installed-perls/perl/v5.15.8-72-g920e47b/165a/lib/site_perl/5.15.8/Module/Runtime.pm line 317.
 at /home/src/perl/repoperls/installed-perls/perl/v5.15.8-72-g920e47b/165a/lib/site_perl/5.15.8/x86_64-linux/Moose.pm line 67.
Compilation failed in require at /tmp/loop_over_bdir-pOMXZa/Fey-ORM-0.38-TKhrT9/blib/lib/Fey/Meta/Class/Table.pm line 21.
BEGIN failed--compilation aborted at /tmp/loop_over_bdir-pOMXZa/Fey-ORM-0.38-TKhrT9/blib/lib/Fey/Meta/Class/Table.pm line 21.
Compilation failed in require at /tmp/loop_over_bdir-pOMXZa/Fey-ORM-0.38-TKhrT9/blib/lib/Fey/Object/Schema.pm line 10.
BEGIN failed--compilation aborted at /tmp/loop_over_bdir-pOMXZa/Fey-ORM-0.38-TKhrT9/blib/lib/Fey/Object/Schema.pm line 10.
Compilation failed in require at /tmp/loop_over_bdir-pOMXZa/Fey-ORM-0.38-TKhrT9/blib/lib/Fey/ORM/Schema.pm line 11.
BEGIN failed--compilation aborted at /tmp/loop_over_bdir-pOMXZa/Fey-ORM-0.38-TKhrT9/blib/lib/Fey/ORM/Schema.pm line 11.
Compilation failed in require at t/Class/Table-has_many.t line 17.
BEGIN failed--compilation aborted at t/Class/Table-has_many.t line 17.
t/Class/Table-has_many.t ................ 
Dubious, test returned 2 (wstat 512, 0x200)
No subtests run 
Can't locate MooseX/StrictConstructor/Role/Meta/Method/Constructor.pm in @INC (@INC contains: t/lib /tmp/loop_over_bdir-pOMXZa/Fey-ORM-0.38-TKhrT9/blib/lib /tmp/loop_over_bdir-pOMXZa/Fey-ORM-0.38-TKhrT9/blib/arch /home/src/perl/repoperls/installed-perls/perl/v5.15.8-72-g920e47b/165a/lib/site_perl/5.15.8/x86_64-linux /home/src/perl/repoperls/installed-perls/perl/v5.15.8-72-g920e47b/165a/lib/site_perl/5.15.8 /home/src/perl/repoperls/installed-perls/perl/v5.15.8-72-g920e47b/165a/lib/5.15.8/x86_64-linux /home/src/perl/repoperls/installed-perls/perl/v5.15.8-72-g920e47b/165a/lib/5.15.8 .) at /home/src/perl/repoperls/installed-perls/perl/v5.15.8-72-g920e47b/165a/lib/site_perl/5.15.8/Module/Runtime.pm line 317.
 at /home/src/perl/repoperls/installed-perls/perl/v5.15.8-72-g920e47b/165a/lib/site_perl/5.15.8/x86_64-linux/Moose.pm line 67.
Compilation failed in require at /tmp/loop_over_bdir-pOMXZa/Fey-ORM-0.38-TKhrT9/blib/lib/Fey/Meta/Class/Table.pm line 21.
BEGIN failed--compilation aborted at /tmp/loop_over_bdir-pOMXZa/Fey-ORM-0.38-TKhrT9/blib/lib/Fey/Meta/Class/Table.pm line 21.
Compilation failed in require at /tmp/loop_over_bdir-pOMXZa/Fey-ORM-0.38-TKhrT9/blib/lib/Fey/Object/Schema.pm line 10.
BEGIN failed--compilation aborted at /tmp/loop_over_bdir-pOMXZa/Fey-ORM-0.38-TKhrT9/blib/lib/Fey/Object/Schema.pm line 10.
Compilation failed in require at /tmp/loop_over_bdir-pOMXZa/Fey-ORM-0.38-TKhrT9/blib/lib/Fey/ORM/Schema.pm line 11.
BEGIN failed--compilation aborted at /tmp/loop_over_bdir-pOMXZa/Fey-ORM-0.38-TKhrT9/blib/lib/Fey/ORM/Schema.pm line 11.
Compilation failed in require at t/Class/Table-has_one.t line 17.
BEGIN failed--compilation aborted at t/Class/Table-has_one.t line 17.
t/Class/Table-has_one.t ................. 
Dubious, test returned 2 (wstat 512, 0x200)
No subtests run 
Can't locate MooseX/StrictConstructor/Role/Meta/Method/Constructor.pm in @INC (@INC contains: t/lib /tmp/loop_over_bdir-pOMXZa/Fey-ORM-0.38-TKhrT9/blib/lib /tmp/loop_over_bdir-pOMXZa/Fey-ORM-0.38-TKhrT9/blib/arch /home/src/perl/repoperls/installed-perls/perl/v5.15.8-72-g920e47b/165a/lib/site_perl/5.15.8/x86_64-linux /home/src/perl/repoperls/installed-perls/perl/v5.15.8-72-g920e47b/165a/lib/site_perl/5.15.8 /home/src/perl/repoperls/installed-perls/perl/v5.15.8-72-g920e47b/165a/lib/5.15.8/x86_64-linux /home/src/perl/repoperls/installed-perls/perl/v5.15.8-72-g920e47b/165a/lib/5.15.8 .) at /home/src/perl/repoperls/installed-perls/perl/v5.15.8-72-g920e47b/165a/lib/site_perl/5.15.8/Module/Runtime.pm line 317.
 at /home/src/perl/repoperls/installed-perls/perl/v5.15.8-72-g920e47b/165a/lib/site_perl/5.15.8/x86_64-linux/Moose.pm line 67.
Compilation failed in require at /tmp/loop_over_bdir-pOMXZa/Fey-ORM-0.38-TKhrT9/blib/lib/Fey/Meta/Class/Table.pm line 21.
BEGIN failed--compilation aborted at /tmp/loop_over_bdir-pOMXZa/Fey-ORM-0.38-TKhrT9/blib/lib/Fey/Meta/Class/Table.pm line 21.
Compilation failed in require at /tmp/loop_over_bdir-pOMXZa/Fey-ORM-0.38-TKhrT9/blib/lib/Fey/ORM/Table.pm line 11.
BEGIN failed--compilation aborted at /tmp/loop_over_bdir-pOMXZa/Fey-ORM-0.38-TKhrT9/blib/lib/Fey/ORM/Table.pm line 11.
Compilation failed in require at t/Class/Table.t line 15.
BEGIN failed--compilation aborted at t/Class/Table.t line 15.
t/Class/Table.t ......................... 
Dubious, test returned 2 (wstat 512, 0x200)
No subtests run 
Can't locate MooseX/StrictConstructor/Role/Meta/Method/Constructor.pm in @INC (@INC contains: t/lib /tmp/loop_over_bdir-pOMXZa/Fey-ORM-0.38-TKhrT9/blib/lib /tmp/loop_over_bdir-pOMXZa/Fey-ORM-0.38-TKhrT9/blib/arch /home/src/perl/repoperls/installed-perls/perl/v5.15.8-72-g920e47b/165a/lib/site_perl/5.15.8/x86_64-linux /home/src/perl/repoperls/installed-perls/perl/v5.15.8-72-g920e47b/165a/lib/site_perl/5.15.8 /home/src/perl/repoperls/installed-perls/perl/v5.15.8-72-g920e47b/165a/lib/5.15.8/x86_64-linux /home/src/perl/repoperls/installed-perls/perl/v5.15.8-72-g920e47b/165a/lib/5.15.8 .) at /home/src/perl/repoperls/installed-perls/perl/v5.15.8-72-g920e47b/165a/lib/site_perl/5.15.8/Module/Runtime.pm line 317.
 at /home/src/perl/repoperls/installed-perls/perl/v5.15.8-72-g920e47b/165a/lib/site_perl/5.15.8/x86_64-linux/Moose.pm line 67.
Compilation failed in require at /tmp/loop_over_bdir-pOMXZa/Fey-ORM-0.38-TKhrT9/blib/lib/Fey/Meta/Class/Table.pm line 21.
BEGIN failed--compilation aborted at /tmp/loop_over_bdir-pOMXZa/Fey-ORM-0.38-TKhrT9/blib/lib/Fey/Meta/Class/Table.pm line 21.
Compilation failed in require at /tmp/loop_over_bdir-pOMXZa/Fey-ORM-0.38-TKhrT9/blib/lib/Fey/Object/Schema.pm line 10.
BEGIN failed--compilation aborted at /tmp/loop_over_bdir-pOMXZa/Fey-ORM-0.38-TKhrT9/blib/lib/Fey/Object/Schema.pm line 10.
Compilation failed in require at /tmp/loop_over_bdir-pOMXZa/Fey-ORM-0.38-TKhrT9/blib/lib/Fey/ORM/Schema.pm line 11.
BEGIN failed--compilation aborted at /tmp/loop_over_bdir-pOMXZa/Fey-ORM-0.38-TKhrT9/blib/lib/Fey/ORM/Schema.pm line 11.
Compilation failed in require at (eval 799) line 4.
BEGIN failed--compilation aborted at (eval 799) line 4.
t/Object/Iterator/FromArray.t ........... 
Dubious, test returned 2 (wstat 512, 0x200)
No subtests run 
Can't locate MooseX/StrictConstructor/Role/Meta/Method/Constructor.pm in @INC (@INC contains: t/lib /tmp/loop_over_bdir-pOMXZa/Fey-ORM-0.38-TKhrT9/blib/lib /tmp/loop_over_bdir-pOMXZa/Fey-ORM-0.38-TKhrT9/blib/arch /home/src/perl/repoperls/installed-perls/perl/v5.15.8-72-g920e47b/165a/lib/site_perl/5.15.8/x86_64-linux /home/src/perl/repoperls/installed-perls/perl/v5.15.8-72-g920e47b/165a/lib/site_perl/5.15.8 /home/src/perl/repoperls/installed-perls/perl/v5.15.8-72-g920e47b/165a/lib/5.15.8/x86_64-linux /home/src/perl/repoperls/installed-perls/perl/v5.15.8-72-g920e47b/165a/lib/5.15.8 .) at /home/src/perl/repoperls/installed-perls/perl/v5.15.8-72-g920e47b/165a/lib/site_perl/5.15.8/Module/Runtime.pm line 317.
 at /home/src/perl/repoperls/installed-perls/perl/v5.15.8-72-g920e47b/165a/lib/site_perl/5.15.8/x86_64-linux/Moose.pm line 67.
Compilation failed in require at /tmp/loop_over_bdir-pOMXZa/Fey-ORM-0.38-TKhrT9/blib/lib/Fey/Meta/Class/Table.pm line 21.
BEGIN failed--compilation aborted at /tmp/loop_over_bdir-pOMXZa/Fey-ORM-0.38-TKhrT9/blib/lib/Fey/Meta/Class/Table.pm line 21.
Compilation failed in require at /tmp/loop_over_bdir-pOMXZa/Fey-ORM-0.38-TKhrT9/blib/lib/Fey/Object/Schema.pm line 10.
BEGIN failed--compilation aborted at /tmp/loop_over_bdir-pOMXZa/Fey-ORM-0.38-TKhrT9/blib/lib/Fey/Object/Schema.pm line 10.
Compilation failed in require at /tmp/loop_over_bdir-pOMXZa/Fey-ORM-0.38-TKhrT9/blib/lib/Fey/ORM/Schema.pm line 11.
BEGIN failed--compilation aborted at /tmp/loop_over_bdir-pOMXZa/Fey-ORM-0.38-TKhrT9/blib/lib/Fey/ORM/Schema.pm line 11.
Compilation failed in require at (eval 786) line 4.
BEGIN failed--compilation aborted at (eval 786) line 4.
t/Object/Iterator/FromSelect.t .......... 
Dubious, test returned 2 (wstat 512, 0x200)
No subtests run 
Can't locate MooseX/StrictConstructor/Role/Meta/Method/Constructor.pm in @INC (@INC contains: t/lib /tmp/loop_over_bdir-pOMXZa/Fey-ORM-0.38-TKhrT9/blib/lib /tmp/loop_over_bdir-pOMXZa/Fey-ORM-0.38-TKhrT9/blib/arch /home/src/perl/repoperls/installed-perls/perl/v5.15.8-72-g920e47b/165a/lib/site_perl/5.15.8/x86_64-linux /home/src/perl/repoperls/installed-perls/perl/v5.15.8-72-g920e47b/165a/lib/site_perl/5.15.8 /home/src/perl/repoperls/installed-perls/perl/v5.15.8-72-g920e47b/165a/lib/5.15.8/x86_64-linux /home/src/perl/repoperls/installed-perls/perl/v5.15.8-72-g920e47b/165a/lib/5.15.8 .) at /home/src/perl/repoperls/installed-perls/perl/v5.15.8-72-g920e47b/165a/lib/site_perl/5.15.8/Module/Runtime.pm line 317.
 at /home/src/perl/repoperls/installed-perls/perl/v5.15.8-72-g920e47b/165a/lib/site_perl/5.15.8/x86_64-linux/Moose.pm line 67.
Compilation failed in require at /tmp/loop_over_bdir-pOMXZa/Fey-ORM-0.38-TKhrT9/blib/lib/Fey/Meta/Class/Table.pm line 21.
BEGIN failed--compilation aborted at /tmp/loop_over_bdir-pOMXZa/Fey-ORM-0.38-TKhrT9/blib/lib/Fey/Meta/Class/Table.pm line 21.
Compilation failed in require at /tmp/loop_over_bdir-pOMXZa/Fey-ORM-0.38-TKhrT9/blib/lib/Fey/Object/Schema.pm line 10.
BEGIN failed--compilation aborted at /tmp/loop_over_bdir-pOMXZa/Fey-ORM-0.38-TKhrT9/blib/lib/Fey/Object/Schema.pm line 10.
Compilation failed in require at /tmp/loop_over_bdir-pOMXZa/Fey-ORM-0.38-TKhrT9/blib/lib/Fey/ORM/Schema.pm line 11.
BEGIN failed--compilation aborted at /tmp/loop_over_bdir-pOMXZa/Fey-ORM-0.38-TKhrT9/blib/lib/Fey/ORM/Schema.pm line 11.
Compilation failed in require at (eval 798) line 4.
BEGIN failed--compilation aborted at (eval 798) line 4.
t/Object/Iterator/FromSelect/Caching.t .. 
Dubious, test returned 2 (wstat 512, 0x200)
No subtests run 
Can't locate MooseX/StrictConstructor/Role/Meta/Method/Constructor.pm in @INC (@INC contains: t/lib /tmp/loop_over_bdir-pOMXZa/Fey-ORM-0.38-TKhrT9/blib/lib /tmp/loop_over_bdir-pOMXZa/Fey-ORM-0.38-TKhrT9/blib/arch /home/src/perl/repoperls/installed-perls/perl/v5.15.8-72-g920e47b/165a/lib/site_perl/5.15.8/x86_64-linux /home/src/perl/repoperls/installed-perls/perl/v5.15.8-72-g920e47b/165a/lib/site_perl/5.15.8 /home/src/perl/repoperls/installed-perls/perl/v5.15.8-72-g920e47b/165a/lib/5.15.8/x86_64-linux /home/src/perl/repoperls/installed-perls/perl/v5.15.8-72-g920e47b/165a/lib/5.15.8 .) at /home/src/perl/repoperls/installed-perls/perl/v5.15.8-72-g920e47b/165a/lib/site_perl/5.15.8/Module/Runtime.pm line 317.
 at /home/src/perl/repoperls/installed-perls/perl/v5.15.8-72-g920e47b/165a/lib/site_perl/5.15.8/x86_64-linux/Moose.pm line 67.
Compilation failed in require at /tmp/loop_over_bdir-pOMXZa/Fey-ORM-0.38-TKhrT9/blib/lib/Fey/Meta/Class/Table.pm line 21.
BEGIN failed--compilation aborted at /tmp/loop_over_bdir-pOMXZa/Fey-ORM-0.38-TKhrT9/blib/lib/Fey/Meta/Class/Table.pm line 21.
Compilation failed in require at /tmp/loop_over_bdir-pOMXZa/Fey-ORM-0.38-TKhrT9/blib/lib/Fey/Object/Schema.pm line 10.
BEGIN failed--compilation aborted at /tmp/loop_over_bdir-pOMXZa/Fey-ORM-0.38-TKhrT9/blib/lib/Fey/Object/Schema.pm line 10.
Compilation failed in require at /tmp/loop_over_bdir-pOMXZa/Fey-ORM-0.38-TKhrT9/blib/lib/Fey/ORM/Schema.pm line 11.
BEGIN failed--compilation aborted at /tmp/loop_over_bdir-pOMXZa/Fey-ORM-0.38-TKhrT9/blib/lib/Fey/ORM/Schema.pm line 11.
Compilation failed in require at (eval 745) line 4.
BEGIN failed--compilation aborted at (eval 745) line 4.
t/Object/Schema.t ....................... 
Dubious, test returned 2 (wstat 512, 0x200)
No subtests run 
Can't locate MooseX/StrictConstructor/Role/Meta/Method/Constructor.pm in @INC (@INC contains: t/lib /tmp/loop_over_bdir-pOMXZa/Fey-ORM-0.38-TKhrT9/blib/lib /tmp/loop_over_bdir-pOMXZa/Fey-ORM-0.38-TKhrT9/blib/arch /home/src/perl/repoperls/installed-perls/perl/v5.15.8-72-g920e47b/165a/lib/site_perl/5.15.8/x86_64-linux /home/src/perl/repoperls/installed-perls/perl/v5.15.8-72-g920e47b/165a/lib/site_perl/5.15.8 /home/src/perl/repoperls/installed-perls/perl/v5.15.8-72-g920e47b/165a/lib/5.15.8/x86_64-linux /home/src/perl/repoperls/installed-perls/perl/v5.15.8-72-g920e47b/165a/lib/5.15.8 .) at /home/src/perl/repoperls/installed-perls/perl/v5.15.8-72-g920e47b/165a/lib/site_perl/5.15.8/Module/Runtime.pm line 317.
 at /home/src/perl/repoperls/installed-perls/perl/v5.15.8-72-g920e47b/165a/lib/site_perl/5.15.8/x86_64-linux/Moose.pm line 67.
Compilation failed in require at /tmp/loop_over_bdir-pOMXZa/Fey-ORM-0.38-TKhrT9/blib/lib/Fey/Meta/Class/Table.pm line 21.
BEGIN failed--compilation aborted at /tmp/loop_over_bdir-pOMXZa/Fey-ORM-0.38-TKhrT9/blib/lib/Fey/Meta/Class/Table.pm line 21.
Compilation failed in require at /tmp/loop_over_bdir-pOMXZa/Fey-ORM-0.38-TKhrT9/blib/lib/Fey/Object/Schema.pm line 10.
BEGIN failed--compilation aborted at /tmp/loop_over_bdir-pOMXZa/Fey-ORM-0.38-TKhrT9/blib/lib/Fey/Object/Schema.pm line 10.
Compilation failed in require at /tmp/loop_over_bdir-pOMXZa/Fey-ORM-0.38-TKhrT9/blib/lib/Fey/ORM/Schema.pm line 11.
BEGIN failed--compilation aborted at /tmp/loop_over_bdir-pOMXZa/Fey-ORM-0.38-TKhrT9/blib/lib/Fey/ORM/Schema.pm line 11.
Compilation failed in require at (eval 744) line 4.
BEGIN failed--compilation aborted at (eval 744) line 4.
t/Object/Table-cache.t .................. 
Dubious, test returned 2 (wstat 512, 0x200)
No subtests run 
Can't locate MooseX/StrictConstructor/Role/Meta/Method/Constructor.pm in @INC (@INC contains: t/lib /tmp/loop_over_bdir-pOMXZa/Fey-ORM-0.38-TKhrT9/blib/lib /tmp/loop_over_bdir-pOMXZa/Fey-ORM-0.38-TKhrT9/blib/arch /home/src/perl/repoperls/installed-perls/perl/v5.15.8-72-g920e47b/165a/lib/site_perl/5.15.8/x86_64-linux /home/src/perl/repoperls/installed-perls/perl/v5.15.8-72-g920e47b/165a/lib/site_perl/5.15.8 /home/src/perl/repoperls/installed-perls/perl/v5.15.8-72-g920e47b/165a/lib/5.15.8/x86_64-linux /home/src/perl/repoperls/installed-perls/perl/v5.15.8-72-g920e47b/165a/lib/5.15.8 .) at /home/src/perl/repoperls/installed-perls/perl/v5.15.8-72-g920e47b/165a/lib/site_perl/5.15.8/Module/Runtime.pm line 317.
 at /home/src/perl/repoperls/installed-perls/perl/v5.15.8-72-g920e47b/165a/lib/site_perl/5.15.8/x86_64-linux/Moose.pm line 67.
Compilation failed in require at /tmp/loop_over_bdir-pOMXZa/Fey-ORM-0.38-TKhrT9/blib/lib/Fey/Meta/Class/Table.pm line 21.
BEGIN failed--compilation aborted at /tmp/loop_over_bdir-pOMXZa/Fey-ORM-0.38-TKhrT9/blib/lib/Fey/Meta/Class/Table.pm line 21.
Compilation failed in require at /tmp/loop_over_bdir-pOMXZa/Fey-ORM-0.38-TKhrT9/blib/lib/Fey/ORM/Table.pm line 11.
BEGIN failed--compilation aborted at /tmp/loop_over_bdir-pOMXZa/Fey-ORM-0.38-TKhrT9/blib/lib/Fey/ORM/Table.pm line 11.
Compilation failed in require at t/Object/Table-has_many.t line 19.
BEGIN failed--compilation aborted at t/Object/Table-has_many.t line 19.
t/Object/Table-has_many.t ............... 
Dubious, test returned 2 (wstat 512, 0x200)
No subtests run 
Can't locate MooseX/StrictConstructor/Role/Meta/Method/Constructor.pm in @INC (@INC contains: t/lib /tmp/loop_over_bdir-pOMXZa/Fey-ORM-0.38-TKhrT9/blib/lib /tmp/loop_over_bdir-pOMXZa/Fey-ORM-0.38-TKhrT9/blib/arch /home/src/perl/repoperls/installed-perls/perl/v5.15.8-72-g920e47b/165a/lib/site_perl/5.15.8/x86_64-linux /home/src/perl/repoperls/installed-perls/perl/v5.15.8-72-g920e47b/165a/lib/site_perl/5.15.8 /home/src/perl/repoperls/installed-perls/perl/v5.15.8-72-g920e47b/165a/lib/5.15.8/x86_64-linux /home/src/perl/repoperls/installed-perls/perl/v5.15.8-72-g920e47b/165a/lib/5.15.8 .) at /home/src/perl/repoperls/installed-perls/perl/v5.15.8-72-g920e47b/165a/lib/site_perl/5.15.8/Module/Runtime.pm line 317.
 at /home/src/perl/repoperls/installed-perls/perl/v5.15.8-72-g920e47b/165a/lib/site_perl/5.15.8/x86_64-linux/Moose.pm line 67.
Compilation failed in require at /tmp/loop_over_bdir-pOMXZa/Fey-ORM-0.38-TKhrT9/blib/lib/Fey/Meta/Class/Table.pm line 21.
BEGIN failed--compilation aborted at /tmp/loop_over_bdir-pOMXZa/Fey-ORM-0.38-TKhrT9/blib/lib/Fey/Meta/Class/Table.pm line 21.
Compilation failed in require at /tmp/loop_over_bdir-pOMXZa/Fey-ORM-0.38-TKhrT9/blib/lib/Fey/ORM/Table.pm line 11.
BEGIN failed--compilation aborted at /tmp/loop_over_bdir-pOMXZa/Fey-ORM-0.38-TKhrT9/blib/lib/Fey/ORM/Table.pm line 11.
Compilation failed in require at t/Object/Table-has_one.t line 19.
BEGIN failed--compilation aborted at t/Object/Table-has_one.t line 19.
t/Object/Table-has_one.t ................ 
Dubious, test returned 2 (wstat 512, 0x200)
No subtests run 
Can't locate MooseX/StrictConstructor/Role/Meta/Method/Constructor.pm in @INC (@INC contains: t/lib /tmp/loop_over_bdir-pOMXZa/Fey-ORM-0.38-TKhrT9/blib/lib /tmp/loop_over_bdir-pOMXZa/Fey-ORM-0.38-TKhrT9/blib/arch /home/src/perl/repoperls/installed-perls/perl/v5.15.8-72-g920e47b/165a/lib/site_perl/5.15.8/x86_64-linux /home/src/perl/repoperls/installed-perls/perl/v5.15.8-72-g920e47b/165a/lib/site_perl/5.15.8 /home/src/perl/repoperls/installed-perls/perl/v5.15.8-72-g920e47b/165a/lib/5.15.8/x86_64-linux /home/src/perl/repoperls/installed-perls/perl/v5.15.8-72-g920e47b/165a/lib/5.15.8 .) at /home/src/perl/repoperls/installed-perls/perl/v5.15.8-72-g920e47b/165a/lib/site_perl/5.15.8/Module/Runtime.pm line 317.
 at /home/src/perl/repoperls/installed-perls/perl/v5.15.8-72-g920e47b/165a/lib/site_perl/5.15.8/x86_64-linux/Moose.pm line 67.
Compilation failed in require at /tmp/loop_over_bdir-pOMXZa/Fey-ORM-0.38-TKhrT9/blib/lib/Fey/Meta/Class/Table.pm line 21.
BEGIN failed--compilation aborted at /tmp/loop_over_bdir-pOMXZa/Fey-ORM-0.38-TKhrT9/blib/lib/Fey/Meta/Class/Table.pm line 21.
Compilation failed in require at /tmp/loop_over_bdir-pOMXZa/Fey-ORM-0.38-TKhrT9/blib/lib/Fey/ORM/Table.pm line 11.
BEGIN failed--compilation aborted at /tmp/loop_over_bdir-pOMXZa/Fey-ORM-0.38-TKhrT9/blib/lib/Fey/ORM/Table.pm line 11.
Compilation failed in require at t/Object/Table-query-method.t line 18.
BEGIN failed--compilation aborted at t/Object/Table-query-method.t line 18.
t/Object/Table-query-method.t ........... 
Dubious, test returned 2 (wstat 512, 0x200)
No subtests run 
Can't locate MooseX/StrictConstructor/Role/Meta/Method/Constructor.pm in @INC (@INC contains: t/lib /tmp/loop_over_bdir-pOMXZa/Fey-ORM-0.38-TKhrT9/blib/lib /tmp/loop_over_bdir-pOMXZa/Fey-ORM-0.38-TKhrT9/blib/arch /home/src/perl/repoperls/installed-perls/perl/v5.15.8-72-g920e47b/165a/lib/site_perl/5.15.8/x86_64-linux /home/src/perl/repoperls/installed-perls/perl/v5.15.8-72-g920e47b/165a/lib/site_perl/5.15.8 /home/src/perl/repoperls/installed-perls/perl/v5.15.8-72-g920e47b/165a/lib/5.15.8/x86_64-linux /home/src/perl/repoperls/installed-perls/perl/v5.15.8-72-g920e47b/165a/lib/5.15.8 .) at /home/src/perl/repoperls/installed-perls/perl/v5.15.8-72-g920e47b/165a/lib/site_perl/5.15.8/Module/Runtime.pm line 317.
 at /home/src/perl/repoperls/installed-perls/perl/v5.15.8-72-g920e47b/165a/lib/site_perl/5.15.8/x86_64-linux/Moose.pm line 67.
Compilation failed in require at /tmp/loop_over_bdir-pOMXZa/Fey-ORM-0.38-TKhrT9/blib/lib/Fey/Meta/Class/Table.pm line 21.
BEGIN failed--compilation aborted at /tmp/loop_over_bdir-pOMXZa/Fey-ORM-0.38-TKhrT9/blib/lib/Fey/Meta/Class/Table.pm line 21.
Compilation failed in require at /tmp/loop_over_bdir-pOMXZa/Fey-ORM-0.38-TKhrT9/blib/lib/Fey/ORM/Table.pm line 11.
BEGIN failed--compilation aborted at /tmp/loop_over_bdir-pOMXZa/Fey-ORM-0.38-TKhrT9/blib/lib/Fey/ORM/Table.pm line 11.
Compilation failed in require at t/Object/Table-select-attr.t line 18.
BEGIN failed--compilation aborted at t/Object/Table-select-attr.t line 18.
t/Object/Table-select-attr.t ............ 
Dubious, test returned 2 (wstat 512, 0x200)
No subtests run 
Can't locate MooseX/StrictConstructor/Role/Meta/Method/Constructor.pm in @INC (@INC contains: t/lib /tmp/loop_over_bdir-pOMXZa/Fey-ORM-0.38-TKhrT9/blib/lib /tmp/loop_over_bdir-pOMXZa/Fey-ORM-0.38-TKhrT9/blib/arch /home/src/perl/repoperls/installed-perls/perl/v5.15.8-72-g920e47b/165a/lib/site_perl/5.15.8/x86_64-linux /home/src/perl/repoperls/installed-perls/perl/v5.15.8-72-g920e47b/165a/lib/site_perl/5.15.8 /home/src/perl/repoperls/installed-perls/perl/v5.15.8-72-g920e47b/165a/lib/5.15.8/x86_64-linux /home/src/perl/repoperls/installed-perls/perl/v5.15.8-72-g920e47b/165a/lib/5.15.8 .) at /home/src/perl/repoperls/installed-perls/perl/v5.15.8-72-g920e47b/165a/lib/site_perl/5.15.8/Module/Runtime.pm line 317.
 at /home/src/perl/repoperls/installed-perls/perl/v5.15.8-72-g920e47b/165a/lib/site_perl/5.15.8/x86_64-linux/Moose.pm line 67.
Compilation failed in require at /tmp/loop_over_bdir-pOMXZa/Fey-ORM-0.38-TKhrT9/blib/lib/Fey/Meta/Class/Table.pm line 21.
BEGIN failed--compilation aborted at /tmp/loop_over_bdir-pOMXZa/Fey-ORM-0.38-TKhrT9/blib/lib/Fey/Meta/Class/Table.pm line 21.
Compilation failed in require at /tmp/loop_over_bdir-pOMXZa/Fey-ORM-0.38-TKhrT9/blib/lib/Fey/ORM/Table.pm line 11.
BEGIN failed--compilation aborted at /tmp/loop_over_bdir-pOMXZa/Fey-ORM-0.38-TKhrT9/blib/lib/Fey/ORM/Table.pm line 11.
Compilation failed in require at t/Object/Table.t line 392.
BEGIN failed--compilation aborted at t/Object/Table.t line 392.
t/Object/Table.t ........................ 
Dubious, test returned 2 (wstat 512, 0x200)
No subtests run 
t/release-eol.t ......................... skipped: these tests are for release candidate testing
t/release-kwalitee.t .................... skipped: these tests are for release candidate testing
t/release-no-tabs.t ..................... skipped: these tests are for release candidate testing

Test Summary Report
-------------------
t/Class/Policy.t                      (Wstat: 512 Tests: 0 Failed: 0)
  Non-zero exit status: 2
  Parse errors: No plan found in TAP output
t/Class/Schema.t                      (Wstat: 512 Tests: 0 Failed: 0)
  Non-zero exit status: 2
  Parse errors: No plan found in TAP output
t/Class/Table-has_many.t              (Wstat: 512 Tests: 0 Failed: 0)
  Non-zero exit status: 2
  Parse errors: No plan found in TAP output
t/Class/Table-has_one.t               (Wstat: 512 Tests: 0 Failed: 0)
  Non-zero exit status: 2
  Parse errors: No plan found in TAP output
t/Class/Table.t                       (Wstat: 512 Tests: 0 Failed: 0)
  Non-zero exit status: 2
  Parse errors: No plan found in TAP output
t/Object/Iterator/FromArray.t         (Wstat: 512 Tests: 0 Failed: 0)
  Non-zero exit status: 2
  Parse errors: No plan found in TAP output
t/Object/Iterator/FromSelect.t        (Wstat: 512 Tests: 0 Failed: 0)
  Non-zero exit status: 2
  Parse errors: No plan found in TAP output
t/Object/Iterator/FromSelect/Caching.t (Wstat: 512 Tests: 0 Failed: 0)
  Non-zero exit status: 2
  Parse errors: No plan found in TAP output
t/Object/Schema.t                     (Wstat: 512 Tests: 0 Failed: 0)
  Non-zero exit status: 2
  Parse errors: No plan found in TAP output
t/Object/Table-cache.t                (Wstat: 512 Tests: 0 Failed: 0)
  Non-zero exit status: 2
  Parse errors: No plan found in TAP output
t/Object/Table-has_many.t             (Wstat: 512 Tests: 0 Failed: 0)
  Non-zero exit status: 2
  Parse errors: No plan found in TAP output
t/Object/Table-has_one.t              (Wstat: 512 Tests: 0 Failed: 0)
  Non-zero exit status: 2
  Parse errors: No plan found in TAP output
t/Object/Table-query-method.t         (Wstat: 512 Tests: 0 Failed: 0)
  Non-zero exit status: 2
  Parse errors: No plan found in TAP output
t/Object/Table-select-attr.t          (Wstat: 512 Tests: 0 Failed: 0)
  Non-zero exit status: 2
  Parse errors: No plan found in TAP output
t/Object/Table.t                      (Wstat: 512 Tests: 0 Failed: 0)
  Non-zero exit status: 2
  Parse errors: No plan found in TAP output
Files=18, Tests=0, 22 wallclock secs ( 0.04 usr  0.03 sys + 15.28 cusr  0.82 csys = 16.17 CPU)
Result: FAIL
Failed 15/18 test programs. 0/0 subtests failed.
make: *** [test_dynamic] Error 255

------------------------------
PREREQUISITES
------------------------------

Prerequisite modules loaded:

requires:

    Module                         Need Have   
    ------------------------------ ---- -------
    Devel::GlobalDestruction       0    0.04   
    Exception::Class               0    1.32   
    Fey                            0.39 0.40   
    Fey::DBIManager                0.07 0.16   
    List::AllUtils                 0    0.03   
    Moose                          1.15 2.0402 
    MooseX::ClassAttribute         0.17 0.26   
    MooseX::SemiAffordanceAccessor 0    0.09   
    MooseX::StrictConstructor      0.08 0.19   
    namespace::autoclean           0    0.13   
    Object::ID                     0    v0.1.2 
    Scalar::Util                   0    1.23   
    Sub::Exporter                  0    0.982  

build_requires:

    Module                         Need Have   
    ------------------------------ ---- -------
    Fey::Test                      0.05 0.10   
    Test::Exception                0    0.31   
    Test::More                     0.88 0.98   

configure_requires:

    Module                         Need Have   
    ------------------------------ ---- -------
    ExtUtils::MakeMaker            6.31 6.63_02


------------------------------
ENVIRONMENT AND OTHER CONTEXT
------------------------------

Environment variables:

    AUTOMATED_TESTING = 1
    LANG = en_US.UTF-8
    LANGUAGE = en_US:en
    PATH = /home/sand/bin:/usr/local/bin:/usr/bin:/bin:/usr/bin/X11:/usr/games:/usr/local/perl/bin:/usr/X11/bin:/sbin:/usr/sbin
    PERL5LIB = 
    PERL5OPT = 
    PERL5_CPANPLUS_IS_RUNNING = 12411
    PERL5_CPAN_IS_RUNNING = 12411
    PERL_MM_USE_DEFAULT = 1
    SHELL = /usr/bin/zsh
    TERM = screen

Perl special variables (and OS-specific diagnostics, for MSWin32):

    $^X = /home/sand/src/perl/repoperls/installed-perls/perl/v5.15.8-72-g920e47b/165a/bin/perl
    $UID/$EUID = 1005 / 1005
    $GID = 1005 1005
    $EGID = 1005 1005

Perl module toolchain versions installed:

    Module              Have    
    ------------------- --------
    CPAN                1.9800  
    CPAN::Meta          2.120630
    Cwd                 3.39_02 
    ExtUtils::CBuilder  0.280206
    ExtUtils::Command   1.17    
    ExtUtils::Install   1.58    
    ExtUtils::MakeMaker 6.63_02 
    ExtUtils::Manifest  1.61    
    ExtUtils::ParseXS   3.16    
    File::Spec          3.39_02 
    JSON                2.53    
    JSON::PP            2.27200 
    Module::Build       0.40    
    Module::Signature   0.68    
    Parse::CPAN::Meta   1.4402  
    Test::Harness       3.23    
    Test::More          0.98    
    YAML                0.80    
    YAML::Syck          1.20    
    version             0.96    


--

Summary of my perl5 (revision 5 version 15 subversion 8) configuration:
  Commit id: 920e47bbc431efd5c1ca9d8b85fb88c172326b14
  Platform:
    osname=linux, osvers=3.2.0-1-amd64, archname=x86_64-linux
    uname='linux k83 3.2.0-1-amd64 #1 smp sun feb 5 15:17:15 utc 2012 x86_64 gnulinux '
    config_args='-Dprefix=/home/src/perl/repoperls/installed-perls/perl/v5.15.8-72-g920e47b/165a -Dmyhostname=k83 -Dinstallusrbinperl=n -Uversiononly -Dusedevel -des -Ui_db -Uuseithreads -Uuselongdouble -DDEBUGGING=-g'
    hint=recommended, useposix=true, d_sigaction=define
    useithreads=undef, usemultiplicity=undef
    useperlio=define, d_sfio=undef, uselargefiles=define, usesocks=undef
    use64bitint=define, use64bitall=define, uselongdouble=undef
    usemymalloc=n, bincompat5005=undef
  Compiler:
    cc='cc', ccflags ='-fno-strict-aliasing -pipe -fstack-protector -I/usr/local/include -D_LARGEFILE_SOURCE -D_FILE_OFFSET_BITS=64',
    optimize='-O2 -g',
    cppflags='-fno-strict-aliasing -pipe -fstack-protector -I/usr/local/include'
    ccversion='', gccversion='4.6.2', gccosandvers=''
    intsize=4, longsize=8, ptrsize=8, doublesize=8, byteorder=12345678
    d_longlong=define, longlongsize=8, d_longdbl=define, longdblsize=16
    ivtype='long', ivsize=8, nvtype='double', nvsize=8, Off_t='off_t', lseeksize=8
    alignbytes=8, prototype=define
  Linker and Libraries:
    ld='cc', ldflags =' -fstack-protector -L/usr/local/lib'
    libpth=/usr/local/lib /lib/x86_64-linux-gnu /lib/../lib /usr/lib/x86_64-linux-gnu /usr/lib/../lib /lib /usr/lib
    libs=-lnsl -ldb -ldl -lm -lcrypt -lutil -lc
    perllibs=-lnsl -ldl -lm -lcrypt -lutil -lc
    libc=, so=so, useshrplib=false, libperl=libperl.a
    gnulibc_version='2.13'
  Dynamic Linking:
    dlsrc=dl_dlopen.xs, dlext=so, d_dlsymun=undef, ccdlflags='-Wl,-E'
    cccdlflags='-fPIC', lddlflags='-shared -O2 -g -L/usr/local/lib -fstack-protector'


Characteristics of this binary (from libperl): 
  Compile-time options: HAS_TIMES PERLIO_LAYERS PERL_DONT_CREATE_GVSV
                        PERL_MALLOC_WRAP PERL_PRESERVE_IVUV PERL_USE_DEVEL
                        USE_64_BIT_ALL USE_64_BIT_INT USE_LARGE_FILES
                        USE_LOCALE USE_LOCALE_COLLATE USE_LOCALE_CTYPE
                        USE_LOCALE_NUMERIC USE_PERLIO USE_PERL_ATOF
  Built under linux
  Compiled at Mar  4 2012 20:40:22
  %ENV:
    PERL5LIB=""
    PERL5OPT=""
    PERL5_CPANPLUS_IS_RUNNING="12411"
    PERL5_CPAN_IS_RUNNING="12411"
    PERL_MM_USE_DEFAULT="1"
  @INC:
    /home/src/perl/repoperls/installed-perls/perl/v5.15.8-72-g920e47b/165a/lib/site_perl/5.15.8/x86_64-linux
    /home/src/perl/repoperls/installed-perls/perl/v5.15.8-72-g920e47b/165a/lib/site_perl/5.15.8
    /home/src/perl/repoperls/installed-perls/perl/v5.15.8-72-g920e47b/165a/lib/5.15.8/x86_64-linux
    /home/src/perl/repoperls/installed-perls/perl/v5.15.8-72-g920e47b/165a/lib/5.15.8
    .