Web-oEmbed-Common v0.05 Perl 5 v5.24.3 RC1 x86_64-linux
- Status
- Fail
- From
- Andreas J. König (ANDK)
- Dist
-
Web-oEmbed-Common v0.05
- Platform
- Perl 5 v5.24.3 RC1 x86_64-linux
- Date
- 2017-09-20 19:33:54
- ID
- a390ddcc-9e3a-11e7-a332-2fb857eef806
This distribution has been tested as part of the CPAN Testers
project, supporting the Perl programming language. See
http://wiki.cpantesters.org/ for more information or email
questions to cpan-testers-discuss@perl.org
--
Dear Matthew Simon Cavalletto,
This is a computer-generated report for Web-oEmbed-Common-0.05
on perl 5.24.3, created by CPAN-Reporter-1.2018.
Thank you for uploading your work to CPAN. However, there was a problem
testing your distribution.
If you think this report is invalid, please consult the CPAN Testers Wiki
for suggestions on how to avoid getting FAIL reports for missing library
or binary dependencies, unsupported operating systems, and so on:
http://wiki.cpantesters.org/wiki/CPANAuthorNotes
Sections of this report:
* Tester comments
* Program output
* Prerequisites
* Environment and other context
------------------------------
TESTER COMMENTS
------------------------------
Additional comments from tester:
this report is from an automated smoke testing program
and was not reviewed by a human for accuracy
------------------------------
PROGRAM OUTPUT
------------------------------
Output from '/usr/bin/make test':
PERL_DL_NONLAZY=1 "/tmp/basesmoker-reloperl-8cVK/bin/perl" "-MExtUtils::Command::MM" "-MTest::Harness" "-e" "undef *Test::Harness::Switches; test_harness(0, 'blib/lib', 'blib/arch')" t/*.t
Any::Moose is deprecated. Please use Moo instead at /tmp/loop_over_bdir-2652-46HelM/Web-oEmbed-Common-0.05-0/blib/lib/Web/oEmbed/Common.pm line 74.
# Testing Web::oEmbed::Common 0.05, Perl 5.024003, /tmp/basesmoker-reloperl-8cVK/bin/perl
t/00-compile.t ....... ok
Any::Moose is deprecated. Please use Moo instead at /tmp/loop_over_bdir-2652-46HelM/Web-oEmbed-Common-0.05-0/blib/lib/Web/oEmbed/Common.pm line 74.
t/08-url-patterns.t .. ok
Any::Moose is deprecated. Please use Moo instead at /tmp/loop_over_bdir-2652-46HelM/Web-oEmbed-Common-0.05-0/blib/lib/Web/oEmbed/Common.pm line 74.
# Failed test 'Response has embed code'
# at t/10-youtube.t line 41.
# '<iframe width="459" height="344" src="https://www.youtube.com/embed/5iAIM02kv0g?feature=oembed" frameborder="0" allowfullscreen></iframe>'
# doesn't match '(?^sx:<object .*? movie )'
# Looks like you failed 1 test of 10.
t/10-youtube.t .......
Dubious, test returned 1 (wstat 256, 0x100)
Failed 1/10 subtests
Any::Moose is deprecated. Please use Moo instead at /tmp/loop_over_bdir-2652-46HelM/Web-oEmbed-Common-0.05-0/blib/lib/Web/oEmbed/Common.pm line 74.
# Failed test 'Received oEmbed response'
# at t/50-xkcd.t line 24.
# Failed test ''Received expected response type' isa 'Web::oEmbed::Response''
# at t/50-xkcd.t line 25.
# 'Received expected response type' isn't defined
# Failed test 'No response to check'
# at t/50-xkcd.t line 31.
# Failed test 'No response to check'
# at t/50-xkcd.t line 32.
# Failed test 'No response to check'
# at t/50-xkcd.t line 33.
# Looks like you planned 10 tests but ran 9.
# Looks like you failed 5 tests of 9 run.
t/50-xkcd.t ..........
Dubious, test returned 5 (wstat 1280, 0x500)
Failed 6/10 subtests
Test Summary Report
-------------------
t/10-youtube.t (Wstat: 256 Tests: 10 Failed: 1)
Failed test: 10
Non-zero exit status: 1
t/50-xkcd.t (Wstat: 1280 Tests: 9 Failed: 5)
Failed tests: 5-9
Non-zero exit status: 5
Parse errors: Bad plan. You planned 10 tests but ran 9.
Files=4, Tests=26, 1 wallclock secs ( 0.01 usr 0.03 sys + 0.36 cusr 0.08 csys = 0.48 CPU)
Result: FAIL
Failed 2/4 test programs. 6/26 subtests failed.
Makefile:842: recipe for target 'test_dynamic' failed
make: *** [test_dynamic] Error 5
------------------------------
PREREQUISITES
------------------------------
Prerequisite modules loaded:
requires:
Module Need Have
------------------- ---- ----
Web::oEmbed 0.01 0.04
build_requires:
Module Need Have
------------------- ---- ----
ExtUtils::MakeMaker 0 7.30
configure_requires:
Module Need Have
------------------- ---- ----
ExtUtils::MakeMaker 0 7.30
------------------------------
ENVIRONMENT AND OTHER CONTEXT
------------------------------
Environment variables:
AUTOMATED_TESTING = 1
LANG = en_US.UTF-8
PATH = /home/sand/bin:/usr/local/bin:/usr/local/sbin:/usr/sbin:/usr/bin:/sbin:/bin:/usr/games:/usr/local/games:/usr/local/perl/bin:/usr/X11/bin
PERL5LIB =
PERL5OPT =
PERL5_CPANPLUS_IS_RUNNING = 5994
PERL5_CPAN_IS_RUNNING = 5994
PERL_CANARY_STABILITY_NOPROMPT = 1
PERL_MM_USE_DEFAULT = 1
PERL_USE_UNSAFE_INC = 1
SHELL = /usr/bin/zsh
TERM = screen
Perl special variables (and OS-specific diagnostics, for MSWin32):
$^X = /tmp/basesmoker-reloperl-8cVK/bin/perl
$UID/$EUID = 1005 / 1005
$GID = 1005 1005
$EGID = 1005 1005
Perl module toolchain versions installed:
Module Have
------------------- ----------
CPAN 2.18
CPAN::Meta 2.150010
Cwd 3.63_01
ExtUtils::CBuilder 0.280226
ExtUtils::Command 7.30
ExtUtils::Install 2.06
ExtUtils::MakeMaker 7.30
ExtUtils::Manifest 1.70
ExtUtils::ParseXS 3.31
File::Spec 3.63_01
JSON 2.94
JSON::PP 2.27300_01
Module::Build 0.4224
Module::Signature 0.81
Parse::CPAN::Meta 2.150010
Test::Harness 3.39
Test::More 1.302096
YAML 1.23
YAML::Syck 1.30
version 0.9916
--
Summary of my perl5 (revision 5 version 24 subversion 3) configuration:
Derived from: 752cb96a6b7f420187942e917feea72e8bbeb461
Platform:
osname=linux, osvers=4.10.0-35-generic, archname=x86_64-linux
uname='linux k93zesty 4.10.0-35-generic #39-ubuntu smp wed sep 13 07:46:59 utc 2017 x86_64 x86_64 x86_64 gnulinux '
config_args='-Dprefix=/home/sand/src/perl/repoperls/installed-perls/host/k93zesty/v5.24.3-RC1/e2d0 -Dmyhostname=k93zesty -Dinstallusrbinperl=n -Uversiononly -Dusedevel -des -Ui_db -Dlibswanted=cl pthread socket inet nsl gdbm dbm malloc dl ld sun m crypt sec util c cposix posix ucb BSD gdbm_compat -Uuseithreads -Uuselongdouble -DDEBUGGING=-g'
hint=recommended, useposix=true, d_sigaction=define
useithreads=undef, usemultiplicity=undef
use64bitint=define, use64bitall=define, uselongdouble=undef
usemymalloc=n, bincompat5005=undef
Compiler:
cc='cc', ccflags ='-fwrapv -fno-strict-aliasing -pipe -fstack-protector-strong -I/usr/local/include -D_LARGEFILE_SOURCE -D_FILE_OFFSET_BITS=64',
optimize='-O2 -g',
cppflags='-fwrapv -fno-strict-aliasing -pipe -fstack-protector-strong -I/usr/local/include'
ccversion='', gccversion='6.3.0 20170406', gccosandvers=''
intsize=4, longsize=8, ptrsize=8, doublesize=8, byteorder=12345678, doublekind=3
d_longlong=define, longlongsize=8, d_longdbl=define, longdblsize=16, longdblkind=3
ivtype='long', ivsize=8, nvtype='double', nvsize=8, Off_t='off_t', lseeksize=8
alignbytes=8, prototype=define
Linker and Libraries:
ld='cc', ldflags =' -fstack-protector-strong -L/usr/local/lib'
libpth=/usr/local/lib /usr/lib/gcc/x86_64-linux-gnu/6/include-fixed /usr/include/x86_64-linux-gnu /usr/lib /lib/x86_64-linux-gnu /lib/../lib /usr/lib/x86_64-linux-gnu /usr/lib/../lib /lib
libs=-lpthread -lnsl -ldl -lm -lcrypt -lutil -lc
perllibs=-lpthread -lnsl -ldl -lm -lcrypt -lutil -lc
libc=libc-2.24.so, so=so, useshrplib=false, libperl=libperl.a
gnulibc_version='2.24'
Dynamic Linking:
dlsrc=dl_dlopen.xs, dlext=so, d_dlsymun=undef, ccdlflags='-Wl,-E'
cccdlflags='-fPIC', lddlflags='-shared -O2 -g -L/usr/local/lib -fstack-protector-strong'
Characteristics of this binary (from libperl):
Compile-time options: HAS_TIMES PERLIO_LAYERS PERL_COPY_ON_WRITE
PERL_DONT_CREATE_GVSV
PERL_HASH_FUNC_ONE_AT_A_TIME_HARD PERL_MALLOC_WRAP
PERL_PRESERVE_IVUV PERL_USE_DEVEL USE_64_BIT_ALL
USE_64_BIT_INT USE_LARGE_FILES USE_LOCALE
USE_LOCALE_COLLATE USE_LOCALE_CTYPE
USE_LOCALE_NUMERIC USE_LOCALE_TIME USE_PERLIO
USE_PERL_ATOF
Locally applied patches:
RC1
uncommitted-changes
Built under linux
Compiled at Sep 20 2017 02:58:33
%ENV:
PERL5LIB=""
PERL5OPT=""
PERL5_CPANPLUS_IS_RUNNING="5994"
PERL5_CPAN_IS_RUNNING="5994"
PERL_CANARY_STABILITY_NOPROMPT="1"
PERL_MM_USE_DEFAULT="1"
PERL_USE_UNSAFE_INC="1"
@INC:
/home/sand/src/perl/repoperls/installed-perls/host/k93zesty/v5.24.3-RC1/e2d0/lib/site_perl/5.24.3/x86_64-linux
/home/sand/src/perl/repoperls/installed-perls/host/k93zesty/v5.24.3-RC1/e2d0/lib/site_perl/5.24.3
/home/sand/src/perl/repoperls/installed-perls/host/k93zesty/v5.24.3-RC1/e2d0/lib/5.24.3/x86_64-linux
/home/sand/src/perl/repoperls/installed-perls/host/k93zesty/v5.24.3-RC1/e2d0/lib/5.24.3
.