Geo-Coder-CA v0.13 Perl 5 v5.24.2 x86_64-linux-ld

Status
Fail
From
Chris Williams (BINGOS)
Dist
Geo-Coder-CA v0.13
Platform
Perl 5 v5.24.2 x86_64-linux-ld
Date
2022-10-26 00:46:33
ID
a38ab9f8-54c7-11ed-aba6-9a79f339625c
This distribution has been tested as part of the CPAN Testers
project, supporting the Perl programming language.  See
http://wiki.cpantesters.org/ for more information or email
questions to cpan-testers-discuss@perl.org


--

Dear NHORNE,

This is a computer-generated error report created automatically by
CPANPLUS, version 0.9914. Testers personal comments may appear
at the end of this report.


Thank you for uploading your work to CPAN.  However, it appears that
there were some problems testing your distribution.

TEST RESULTS:

Below is the error stack from stage 'make test':

PERL_DL_NONLAZY=1 "/home/cpan/pit/bare-ld/perl-5.24.2/bin/perl" "-MExtUtils::Command::MM" "-MTest::Harness" "-e" "undef *Test::Harness::Switches; test_harness(0, 'blib/lib', 'blib/arch')" t/*.t
# Testing Geo::Coder::CA 0.13, Perl 5.024002, /home/cpan/pit/bare-ld/perl-5.24.2/bin/perl
t/00-load.t ........... ok
t/10-new.t ............ ok

# Failed test 'Script bin/ca runs'
# at t/bin.t line 13.
# 255 - https://geocoder.ca/some_location?locate=1600%2BPennsylvania%2BAvenue%2BNW%2C%2BWashington%2BDC&strictmode=1&json=1 API returned error: 403 Forbidden at /home/cpan/pit/bare-ld/conf/perl-5.24.2/.cpanplus/5.24.2/build/fxPm6cRmoi/Geo-Coder-CA-0.13/bin/../lib/Geo/Coder/CA.pm line 112.
# 	Geo::Coder::CA::geocode(Geo::Coder::CA=HASH(0x560ee77c3bc8), "1600 Pennsylvania Avenue NW, Washington DC") called at /home/cpan/pit/bare-ld/conf/perl-5.24.2/.cpanplus/5.24.2/build/fxPm6cRmoi/Geo-Coder-CA-0.13/bin/../lib/Geo/Coder/CA.pm line 212
# 	Geo::Coder::CA::run("Geo::Coder::CA", 1600, "Pennsylvania", "Avenue", "NW,", "Washington", "DC") called at /home/cpan/pit/bare-ld/conf/perl-5.24.2/.cpanplus/5.24.2/build/fxPm6cRmoi/Geo-Coder-CA-0.13/bin/../lib/Geo/Coder/CA.pm line 203
# "/home/cpan/pit/bare-ld/perl-5.24.2/bin/perl /home/cpan/pit/bare-ld/conf/perl-5.24.2/.cpanplus/5.24.2/build/fxPm6cRmoi/Geo-Coder-CA-0.13/bin/../lib/Geo/Coder/CA.pm 1600 Pennsylvania Avenue NW, Washington DC" unexpectedly returned exit value 255 at /home/cpan/pit/jail/7UZQYC62YE/lib/perl5/IPC/System/Simple.pm line 578.
# 	IPC::System::Simple::_check_exit("/home/cpan/pit/bare-ld/perl-5.24.2/bin/perl /home/cpan/pit/ba"..., 255, ARRAY(0x55b3224ccaf0)) called at /home/cpan/pit/jail/7UZQYC62YE/lib/perl5/IPC/System/Simple.pm line 550
# 	IPC::System::Simple::_process_child_error(65280, "/home/cpan/pit/bare-ld/perl-5.24.2/bin/perl /home/cpan/pit/ba"..., ARRAY(0x55b3224ccaf0)) called at /home/cpan/pit/jail/7UZQYC62YE/lib/perl5/IPC/System/Simple.pm line 190
# 	IPC::System::Simple::run("/home/cpan/pit/bare-ld/perl-5.24.2/bin/perl /home/cpan/pit/ba"...) called at (eval 5) line 12
# 	eval {...} called at (eval 5) line 11
# 	Fatal::__ANON__("/home/cpan/pit/bare-ld/perl-5.24.2/bin/perl /home/cpan/pit/ba"...) called at bin/ca line 18
# 	main::doit() called at bin/ca line 11
# 	eval {...} called at bin/ca line 10
#  at bin/ca line 18

# Failed test 'test 1'
# at t/bin.t line 15.
# The output
#   Test 1 - White House
# does not match
#   (?^:\-77\.03)

#   Failed test at t/bin.t line 15.

# Failed test 'no error output'
# at t/bin.t line 16.
# The output
#   https://geocoder.ca/some_location?locate=1600%2BPennsylvania%2BAvenue%2BNW%2C%2BWashington%2BDC&strictmode=1&json=1 API returned error: 403 Forbidden at /home/cpan/pit/bare-ld/conf/perl-5.24.2/.cpanplus/5.24.2/build/fxPm6cRmoi/Geo-Coder-CA-0.13/bin/../lib/Geo/Coder/CA.pm line 112.
#   	Geo::Coder::CA::geocode(Geo::Coder::CA=HASH(0x560ee77c3bc8), "1600 Pennsylvania Avenue NW, Washington DC") called at /home/cpan/pit/bare-ld/conf/perl-5.24.2/.cpanplus/5.24.2/build/fxPm6cRmoi/Geo-Coder-CA-0.13/bin/../lib/Geo/Coder/CA.pm line 212
#   	Geo::Coder::CA::run("Geo::Coder::CA", 1600, "Pennsylvania", "Avenue", "NW,", "Washington", "DC") called at /home/cpan/pit/bare-ld/conf/perl-5.24.2/.cpanplus/5.24.2/build/fxPm6cRmoi/Geo-Coder-CA-0.13/bin/../lib/Geo/Coder/CA.pm line 203
#   "/home/cpan/pit/bare-ld/perl-5.24.2/bin/perl /home/cpan/pit/bare-ld/conf/perl-5.24.2/.cpanplus/5.24.2/build/fxPm6cRmoi/Geo-Coder-CA-0.13/bin/../lib/Geo/Coder/CA.pm 1600 Pennsylvania Avenue NW, Washington DC" unexpectedly returned exit value 255 at /home/cpan/pit/jail/7UZQYC62YE/lib/perl5/IPC/System/Simple.pm line 578.
#   	IPC::System::Simple::_check_exit("/home/cpan/pit/bare-ld/perl-5.24.2/bin/perl /home/cpan/pit/ba"..., 255, ARRAY(0x55b3224ccaf0)) called at /home/cpan/pit/jail/7UZQYC62YE/lib/perl5/IPC/System/Simple.pm line 550
#   	IPC::System::Simple::_process_child_error(65280, "/home/cpan/pit/bare-ld/perl-5.24.2/bin/perl /home/cpan/pit/ba"..., ARRAY(0x55b3224ccaf0)) called at /home/cpan/pit/jail/7UZQYC62YE/lib/perl5/IPC/System/Simple.pm line 190
#   	IPC::System::Simple::run("/home/cpan/pit/bare-ld/perl-5.24.2/bin/perl /home/cpan/pit/ba"...) called at (eval 5) line 12
#   	eval {...} called at (eval 5) line 11
#   	Fatal::__ANON__("/home/cpan/pit/bare-ld/perl-5.24.2/bin/perl /home/cpan/pit/ba"...) called at bin/ca line 18
#   	main::doit() called at bin/ca line 11
#   	eval {...} called at bin/ca line 10
#    at bin/ca line 18
# does not match

#   Failed test at t/bin.t line 16.
# Looks like you failed 5 tests of 6.
t/bin.t ............... 
Dubious, test returned 5 (wstat 1280, 0x500)
Failed 5/6 subtests 
t/boiler.t ............ ok
https://geocoder.ca/some_location?strictmode=1&locate=9235%2BMain%2BSt%2C%2BRichibucto%2C%2BNew%2BBrunswick%2C%2BCanada&json=1 API returned error: 403 Forbidden at t/ca.t line 25.
# Looks like your test exited with 255 just after 2.
t/ca.t ................ 
Dubious, test returned 255 (wstat 65280, 0xff00)
Failed 5/7 subtests 
t/carp.t .............. ok
t/changes.t ........... skipped: Author tests not required for installation
t/comment-spelling.t .. skipped: Author tests not required for installation
t/coverage.t .......... skipped: Test::Pod::Coverage 1.08 required for testing POD coverage
t/critic.t ............ skipped: Author tests not required for installation
t/cv.t ................ skipped: Author tests not required for installation
t/dist.t .............. skipped: Author tests not required for installation
t/eof.t ............... skipped: Author tests not required for installation
t/eol.t ............... skipped: Author tests not required for installation
t/gv.t ................ skipped: Author tests not required for installation
t/kwalitee.t .......... skipped: Author tests not required for installation
t/links.t ............. skipped: Author tests not required for installation
t/manifest.t .......... skipped: Author tests not required for installation
t/metrics.t ........... skipped: Author tests not required for installation
t/namespaces.t ........ skipped: Author tests not required for installation
t/no404s.t ............ skipped: Author tests not required for installation
# Author tests not required for installation
t/noopentickets.t ..... ok
t/noplan.t ............ skipped: Author tests not required for installation
t/pod-cm.t ............ skipped: Test::Pod::Spelling::CommonMistakes required for testing POD spelling
t/pod-spelling.t ...... skipped: Author tests not required for installation
t/pod.t ............... skipped: Author tests not required for installation
t/port.t .............. skipped: Test::Portability::Files required for testing filenames portability
t/prereq.t ............ skipped: Author tests not required for installation
t/snippets.t .......... skipped: Author tests not required for installation
t/strict.t ............ skipped: Author tests not required for installation
t/unused.t ............ skipped: Author tests not required for installation
https://geocoder.ca/some_location?locate=1600%2BPennsylvania%2BAvenue%2BNW%2C%2BWashington%2BDC&json=1&strictmode=1 API returned error: 403 Forbidden at t/us.t line 23.
# Looks like your test exited with 255 just after 3.
t/us.t ................ 
Dubious, test returned 255 (wstat 65280, 0xff00)
Failed 16/19 subtests 
t/used.t .............. skipped: Author tests not required for installation
t/vars.t .............. skipped: Author tests not required for installation

Test Summary Report
-------------------
t/bin.t             (Wstat: 1280 (exited 5) Tests: 6 Failed: 5)
  Failed tests:  2-6
  Non-zero exit status: 5
t/boiler.t          (Wstat: 0 Tests: 3 Failed: 0)
  TODO passed:   1-3
t/ca.t              (Wstat: 65280 (exited 255) Tests: 2 Failed: 0)
  Non-zero exit status: 255
  Parse errors: Bad plan.  You planned 7 tests but ran 2.
t/us.t              (Wstat: 65280 (exited 255) Tests: 3 Failed: 0)
  Non-zero exit status: 255
  Parse errors: Bad plan.  You planned 19 tests but ran 3.
Files=34, Tests=25,  7 wallclock secs ( 0.08 usr  0.02 sys +  2.66 cusr  0.34 csys =  3.10 CPU)
Result: FAIL
Failed 3/34 test programs. 5/25 subtests failed.
make: *** [Makefile:896: test_dynamic] Error 255


PREREQUISITES:

Here is a list of prerequisites you specified and versions we
managed to load:

	  Module Name                        Have     Want
	  Encode                             3.19        0
	  ExtUtils::MakeMaker                7.64        0
	  HTTP::Request                      6.43        0
	  IPC::System::Simple                1.30        0
	  JSON::MaybeXS                  1.004004        0
	  LWP::Protocol::https               6.10        0
	  LWP::UserAgent                     6.67        0
	  Test::Carp                          0.2        0
	  Test::LWP::UserAgent              0.036        0
	  Test::Most                         0.38        0
	  Test::NoWarnings                   1.06        0
	  Test::Number::Delta                1.06        0
	  Test::Script                       1.29     1.12
	  URI                                5.16        0
	  WWW::RT::CPAN                     0.002        0
	  autodie                            2.29        0

Perl module toolchain versions installed:
	Module Name                        Have
	CPANPLUS                         0.9914
	CPANPLUS::Dist::Build              0.90
	Cwd                                3.75
	ExtUtils::CBuilder             0.280236
	ExtUtils::Command                  7.64
	ExtUtils::Install                  2.20
	ExtUtils::MakeMaker                7.64
	ExtUtils::Manifest                 1.73
	ExtUtils::ParseXS                  3.44
	File::Spec                         3.75
	Module::Build                    0.4231
	Pod::Parser                        1.63
	Pod::Simple                        3.32
	Test2                          1.302191
	Test::Harness                      3.44
	Test::More                     1.302191
	version                          0.9929

******************************** NOTE ********************************
The comments above are created mechanically, possibly without manual
checking by the sender.  As there are many people performing automatic
tests on each upload to CPAN, it is likely that you will receive
identical messages about the same problem.

If you believe that the message is mistaken, please reply to the first
one with correction and/or additional informations, and do not take
it personally.  We appreciate your patience. :)
**********************************************************************

Additional comments:


This report was machine-generated by CPANPLUS::Dist::YACSmoke 1.08.
Powered by minismokebox version 0.68

CPANPLUS is prefering Build.PL

------------------------------
ENVIRONMENT AND OTHER CONTEXT
------------------------------

Environment variables:

    AUTOMATED_TESTING = 1
    LANG = en_GB.UTF-8
    LANGUAGE = en_GB:en
    NONINTERACTIVE_TESTING = 1
    PATH = /usr/local/sbin:/usr/local/bin:/usr/sbin:/usr/bin:/sbin:/bin:/usr/games:/usr/local/games:/snap/bin
    PERL5LIB = /home/cpan/pit/jail/7UZQYC62YE/lib/perl5:/home/cpan/pit/bare-ld/conf/perl-5.24.2/.cpanplus/5.24.2/build/fxPm6cRmoi/Geo-Coder-CA-0.13/blib/lib:/home/cpan/pit/bare-ld/conf/perl-5.24.2/.cpanplus/5.24.2/build/fxPm6cRmoi/Geo-Coder-CA-0.13/blib/arch
    PERL5_CPANPLUS_IS_RUNNING = 1255694
    PERL5_CPANPLUS_IS_VERSION = 0.9914
    PERL5_MINISMOKEBOX = 0.68
    PERL5_YACSMOKE_BASE = /home/cpan/pit/bare-ld/conf/perl-5.24.2
    PERL_EXTUTILS_AUTOINSTALL = --defaultdeps
    PERL_LOCAL_LIB_ROOT = /home/cpan/pit/jail/7UZQYC62YE
    PERL_MB_OPT = --install_base "/home/cpan/pit/jail/7UZQYC62YE"
    PERL_MM_OPT = INSTALL_BASE=/home/cpan/pit/jail/7UZQYC62YE
    PERL_MM_USE_DEFAULT = 1
    SHELL = /bin/bash
    TERM = screen.xterm-256color

Perl special variables (and OS-specific diagnostics, for MSWin32):

    Perl: $^X = /home/cpan/pit/bare-ld/perl-5.24.2/bin/perl
    UID:  $<  = 1001
    EUID: $>  = 1001
    GID:  $(  = 1001 1001
    EGID: $)  = 1001 1001


-------------------------------


--

Summary of my perl5 (revision 5 version 24 subversion 2) configuration:
   
  Platform:
    osname=linux, osvers=5.4.0-26-generic, archname=x86_64-linux-ld
    uname='linux uchder 5.4.0-26-generic #30-ubuntu smp mon apr 20 16:58:30 utc 2020 x86_64 x86_64 x86_64 gnulinux '
    config_args='-des -Dprefix=/home/cpan/pit/bare-ld/perl-5.24.2 -Duselongdouble'
    hint=recommended, useposix=true, d_sigaction=define
    useithreads=undef, usemultiplicity=undef
    use64bitint=define, use64bitall=define, uselongdouble=define
    usemymalloc=n, bincompat5005=undef
  Compiler:
    cc='cc', ccflags ='-fwrapv -fno-strict-aliasing -pipe -fstack-protector-strong -I/usr/local/include -D_LARGEFILE_SOURCE -D_FILE_OFFSET_BITS=64',
    optimize='-O2',
    cppflags='-fwrapv -fno-strict-aliasing -pipe -fstack-protector-strong -I/usr/local/include'
    ccversion='', gccversion='9.3.0', gccosandvers=''
    intsize=4, longsize=8, ptrsize=8, doublesize=8, byteorder=12345678, doublekind=3
    d_longlong=define, longlongsize=8, d_longdbl=define, longdblsize=16, longdblkind=3
    ivtype='long', ivsize=8, nvtype='long double', nvsize=16, Off_t='off_t', lseeksize=8
    alignbytes=16, prototype=define
  Linker and Libraries:
    ld='cc', ldflags =' -fstack-protector-strong -L/usr/local/lib'
    libpth=/usr/local/lib /usr/include/x86_64-linux-gnu /usr/lib /lib/x86_64-linux-gnu /lib/../lib /usr/lib/x86_64-linux-gnu /usr/lib/../lib /lib
    libs=-lpthread -lnsl -lgdbm -ldl -lm -lcrypt -lutil -lc
    perllibs=-lpthread -lnsl -ldl -lm -lcrypt -lutil -lc
    libc=libc-2.31.so, so=so, useshrplib=false, libperl=libperl.a
    gnulibc_version='2.31'
  Dynamic Linking:
    dlsrc=dl_dlopen.xs, dlext=so, d_dlsymun=undef, ccdlflags='-Wl,-E'
    cccdlflags='-fPIC', lddlflags='-shared -O2 -L/usr/local/lib -fstack-protector-strong'


Characteristics of this binary (from libperl): 
  Compile-time options: HAS_TIMES PERLIO_LAYERS PERL_COPY_ON_WRITE
                        PERL_DONT_CREATE_GVSV
                        PERL_HASH_FUNC_ONE_AT_A_TIME_HARD PERL_MALLOC_WRAP
                        PERL_PRESERVE_IVUV USE_64_BIT_ALL USE_64_BIT_INT
                        USE_LARGE_FILES USE_LOCALE USE_LOCALE_COLLATE
                        USE_LOCALE_CTYPE USE_LOCALE_NUMERIC USE_LOCALE_TIME
                        USE_LONG_DOUBLE USE_PERLIO USE_PERL_ATOF
  Locally applied patches:
	Devel::PatchPerl 1.90
  Built under linux
  Compiled at Apr 27 2020 15:42:00
  %ENV:
    PERL5LIB="/home/cpan/pit/jail/7UZQYC62YE/lib/perl5:/home/cpan/pit/bare-ld/conf/perl-5.24.2/.cpanplus/5.24.2/build/fxPm6cRmoi/Geo-Coder-CA-0.13/blib/lib:/home/cpan/pit/bare-ld/conf/perl-5.24.2/.cpanplus/5.24.2/build/fxPm6cRmoi/Geo-Coder-CA-0.13/blib/arch"
    PERL5_CPANPLUS_IS_RUNNING="1255694"
    PERL5_CPANPLUS_IS_VERSION="0.9914"
    PERL5_MINISMOKEBOX="0.68"
    PERL5_YACSMOKE_BASE="/home/cpan/pit/bare-ld/conf/perl-5.24.2"
    PERL_EXTUTILS_AUTOINSTALL="--defaultdeps"
    PERL_LOCAL_LIB_ROOT="/home/cpan/pit/jail/7UZQYC62YE"
    PERL_MB_OPT="--install_base "/home/cpan/pit/jail/7UZQYC62YE""
    PERL_MM_OPT="INSTALL_BASE=/home/cpan/pit/jail/7UZQYC62YE"
    PERL_MM_USE_DEFAULT="1"
  @INC:
    /home/cpan/pit/jail/7UZQYC62YE/lib/perl5/5.24.2/x86_64-linux-ld
    /home/cpan/pit/jail/7UZQYC62YE/lib/perl5/5.24.2
    /home/cpan/pit/jail/7UZQYC62YE/lib/perl5/x86_64-linux-ld
    /home/cpan/pit/jail/7UZQYC62YE/lib/perl5
    /home/cpan/pit/bare-ld/conf/perl-5.24.2/.cpanplus/5.24.2/build/fxPm6cRmoi/Geo-Coder-CA-0.13/blib/lib
    /home/cpan/pit/bare-ld/conf/perl-5.24.2/.cpanplus/5.24.2/build/fxPm6cRmoi/Geo-Coder-CA-0.13/blib/arch
    /home/cpan/pit/bare-ld/perl-5.24.2/lib/site_perl/5.24.2/x86_64-linux-ld
    /home/cpan/pit/bare-ld/perl-5.24.2/lib/site_perl/5.24.2
    /home/cpan/pit/bare-ld/perl-5.24.2/lib/5.24.2/x86_64-linux-ld
    /home/cpan/pit/bare-ld/perl-5.24.2/lib/5.24.2
    .