Back
From: metabase:user:6f0cc372-4c19-11e2-91ab-d83883dc70e1
Subject: FAIL Date-Piece-v0.0.3 v5.16.2 GNU/Linux
Date: 2013-02-26T16:00:27Z
This distribution has been tested as part of the CPAN Testers
project, supporting the Perl programming language. See
http://wiki.cpantesters.org/ for more information or email
questions to cpan-testers-discuss@perl.org
--
Dear Eric Wilhelm,
This is a computer-generated report for Date-Piece-v0.0.3
on perl 5.16.2, created by CPAN-Reporter-1.2009.
Thank you for uploading your work to CPAN. However, there was a problem
testing your distribution.
If you think this report is invalid, please consult the CPAN Testers Wiki
for suggestions on how to avoid getting FAIL reports for missing library
or binary dependencies, unsupported operating systems, and so on:
http://wiki.cpantesters.org/wiki/CPANAuthorNotes
Sections of this report:
* Tester comments
* Program output
* Prerequisites
* Environment and other context
------------------------------
TESTER COMMENTS
------------------------------
Additional comments from tester:
this report is from an automated smoke testing program
and was not reviewed by a human for accuracy
------------------------------
PROGRAM OUTPUT
------------------------------
Output from './Build test':
# Testing Date::Piece v0.0.3
t/00-load.t ... ok
t/basic.t ..... ok
# Failed test at t/overload.t line 11.
# An error occurred while using eq:
# ------------------------------------
# Operation "eq": no method found,
# left argument in overloaded package Date::Piece::week_unit,
# right argument has no overloaded magic at (eval in cmp_ok) t/overload.t line 11.
#
# ------------------------------------
# got: '7weeks'
# expected: '7weeks'
# Failed test at t/overload.t line 14.
# An error occurred while using eq:
# ------------------------------------
# Operation "eq": no method found,
# left argument in overloaded package Date::Piece::week_unit,
# right argument has no overloaded magic at (eval in cmp_ok) t/overload.t line 14.
#
# ------------------------------------
# got: '8weeks'
# expected: '8weeks'
# Failed test at t/overload.t line 16.
# An error occurred while using eq:
# ------------------------------------
# Operation "eq": no method found,
# left argument in overloaded package Date::Piece::week_unit,
# right argument has no overloaded magic at (eval in cmp_ok) t/overload.t line 16.
#
# ------------------------------------
# got: '16weeks'
# expected: '16weeks'
# Failed test at t/overload.t line 17.
# An error occurred while using eq:
# ------------------------------------
# Operation "eq": no method found,
# left argument in overloaded package Date::Piece::week_unit,
# right argument has no overloaded magic at (eval in cmp_ok) t/overload.t line 17.
#
# ------------------------------------
# got: '7weeks'
# expected: '7weeks'
# Failed test at t/overload.t line 30.
# An error occurred while using eq:
# ------------------------------------
# Operation "eq": no method found,
# left argument in overloaded package Date::Piece::month_unit,
# right argument has no overloaded magic at (eval in cmp_ok) t/overload.t line 30.
#
# ------------------------------------
# got: '7months'
# expected: '7months'
# Failed test at t/overload.t line 33.
# An error occurred while using eq:
# ------------------------------------
# Operation "eq": no method found,
# left argument in overloaded package Date::Piece::month_unit,
# right argument has no overloaded magic at (eval in cmp_ok) t/overload.t line 33.
#
# ------------------------------------
# got: '8months'
# expected: '8months'
# Failed test at t/overload.t line 35.
# An error occurred while using eq:
# ------------------------------------
# Operation "eq": no method found,
# left argument in overloaded package Date::Piece::month_unit,
# right argument has no overloaded magic at (eval in cmp_ok) t/overload.t line 35.
#
# ------------------------------------
# got: '16months'
# expected: '16months'
# Failed test at t/overload.t line 37.
# An error occurred while using eq:
# ------------------------------------
# Operation "eq": no method found,
# left argument in overloaded package Date::Piece::month_unit,
# right argument has no overloaded magic at (eval in cmp_ok) t/overload.t line 37.
#
# ------------------------------------
# got: '8months'
# expected: '8months'
# Failed test 'untouched'
# at t/overload.t line 38.
# An error occurred while using eq:
# ------------------------------------
# Operation "eq": no method found,
# left argument in overloaded package Date::Piece::month_unit,
# right argument has no overloaded magic at (eval in cmp_ok) t/overload.t line 38.
#
# ------------------------------------
# got: '7months'
# expected: '7months'
# Failed test at t/overload.t line 46.
# An error occurred while using eq:
# ------------------------------------
# Operation "eq": no method found,
# left argument in overloaded package Date::Piece::year_unit,
# right argument has no overloaded magic at (eval in cmp_ok) t/overload.t line 46.
#
# ------------------------------------
# got: '7years'
# expected: '7years'
# Failed test at t/overload.t line 49.
# An error occurred while using eq:
# ------------------------------------
# Operation "eq": no method found,
# left argument in overloaded package Date::Piece::year_unit,
# right argument has no overloaded magic at (eval in cmp_ok) t/overload.t line 49.
#
# ------------------------------------
# got: '8years'
# expected: '8years'
# Failed test at t/overload.t line 51.
# An error occurred while using eq:
# ------------------------------------
# Operation "eq": no method found,
# left argument in overloaded package Date::Piece::year_unit,
# right argument has no overloaded magic at (eval in cmp_ok) t/overload.t line 51.
#
# ------------------------------------
# got: '16years'
# expected: '16years'
# Failed test at t/overload.t line 53.
# An error occurred while using eq:
# ------------------------------------
# Operation "eq": no method found,
# left argument in overloaded package Date::Piece::year_unit,
# right argument has no overloaded magic at (eval in cmp_ok) t/overload.t line 53.
#
# ------------------------------------
# got: '8years'
# expected: '8years'
# Failed test 'untouched'
# at t/overload.t line 54.
# An error occurred while using eq:
# ------------------------------------
# Operation "eq": no method found,
# left argument in overloaded package Date::Piece::year_unit,
# right argument has no overloaded magic at (eval in cmp_ok) t/overload.t line 54.
#
# ------------------------------------
# got: '7years'
# expected: '7years'
# Failed test at t/overload.t line 59.
# An error occurred while using eq:
# ------------------------------------
# Operation "eq": no method found,
# left argument in overloaded package Date::Piece::year_unit,
# right argument has no overloaded magic at (eval in cmp_ok) t/overload.t line 59.
#
# ------------------------------------
# got: '8years'
# expected: '8years'
# Looks like you failed 15 tests of 34.
t/overload.t ..
Dubious, test returned 15 (wstat 3840, 0xf00)
Failed 15/34 subtests
Test Summary Report
-------------------
t/overload.t (Wstat: 3840 Tests: 34 Failed: 15)
Failed tests: 1-4, 7-11, 13-17, 19
Non-zero exit status: 15
Files=3, Tests=112, 1 wallclock secs ( 0.22 usr 0.05 sys + 1.03 cusr 0.20 csys = 1.50 CPU)
Result: FAIL
Failed 1/3 test programs. 15/112 subtests failed.
------------------------------
PREREQUISITES
------------------------------
Prerequisite modules loaded:
requires:
Module Need Have
------------- ------ --------
Date::Simple 0 3.03
perl v5.8.2 5.016002
Time::Local 0 1.2000
Time::Piece 0 1.20_01
build_requires:
Module Need Have
------------- ------ --------
Module::Build 0.26 0.39_01
Test::More 0 0.98
configure_requires:
Module Need Have
------------- ------ --------
Module::Build 0.3303 0.39_01
------------------------------
ENVIRONMENT AND OTHER CONTEXT
------------------------------
Environment variables:
AUTOMATED_TESTING = 1
LANG = C
PATH = /home/danaj/perl5/perlbrew/bin:/home/danaj/perl5/perlbrew/perls/perl-5.16.2/bin:/usr/local/bin:/usr/bin:/bin:/usr/bin/X11:/usr/games
PERL5LIB = /home/danaj/.cpan/build/Date-Simple-3.03-y686Yo/blib/arch:/home/danaj/.cpan/build/Date-Simple-3.03-y686Yo/blib/lib:/home/danaj/.cpan/build/namespace-autoclean-0.13-XBDtZ9/blib/arch:/home/danaj/.cpan/build/namespace-autoclean-0.13-XBDtZ9/blib/lib:/home/danaj/.cpan/build/MooseX-Types-0.35-MAvsd2/blib/arch:/home/danaj/.cpan/build/MooseX-Types-0.35-MAvsd2/blib/lib:/home/danaj/.cpan/build/Carp-Clan-6.04-Ot4sD4/blib/arch:/home/danaj/.cpan/build/Carp-Clan-6.04-Ot4sD4/blib/lib:/home/danaj/.cpan/build/Moose-2.0604-2PdMM9/blib/arch:/home/danaj/.cpan/build/Moose-2.0604-2PdMM9/blib/lib:/home/danaj/.cpan/build/Devel-GlobalDestruction-0.09-jLFJxW/blib/arch:/home/danaj/.cpan/build/Devel-GlobalDestruction-0.09-jLFJxW/blib/lib:/home/danaj/.cpan/build/Eval-Closure-0.08-jN2PfS/blib/arch:/home/danaj/.cpan/build/Eval-Closure-0.08-jN2PfS/blib/lib:/home/danaj/.cpan/build/Class-Load-XS-0.06-oJOg7o/blib/arch:/home/danaj/.cpan/build/Class-Load-XS-0.06-oJOg7o/blib/lib:/home/danaj/.cpan/build/Class-Load-0.20-QNXQ33/blib/arch:/home/danaj/.cpan/build/Class-Load-0.20-QNXQ33/blib/lib:/home/danaj/.cpan/build/Task-Weaken-1.04-gY86JA/blib/arch:/home/danaj/.cpan/build/Task-Weaken-1.04-gY86JA/blib/lib:/home/danaj/.cpan/build/MRO-Compat-0.12-l7ywfl/blib/arch:/home/danaj/.cpan/build/MRO-Compat-0.12-l7ywfl/blib/lib:/home/danaj/.cpan/build/Sub-Name-0.05-VG81xW/blib/arch:/home/danaj/.cpan/build/Sub-Name-0.05-VG81xW/blib/lib:/home/danaj/.cpan/build/Test-Fatal-0.010-5kWtbq/blib/arch:/home/danaj/.cpan/build/Test-Fatal-0.010-5kWtbq/blib/lib
PERL5OPT =
PERL5_CPANPLUS_IS_RUNNING = 4763
PERL5_CPAN_IS_RUNNING = 4763
PERL5_CPAN_IS_RUNNING_IN_RECURSION = 25011,4763
PERLBREW_BASHRC_VERSION = 0.58
PERLBREW_HOME = /home/danaj/.perlbrew
PERLBREW_MANPATH = /home/danaj/perl5/perlbrew/perls/perl-5.16.2/man
PERLBREW_PATH = /home/danaj/perl5/perlbrew/bin:/home/danaj/perl5/perlbrew/perls/perl-5.16.2/bin
PERLBREW_PERL = perl-5.16.2
PERLBREW_ROOT = /home/danaj/perl5/perlbrew
PERLBREW_VERSION = 0.58
PERL_CR_SMOKER_CURRENT = MooseX-Types-Date-Piece-0.03
PERL_EXTUTILS_AUTOINSTALL = --defaultdeps
PERL_LWP_SSL_VERIFY_HOSTNAME = 0
PERL_MM_USE_DEFAULT = 1
SHELL = /bin/bash
TERM = xterm
Perl special variables (and OS-specific diagnostics, for MSWin32):
$^X = /home/danaj/perl5/perlbrew/perls/perl-5.16.2/bin/perl
$UID/$EUID = 10339 / 10339
$GID = 10000 10000
$EGID = 10000 10000
Perl module toolchain versions installed:
Module Have
------------------- --------
CPAN 1.9800
CPAN::Meta 2.120630
Cwd 3.39_02
ExtUtils::CBuilder 0.280206
ExtUtils::Command 1.17
ExtUtils::Install 1.58
ExtUtils::MakeMaker 6.63_02
ExtUtils::Manifest 1.61
ExtUtils::ParseXS 3.16
File::Spec 3.39_02
JSON 2.53
JSON::PP 2.27200
Module::Build 0.39_01
Module::Signature n/a
Parse::CPAN::Meta 1.4402
Test::Harness 3.23
Test::More 0.98
YAML 0.84
YAML::Syck 1.22
version 0.99
--
Summary of my perl5 (revision 5 version 16 subversion 2) configuration:
Platform:
osname=linux, osvers=2.6.22.19, archname=parisc-linux
uname='linux dingo 2.6.22.19 #10 smp tue mar 3 22:38:26 cet 2009 parisc gnulinux '
config_args='-de -Dprefix=/home/danaj/perl5/perlbrew/perls/perl-5.16.2 -Aeval:scriptdir=/home/danaj/perl5/perlbrew/perls/perl-5.16.2/bin'
hint=recommended, useposix=true, d_sigaction=define
useithreads=undef, usemultiplicity=undef
useperlio=define, d_sfio=undef, uselargefiles=define, usesocks=undef
use64bitint=undef, use64bitall=undef, uselongdouble=undef
usemymalloc=n, bincompat5005=undef
Compiler:
cc='cc', ccflags ='-fno-strict-aliasing -pipe -I/usr/local/include -D_LARGEFILE_SOURCE -D_FILE_OFFSET_BITS=64',
optimize='-O2',
cppflags='-fno-strict-aliasing -pipe -I/usr/local/include'
ccversion='', gccversion='4.3.2', gccosandvers=''
intsize=4, longsize=4, ptrsize=4, doublesize=8, byteorder=4321
d_longlong=define, longlongsize=8, d_longdbl=define, longdblsize=8
ivtype='long', ivsize=4, nvtype='double', nvsize=8, Off_t='off_t', lseeksize=8
alignbytes=8, prototype=define
Linker and Libraries:
ld='cc', ldflags =' -L/usr/local/lib'
libpth=/usr/local/lib /lib /usr/lib
libs=-lnsl -ldb -ldl -lm -lcrypt -lutil -lc
perllibs=-lnsl -ldl -lm -lcrypt -lutil -lc
libc=/lib/libc-2.7.so, so=so, useshrplib=false, libperl=libperl.a
gnulibc_version='2.7'
Dynamic Linking:
dlsrc=dl_dlopen.xs, dlext=so, d_dlsymun=undef, ccdlflags='-Wl,-E'
cccdlflags='-fPIC', lddlflags='-shared -O2 -L/usr/local/lib'
Characteristics of this binary (from libperl):
Compile-time options: HAS_TIMES PERLIO_LAYERS PERL_DONT_CREATE_GVSV
PERL_MALLOC_WRAP PERL_PRESERVE_IVUV USE_LARGE_FILES
USE_LOCALE USE_LOCALE_COLLATE USE_LOCALE_CTYPE
USE_LOCALE_NUMERIC USE_PERLIO USE_PERL_ATOF
Built under linux
Compiled at Dec 22 2012 09:01:14
%ENV:
PERL5LIB="/home/danaj/.cpan/build/Date-Simple-3.03-y686Yo/blib/arch:/home/danaj/.cpan/build/Date-Simple-3.03-y686Yo/blib/lib:/home/danaj/.cpan/build/namespace-autoclean-0.13-XBDtZ9/blib/arch:/home/danaj/.cpan/build/namespace-autoclean-0.13-XBDtZ9/blib/lib:/home/danaj/.cpan/build/MooseX-Types-0.35-MAvsd2/blib/arch:/home/danaj/.cpan/build/MooseX-Types-0.35-MAvsd2/blib/lib:/home/danaj/.cpan/build/Carp-Clan-6.04-Ot4sD4/blib/arch:/home/danaj/.cpan/build/Carp-Clan-6.04-Ot4sD4/blib/lib:/home/danaj/.cpan/build/Moose-2.0604-2PdMM9/blib/arch:/home/danaj/.cpan/build/Moose-2.0604-2PdMM9/blib/lib:/home/danaj/.cpan/build/Devel-GlobalDestruction-0.09-jLFJxW/blib/arch:/home/danaj/.cpan/build/Devel-GlobalDestruction-0.09-jLFJxW/blib/lib:/home/danaj/.cpan/build/Eval-Closure-0.08-jN2PfS/blib/arch:/home/danaj/.cpan/build/Eval-Closure-0.08-jN2PfS/blib/lib:/home/danaj/.cpan/build/Class-Load-XS-0.06-oJOg7o/blib/arch:/home/danaj/.cpan/build/Class-Load-XS-0.06-oJOg7o/blib/lib:/home/danaj/.cpan/build/Class-Load-0.20-QNXQ33/blib/arch:/home/danaj/.cpan/build/Class-Load-0.20-QNXQ33/blib/lib:/home/danaj/.cpan/build/Task-Weaken-1.04-gY86JA/blib/arch:/home/danaj/.cpan/build/Task-Weaken-1.04-gY86JA/blib/lib:/home/danaj/.cpan/build/MRO-Compat-0.12-l7ywfl/blib/arch:/home/danaj/.cpan/build/MRO-Compat-0.12-l7ywfl/blib/lib:/home/danaj/.cpan/build/Sub-Name-0.05-VG81xW/blib/arch:/home/danaj/.cpan/build/Sub-Name-0.05-VG81xW/blib/lib:/home/danaj/.cpan/build/Test-Fatal-0.010-5kWtbq/blib/arch:/home/danaj/.cpan/build/Test-Fatal-0.010-5kWtbq/blib/lib"
PERL5OPT=""
PERL5_CPANPLUS_IS_RUNNING="4763"
PERL5_CPAN_IS_RUNNING="4763"
PERL5_CPAN_IS_RUNNING_IN_RECURSION="25011,4763"
PERLBREW_BASHRC_VERSION="0.58"
PERLBREW_HOME="/home/danaj/.perlbrew"
PERLBREW_MANPATH="/home/danaj/perl5/perlbrew/perls/perl-5.16.2/man"
PERLBREW_PATH="/home/danaj/perl5/perlbrew/bin:/home/danaj/perl5/perlbrew/perls/perl-5.16.2/bin"
PERLBREW_PERL="perl-5.16.2"
PERLBREW_ROOT="/home/danaj/perl5/perlbrew"
PERLBREW_VERSION="0.58"
PERL_CR_SMOKER_CURRENT="MooseX-Types-Date-Piece-0.03"
PERL_EXTUTILS_AUTOINSTALL="--defaultdeps"
PERL_LWP_SSL_VERIFY_HOSTNAME="0"
PERL_MM_USE_DEFAULT="1"
@INC:
/home/danaj/.cpan/build/Date-Simple-3.03-y686Yo/blib/arch
/home/danaj/.cpan/build/Date-Simple-3.03-y686Yo/blib/lib
/home/danaj/.cpan/build/namespace-autoclean-0.13-XBDtZ9/blib/arch
/home/danaj/.cpan/build/namespace-autoclean-0.13-XBDtZ9/blib/lib
/home/danaj/.cpan/build/MooseX-Types-0.35-MAvsd2/blib/arch
/home/danaj/.cpan/build/MooseX-Types-0.35-MAvsd2/blib/lib
/home/danaj/.cpan/build/Carp-Clan-6.04-Ot4sD4/blib/arch
/home/danaj/.cpan/build/Carp-Clan-6.04-Ot4sD4/blib/lib
/home/danaj/.cpan/build/Moose-2.0604-2PdMM9/blib/arch
/home/danaj/.cpan/build/Moose-2.0604-2PdMM9/blib/lib
/home/danaj/.cpan/build/Devel-GlobalDestruction-0.09-jLFJxW/blib/arch
/home/danaj/.cpan/build/Devel-GlobalDestruction-0.09-jLFJxW/blib/lib
/home/danaj/.cpan/build/Eval-Closure-0.08-jN2PfS/blib/arch
/home/danaj/.cpan/build/Eval-Closure-0.08-jN2PfS/blib/lib
/home/danaj/.cpan/build/Class-Load-XS-0.06-oJOg7o/blib/arch
/home/danaj/.cpan/build/Class-Load-XS-0.06-oJOg7o/blib/lib
/home/danaj/.cpan/build/Class-Load-0.20-QNXQ33/blib/arch
/home/danaj/.cpan/build/Class-Load-0.20-QNXQ33/blib/lib
/home/danaj/.cpan/build/Task-Weaken-1.04-gY86JA/blib/arch
/home/danaj/.cpan/build/Task-Weaken-1.04-gY86JA/blib/lib
/home/danaj/.cpan/build/MRO-Compat-0.12-l7ywfl/blib/arch
/home/danaj/.cpan/build/MRO-Compat-0.12-l7ywfl/blib/lib
/home/danaj/.cpan/build/Sub-Name-0.05-VG81xW/blib/arch
/home/danaj/.cpan/build/Sub-Name-0.05-VG81xW/blib/lib
/home/danaj/.cpan/build/Test-Fatal-0.010-5kWtbq/blib/arch
/home/danaj/.cpan/build/Test-Fatal-0.010-5kWtbq/blib/lib
/home/danaj/perl5/perlbrew/perls/perl-5.16.2/lib/site_perl/5.16.2/parisc-linux
/home/danaj/perl5/perlbrew/perls/perl-5.16.2/lib/site_perl/5.16.2
/home/danaj/perl5/perlbrew/perls/perl-5.16.2/lib/5.16.2/parisc-linux
/home/danaj/perl5/perlbrew/perls/perl-5.16.2/lib/5.16.2
.