Config-App v1.17 Perl 5 v5.38.2 MSWin32-x86-multi-thread-64int

Status
Fail
From
gregor herrmann
Dist
Config-App v1.17
Platform
Perl 5 v5.38.2 MSWin32-x86-multi-thread-64int
Date
2024-04-25T09:47:32
ID
a275f95a-6ea6-1014-94d6-dd936f6c1d73
This distribution has been tested as part of the CPAN Testers
project, supporting the Perl programming language.  See
http://wiki.cpantesters.org/ for more information or email
questions to cpan-testers-discuss@perl.org


--
Dear Gryphon Shafer,

This is a computer-generated report for Config-App-1.17
on perl 5.38.2, created by CPAN-Reporter-1.2019.

Thank you for uploading your work to CPAN.  However, there was a problem
testing your distribution.

If you think this report is invalid, please consult the CPAN Testers Wiki
for suggestions on how to avoid getting FAIL reports for missing library
or binary dependencies, unsupported operating systems, and so on:

http://wiki.cpantesters.org/wiki/CPANAuthorNotes

Sections of this report:

    * Tester comments
    * Program output
    * Prerequisites
    * Environment and other context

------------------------------
TESTER COMMENTS
------------------------------

Additional comments from tester:

this report is from an automated smoke testing program
and was not reviewed by a human for accuracy

------------------------------
PROGRAM OUTPUT
------------------------------

Output from 'C:\strawberry\c\bin\gmake.EXE test':

"C:\Strawberry\perl\bin\perl.exe" "-MExtUtils::Command::MM" "-MTest::Harness" "-e" "undef *Test::Harness::Switches; test_harness(0, 'blib\lib', 'blib\arch')" t/*.t
t/00-compile.t ........... ok
t/author-eol.t ........... skipped: these tests are for testing by the author
t/author-no-tabs.t ....... skipped: these tests are for testing by the author
t/author-pod-coverage.t .. skipped: these tests are for testing by the author
t/author-pod-syntax.t .... skipped: these tests are for testing by the author
t/author-portability.t ... skipped: these tests are for testing by the author
t/author-synopsis.t ...... skipped: these tests are for testing by the author
The getpwuid function is unimplemented at C:\cpan\build\Config-App-1.17-0\blib\lib/Config/App.pm line 117.
BEGIN failed--compilation aborted at t/libs.t line 2.
t/libs.t ................. 
Dubious, test returned 2 (wstat 512, 0x200)
No subtests run 
The getpwuid function is unimplemented at C:\cpan\build\Config-App-1.17-0\blib\lib/Config/App.pm line 117.
BEGIN failed--compilation aborted at t/merge.t line 2.
t/merge.t ................ 
Dubious, test returned 2 (wstat 512, 0x200)
No subtests run 
The getpwuid function is unimplemented at C:\cpan\build\Config-App-1.17-0\blib\lib/Config/App.pm line 117.
BEGIN failed--compilation aborted at t/module.t line 3.
t/module.t ............... 
Dubious, test returned 2 (wstat 512, 0x200)
No subtests run 
The getpwuid function is unimplemented at C:\cpan\build\Config-App-1.17-0\blib\lib/Config/App.pm line 117.
BEGIN failed--compilation aborted at t/preinclude.t line 2.
t/preinclude.t ........... 
Dubious, test returned 2 (wstat 512, 0x200)
No subtests run 

# Failed test 'Throw error on bad YAML'
# at t/regress.t line 11.
# Seeded srand with seed '20240425' from local date.
t/regress.t .............. 
Dubious, test returned 1 (wstat 256, 0x100)
Failed 1/1 subtests 
t/release-kwalitee.t ..... skipped: these tests are for release candidate testing

Test Summary Report
-------------------
t/libs.t               (Wstat: 512 (exited 2) Tests: 0 Failed: 0)
  Non-zero exit status: 2
  Parse errors: No plan found in TAP output
t/merge.t              (Wstat: 512 (exited 2) Tests: 0 Failed: 0)
  Non-zero exit status: 2
  Parse errors: No plan found in TAP output
t/module.t             (Wstat: 512 (exited 2) Tests: 0 Failed: 0)
  Non-zero exit status: 2
  Parse errors: No plan found in TAP output
t/preinclude.t         (Wstat: 512 (exited 2) Tests: 0 Failed: 0)
  Non-zero exit status: 2
  Parse errors: No plan found in TAP output
t/regress.t            (Wstat: 256 (exited 1) Tests: 1 Failed: 1)
  Failed test:  1
  Non-zero exit status: 1
Files=13, Tests=2,  7 wallclock secs ( 0.09 usr +  0.12 sys =  0.22 CPU)
Result: FAIL
Failed 5/13 test programs. 1/2 subtests failed.
gmake.EXE: *** [Makefile:884: test_dynamic] Error 255

------------------------------
PREREQUISITES
------------------------------

Prerequisite modules loaded:

requires:

    Module              Need  Have    
    ------------------- ----- --------
    Carp                0     1.54    
    Cwd                 0     3.89    
    FindBin             0     1.54    
    JSON::XS            0     4.03    
    LWP::UserAgent      0     6.77    
    perl                5.008 5.038002
    POSIX               0     2.13    
    strict              0     1.12    
    URI                 0     5.28    
    warnings            0     1.65    
    YAML::XS            0     0.89    

build_requires:

    Module              Need  Have    
    ------------------- ----- --------
    ExtUtils::MakeMaker 0     7.70    
    File::Spec          0     3.88    
    IO::Handle          0     1.55    
    IPC::Open3          0     1.22    
    Test2::V0           0     0.000159
    Test::More          0     1.302198
    Test::Warn          0     0.37    

configure_requires:

    Module              Need  Have    
    ------------------- ----- --------
    ExtUtils::MakeMaker 0     7.70    
    perl                5.008 5.038002


------------------------------
ENVIRONMENT AND OTHER CONTEXT
------------------------------

Environment variables:

    AUTOMATED_TESTING = 1
    COMSPEC = C:\WINDOWS\system32\cmd.exe
    NONINTERACTIVE_TESTING = 1
    NUMBER_OF_PROCESSORS = 2
    PATH = C:\WINDOWS\system32;C:\strawberry\c\bin;C:\strawberry\perl\site\bin;C:\strawberry\perl\bin
    PERL5LIB = 
    PERL5OPT = 
    PERL5_CPANPLUS_IS_RUNNING = 8516
    PERL5_CPAN_IS_RUNNING = 8516
    PERL5_CPAN_IS_RUNNING_IN_RECURSION = 5500,8516
    PERL_CR_SMOKER_CURRENT = MojoX-Linda-1.03
    PERL_EXTUTILS_AUTOINSTALL = --defaultdeps
    PERL_MM_USE_DEFAULT = 1
    PERL_USE_UNSAFE_INC = 1
    PROCESSOR_IDENTIFIER = x86 Family 6 Model 15 Stepping 11, GenuineIntel
    TEMP = C:\Users\smoker\AppData\Local\Temp

Perl special variables (and OS-specific diagnostics, for MSWin32):

    $^X = C:\Strawberry\perl\bin\perl.exe
    $UID/$EUID = 0 / 0
    $GID = 0
    $EGID = 0
    Win32::GetOSName = Win10
    Win32::GetOSVersion = , 10, 0, 19045, 2, 0, 0, 256, 1
    Win32::FsType = NTFS
    Win32::IsAdminUser = 0

Perl module toolchain versions installed:

    Module              Have    
    ------------------- --------
    CPAN                2.36    
    CPAN::Meta          2.150010
    Cwd                 3.89    
    ExtUtils::CBuilder  0.280238
    ExtUtils::Command   7.70    
    ExtUtils::Install   2.22    
    ExtUtils::MakeMaker 7.70    
    ExtUtils::Manifest  1.75    
    ExtUtils::ParseXS   3.51    
    File::Spec          3.88    
    JSON                4.10    
    JSON::PP            4.16    
    Module::Build       0.4234  
    Module::Signature   n/a     
    Parse::CPAN::Meta   2.150010
    Test2               1.302198
    Test::Harness       3.48    
    Test::More          1.302198
    YAML                1.31    
    YAML::Syck          1.34    
    version             0.9930  


--

Summary of my perl5 (revision 5 version 38 subversion 2) configuration:
   
  Platform:
    osname=MSWin32
    osvers=10.0.19045.4291
    archname=MSWin32-x86-multi-thread-64int
    uname='Win32 strawberry-perl 5.38.2.2 # 14:58:40 Sun April 21 2024 x32'
    config_args='undef'
    hint=recommended
    useposix=true
    d_sigaction=undef
    useithreads=define
    usemultiplicity=define
    use64bitint=define
    use64bitall=undef
    uselongdouble=undef
    usemymalloc=n
    default_inc_excludes_dot=define
  Compiler:
    cc='gcc'
    ccflags =' -DWIN32  -DPERL_TEXTMODE_SCRIPTS -DMULTIPLICITY -DPERL_IMPLICIT_SYS -DUSE_PERLIO -D__USE_MINGW_ANSI_STDIO -fwrapv -fno-strict-aliasing -mms-bitfields'
    optimize='-Os -falign-functions -falign-jumps -falign-labels -falign-loops -freorder-blocks -freorder-blocks-algorithm=stc -freorder-blocks-and-partition'
    cppflags='-DWIN32'
    ccversion=''
    gccversion='8.3.0'
    gccosandvers=''
    intsize=4
    longsize=4
    ptrsize=4
    doublesize=8
    byteorder=12345678
    doublekind=3
    d_longlong=define
    longlongsize=8
    d_longdbl=define
    longdblsize=12
    longdblkind=3
    ivtype='long long'
    ivsize=8
    nvtype='double'
    nvsize=8
    Off_t='long long'
    lseeksize=8
    alignbytes=8
    prototype=define
  Linker and Libraries:
    ld='g++'
    ldflags ='-s -L"C:\strawberry\perl\lib\CORE" -L"C:\strawberry\c\lib" -L"C:\strawberry\c\i686-w64-mingw32\lib" -L"C:\strawberry\c\lib\gcc\i686-w64-mingw32\8.3.0"'
    libpth=C:\strawberry\c\lib C:\strawberry\c\i686-w64-mingw32\lib C:\strawberry\c\lib\gcc\i686-w64-mingw32\8.3.0 C:\strawberry\c\i686-w64-mingw32\lib C:\strawberry\c\lib\gcc\i686-w64-mingw32\8.3.0
    libs= -lmoldname -lkernel32 -luser32 -lgdi32 -lwinspool -lcomdlg32 -ladvapi32 -lshell32 -lole32 -loleaut32 -lnetapi32 -luuid -lws2_32 -lmpr -lwinmm -lversion -lodbc32 -lodbccp32 -lcomctl32
    perllibs= -lmoldname -lkernel32 -luser32 -lgdi32 -lwinspool -lcomdlg32 -ladvapi32 -lshell32 -lole32 -loleaut32 -lnetapi32 -luuid -lws2_32 -lmpr -lwinmm -lversion -lodbc32 -lodbccp32 -lcomctl32
    libc=
    so=dll
    useshrplib=true
    libperl=libperl538.a
    gnulibc_version=''
  Dynamic Linking:
    dlsrc=dl_win32.xs
    dlext=xs.dll
    d_dlsymun=undef
    ccdlflags=' '
    cccdlflags=' '
    lddlflags='-shared -s -L"C:\strawberry\perl\lib\CORE" -L"C:\strawberry\c\lib" -L"C:\strawberry\c\i686-w64-mingw32\lib" -L"C:\strawberry\c\lib\gcc\i686-w64-mingw32\8.3.0"'


Characteristics of this binary (from libperl): 
  Compile-time options:
    HAS_LONG_DOUBLE
    HAS_TIMES
    HAVE_INTERP_INTERN
    MULTIPLICITY
    PERLIO_LAYERS
    PERL_COPY_ON_WRITE
    PERL_DONT_CREATE_GVSV
    PERL_HASH_FUNC_SIPHASH13
    PERL_HASH_USE_SBOX32
    PERL_IMPLICIT_SYS
    PERL_MALLOC_WRAP
    PERL_OP_PARENT
    PERL_PRESERVE_IVUV
    PERL_USE_SAFE_PUTENV
    USE_64_BIT_INT
    USE_ITHREADS
    USE_LARGE_FILES
    USE_LOCALE
    USE_LOCALE_COLLATE
    USE_LOCALE_CTYPE
    USE_LOCALE_NUMERIC
    USE_LOCALE_TIME
    USE_PERLIO
    USE_PERL_ATOF
  Built under MSWin32
  Compiled at Apr 21 2024 17:11:56
  %ENV:
    PERL5_CPANPLUS_IS_RUNNING="8516"
    PERL5_CPAN_IS_RUNNING="8516"
    PERL5_CPAN_IS_RUNNING_IN_RECURSION="5500,8516"
    PERL_CR_SMOKER_CURRENT="MojoX-Linda-1.03"
    PERL_EXTUTILS_AUTOINSTALL="--defaultdeps"
    PERL_MM_USE_DEFAULT="1"
    PERL_USE_UNSAFE_INC="1"
  @INC:
    C:/Strawberry/perl/site/lib/MSWin32-x86-multi-thread-64int
    C:/Strawberry/perl/site/lib
    C:/Strawberry/perl/vendor/lib
    C:/Strawberry/perl/lib
    .