Report for CPANPLUS-Dist-PAR-0.02

Back
From: metabase:user:9820532a-708b-1014-9a05-b18a96298da1
Subject: FAIL CPANPLUS-Dist-PAR-0.02 v5.15.4 FreeBSD
Date: 2011-10-30T12:56:49Z

This distribution has been tested as part of the CPAN Testers
project, supporting the Perl programming language.  See
http://wiki.cpantesters.org/ for more information or email
questions to cpan-testers-discuss@perl.org


--
Dear Jos Boumans,

This is a computer-generated report for CPANPLUS-Dist-PAR-0.02
on perl 5.15.4, created by CPAN-Reporter-1.2002.

Thank you for uploading your work to CPAN.  However, there was a problem
testing your distribution.

If you think this report is invalid, please consult the CPAN Testers Wiki
for suggestions on how to avoid getting FAIL reports for missing library
or binary dependencies, unsupported operating systems, and so on:

http://wiki.cpantesters.org/wiki/CPANAuthorNotes

Sections of this report:

    * Tester comments
    * Program output
    * Prerequisites
    * Environment and other context

------------------------------
TESTER COMMENTS
------------------------------

Additional comments from tester:

this report is from an automated smoke testing program
and was not reviewed by a human for accuracy

------------------------------
PROGRAM OUTPUT
------------------------------

Output from '/usr/bin/make test':

PERL_DL_NONLAZY=1 /usr/home/test/perl5/perlbrew/perls/perl-5.15.4/bin/perl5.15.4 "-MExtUtils::Command::MM" "-e" "test_harness(0, 'blib/lib', 'blib/arch')" t/*.t
t/00_use_ok.t ..... ok
t/01_basic.t ...... ok
# Taking care of Build / xs
Can't exec "rpm": No such file or directory at /home/test/perl5/perlbrew/perls/perl-5.15.4/lib/site_perl/5.15.4/CPANPLUS/Dist/Mageia.pm line 36.
Use of uninitialized value $d in scalar chomp at /home/test/perl5/perlbrew/perls/perl-5.15.4/lib/site_perl/5.15.4/CPANPLUS/Dist/Mageia.pm line 36.
[ERROR] Could not read /etc/makepkg.conf: No such file or directory

Can't exec "rpm": No such file or directory at /home/test/perl5/perlbrew/perls/perl-5.15.4/lib/site_perl/5.15.4/CPANPLUS/Dist/Mdv.pm line 34.
Use of uninitialized value $d in scalar chomp at /home/test/perl5/perlbrew/perls/perl-5.15.4/lib/site_perl/5.15.4/CPANPLUS/Dist/Mdv.pm line 34.
# Taking care of Build / noxs
# Taking care of MM / xs
[ERROR] Could not run '/usr/home/test/perl5/perlbrew/perls/perl-5.15.4/bin/perl5.15.4 Makefile.PL': Can't open perl script "/home/test/perl5/perlbrew/perls/perl-5.15.2/bin/cpanp-run-perl5.15.2": No such file or directory
 -- cannot continue

[ERROR] Unable to create a new distribution object for 'Foo::Bar' -- cannot continue


#   Failed test 'CPANPLUS::Dist::PAR package created'
#   at t/02_build_par.t line 48.
Use of uninitialized value $par in concatenation (.) or string at t/02_build_par.t line 56.

#   Failed test '   PAR written to '''
#   at t/02_build_par.t line 56.
Use of uninitialized value $par in -e at t/02_build_par.t line 57.

#   Failed test '       File exists '
#   at t/02_build_par.t line 57.
Use of uninitialized value $par in -s at t/02_build_par.t line 58.

#   Failed test '       File has size'
#   at t/02_build_par.t line 58.
Use of uninitialized value $this in pattern match (m//) at t/02_build_par.t line 59.

#   Failed test '       Conatains package name'
#   at t/02_build_par.t line 59.
#                   undef
#     doesn't match '/Foo-Bar/'
Use of uninitialized value $this in pattern match (m//) at t/02_build_par.t line 61.

#   Failed test '       Contains package version'
#   at t/02_build_par.t line 61.
#                   undef
#     doesn't match '/0.01/'
Use of uninitialized value $par in unlink at t/02_build_par.t line 64.
Use of uninitialized value $par in -e at t/02_build_par.t line 66.
# Taking care of MM / noxs
[ERROR] Could not run '/usr/home/test/perl5/perlbrew/perls/perl-5.15.4/bin/perl5.15.4 Makefile.PL': Can't open perl script "/home/test/perl5/perlbrew/perls/perl-5.15.2/bin/cpanp-run-perl5.15.2": No such file or directory
 -- cannot continue

[ERROR] Unable to create a new distribution object for 'Foo::Bar' -- cannot continue


#   Failed test 'CPANPLUS::Dist::PAR package created'
#   at t/02_build_par.t line 48.
Use of uninitialized value $par in concatenation (.) or string at t/02_build_par.t line 56.

#   Failed test '   PAR written to '''
#   at t/02_build_par.t line 56.
Use of uninitialized value $par in -e at t/02_build_par.t line 57.

#   Failed test '       File exists '
#   at t/02_build_par.t line 57.
Use of uninitialized value $par in -s at t/02_build_par.t line 58.

#   Failed test '       File has size'
#   at t/02_build_par.t line 58.
Use of uninitialized value $this in pattern match (m//) at t/02_build_par.t line 59.

#   Failed test '       Conatains package name'
#   at t/02_build_par.t line 59.
#                   undef
#     doesn't match '/Foo-Bar/'
Use of uninitialized value $this in pattern match (m//) at t/02_build_par.t line 61.

#   Failed test '       Contains package version'
#   at t/02_build_par.t line 61.
#                   undef
#     doesn't match '/0.01/'
Use of uninitialized value $par in unlink at t/02_build_par.t line 64.
Use of uninitialized value $par in -e at t/02_build_par.t line 66.
# Looks like you failed 12 tests of 36.
t/02_build_par.t .. 
Dubious, test returned 12 (wstat 3072, 0xc00)
Failed 12/36 subtests 

Test Summary Report
-------------------
t/02_build_par.t (Wstat: 3072 Tests: 36 Failed: 12)
  Failed tests:  19, 22-26, 28, 31-35
  Non-zero exit status: 12
Files=3, Tests=39, 56 wallclock secs ( 0.07 usr  0.20 sys + 40.76 cusr  6.32 csys = 47.34 CPU)
Result: FAIL
Failed 1/3 test programs. 12/39 subtests failed.
*** Error code 12

Stop in /usr/home/test/.cpan/build/CPANPLUS-Dist-PAR-0.02-YtsbCF.

------------------------------
PREREQUISITES
------------------------------

Prerequisite modules loaded:

requires:

    Module                    Need  Have  
    ------------------------- ----- ------
    CPANPLUS                  0.074 0.9111
    CPANPLUS::Dist::Build     0.04  0.60  
    Locale::Maketext::Simple  0     0.21  
    Module::Load::Conditional 0     0.46  
    PAR::Dist                 0.19  0.47  
    Params::Check             0     0.32  
    Test::More                0     0.98  

build_requires:

    Module                    Need  Have  
    ------------------------- ----- ------
    ExtUtils::MakeMaker       0     6.62  


------------------------------
ENVIRONMENT AND OTHER CONTEXT
------------------------------

Environment variables:

    AUTOMATED_TESTING = 1
    LANG = C
    LC_ALL = C
    PATH = /home/test/perl5/perlbrew/bin:/home/test/perl5/perlbrew/perls/perl-5.15.4/bin:~/bin:/sbin:/bin:/usr/sbin:/usr/bin:/usr/games:/usr/local/sbin:/usr/local/bin:/home/test/bin
    PATH_WITHOUT_PERLBREW = ~/bin:/sbin:/bin:/usr/sbin:/usr/bin:/usr/games:/usr/local/sbin:/usr/local/bin:/home/test/bin
    PERL5LIB = 
    PERL5OPT = 
    PERL5_CPANPLUS_IS_RUNNING = 8605
    PERL5_CPAN_IS_RUNNING = 8605
    PERL5_CPAN_IS_RUNNING_IN_RECURSION = 1016,8605
    PERLBREW_BASHRC_VERSION = 0.30
    PERLBREW_HOME = /home/test/.perlbrew
    PERLBREW_PATH = /home/test/perl5/perlbrew/bin:/home/test/perl5/perlbrew/perls/perl-5.15.4/bin
    PERLBREW_PERL = perl-5.15.4
    PERLBREW_ROOT = /home/test/perl5/perlbrew
    PERLBREW_VERSION = 0.30
    PERL_CPANM_OPT = --prompt --mirror http://172.16.1.3/cpan/
    PERL_CR_SMOKER_CURRENT = CPANPLUS-Dist-PAR-0.02
    PERL_EXTUTILS_AUTOINSTALL = --defaultdeps
    PERL_MM_USE_DEFAULT = 1
    SHELL = /usr/local/bin/bash
    TERM = linux

Perl special variables (and OS-specific diagnostics, for MSWin32):

    $^X = /usr/home/test/perl5/perlbrew/perls/perl-5.15.4/bin/perl5.15.4
    $UID/$EUID = 1002 / 1002
    $GID = 1002 1002
    $EGID = 1002 1002

Perl module toolchain versions installed:

    Module              Have    
    ------------------- --------
    CPAN                1.9800  
    CPAN::Meta          2.112621
    Cwd                 3.33    
    ExtUtils::CBuilder  0.280202
    ExtUtils::Command   1.17    
    ExtUtils::Install   1.52    
    ExtUtils::MakeMaker 6.62    
    ExtUtils::Manifest  1.60    
    ExtUtils::ParseXS   3.05    
    File::Spec          3.33    
    JSON                2.53    
    JSON::PP            2.27008 
    Module::Build       0.3800  
    Module::Signature   n/a     
    Parse::CPAN::Meta   1.4401  
    Test::Harness       3.23    
    Test::More          0.98    
    YAML                0.73    
    YAML::Syck          n/a     
    version             0.94    


--

Summary of my perl5 (revision 5 version 15 subversion 4) configuration:
   
  Platform:
    osname=freebsd, osvers=8.1-release, archname=amd64-freebsd
    uname='freebsd fbsd.local 8.1-release freebsd 8.1-release #0: mon jul 19 02:36:49 utc 2010 root@mason.cse.buffalo.edu:usrobjusrsrcsysgeneric amd64 '
    config_args='-de -Dprefix=/home/test/perl5/perlbrew/perls/perl-5.15.4 -Dusedevel'
    hint=recommended, useposix=true, d_sigaction=define
    useithreads=undef, usemultiplicity=undef
    useperlio=define, d_sfio=undef, uselargefiles=define, usesocks=undef
    use64bitint=define, use64bitall=define, uselongdouble=undef
    usemymalloc=n, bincompat5005=undef
  Compiler:
    cc='cc', ccflags ='-DHAS_FPSETMASK -DHAS_FLOATINGPOINT_H -fno-strict-aliasing -pipe -fstack-protector -I/usr/local/include',
    optimize='-O',
    cppflags='-DHAS_FPSETMASK -DHAS_FLOATINGPOINT_H -fno-strict-aliasing -pipe -fstack-protector -I/usr/local/include'
    ccversion='', gccversion='4.2.1 20070719  [FreeBSD]', gccosandvers=''
    intsize=4, longsize=8, ptrsize=8, doublesize=8, byteorder=12345678
    d_longlong=define, longlongsize=8, d_longdbl=define, longdblsize=16
    ivtype='long', ivsize=8, nvtype='double', nvsize=8, Off_t='off_t', lseeksize=8
    alignbytes=8, prototype=define
  Linker and Libraries:
    ld='cc', ldflags ='-Wl,-E  -fstack-protector -L/usr/local/lib'
    libpth=/usr/lib /usr/local/lib
    libs=-lm -lcrypt -lutil -lc
    perllibs=-lm -lcrypt -lutil -lc
    libc=, so=so, useshrplib=false, libperl=libperl.a
    gnulibc_version=''
  Dynamic Linking:
    dlsrc=dl_dlopen.xs, dlext=so, d_dlsymun=undef, ccdlflags=' '
    cccdlflags='-DPIC -fPIC', lddlflags='-shared  -L/usr/local/lib -fstack-protector'


Characteristics of this binary (from libperl): 
  Compile-time options: HAS_TIMES PERLIO_LAYERS PERL_DONT_CREATE_GVSV
                        PERL_MALLOC_WRAP PERL_PRESERVE_IVUV PERL_USE_DEVEL
                        USE_64_BIT_ALL USE_64_BIT_INT USE_LARGE_FILES
                        USE_LOCALE USE_LOCALE_COLLATE USE_LOCALE_CTYPE
                        USE_LOCALE_NUMERIC USE_PERLIO USE_PERL_ATOF
  Built under freebsd
  Compiled at Oct 23 2011 22:43:24
  %ENV:
    PERL5LIB=""
    PERL5OPT=""
    PERL5_CPANPLUS_IS_RUNNING="8605"
    PERL5_CPAN_IS_RUNNING="8605"
    PERL5_CPAN_IS_RUNNING_IN_RECURSION="1016,8605"
    PERLBREW_BASHRC_VERSION="0.30"
    PERLBREW_HOME="/home/test/.perlbrew"
    PERLBREW_PATH="/home/test/perl5/perlbrew/bin:/home/test/perl5/perlbrew/perls/perl-5.15.4/bin"
    PERLBREW_PERL="perl-5.15.4"
    PERLBREW_ROOT="/home/test/perl5/perlbrew"
    PERLBREW_VERSION="0.30"
    PERL_CPANM_OPT="--prompt --mirror http://172.16.1.3/cpan/"
    PERL_CR_SMOKER_CURRENT="CPANPLUS-Dist-PAR-0.02"
    PERL_EXTUTILS_AUTOINSTALL="--defaultdeps"
    PERL_MM_USE_DEFAULT="1"
  @INC:
    /home/test/perl5/perlbrew/perls/perl-5.15.4/lib/site_perl/5.15.4/amd64-freebsd
    /home/test/perl5/perlbrew/perls/perl-5.15.4/lib/site_perl/5.15.4
    /home/test/perl5/perlbrew/perls/perl-5.15.4/lib/5.15.4/amd64-freebsd
    /home/test/perl5/perlbrew/perls/perl-5.15.4/lib/5.15.4
    .