Dpkg v1.22.18 Perl 5 v5.36.3 arm64-freebsd-thread-multi

Status
Fail
From
Slaven Rezić
Dist
Dpkg v1.22.18
Platform
Perl 5 v5.36.3 arm64-freebsd-thread-multi
Date
2025-03-09 20:11:05
ID
a1e2c82e-fd22-11ef-a1b2-28fa6d8775ea
This distribution has been tested as part of the CPAN Testers
project, supporting the Perl programming language.  See
http://wiki.cpantesters.org/ for more information or email
questions to cpan-testers-discuss@perl.org


--
Dear Guillem Jover,

This is a computer-generated report for Dpkg-1.22.18
on perl 5.36.3, created by CPAN-Reporter-1.2018.

Thank you for uploading your work to CPAN.  However, there was a problem
testing your distribution.

If you think this report is invalid, please consult the CPAN Testers Wiki
for suggestions on how to avoid getting FAIL reports for missing library
or binary dependencies, unsupported operating systems, and so on:

http://wiki.cpantesters.org/wiki/CPANAuthorNotes

Sections of this report:

    * Tester comments
    * Program output
    * Prerequisites
    * Environment and other context

------------------------------
TESTER COMMENTS
------------------------------

Additional comments from tester:

none provided

------------------------------
PROGRAM OUTPUT
------------------------------

Output from './Build test':

t/Dpkg_Arch.t ................ ok
t/Dpkg_BuildAPI.t ............ ok
t/Dpkg_BuildEnv.t ............ ok
t/Dpkg_BuildFlags.t .......... ok
t/Dpkg_BuildFlags_Ubuntu.t ... ok
t/Dpkg_BuildInfo.t ........... ok
t/Dpkg_BuildOptions.t ........ ok
t/Dpkg_BuildProfiles.t ....... ok
t/Dpkg_BuildTree.t ........... ok
t/Dpkg_BuildTypes.t .......... ok
t/Dpkg_Changelog.t ........... ok
t/Dpkg_Changelog_Ubuntu.t .... ok
t/Dpkg_Checksums.t ........... ok
t/Dpkg_Compression.t ......... ok
t/Dpkg_Conf.t ................ ok
t/Dpkg_Control.t ............. ok
t/Dpkg_Control_Fields.t ...... ok
t/Dpkg_Control_Tests.t ....... ok
t/Dpkg_Deps.t ................ ok
t/Dpkg_Dist_Files.t .......... ok
t/Dpkg_ErrorHandling.t ....... ok
t/Dpkg_Exit.t ................ ok
t/Dpkg_File.t ................ ok
t/Dpkg_Getopt.t .............. ok
t/Dpkg_Gettext.t ............. ok
t/Dpkg_IPC.t ................. ok
t/Dpkg_Index.t ............... ok
t/Dpkg_Interface_Storable.t .. ok
t/Dpkg_Lock.t ................ ok
gpgv: Signature made Sun Nov  6 18:27:38 2022 UTC using ? key ID 8E744A1D
gpgv: Can't check signature: unknown pubkey algorithm

#   Failed test '(auto:auto) verify OpenPGP ASCII Armor inline signature'
#   at t/Dpkg_OpenPGP.t line 100.
gpgv: Signature made Sun Nov  6 18:26:45 2022 UTC using ? key ID 8E744A1D
gpgv: Can't check signature: unknown pubkey algorithm

#   Failed test '(auto:auto) verify OpenPGP binary inline signature'
#   at t/Dpkg_OpenPGP.t line 102.
gpgv: Signature made Sun Nov  6 18:23:54 2022 UTC using ? key ID 8E744A1D
gpgv: Can't check signature: unknown pubkey algorithm

#   Failed test '(auto:auto) verify OpenPGP ASCII Armor detached signature'
#   at t/Dpkg_OpenPGP.t line 105.
gpgv: Signature made Sun Nov  6 18:25:09 2022 UTC using ? key ID 8E744A1D
gpgv: Can't check signature: unknown pubkey algorithm

#   Failed test '(auto:auto) verify OpenPGP binary detached signature'
#   at t/Dpkg_OpenPGP.t line 107.
gpg: error checking usability status of FFFFFFFF
gpg: key FFFFFFFF: secret key without public key - skipped
gpg: no default secret key: secret key not available
gpg: /var/tmp/cpansmoker-1023/2025030918/dpkg-sign.7tLfGmKh/sign-file: clearsign failed: secret key not available

#   Failed test '(auto:auto) inline OpenPGP sign'
#   at t/Dpkg_OpenPGP.t line 119.
gpgv: can't open `t.tmp/Dpkg_OpenPGP/sign-file-inline.asc'
gpgv: verify signatures failed: file open error

#   Failed test '(auto:auto) verify generated inline OpenPGP signature'
#   at t/Dpkg_OpenPGP.t line 121.
gpgv: Signature made Sun Nov  6 18:27:38 2022 UTC using ? key ID 8E744A1D
gpgv: Can't check signature: unknown pubkey algorithm

#   Failed test '(gpg:gpg) verify OpenPGP ASCII Armor inline signature'
#   at t/Dpkg_OpenPGP.t line 100.
gpgv: Signature made Sun Nov  6 18:26:45 2022 UTC using ? key ID 8E744A1D
gpgv: Can't check signature: unknown pubkey algorithm

#   Failed test '(gpg:gpg) verify OpenPGP binary inline signature'
#   at t/Dpkg_OpenPGP.t line 102.
gpgv: Signature made Sun Nov  6 18:23:54 2022 UTC using ? key ID 8E744A1D
gpgv: Can't check signature: unknown pubkey algorithm

#   Failed test '(gpg:gpg) verify OpenPGP ASCII Armor detached signature'
#   at t/Dpkg_OpenPGP.t line 105.
gpgv: Signature made Sun Nov  6 18:25:09 2022 UTC using ? key ID 8E744A1D
gpgv: Can't check signature: unknown pubkey algorithm

#   Failed test '(gpg:gpg) verify OpenPGP binary detached signature'
#   at t/Dpkg_OpenPGP.t line 107.
gpg: error checking usability status of FFFFFFFF
gpg: key FFFFFFFF: secret key without public key - skipped
gpg: no default secret key: secret key not available
gpg: /var/tmp/cpansmoker-1023/2025030918/dpkg-sign.F2aoJ02J/sign-file: clearsign failed: secret key not available

#   Failed test '(gpg:gpg) inline OpenPGP sign'
#   at t/Dpkg_OpenPGP.t line 119.
gpgv: can't open `t.tmp/Dpkg_OpenPGP/sign-file-inline.asc'
gpgv: verify signatures failed: file open error

#   Failed test '(gpg:gpg) verify generated inline OpenPGP signature'
#   at t/Dpkg_OpenPGP.t line 121.
# Looks like you failed 12 tests of 32.
t/Dpkg_OpenPGP.t ............. 
Dubious, test returned 12 (wstat 3072, 0xc00)
Failed 12/32 subtests 
t/Dpkg_OpenPGP_KeyHandle.t ... ok
t/Dpkg_Package.t ............. ok
t/Dpkg_Path.t ................ ok
t/Dpkg_Shlibs.t .............. ok
t/Dpkg_Shlibs_Cppfilt.t ...... ok
tar: Option --compare is not supported
Usage:
  List:    tar -tf <archive-filename>
  Extract: tar -xf <archive-filename>
  Create:  tar -cf <archive-filename> [filenames...]
  Help:    tar --help

#   Failed test 'expected directory matches'
#   at t/Dpkg_Source_Archive.t line 114.
# Looks like you failed 1 test of 4.
t/Dpkg_Source_Archive.t ...... 
Dubious, test returned 1 (wstat 256, 0x100)
Failed 1/4 subtests 
t/Dpkg_Source_Format.t ....... ok
t/Dpkg_Source_Functions.t .... ok
t/Dpkg_Source_Package.t ...... ok

#   Failed test 'patch(1) prevents escape using indented hunks'
#   at t/Dpkg_Source_Patch.t line 42.
# Looks like you failed 1 test of 10.
t/Dpkg_Source_Patch.t ........ 
Dubious, test returned 1 (wstat 256, 0x100)
Failed 1/10 subtests 
t/Dpkg_Source_Quilt.t ........ ok
t/Dpkg_Substvars.t ........... ok
t/Dpkg_Vendor.t .............. ok
t/Dpkg_Version.t ............. ok
t/codespell.t ................ skipped: author test
t/cppcheck.t ................. skipped: author test
t/critic.t ................... skipped: author test
t/minimum-version.t .......... skipped: author test
t/module-version.t ........... ok
t/po.t ....................... skipped: author test
t/pod-coverage.t ............. skipped: author test
t/pod-spell.t ................ skipped: author test
t/pod.t ...................... skipped: requires module Test::Pod 1.00
t/shellcheck.t ............... skipped: author test
t/strict.t ................... skipped: requires module Test::Strict
t/synopsis.t ................. skipped: author test
t/syntax.t ................... ok

Test Summary Report
-------------------
t/Dpkg_OpenPGP.t           (Wstat: 3072 (exited 12) Tests: 32 Failed: 12)
  Failed tests:  12-17, 27-32
  Non-zero exit status: 12
t/Dpkg_Source_Archive.t    (Wstat: 256 (exited 1) Tests: 4 Failed: 1)
  Failed test:  3
  Non-zero exit status: 1
t/Dpkg_Source_Patch.t      (Wstat: 256 (exited 1) Tests: 10 Failed: 1)
  Failed test:  10
  Non-zero exit status: 1
Files=57, Tests=12988, 20 wallclock secs ( 0.82 usr  0.24 sys + 15.01 cusr  3.91 csys = 19.98 CPU)
Result: FAIL
Failed 3/57 test programs. 14/12988 subtests failed.

------------------------------
PREREQUISITES
------------------------------

Prerequisite modules loaded:

requires:

    Module        Need    Have    
    ------------- ------- --------
    perl          v5.32.1 5.036003

build_requires:

    Module        Need    Have    
    ------------- ------- --------
    TAP::Harness  0       3.44    
    Test::More    0       1.302209

configure_requires:

    Module        Need    Have    
    ------------- ------- --------
    Module::Build 0.4004  0.4234  


------------------------------
ENVIRONMENT AND OTHER CONTEXT
------------------------------

Environment variables:

    LANG = C.UTF-8
    PATH = /usr/local/bin:/usr/bin:/bin:/usr/local/sbin:/usr/sbin:/sbin:/home/cpansand/bin/sh:/home/cpansand/bin:/usr/games:/home/cpansand/devel:/home/eserte/src/srezic-misc/scripts
    PERL5LIB = /home/cpansand/.cpan/build/2025030918/Module-Build-0.4234-0/blib/arch:/home/cpansand/.cpan/build/2025030918/Module-Build-0.4234-0/blib/lib
    PERL5OPT = 
    PERL5_CPANPLUS_IS_RUNNING = 84432
    PERL5_CPAN_IS_RUNNING = 84432
    PERL5_CPAN_IS_RUNNING_IN_RECURSION = 84419,84432
    PERL_BATCH = yes
    PERL_CANARY_STABILITY_NOPROMPT = 1
    PERL_CPAN_REPORTER_CONFIG = /var/tmp/cpansmoker-1023/2025030918/cpanreporter_000_config.ini
    PERL_EXTUTILS_AUTOINSTALL = --defaultdeps
    PERL_USE_UNSAFE_INC = 1
    SHELL = /bin/sh
    TMPDIR = /var/tmp/cpansmoker-1023/2025030918

Perl special variables (and OS-specific diagnostics, for MSWin32):

    $^X = /usr/local/bin/perl
    $UID/$EUID = 1023 / 1023
    $GID = 1023 1023
    $EGID = 1023 1023

Perl module toolchain versions installed:

    Module              Have    
    ------------------- --------
    CPAN                2.33    
    CPAN::Meta          2.150010
    Cwd                 3.84    
    ExtUtils::CBuilder  0.280236
    ExtUtils::Command   7.64    
    ExtUtils::Install   2.20    
    ExtUtils::MakeMaker 7.64    
    ExtUtils::Manifest  1.73    
    ExtUtils::ParseXS   3.45    
    File::Spec          3.84    
    JSON                4.10    
    JSON::PP            4.07    
    Module::Build       0.4234  
    Module::Signature   n/a     
    Parse::CPAN::Meta   2.150010
    Test::Harness       3.44    
    Test::More          1.302209
    YAML                n/a     
    YAML::Syck          1.34    
    version             0.9929  


--

Summary of my perl5 (revision 5 version 36 subversion 3) configuration:
   
  Platform:
    osname=freebsd
    osvers=14.0-release-p9
    archname=arm64-freebsd-thread-multi
    uname='freebsd 140arm64-default-job-03 14.0-release-p9 freebsd 14.0-release-p9 arm64 '
    config_args='-Accflags=-DUSE_THREAD_SAFE_LOCALE -Darchlib=/usr/local/lib/perl5/5.36/mach -Dcc=cc -Dcf_by=mat -Dcf_email=mat@FreeBSD.org -Dcf_time=Wed Nov 29 16:10:26 UTC 2023 -Dinc_version_list=none -Dlibperl=libperl.so.5.36.3 -Dman1dir=/usr/local/lib/perl5/5.36/perl/man/man1 -Dman3dir=/usr/local/lib/perl5/5.36/perl/man/man3 -Dprefix=/usr/local -Dprivlib=/usr/local/lib/perl5/5.36 -Dscriptdir=/usr/local/bin -Dsitearch=/usr/local/lib/perl5/site_perl/mach/5.36 -Dsitelib=/usr/local/lib/perl5/site_perl -Dsiteman1dir=/usr/local/lib/perl5/site_perl/man/man1 -Dsiteman3dir=/usr/local/lib/perl5/site_perl/man/man3 -Dusenm=n -Duseshrplib -sde -Ui_iconv -Ui_malloc -Uinstallusrbinperl -Alddlflags=-L/wrkdirs/usr/ports/lang/perl5.36/work/perl-5.36.3 -L/usr/local/lib/perl5/5.36/mach/CORE -lperl -Dshrpldflags=$(LDDLFLAGS:N-L/wrkdirs/usr/ports/lang/perl5.36/work/perl-5.36.3:N-L/usr/local/lib/perl5/5.36/mach/CORE:N-lperl) -Wl,-soname,$(LIBPERL:R) -Doptimize=-O2 -pipe  -fstack-protector-strong -fno-strict-aliasing  -Uusedtrace -Ui_gdbm -Dusemultiplicity=y -Duse64bitint -Dusemymalloc=n -Dusethreads=y'
    hint=recommended
    useposix=true
    d_sigaction=define
    useithreads=define
    usemultiplicity=define
    use64bitint=define
    use64bitall=define
    uselongdouble=undef
    usemymalloc=n
    default_inc_excludes_dot=define
  Compiler:
    cc='cc'
    ccflags ='-DHAS_FPSETMASK -DHAS_FLOATINGPOINT_H -DUSE_THREAD_SAFE_LOCALE -fno-strict-aliasing -pipe -fstack-protector-strong -I/usr/local/include'
    optimize='-O2 -pipe -fstack-protector-strong -fno-strict-aliasing '
    cppflags='-DHAS_FPSETMASK -DHAS_FLOATINGPOINT_H -DUSE_THREAD_SAFE_LOCALE -fno-strict-aliasing -pipe -fstack-protector-strong -I/usr/local/include'
    ccversion=''
    gccversion='FreeBSD Clang 16.0.6 (https://github.com/llvm/llvm-project.git llvmorg-16.0.6-0-g7cbf1a259152)'
    gccosandvers=''
    intsize=4
    longsize=8
    ptrsize=8
    doublesize=8
    byteorder=12345678
    doublekind=3
    d_longlong=define
    longlongsize=8
    d_longdbl=define
    longdblsize=16
    longdblkind=1
    ivtype='long'
    ivsize=8
    nvtype='double'
    nvsize=8
    Off_t='off_t'
    lseeksize=8
    alignbytes=8
    prototype=define
  Linker and Libraries:
    ld='cc'
    ldflags ='-pthread -Wl,-E  -fstack-protector-strong -L/usr/local/lib'
    libpth=/usr/lib /usr/local/lib /usr/lib/clang/16/lib
    libs=-ldl -lm -lcrypt -lutil
    perllibs=-ldl -lm -lcrypt -lutil
    libc=
    so=so
    useshrplib=true
    libperl=libperl.so.5.36.3
    gnulibc_version=''
  Dynamic Linking:
    dlsrc=dl_dlopen.xs
    dlext=so
    d_dlsymun=undef
    ccdlflags='  -Wl,-R/usr/local/lib/perl5/5.36/mach/CORE'
    cccdlflags='-DPIC -fPIC'
    lddlflags='-shared  -L/usr/local/lib/perl5/5.36/mach/CORE -lperl -L/usr/local/lib -fstack-protector-strong'


Characteristics of this binary (from libperl): 
  Compile-time options:
    HAS_TIMES
    MULTIPLICITY
    PERLIO_LAYERS
    PERL_COPY_ON_WRITE
    PERL_DONT_CREATE_GVSV
    PERL_MALLOC_WRAP
    PERL_OP_PARENT
    PERL_PRESERVE_IVUV
    USE_64_BIT_ALL
    USE_64_BIT_INT
    USE_ITHREADS
    USE_LARGE_FILES
    USE_LOCALE
    USE_LOCALE_COLLATE
    USE_LOCALE_CTYPE
    USE_LOCALE_NUMERIC
    USE_LOCALE_TIME
    USE_PERLIO
    USE_PERL_ATOF
    USE_REENTRANT_API
    USE_THREAD_SAFE_LOCALE
  Built under freebsd
  %ENV:
    PERL5LIB="/home/cpansand/.cpan/build/2025030918/Module-Build-0.4234-0/blib/arch:/home/cpansand/.cpan/build/2025030918/Module-Build-0.4234-0/blib/lib"
    PERL5OPT=""
    PERL5_CPANPLUS_IS_RUNNING="84432"
    PERL5_CPAN_IS_RUNNING="84432"
    PERL5_CPAN_IS_RUNNING_IN_RECURSION="84419,84432"
    PERL_BATCH="yes"
    PERL_CANARY_STABILITY_NOPROMPT="1"
    PERL_CPAN_REPORTER_CONFIG="/var/tmp/cpansmoker-1023/2025030918/cpanreporter_000_config.ini"
    PERL_EXTUTILS_AUTOINSTALL="--defaultdeps"
    PERL_USE_UNSAFE_INC="1"
  @INC:
    /home/cpansand/.cpan/build/2025030918/Module-Build-0.4234-0/blib/arch
    /home/cpansand/.cpan/build/2025030918/Module-Build-0.4234-0/blib/lib
    /usr/local/lib/perl5/site_perl/mach/5.36
    /usr/local/lib/perl5/site_perl
    /usr/local/lib/perl5/5.36/mach
    /usr/local/lib/perl5/5.36
    .