Back
From: metabase:user:320bfe00-2aae-11df-837a-5e0a49663a4f
Subject: FAIL Web-oEmbed-Common-0.05 v5.16.0 RC2 GNU/Linux
Date: 2012-05-19T01:47:42Z
This distribution has been tested as part of the CPAN Testers
project, supporting the Perl programming language. See
http://wiki.cpantesters.org/ for more information or email
questions to cpan-testers-discuss@perl.org
--
Dear Matthew Simon Cavalletto,
This is a computer-generated report for Web-oEmbed-Common-0.05
on perl 5.16.0, created by CPAN-Reporter-1.2006.
Thank you for uploading your work to CPAN. However, there was a problem
testing your distribution.
If you think this report is invalid, please consult the CPAN Testers Wiki
for suggestions on how to avoid getting FAIL reports for missing library
or binary dependencies, unsupported operating systems, and so on:
http://wiki.cpantesters.org/wiki/CPANAuthorNotes
Sections of this report:
* Tester comments
* Program output
* Prerequisites
* Environment and other context
------------------------------
TESTER COMMENTS
------------------------------
Additional comments from tester:
this report is from an automated smoke testing program
and was not reviewed by a human for accuracy
------------------------------
PROGRAM OUTPUT
------------------------------
Output from '/usr/bin/make test':
PERL_DL_NONLAZY=1 /home/sand/src/perl/repoperls/installed-perls/perl/v5.16.0-RC2-1-g36bded9/165a/bin/perl "-MExtUtils::Command::MM" "-e" "test_harness(0, 'blib/lib', 'blib/arch')" t/*.t
# Testing Web::oEmbed::Common 0.05, Perl 5.016000, /home/sand/src/perl/repoperls/installed-perls/perl/v5.16.0-RC2-1-g36bded9/165a/bin/perl
t/00-compile.t ....... ok
t/08-url-patterns.t .. ok
# Failed test 'Response has embed code'
# at t/10-youtube.t line 41.
# '<iframe width="459" height="344" src="http://www.youtube.com/embed/5iAIM02kv0g?fs=1&feature=oembed" frameborder="0" allowfullscreen></iframe>'
# doesn't match '(?^sx:<object .*? movie )'
# Looks like you failed 1 test of 10.
t/10-youtube.t .......
Dubious, test returned 1 (wstat 256, 0x100)
Failed 1/10 subtests
Useless use of \E at t/50-xkcd.t line 20.
# Failed test 'Response is a photo'
# at t/50-xkcd.t line 36.
# got: 'link'
# expected: 'photo'
# Failed test 'Found expected filename'
# at t/50-xkcd.t line 37.
# 'http://xkcd.com/730/'
# doesn't match '(?^:circuit_diagram)'
# Looks like you failed 2 tests of 10.
t/50-xkcd.t ..........
Dubious, test returned 2 (wstat 512, 0x200)
Failed 2/10 subtests
Test Summary Report
-------------------
t/10-youtube.t (Wstat: 256 Tests: 10 Failed: 1)
Failed test: 10
Non-zero exit status: 1
t/50-xkcd.t (Wstat: 512 Tests: 10 Failed: 2)
Failed tests: 7-8
Non-zero exit status: 2
Files=4, Tests=27, 17 wallclock secs ( 0.02 usr 0.01 sys + 0.33 cusr 0.04 csys = 0.40 CPU)
Result: FAIL
Failed 2/4 test programs. 3/27 subtests failed.
make: *** [test_dynamic] Error 2
------------------------------
PREREQUISITES
------------------------------
Prerequisite modules loaded:
requires:
Module Need Have
------------------- ---- -------
Web::oEmbed 0.01 0.04
build_requires:
Module Need Have
------------------- ---- -------
ExtUtils::MakeMaker 0 6.63_02
configure_requires:
Module Need Have
------------------- ---- -------
ExtUtils::MakeMaker 0 6.63_02
------------------------------
ENVIRONMENT AND OTHER CONTEXT
------------------------------
Environment variables:
AUTOMATED_TESTING = 1
LANG = en_US.UTF-8
LANGUAGE = en_US:en
PATH = /home/sand/bin:/usr/local/bin:/usr/bin:/bin:/usr/bin/X11:/usr/games:/usr/local/perl/bin:/usr/X11/bin:/sbin:/usr/sbin
PERL5LIB =
PERL5OPT =
PERL5_CPANPLUS_IS_RUNNING = 5711
PERL5_CPAN_IS_RUNNING = 5711
PERL_MM_USE_DEFAULT = 1
SHELL = /usr/bin/zsh
TERM = screen
Perl special variables (and OS-specific diagnostics, for MSWin32):
$^X = /home/sand/src/perl/repoperls/installed-perls/perl/v5.16.0-RC2-1-g36bded9/165a/bin/perl
$UID/$EUID = 1005 / 1005
$GID = 1005 1005
$EGID = 1005 1005
Perl module toolchain versions installed:
Module Have
------------------- --------
CPAN 1.9800
CPAN::Meta 2.120921
Cwd 3.39_02
ExtUtils::CBuilder 0.280206
ExtUtils::Command 1.17
ExtUtils::Install 1.58
ExtUtils::MakeMaker 6.63_02
ExtUtils::Manifest 1.61
ExtUtils::ParseXS 3.16
File::Spec 3.39_02
JSON 2.53
JSON::PP 2.27200
Module::Build 0.40
Module::Signature 0.68
Parse::CPAN::Meta 1.4404
Test::Harness 3.23
Test::More 0.98
YAML 0.81
YAML::Syck 1.20
version 0.99
--
Summary of my perl5 (revision 5 version 16 subversion 0) configuration:
Commit id: 36bded947b191af9d49762ac9409f96f0d5905d7
Platform:
osname=linux, osvers=3.2.0-2-amd64, archname=x86_64-linux
uname='linux k83 3.2.0-2-amd64 #1 smp mon apr 30 05:20:23 utc 2012 x86_64 gnulinux '
config_args='-Dprefix=/home/src/perl/repoperls/installed-perls/perl/v5.16.0-RC2-1-g36bded9/165a -Dmyhostname=k83 -Dinstallusrbinperl=n -Uversiononly -Dusedevel -des -Ui_db -Uuseithreads -Uuselongdouble -DDEBUGGING=-g'
hint=recommended, useposix=true, d_sigaction=define
useithreads=undef, usemultiplicity=undef
useperlio=define, d_sfio=undef, uselargefiles=define, usesocks=undef
use64bitint=define, use64bitall=define, uselongdouble=undef
usemymalloc=n, bincompat5005=undef
Compiler:
cc='cc', ccflags ='-fno-strict-aliasing -pipe -fstack-protector -I/usr/local/include -D_LARGEFILE_SOURCE -D_FILE_OFFSET_BITS=64',
optimize='-O2 -g',
cppflags='-fno-strict-aliasing -pipe -fstack-protector -I/usr/local/include'
ccversion='', gccversion='4.6.3', gccosandvers=''
intsize=4, longsize=8, ptrsize=8, doublesize=8, byteorder=12345678
d_longlong=define, longlongsize=8, d_longdbl=define, longdblsize=16
ivtype='long', ivsize=8, nvtype='double', nvsize=8, Off_t='off_t', lseeksize=8
alignbytes=8, prototype=define
Linker and Libraries:
ld='cc', ldflags =' -fstack-protector -L/usr/local/lib'
libpth=/usr/local/lib /lib/x86_64-linux-gnu /lib/../lib /usr/lib/x86_64-linux-gnu /usr/lib/../lib /lib /usr/lib
libs=-lnsl -ldb -ldl -lm -lcrypt -lutil -lc
perllibs=-lnsl -ldl -lm -lcrypt -lutil -lc
libc=, so=so, useshrplib=false, libperl=libperl.a
gnulibc_version='2.13'
Dynamic Linking:
dlsrc=dl_dlopen.xs, dlext=so, d_dlsymun=undef, ccdlflags='-Wl,-E'
cccdlflags='-fPIC', lddlflags='-shared -O2 -g -L/usr/local/lib -fstack-protector'
Characteristics of this binary (from libperl):
Compile-time options: HAS_TIMES PERLIO_LAYERS PERL_DONT_CREATE_GVSV
PERL_MALLOC_WRAP PERL_PRESERVE_IVUV PERL_USE_DEVEL
USE_64_BIT_ALL USE_64_BIT_INT USE_LARGE_FILES
USE_LOCALE USE_LOCALE_COLLATE USE_LOCALE_CTYPE
USE_LOCALE_NUMERIC USE_PERLIO USE_PERL_ATOF
Locally applied patches:
RC2
Built under linux
Compiled at May 18 2012 06:46:34
%ENV:
PERL5LIB=""
PERL5OPT=""
PERL5_CPANPLUS_IS_RUNNING="5711"
PERL5_CPAN_IS_RUNNING="5711"
PERL_MM_USE_DEFAULT="1"
@INC:
/home/src/perl/repoperls/installed-perls/perl/v5.16.0-RC2-1-g36bded9/165a/lib/site_perl/5.16.0/x86_64-linux
/home/src/perl/repoperls/installed-perls/perl/v5.16.0-RC2-1-g36bded9/165a/lib/site_perl/5.16.0
/home/src/perl/repoperls/installed-perls/perl/v5.16.0-RC2-1-g36bded9/165a/lib/5.16.0/x86_64-linux
/home/src/perl/repoperls/installed-perls/perl/v5.16.0-RC2-1-g36bded9/165a/lib/5.16.0
.