Report for Konstrukt-0.5-beta6

Back
From: metabase:user:9820532a-708b-1014-9a05-b18a96298da1
Subject: FAIL Konstrukt-0.5-beta6 v5.15.8 GNU/Linux
Date: 2012-03-22T23:06:13Z

This distribution has been tested as part of the CPAN Testers
project, supporting the Perl programming language.  See
http://wiki.cpantesters.org/ for more information or email
questions to cpan-testers-discuss@perl.org


--
Dear Thomas Wittek,

This is a computer-generated report for Konstrukt-0.5-beta6
on perl 5.15.8, created by CPAN-Reporter-1.2005.

Thank you for uploading your work to CPAN.  However, there was a problem
testing your distribution.

If you think this report is invalid, please consult the CPAN Testers Wiki
for suggestions on how to avoid getting FAIL reports for missing library
or binary dependencies, unsupported operating systems, and so on:

http://wiki.cpantesters.org/wiki/CPANAuthorNotes

Sections of this report:

    * Tester comments
    * Program output
    * Prerequisites
    * Environment and other context

------------------------------
TESTER COMMENTS
------------------------------

Additional comments from tester:

this report is from an automated smoke testing program
and was not reviewed by a human for accuracy

------------------------------
PROGRAM OUTPUT
------------------------------

Output from './Build test':

defined(@array) is deprecated at /home/bri/perl5/perlbrew/perls/5.15.8-th/lib/5.15.8/CGI.pm line 528.
	(Maybe you should just omit the defined()?)

#   Failed test 'use Konstrukt::Handler;'
#   at t/001_load.t line 19.
#     Tried to use 'Konstrukt::Handler'.
#     Error:  Can't locate Session.pm in @INC (@INC contains: /home/bri/.cpan/build/Konstrukt-0.5-09kXZD/blib/lib /home/bri/.cpan/build/Konstrukt-0.5-09kXZD/blib/arch /home/bri/perl5/perlbrew/perls/5.15.8-th/lib/site_perl/5.15.8/i686-linux-thread-multi /home/bri/perl5/perlbrew/perls/5.15.8-th/lib/site_perl/5.15.8 /home/bri/perl5/perlbrew/perls/5.15.8-th/lib/5.15.8/i686-linux-thread-multi /home/bri/perl5/perlbrew/perls/5.15.8-th/lib/5.15.8 .) at /home/bri/.cpan/build/Konstrukt-0.5-09kXZD/blib/lib/Konstrukt/Session.pm line 73.
# BEGIN failed--compilation aborted at /home/bri/.cpan/build/Konstrukt-0.5-09kXZD/blib/lib/Konstrukt/Session.pm line 73.
# Compilation failed in require at /home/bri/.cpan/build/Konstrukt-0.5-09kXZD/blib/lib/Konstrukt/Handler.pm line 63.
# BEGIN failed--compilation aborted at /home/bri/.cpan/build/Konstrukt-0.5-09kXZD/blib/lib/Konstrukt/Handler.pm line 63.
# Compilation failed in require at (eval 13) line 2.
# BEGIN failed--compilation aborted at (eval 13) line 2.

#   Failed test 'use Konstrukt::Handler::CGI;'
#   at t/001_load.t line 49.
#     Tried to use 'Konstrukt::Handler::CGI'.
#     Error:  Attempt to reload Konstrukt/Handler.pm aborted.
# Compilation failed in require at (eval 20) line 2.
# 	...propagated at /home/bri/perl5/perlbrew/perls/5.15.8-th/lib/5.15.8/base.pm line 94.
# BEGIN failed--compilation aborted at /home/bri/.cpan/build/Konstrukt-0.5-09kXZD/blib/lib/Konstrukt/Handler/CGI.pm line 34.
# Compilation failed in require at (eval 19) line 2.
# BEGIN failed--compilation aborted at (eval 19) line 2.

#   Failed test 'use Konstrukt::Handler::File;'
#   at t/001_load.t line 50.
#     Tried to use 'Konstrukt::Handler::File'.
#     Error:  Attempt to reload Konstrukt/Handler.pm aborted.
# Compilation failed in require at (eval 22) line 2.
# 	...propagated at /home/bri/perl5/perlbrew/perls/5.15.8-th/lib/5.15.8/base.pm line 94.
# BEGIN failed--compilation aborted at /home/bri/.cpan/build/Konstrukt-0.5-09kXZD/blib/lib/Konstrukt/Handler/File.pm line 26.
# Compilation failed in require at (eval 21) line 2.
# BEGIN failed--compilation aborted at (eval 21) line 2.

#   Failed test 'use Konstrukt::Plugin::usermanagement::basic;'
#   at t/001_load.t line 101.
#     Tried to use 'Konstrukt::Plugin::usermanagement::basic'.
#     Error:  Attempt to reload Konstrukt/Session.pm aborted.
# Compilation failed in require at /home/bri/.cpan/build/Konstrukt-0.5-09kXZD/blib/lib/Konstrukt/Plugin/usermanagement/basic.pm line 101.
# BEGIN failed--compilation aborted at /home/bri/.cpan/build/Konstrukt-0.5-09kXZD/blib/lib/Konstrukt/Plugin/usermanagement/basic.pm line 101.
# Compilation failed in require at (eval 68) line 2.
# BEGIN failed--compilation aborted at (eval 68) line 2.

#   Failed test 'use Konstrukt::Plugin::wiki::backend::image::DBI;'
#   at t/001_load.t line 116.
#     Tried to use 'Konstrukt::Plugin::wiki::backend::image::DBI'.
#     Error:  Can't locate Image/Magick.pm in @INC (@INC contains: /home/bri/.cpan/build/Konstrukt-0.5-09kXZD/blib/lib /home/bri/.cpan/build/Konstrukt-0.5-09kXZD/blib/arch /home/bri/perl5/perlbrew/perls/5.15.8-th/lib/site_perl/5.15.8/i686-linux-thread-multi /home/bri/perl5/perlbrew/perls/5.15.8-th/lib/site_perl/5.15.8 /home/bri/perl5/perlbrew/perls/5.15.8-th/lib/5.15.8/i686-linux-thread-multi /home/bri/perl5/perlbrew/perls/5.15.8-th/lib/5.15.8 .) at /home/bri/.cpan/build/Konstrukt-0.5-09kXZD/blib/lib/Konstrukt/Plugin/wiki/backend/image/DBI.pm line 51.
# BEGIN failed--compilation aborted at /home/bri/.cpan/build/Konstrukt-0.5-09kXZD/blib/lib/Konstrukt/Plugin/wiki/backend/image/DBI.pm line 51.
# Compilation failed in require at (eval 84) line 2.
# BEGIN failed--compilation aborted at (eval 84) line 2.

#   Failed test 'use Konstrukt::Session;'
#   at t/001_load.t line 142.
#     Tried to use 'Konstrukt::Session'.
#     Error:  Attempt to reload Konstrukt/Session.pm aborted.
# Compilation failed in require at (eval 114) line 2.
# BEGIN failed--compilation aborted at (eval 114) line 2.
# Looks like you failed 6 tests of 96.
t/001_load.t ............................ 
Dubious, test returned 6 (wstat 1536, 0x600)
Failed 6/96 subtests 
	(less 2 skipped subtests: 88 okay)
t/002_core_001_file.t ................... ok
t/002_core_002_settings.t ............... ok
t/002_core_003_debug.t .................. ok
t/002_core_004_lib.t .................... ok
t/002_core_005_taghandler.t ............. ok
t/002_core_005_taghandler_001_plugin.t .. ok
t/002_core_006_parser_node.t ............ ok
t/002_core_007_parser.t ................. ok
t/002_core_008_event.t .................. ok
t/002_core_009_request.t ................ ok
t/002_core_010_response.t ............... ok
t/002_core_011_printredirector.t ........ ok
defined(@array) is deprecated at /home/bri/perl5/perlbrew/perls/5.15.8-th/lib/5.15.8/CGI.pm line 528.
	(Maybe you should just omit the defined()?)
Can't locate Session.pm in @INC (@INC contains: /home/bri/.cpan/build/Konstrukt-0.5-09kXZD/blib/lib /home/bri/.cpan/build/Konstrukt-0.5-09kXZD/blib/arch /home/bri/perl5/perlbrew/perls/5.15.8-th/lib/site_perl/5.15.8/i686-linux-thread-multi /home/bri/perl5/perlbrew/perls/5.15.8-th/lib/site_perl/5.15.8 /home/bri/perl5/perlbrew/perls/5.15.8-th/lib/5.15.8/i686-linux-thread-multi /home/bri/perl5/perlbrew/perls/5.15.8-th/lib/5.15.8 .) at /home/bri/.cpan/build/Konstrukt-0.5-09kXZD/blib/lib/Konstrukt/Session.pm line 73.
BEGIN failed--compilation aborted at /home/bri/.cpan/build/Konstrukt-0.5-09kXZD/blib/lib/Konstrukt/Session.pm line 73.
Compilation failed in require at /home/bri/.cpan/build/Konstrukt-0.5-09kXZD/blib/lib/Konstrukt/Handler.pm line 63.
BEGIN failed--compilation aborted at /home/bri/.cpan/build/Konstrukt-0.5-09kXZD/blib/lib/Konstrukt/Handler.pm line 63.
Compilation failed in require at t/002_core_012_session.t line 79.
BEGIN failed--compilation aborted at t/002_core_012_session.t line 79.
# Looks like your test exited with 2 before it could output anything.
t/002_core_012_session.t ................ 
Dubious, test returned 2 (wstat 512, 0x200)
Failed 2/2 subtests 
t/002_core_013_cache.t .................. ok
t/002_core_014_dbi.t .................... ok
defined(@array) is deprecated at /home/bri/perl5/perlbrew/perls/5.15.8-th/lib/5.15.8/CGI.pm line 528.
	(Maybe you should just omit the defined()?)
Can't locate Session.pm in @INC (@INC contains: /home/bri/.cpan/build/Konstrukt-0.5-09kXZD/blib/lib /home/bri/.cpan/build/Konstrukt-0.5-09kXZD/blib/arch /home/bri/perl5/perlbrew/perls/5.15.8-th/lib/site_perl/5.15.8/i686-linux-thread-multi /home/bri/perl5/perlbrew/perls/5.15.8-th/lib/site_perl/5.15.8 /home/bri/perl5/perlbrew/perls/5.15.8-th/lib/5.15.8/i686-linux-thread-multi /home/bri/perl5/perlbrew/perls/5.15.8-th/lib/5.15.8 .) at /home/bri/.cpan/build/Konstrukt-0.5-09kXZD/blib/lib/Konstrukt/Session.pm line 73.
BEGIN failed--compilation aborted at /home/bri/.cpan/build/Konstrukt-0.5-09kXZD/blib/lib/Konstrukt/Session.pm line 73.
Compilation failed in require at /home/bri/.cpan/build/Konstrukt-0.5-09kXZD/blib/lib/Konstrukt/Handler.pm line 63.
BEGIN failed--compilation aborted at /home/bri/.cpan/build/Konstrukt-0.5-09kXZD/blib/lib/Konstrukt/Handler.pm line 63.
Compilation failed in require at t/002_core_015_handler.t line 55.
BEGIN failed--compilation aborted at t/002_core_015_handler.t line 55.
# Looks like your test exited with 2 before it could output anything.
t/002_core_015_handler.t ................ 
Dubious, test returned 2 (wstat 512, 0x200)
Failed 9/9 subtests 
defined(@array) is deprecated at /home/bri/perl5/perlbrew/perls/5.15.8-th/lib/5.15.8/CGI.pm line 528.
	(Maybe you should just omit the defined()?)
Can't locate Session.pm in @INC (@INC contains: /home/bri/.cpan/build/Konstrukt-0.5-09kXZD/blib/lib /home/bri/.cpan/build/Konstrukt-0.5-09kXZD/blib/arch /home/bri/perl5/perlbrew/perls/5.15.8-th/lib/site_perl/5.15.8/i686-linux-thread-multi /home/bri/perl5/perlbrew/perls/5.15.8-th/lib/site_perl/5.15.8 /home/bri/perl5/perlbrew/perls/5.15.8-th/lib/5.15.8/i686-linux-thread-multi /home/bri/perl5/perlbrew/perls/5.15.8-th/lib/5.15.8 .) at /home/bri/.cpan/build/Konstrukt-0.5-09kXZD/blib/lib/Konstrukt/Session.pm line 73.
BEGIN failed--compilation aborted at /home/bri/.cpan/build/Konstrukt-0.5-09kXZD/blib/lib/Konstrukt/Session.pm line 73.
Compilation failed in require at /home/bri/.cpan/build/Konstrukt-0.5-09kXZD/blib/lib/Konstrukt/Handler.pm line 63.
BEGIN failed--compilation aborted at /home/bri/.cpan/build/Konstrukt-0.5-09kXZD/blib/lib/Konstrukt/Handler.pm line 63.
Compilation failed in require at (eval 8) line 2.
	...propagated at /home/bri/perl5/perlbrew/perls/5.15.8-th/lib/5.15.8/base.pm line 94.
BEGIN failed--compilation aborted at /home/bri/.cpan/build/Konstrukt-0.5-09kXZD/blib/lib/Konstrukt/Handler/File.pm line 26.
Compilation failed in require at t/002_core_016_handler_001_file.t line 15.
BEGIN failed--compilation aborted at t/002_core_016_handler_001_file.t line 15.
# Looks like your test exited with 2 before it could output anything.
t/002_core_016_handler_001_file.t ....... 
Dubious, test returned 2 (wstat 512, 0x200)
Failed 1/1 subtests 
defined(@array) is deprecated at /home/bri/perl5/perlbrew/perls/5.15.8-th/lib/5.15.8/CGI.pm line 528.
	(Maybe you should just omit the defined()?)
Can't locate Session.pm in @INC (@INC contains: /home/bri/.cpan/build/Konstrukt-0.5-09kXZD/blib/lib /home/bri/.cpan/build/Konstrukt-0.5-09kXZD/blib/arch /home/bri/perl5/perlbrew/perls/5.15.8-th/lib/site_perl/5.15.8/i686-linux-thread-multi /home/bri/perl5/perlbrew/perls/5.15.8-th/lib/site_perl/5.15.8 /home/bri/perl5/perlbrew/perls/5.15.8-th/lib/5.15.8/i686-linux-thread-multi /home/bri/perl5/perlbrew/perls/5.15.8-th/lib/5.15.8 .) at /home/bri/.cpan/build/Konstrukt-0.5-09kXZD/blib/lib/Konstrukt/Session.pm line 73.
BEGIN failed--compilation aborted at /home/bri/.cpan/build/Konstrukt-0.5-09kXZD/blib/lib/Konstrukt/Session.pm line 73.
Compilation failed in require at /home/bri/.cpan/build/Konstrukt-0.5-09kXZD/blib/lib/Konstrukt/Handler.pm line 63.
BEGIN failed--compilation aborted at /home/bri/.cpan/build/Konstrukt-0.5-09kXZD/blib/lib/Konstrukt/Handler.pm line 63.
Compilation failed in require at (eval 7) line 2.
	...propagated at /home/bri/perl5/perlbrew/perls/5.15.8-th/lib/5.15.8/base.pm line 94.
BEGIN failed--compilation aborted at /home/bri/.cpan/build/Konstrukt-0.5-09kXZD/blib/lib/Konstrukt/Handler/CGI.pm line 34.
Compilation failed in require at t/002_core_016_handler_002_cgi.t line 15.
BEGIN failed--compilation aborted at t/002_core_016_handler_002_cgi.t line 15.
# Looks like your test exited with 2 before it could output anything.
t/002_core_016_handler_002_cgi.t ........ 
Dubious, test returned 2 (wstat 512, 0x200)
Failed 1/1 subtests 
defined(@array) is deprecated at /home/bri/perl5/perlbrew/perls/5.15.8-th/lib/5.15.8/CGI.pm line 528.
	(Maybe you should just omit the defined()?)
Can't locate Session.pm in @INC (@INC contains: /home/bri/.cpan/build/Konstrukt-0.5-09kXZD/t/data/Handler/Apache/lib /home/bri/.cpan/build/Konstrukt-0.5-09kXZD/blib/lib /home/bri/.cpan/build/Konstrukt-0.5-09kXZD/blib/arch /home/bri/perl5/perlbrew/perls/5.15.8-th/lib/site_perl/5.15.8/i686-linux-thread-multi /home/bri/perl5/perlbrew/perls/5.15.8-th/lib/site_perl/5.15.8 /home/bri/perl5/perlbrew/perls/5.15.8-th/lib/5.15.8/i686-linux-thread-multi /home/bri/perl5/perlbrew/perls/5.15.8-th/lib/5.15.8 .) at /home/bri/.cpan/build/Konstrukt-0.5-09kXZD/blib/lib/Konstrukt/Session.pm line 73.
BEGIN failed--compilation aborted at /home/bri/.cpan/build/Konstrukt-0.5-09kXZD/blib/lib/Konstrukt/Session.pm line 73.
Compilation failed in require at /home/bri/.cpan/build/Konstrukt-0.5-09kXZD/blib/lib/Konstrukt/Handler.pm line 63.
BEGIN failed--compilation aborted at /home/bri/.cpan/build/Konstrukt-0.5-09kXZD/blib/lib/Konstrukt/Handler.pm line 63.
Compilation failed in require at (eval 8) line 2.
	...propagated at /home/bri/perl5/perlbrew/perls/5.15.8-th/lib/5.15.8/base.pm line 94.
BEGIN failed--compilation aborted at /home/bri/.cpan/build/Konstrukt-0.5-09kXZD/blib/lib/Konstrukt/Handler/Apache.pm line 128.
Compilation failed in require at t/002_core_016_handler_003_apache.t line 30.
# Looks like your test exited with 2 before it could output anything.
t/002_core_016_handler_003_apache.t ..... 
Dubious, test returned 2 (wstat 512, 0x200)
Failed 4/4 subtests 
t/003_plugin_001_template.t ............. ok
t/003_plugins.t ......................... ok
t/004_pod_001_pod.t ..................... ok
defined(@array) is deprecated at /home/bri/perl5/perlbrew/perls/5.15.8-th/lib/5.15.8/CGI.pm line 528.
	(Maybe you should just omit the defined()?)
t/004_pod_002_pod_coverage.t ............ ok

Test Summary Report
-------------------
t/001_load.t                          (Wstat: 1536 Tests: 96 Failed: 6)
  Failed tests:  8, 11-12, 54, 67, 93
  Non-zero exit status: 6
t/002_core_012_session.t              (Wstat: 512 Tests: 0 Failed: 0)
  Non-zero exit status: 2
  Parse errors: Bad plan.  You planned 2 tests but ran 0.
t/002_core_015_handler.t              (Wstat: 512 Tests: 0 Failed: 0)
  Non-zero exit status: 2
  Parse errors: Bad plan.  You planned 9 tests but ran 0.
t/002_core_016_handler_001_file.t     (Wstat: 512 Tests: 0 Failed: 0)
  Non-zero exit status: 2
  Parse errors: Bad plan.  You planned 1 tests but ran 0.
t/002_core_016_handler_002_cgi.t      (Wstat: 512 Tests: 0 Failed: 0)
  Non-zero exit status: 2
  Parse errors: Bad plan.  You planned 1 tests but ran 0.
t/002_core_016_handler_003_apache.t   (Wstat: 512 Tests: 0 Failed: 0)
  Non-zero exit status: 2
  Parse errors: Bad plan.  You planned 4 tests but ran 0.
Files=24, Tests=439,  8 wallclock secs ( 0.17 usr  0.02 sys +  4.21 cusr  0.20 csys =  4.60 CPU)
Result: FAIL
Failed 6/24 test programs. 6/439 subtests failed.

------------------------------
PREREQUISITES
------------------------------

Prerequisite modules loaded:

requires:

    Module              Need   Have    
    ------------------- ------ --------
    CGI                 3      3.50    
    Clone               0.2    0.31    
    Cwd                 0      3.33    
    Date::Calc          5.4    6.3     
    DBI                 1.4    1.618   
    Devel::UseAnyFunc   1      1       
    Digest::SHA         5.32   5.71    
    MIME::Base64        3      3.13    
    perl                v5.6.1 5.015008
    POSIX               1      1.30    
    Storable            2.1    2.30    
    Time::HiRes         1.5    1.9725  
    Time::Local         1      1.2000  
    Time::Zone          2      2.24    

build_requires:

    Module              Need   Have    
    ------------------- ------ --------
    Cwd                 0      3.33    
    Module::Build       0.26   0.40    
    Test::More          0      0.98    
    Test::Pod           0      1.45    
    Test::Pod::Coverage 0      1.08    


------------------------------
ENVIRONMENT AND OTHER CONTEXT
------------------------------

Environment variables:

    AUTOMATED_TESTING = 1
    LANG = C
    LANGUAGE = en_GB:en
    LC_ALL = C
    MANPATH_WITHOUT_PERLBREW = 
    PATH = /home/bri/bin:/home/bri/perl5/perlbrew/bin:/home/bri/perl5/perlbrew/perls/5.15.8-th/bin:~/bin:/usr/local/sbin:/usr/local/bin:/usr/sbin:/usr/bin:/sbin:/bin:/usr/games
    PATH_WITHOUT_PERLBREW = ~/bin:/usr/local/sbin:/usr/local/bin:/usr/sbin:/usr/bin:/sbin:/bin:/usr/games
    PERL5LIB = 
    PERL5OPT = 
    PERL5_CPANPLUS_IS_RUNNING = 4073
    PERL5_CPAN_IS_RUNNING = 4073
    PERL5_CPAN_IS_RUNNING_IN_RECURSION = 2082,4073
    PERLBREW_BASHRC_VERSION = 0.42
    PERLBREW_HOME = /home/bri/.perlbrew
    PERLBREW_MANPATH = /home/bri/perl5/perlbrew/perls/5.15.8-th/man
    PERLBREW_PATH = /home/bri/perl5/perlbrew/bin:/home/bri/perl5/perlbrew/perls/5.15.8-th/bin
    PERLBREW_PERL = 5.15.8-th
    PERLBREW_ROOT = /home/bri/perl5/perlbrew
    PERLBREW_VERSION = 0.42
    PERL_CPANM_OPT = --prompt --mirror http://172.16.1.3/cpan/
    PERL_CR_SMOKER_CURRENT = Konstrukt-0.5-beta6
    PERL_EXTUTILS_AUTOINSTALL = --defaultdeps
    PERL_MM_USE_DEFAULT = 1
    SHELL = /bin/bash
    TERM = linux

Perl special variables (and OS-specific diagnostics, for MSWin32):

    $^X = /home/bri/perl5/perlbrew/perls/5.15.8-th/bin/perl5.15.8
    $UID/$EUID = 1000 / 1000
    $GID = 1000 4 20 24 46 112 120 122 1000
    $EGID = 1000 4 20 24 46 112 120 122 1000

Perl module toolchain versions installed:

    Module              Have    
    ------------------- --------
    CPAN                1.9800  
    CPAN::Meta          2.120630
    Cwd                 3.33    
    ExtUtils::CBuilder  0.280205
    ExtUtils::Command   1.17    
    ExtUtils::Install   1.52    
    ExtUtils::MakeMaker 6.63_02 
    ExtUtils::Manifest  1.60    
    ExtUtils::ParseXS   3.16    
    File::Spec          3.33    
    JSON                2.53    
    JSON::PP            2.27200 
    Module::Build       0.40    
    Module::Signature   n/a     
    Parse::CPAN::Meta   1.4402  
    Test::Harness       3.23    
    Test::More          0.98    
    YAML                0.80    
    YAML::Syck          1.20    
    version             0.96    


--

Summary of my perl5 (revision 5 version 15 subversion 8) configuration:
   
  Platform:
    osname=linux, osvers=2.6.38-11-generic, archname=i686-linux-thread-multi
    uname='linux lappy 2.6.38-11-generic #48-ubuntu smp fri jul 29 19:05:14 utc 2011 i686 i686 i386 gnulinux '
    config_args='-de -Dprefix=/home/bri/perl5/perlbrew/perls/5.15.8-th -Dusethreads -Dusedevel'
    hint=recommended, useposix=true, d_sigaction=define
    useithreads=define, usemultiplicity=define
    useperlio=define, d_sfio=undef, uselargefiles=define, usesocks=undef
    use64bitint=undef, use64bitall=undef, uselongdouble=undef
    usemymalloc=n, bincompat5005=undef
  Compiler:
    cc='cc', ccflags ='-D_REENTRANT -D_GNU_SOURCE -fno-strict-aliasing -pipe -fstack-protector -I/usr/local/include -D_LARGEFILE_SOURCE -D_FILE_OFFSET_BITS=64',
    optimize='-O2',
    cppflags='-D_REENTRANT -D_GNU_SOURCE -fno-strict-aliasing -pipe -fstack-protector -I/usr/local/include'
    ccversion='', gccversion='4.5.2', gccosandvers=''
    intsize=4, longsize=4, ptrsize=4, doublesize=8, byteorder=1234
    d_longlong=define, longlongsize=8, d_longdbl=define, longdblsize=12
    ivtype='long', ivsize=4, nvtype='double', nvsize=8, Off_t='off_t', lseeksize=8
    alignbytes=4, prototype=define
  Linker and Libraries:
    ld='cc', ldflags =' -fstack-protector -L/usr/local/lib'
    libpth=/usr/local/lib /lib /usr/lib /usr/lib/i386-linux-gnu /usr/lib64
    libs=-lnsl -ldl -lm -lcrypt -lutil -lpthread -lc
    perllibs=-lnsl -ldl -lm -lcrypt -lutil -lpthread -lc
    libc=, so=so, useshrplib=false, libperl=libperl.a
    gnulibc_version='2.13'
  Dynamic Linking:
    dlsrc=dl_dlopen.xs, dlext=so, d_dlsymun=undef, ccdlflags='-Wl,-E'
    cccdlflags='-fPIC', lddlflags='-shared -O2 -L/usr/local/lib -fstack-protector'


Characteristics of this binary (from libperl): 
  Compile-time options: HAS_TIMES MULTIPLICITY PERLIO_LAYERS
                        PERL_DONT_CREATE_GVSV PERL_IMPLICIT_CONTEXT
                        PERL_MALLOC_WRAP PERL_PRESERVE_IVUV PERL_USE_DEVEL
                        USE_ITHREADS USE_LARGE_FILES USE_LOCALE
                        USE_LOCALE_COLLATE USE_LOCALE_CTYPE
                        USE_LOCALE_NUMERIC USE_PERLIO USE_PERL_ATOF
                        USE_REENTRANT_API
  Built under linux
  Compiled at Mar 14 2012 10:52:24
  %ENV:
    PERL5LIB=""
    PERL5OPT=""
    PERL5_CPANPLUS_IS_RUNNING="4073"
    PERL5_CPAN_IS_RUNNING="4073"
    PERL5_CPAN_IS_RUNNING_IN_RECURSION="2082,4073"
    PERLBREW_BASHRC_VERSION="0.42"
    PERLBREW_HOME="/home/bri/.perlbrew"
    PERLBREW_MANPATH="/home/bri/perl5/perlbrew/perls/5.15.8-th/man"
    PERLBREW_PATH="/home/bri/perl5/perlbrew/bin:/home/bri/perl5/perlbrew/perls/5.15.8-th/bin"
    PERLBREW_PERL="5.15.8-th"
    PERLBREW_ROOT="/home/bri/perl5/perlbrew"
    PERLBREW_VERSION="0.42"
    PERL_CPANM_OPT="--prompt --mirror http://172.16.1.3/cpan/"
    PERL_CR_SMOKER_CURRENT="Konstrukt-0.5-beta6"
    PERL_EXTUTILS_AUTOINSTALL="--defaultdeps"
    PERL_MM_USE_DEFAULT="1"
  @INC:
    /home/bri/perl5/perlbrew/perls/5.15.8-th/lib/site_perl/5.15.8/i686-linux-thread-multi
    /home/bri/perl5/perlbrew/perls/5.15.8-th/lib/site_perl/5.15.8
    /home/bri/perl5/perlbrew/perls/5.15.8-th/lib/5.15.8/i686-linux-thread-multi
    /home/bri/perl5/perlbrew/perls/5.15.8-th/lib/5.15.8
    .