HTML-Packer v2.09 Perl 5 v5.8.7 x86_64-linux-ld

Status
Na
From
Andreas J. König (ANDK)
Dist
HTML-Packer v2.09
Platform
Perl 5 v5.8.7 x86_64-linux-ld
Date
2019-07-17 07:15:13
ID
9e83679e-a862-11e9-af83-c13c8076829d
This distribution has been tested as part of the CPAN Testers
project, supporting the Perl programming language.  See
http://wiki.cpantesters.org/ for more information or email
questions to cpan-testers-discuss@perl.org


--
Dear Lee Johnson,

This is a computer-generated report for HTML-Packer-2.09
on perl 5.8.7, created by CPAN-Reporter-1.2018.

Thank you for uploading your work to CPAN.  While attempting to build or test
this distribution, the distribution signaled that support is not available
either for this operating system or this version of Perl.  Nevertheless, any
diagnostic output produced is provided below for reference.  If this is not
what you expect, you may wish to consult the CPAN Testers Wiki:

http://wiki.cpantesters.org/wiki/CPANAuthorNotes

Sections of this report:

    * Tester comments
    * Program output
    * Prerequisites
    * Environment and other context

------------------------------
TESTER COMMENTS
------------------------------

Additional comments from tester:

this report is from an automated smoke testing program
and was not reviewed by a human for accuracy

------------------------------
PROGRAM OUTPUT
------------------------------

Output from '/usr/bin/make test':

PERL_DL_NONLAZY=1 "/home/sand/src/perl/repoperls/installed-perls/host/k93msid/perl-5.8.7/8b31/bin/perl" "-MExtUtils::Command::MM" "-MTest::Harness" "-e" "undef *Test::Harness::Switches; test_harness(0, 'blib/lib', 'blib/arch')" t/*.t

#   Failed test 'use HTML::Packer;'
#   at t/00-load.t line 6.
#     Tried to use 'HTML::Packer'.
#     Error:  Perl v5.8.9 required--this is only v5.8.7, stopped at /tmp/loop_over_bdir-8222-ktgVTi/HTML-Packer-2.09-0/blib/lib/HTML/Packer.pm line 3.
# BEGIN failed--compilation aborted at /tmp/loop_over_bdir-8222-ktgVTi/HTML-Packer-2.09-0/blib/lib/HTML/Packer.pm line 3.
# Compilation failed in require at t/00-load.t line 6.
# BEGIN failed--compilation aborted at t/00-load.t line 6.
# Testing HTML::Packer , Perl 5.008007, /home/sand/src/perl/repoperls/installed-perls/host/k93msid/perl-5.8.7/8b31/bin/perl
# Looks like you failed 1 test of 1.
t/00-load.t ............................... 
Dubious, test returned 1 (wstat 256, 0x100)
Failed 1/1 subtests 
Perl v5.8.9 required--this is only v5.8.7, stopped at /tmp/loop_over_bdir-8222-ktgVTi/HTML-Packer-2.09-0/blib/lib/HTML/Packer.pm line 3.
BEGIN failed--compilation aborted at /tmp/loop_over_bdir-8222-ktgVTi/HTML-Packer-2.09-0/blib/lib/HTML/Packer.pm line 3.
Compilation failed in require at t/01-interface.t line 8.
BEGIN failed--compilation aborted at t/01-interface.t line 8.
t/01-interface.t .......................... 
Dubious, test returned 9 (wstat 2304, 0x900)
No subtests run 
Perl v5.8.9 required--this is only v5.8.7, stopped at /tmp/loop_over_bdir-8222-ktgVTi/HTML-Packer-2.09-0/blib/lib/HTML/Packer.pm line 3.
BEGIN failed--compilation aborted at /tmp/loop_over_bdir-8222-ktgVTi/HTML-Packer-2.09-0/blib/lib/HTML/Packer.pm line 3.
Compilation failed in require at t/02-io.t line 91.
BEGIN failed--compilation aborted at t/02-io.t line 91.
t/02-io.t ................................. 
Dubious, test returned 9 (wstat 2304, 0x900)
No subtests run 
Perl v5.8.9 required--this is only v5.8.7, stopped at /tmp/loop_over_bdir-8222-ktgVTi/HTML-Packer-2.09-0/blib/lib/HTML/Packer.pm line 3.
BEGIN failed--compilation aborted at /tmp/loop_over_bdir-8222-ktgVTi/HTML-Packer-2.09-0/blib/lib/HTML/Packer.pm line 3.
Compilation failed in require at t/03-leaks.t line 7.
BEGIN failed--compilation aborted at t/03-leaks.t line 7.
t/03-leaks.t .............................. 
Dubious, test returned 9 (wstat 2304, 0x900)
No subtests run 
Perl v5.8.9 required--this is only v5.8.7, stopped at /tmp/loop_over_bdir-8222-ktgVTi/HTML-Packer-2.09-0/blib/lib/HTML/Packer.pm line 3.
BEGIN failed--compilation aborted at /tmp/loop_over_bdir-8222-ktgVTi/HTML-Packer-2.09-0/blib/lib/HTML/Packer.pm line 3.
Compilation failed in require at t/04-leaks_full.t line 7.
BEGIN failed--compilation aborted at t/04-leaks_full.t line 7.
t/04-leaks_full.t ......................... 
Dubious, test returned 9 (wstat 2304, 0x900)
No subtests run 
Perl v5.8.9 required--this is only v5.8.7, stopped at /tmp/loop_over_bdir-8222-ktgVTi/HTML-Packer-2.09-0/blib/lib/HTML/Packer.pm line 3.
BEGIN failed--compilation aborted at /tmp/loop_over_bdir-8222-ktgVTi/HTML-Packer-2.09-0/blib/lib/HTML/Packer.pm line 3.
Compilation failed in require at t/gh-16_content_security_policy_hashes.t line 6.
BEGIN failed--compilation aborted at t/gh-16_content_security_policy_hashes.t line 6.
t/gh-16_content_security_policy_hashes.t .. 
Dubious, test returned 9 (wstat 2304, 0x900)
No subtests run 
t/gh-6_exempt_some_script_tags.t .......... skipped: HTML::Packer not installed!
t/pod.t ................................... ok

Test Summary Report
-------------------
t/00-load.t                             (Wstat: 256 Tests: 1 Failed: 1)
  Failed test:  1
  Non-zero exit status: 1
t/01-interface.t                        (Wstat: 2304 Tests: 0 Failed: 0)
  Non-zero exit status: 9
  Parse errors: No plan found in TAP output
t/02-io.t                               (Wstat: 2304 Tests: 0 Failed: 0)
  Non-zero exit status: 9
  Parse errors: No plan found in TAP output
t/03-leaks.t                            (Wstat: 2304 Tests: 0 Failed: 0)
  Non-zero exit status: 9
  Parse errors: No plan found in TAP output
t/04-leaks_full.t                       (Wstat: 2304 Tests: 0 Failed: 0)
  Non-zero exit status: 9
  Parse errors: No plan found in TAP output
t/gh-16_content_security_policy_hashes.t (Wstat: 2304 Tests: 0 Failed: 0)
  Non-zero exit status: 9
  Parse errors: No plan found in TAP output
Files=8, Tests=2,  2 wallclock secs ( 0.02 usr  0.04 sys +  0.57 cusr  0.13 csys =  0.76 CPU)
Result: FAIL
Failed 6/8 test programs. 1/2 subtests failed.
make: *** [Makefile:866: test_dynamic] Error 255

------------------------------
PREREQUISITES
------------------------------

Prerequisite modules loaded:

requires:

    Module              Need      Have    
    ------------------- --------- --------
  ! CSS::Packer         2.01      n/a     
    Digest::SHA         0         6.02    
  ! JavaScript::Packer  2.01      n/a     
  ! Regexp::RegGrp      1.001_001 n/a     

build_requires:

    Module              Need      Have    
    ------------------- --------- --------
    Test::More          0         1.302164

configure_requires:

    Module              Need      Have    
    ------------------- --------- --------
    ExtUtils::MakeMaker 0         7.34    


------------------------------
ENVIRONMENT AND OTHER CONTEXT
------------------------------

Environment variables:

    AUTOMATED_TESTING = 1
    LANG = en_US.UTF-8
    PATH = /home/sand/bin:/usr/local/bin:/usr/bin:/bin:/usr/games:/usr/local/perl/bin:/usr/X11/bin:/sbin:/usr/sbin
    PERL5LIB = 
    PERL5OPT = 
    PERL5_CPANPLUS_IS_RUNNING = 8229
    PERL5_CPAN_IS_RUNNING = 8229
    PERL_CANARY_STABILITY_NOPROMPT = 1
    PERL_MM_USE_DEFAULT = 1
    PERL_USE_UNSAFE_INC = 1
    SHELL = /usr/bin/zsh
    TERM = screen

Perl special variables (and OS-specific diagnostics, for MSWin32):

    $^X = /home/sand/src/perl/repoperls/installed-perls/host/k93msid/perl-5.8.7/8b31/bin/perl
    $UID/$EUID = 1005 / 1005
    $GID = 1005 1005
    $EGID = 1005 1005

Perl module toolchain versions installed:

    Module              Have    
    ------------------- --------
    CPAN                2.25    
    CPAN::Meta          2.150010
    Cwd                 3.75    
    ExtUtils::CBuilder  0.280231
    ExtUtils::Command   7.34    
    ExtUtils::Install   2.06    
    ExtUtils::MakeMaker 7.34    
    ExtUtils::Manifest  1.70    
    ExtUtils::ParseXS   3.35    
    File::Spec          3.75    
    JSON                4.02    
    JSON::PP            4.04    
    Module::Build       0.4224  
    Module::Signature   0.83    
    Parse::CPAN::Meta   2.150010
    Test::Harness       3.42    
    Test::More          1.302164
    YAML                n/a     
    YAML::Syck          1.31    
    version             0.9924  


--

Summary of my perl5 (revision 5 version 8 subversion 7) configuration:
  Platform:
    osname=linux, osvers=4.18.0-2-amd64, archname=x86_64-linux-ld
    uname='linux k93msid 4.18.0-2-amd64 #1 smp debian 4.18.10-2 (2018-10-07) x86_64 gnulinux '
    config_args='-Dprefix=/home/sand/src/perl/repoperls/installed-perls/host/k93msid/perl-5.8.7/8b31 -Dmyhostname=k93msid -Dinstallusrbinperl=n -Uversiononly -Dusedevel -des -Ui_db -Dlibswanted=cl pthread socket inet nsl gdbm dbm malloc dl ld sun m crypt sec util c cposix posix ucb BSD gdbm_compat -Uuseithreads -Duselongdouble -Doptimize=-g'
    hint=recommended, useposix=true, d_sigaction=define
    usethreads=undef use5005threads=undef useithreads=undef usemultiplicity=undef
    useperlio=define d_sfio=undef uselargefiles=define usesocks=undef
    use64bitint=define use64bitall=define uselongdouble=define
    usemymalloc=n, bincompat5005=undef
  Compiler:
    cc='cc', ccflags ='-DDEBUGGING -fno-strict-aliasing -pipe -I/usr/local/include -D_LARGEFILE_SOURCE -D_FILE_OFFSET_BITS=64',
    optimize='-g',
    cppflags='-DDEBUGGING -fno-strict-aliasing -pipe -I/usr/local/include'
    ccversion='', gccversion='8.2.0', gccosandvers=''
    intsize=4, longsize=8, ptrsize=8, doublesize=8, byteorder=12345678
    d_longlong=define, longlongsize=8, d_longdbl=define, longdblsize=16
    ivtype='long', ivsize=8, nvtype='long double', nvsize=16, Off_t='off_t', lseeksize=8
    alignbytes=16, prototype=define
  Linker and Libraries:
    ld='cc', ldflags =' -L/usr/local/lib'
    libpth=/usr/local/lib /lib/x86_64-linux-gnu /lib/../lib /usr/lib/x86_64-linux-gnu /usr/lib/../lib /lib /usr/lib
    libs=-lpthread -lnsl -ldl -lm -lcrypt -lutil -lc
    perllibs=-lpthread -lnsl -ldl -lm -lcrypt -lutil -lc
    libc=libc-2.27.so, so=so, useshrplib=false, libperl=libperl.a
    gnulibc_version='2.27'
  Dynamic Linking:
    dlsrc=dl_dlopen.xs, dlext=so, d_dlsymun=undef, ccdlflags='-Wl,-E'
    cccdlflags='-fpic', lddlflags='-shared -L/usr/local/lib'


Characteristics of this binary (from libperl): 
  Compile-time options: DEBUGGING USE_64_BIT_INT USE_64_BIT_ALL
                        USE_LONG_DOUBLE USE_LARGE_FILES
  Built under linux
  Compiled at Dec 29 2018 04:08:53
  %ENV:
    PERL5LIB=""
    PERL5OPT=""
    PERL5_CPANPLUS_IS_RUNNING="8229"
    PERL5_CPAN_IS_RUNNING="8229"
    PERL_CANARY_STABILITY_NOPROMPT="1"
    PERL_MM_USE_DEFAULT="1"
    PERL_USE_UNSAFE_INC="1"
  @INC:
    /home/sand/src/perl/repoperls/installed-perls/host/k93msid/perl-5.8.7/8b31/lib/5.8.7/x86_64-linux-ld
    /home/sand/src/perl/repoperls/installed-perls/host/k93msid/perl-5.8.7/8b31/lib/5.8.7
    /home/sand/src/perl/repoperls/installed-perls/host/k93msid/perl-5.8.7/8b31/lib/site_perl/5.8.7/x86_64-linux-ld
    /home/sand/src/perl/repoperls/installed-perls/host/k93msid/perl-5.8.7/8b31/lib/site_perl/5.8.7
    /home/sand/src/perl/repoperls/installed-perls/host/k93msid/perl-5.8.7/8b31/lib/site_perl
    .