Report for BioX-Workflow-0.18

Back
From: metabase:user:320bfe00-2aae-11df-837a-5e0a49663a4f
Subject: FAIL BioX-Workflow-0.18 v5.23.5 GNU/Linux
Date: 2015-12-10T03:46:39Z

This distribution has been tested as part of the CPAN Testers
project, supporting the Perl programming language.  See
http://wiki.cpantesters.org/ for more information or email
questions to cpan-testers-discuss@perl.org


--
Dear Jillian Rowe,

This is a computer-generated report for BioX-Workflow-0.18
on perl 5.23.5, created by CPAN-Reporter-1.2015.

Thank you for uploading your work to CPAN.  However, there was a problem
testing your distribution.

If you think this report is invalid, please consult the CPAN Testers Wiki
for suggestions on how to avoid getting FAIL reports for missing library
or binary dependencies, unsupported operating systems, and so on:

http://wiki.cpantesters.org/wiki/CPANAuthorNotes

Sections of this report:

    * Tester comments
    * Program output
    * Prerequisites
    * Environment and other context

------------------------------
TESTER COMMENTS
------------------------------

Additional comments from tester:

this report is from an automated smoke testing program
and was not reviewed by a human for accuracy

------------------------------
PROGRAM OUTPUT
------------------------------

Output from './Build test':

t/author-pod-syntax.t .. skipped: these tests are for testing by the author
t/basic.t .............. ok
Can't locate Slurp.pm in @INC (you may need to install the Slurp module) (@INC contains: t/lib /tmp/loop_over_bdir-22464-UX14Gt/BioX-Workflow-0.18-U3AgRE/blib/lib /tmp/loop_over_bdir-22464-UX14Gt/BioX-Workflow-0.18-U3AgRE/blib/arch /home/sand/src/perl/repoperls/installed-perls/perl/v5.23.5/8378/lib/site_perl/5.23.5/x86_64-linux-ld /home/sand/src/perl/repoperls/installed-perls/perl/v5.23.5/8378/lib/site_perl/5.23.5 /home/sand/src/perl/repoperls/installed-perls/perl/v5.23.5/8378/lib/5.23.5/x86_64-linux-ld /home/sand/src/perl/repoperls/installed-perls/perl/v5.23.5/8378/lib/5.23.5 .) at t/lib/TestsFor/BioX/Workflow/Test003.pm line 10.
	TestsFor::BioX::Workflow::Test003::BEGIN() called at t/lib/TestsFor/BioX/Workflow/Test003.pm line 10
	eval {...} called at t/lib/TestsFor/BioX/Workflow/Test003.pm line 10
	require TestsFor/BioX/Workflow/Test003.pm called at (eval 3) line 1
	Test::Class::Moose::Load::BEGIN() called at t/lib/TestsFor/BioX/Workflow/Test003.pm line 10
	eval {...} called at t/lib/TestsFor/BioX/Workflow/Test003.pm line 10
	eval 'use TestsFor::BioX::Workflow::Test003 ()' called at /home/sand/src/perl/repoperls/installed-perls/perl/v5.23.5/8378/lib/site_perl/5.23.5/Test/Class/Moose/Load.pm line 53
	Test::Class::Moose::Load::_load("Test::Class::Moose::Load", "t/lib/TestsFor/BioX/Workflow/Test003.pm", "t/lib") called at /home/sand/src/perl/repoperls/installed-perls/perl/v5.23.5/8378/lib/site_perl/5.23.5/Test/Class/Moose/Load.pm line 67
	Test::Class::Moose::Load::__ANON__() called at /home/sand/src/perl/repoperls/installed-perls/perl/v5.23.5/8378/lib/5.23.5/File/Find.pm line 416
	File::Find::_find_dir(HASH(0x1839928), "t/lib", 3) called at /home/sand/src/perl/repoperls/installed-perls/perl/v5.23.5/8378/lib/5.23.5/File/Find.pm line 236
	File::Find::_find_opt(HASH(0x1839928), "t/lib") called at /home/sand/src/perl/repoperls/installed-perls/perl/v5.23.5/8378/lib/5.23.5/File/Find.pm line 760
	File::Find::find(HASH(0x1839928), "t/lib") called at /home/sand/src/perl/repoperls/installed-perls/perl/v5.23.5/8378/lib/site_perl/5.23.5/Test/Class/Moose/Load.pm line 72
	Test::Class::Moose::Load::import("Test::Class::Moose::Load", "t/lib") called at t/test_class_tests.t line 1
	main::BEGIN() called at t/lib/TestsFor/BioX/Workflow/Test003.pm line 10
	eval {...} called at t/lib/TestsFor/BioX/Workflow/Test003.pm line 10
BEGIN failed--compilation aborted at t/lib/TestsFor/BioX/Workflow/Test003.pm line 10.
	require TestsFor/BioX/Workflow/Test003.pm called at (eval 3) line 1
	Test::Class::Moose::Load::BEGIN() called at t/lib/TestsFor/BioX/Workflow/Test003.pm line 10
	eval {...} called at t/lib/TestsFor/BioX/Workflow/Test003.pm line 10
	eval 'use TestsFor::BioX::Workflow::Test003 ()' called at /home/sand/src/perl/repoperls/installed-perls/perl/v5.23.5/8378/lib/site_perl/5.23.5/Test/Class/Moose/Load.pm line 53
	Test::Class::Moose::Load::_load("Test::Class::Moose::Load", "t/lib/TestsFor/BioX/Workflow/Test003.pm", "t/lib") called at /home/sand/src/perl/repoperls/installed-perls/perl/v5.23.5/8378/lib/site_perl/5.23.5/Test/Class/Moose/Load.pm line 67
	Test::Class::Moose::Load::__ANON__() called at /home/sand/src/perl/repoperls/installed-perls/perl/v5.23.5/8378/lib/5.23.5/File/Find.pm line 416
	File::Find::_find_dir(HASH(0x1839928), "t/lib", 3) called at /home/sand/src/perl/repoperls/installed-perls/perl/v5.23.5/8378/lib/5.23.5/File/Find.pm line 236
	File::Find::_find_opt(HASH(0x1839928), "t/lib") called at /home/sand/src/perl/repoperls/installed-perls/perl/v5.23.5/8378/lib/5.23.5/File/Find.pm line 760
	File::Find::find(HASH(0x1839928), "t/lib") called at /home/sand/src/perl/repoperls/installed-perls/perl/v5.23.5/8378/lib/site_perl/5.23.5/Test/Class/Moose/Load.pm line 72
	Test::Class::Moose::Load::import("Test::Class::Moose::Load", "t/lib") called at t/test_class_tests.t line 1
	main::BEGIN() called at t/lib/TestsFor/BioX/Workflow/Test003.pm line 10
	eval {...} called at t/lib/TestsFor/BioX/Workflow/Test003.pm line 10
Compilation failed in require at (eval 3) line 1.
	Test::Class::Moose::Load::BEGIN() called at (eval 3) line 1
	eval {...} called at (eval 3) line 1
	eval 'use TestsFor::BioX::Workflow::Test003 ()' called at /home/sand/src/perl/repoperls/installed-perls/perl/v5.23.5/8378/lib/site_perl/5.23.5/Test/Class/Moose/Load.pm line 53
	Test::Class::Moose::Load::_load("Test::Class::Moose::Load", "t/lib/TestsFor/BioX/Workflow/Test003.pm", "t/lib") called at /home/sand/src/perl/repoperls/installed-perls/perl/v5.23.5/8378/lib/site_perl/5.23.5/Test/Class/Moose/Load.pm line 67
	Test::Class::Moose::Load::__ANON__() called at /home/sand/src/perl/repoperls/installed-perls/perl/v5.23.5/8378/lib/5.23.5/File/Find.pm line 416
	File::Find::_find_dir(HASH(0x1839928), "t/lib", 3) called at /home/sand/src/perl/repoperls/installed-perls/perl/v5.23.5/8378/lib/5.23.5/File/Find.pm line 236
	File::Find::_find_opt(HASH(0x1839928), "t/lib") called at /home/sand/src/perl/repoperls/installed-perls/perl/v5.23.5/8378/lib/5.23.5/File/Find.pm line 760
	File::Find::find(HASH(0x1839928), "t/lib") called at /home/sand/src/perl/repoperls/installed-perls/perl/v5.23.5/8378/lib/site_perl/5.23.5/Test/Class/Moose/Load.pm line 72
	Test::Class::Moose::Load::import("Test::Class::Moose::Load", "t/lib") called at t/test_class_tests.t line 1
	main::BEGIN() called at (eval 3) line 1
	eval {...} called at (eval 3) line 1
BEGIN failed--compilation aborted at (eval 3) line 1.
	eval 'use TestsFor::BioX::Workflow::Test003 ()' called at /home/sand/src/perl/repoperls/installed-perls/perl/v5.23.5/8378/lib/site_perl/5.23.5/Test/Class/Moose/Load.pm line 53
	Test::Class::Moose::Load::_load("Test::Class::Moose::Load", "t/lib/TestsFor/BioX/Workflow/Test003.pm", "t/lib") called at /home/sand/src/perl/repoperls/installed-perls/perl/v5.23.5/8378/lib/site_perl/5.23.5/Test/Class/Moose/Load.pm line 67
	Test::Class::Moose::Load::__ANON__() called at /home/sand/src/perl/repoperls/installed-perls/perl/v5.23.5/8378/lib/5.23.5/File/Find.pm line 416
	File::Find::_find_dir(HASH(0x1839928), "t/lib", 3) called at /home/sand/src/perl/repoperls/installed-perls/perl/v5.23.5/8378/lib/5.23.5/File/Find.pm line 236
	File::Find::_find_opt(HASH(0x1839928), "t/lib") called at /home/sand/src/perl/repoperls/installed-perls/perl/v5.23.5/8378/lib/5.23.5/File/Find.pm line 760
	File::Find::find(HASH(0x1839928), "t/lib") called at /home/sand/src/perl/repoperls/installed-perls/perl/v5.23.5/8378/lib/site_perl/5.23.5/Test/Class/Moose/Load.pm line 72
	Test::Class::Moose::Load::import("Test::Class::Moose::Load", "t/lib") called at t/test_class_tests.t line 1
	main::BEGIN() called at (eval 3) line 1
	eval {...} called at (eval 3) line 1
BEGIN failed--compilation aborted at t/test_class_tests.t line 1.
t/test_class_tests.t ... 
Dubious, test returned 2 (wstat 512, 0x200)
No subtests run 

Test Summary Report
-------------------
t/test_class_tests.t (Wstat: 512 Tests: 0 Failed: 0)
  Non-zero exit status: 2
  Parse errors: No plan found in TAP output
Files=3, Tests=1, 19 wallclock secs ( 0.04 usr  0.02 sys +  1.86 cusr  0.21 csys =  2.13 CPU)
Result: FAIL
Failed 1/3 test programs. 0/1 subtests failed.

------------------------------
PREREQUISITES
------------------------------

Prerequisite modules loaded:

requires:

    Module                           Need     Have    
    -------------------------------- -------- --------
    BioX::Wrapper                    0        1.5     
    Carp::Always                     0        0.13    
    Class::Load                      0        0.23    
    Cwd                              0        3.60    
    Data::Dumper                     0        2.158   
    Data::Pairs                      0        0.07    
    DateTime                         0        1.21    
    File::Basename                   0        2.85    
    File::Find::Rule                 0        0.34    
    File::Path                       0        2.12    
    Interpolation                    0        0.74    
    IO::File                         0        1.16    
    List::Compare                    0        0.53    
    Moose                            0        2.1604  
    MooseX::Getopt                   0        0.68    
    MooseX::Getopt::Usage            0        0.24    
    MooseX::Getopt::Usage::Role::Man 0        0.24    
    MooseX::Object::Pluggable        0        0.0014  
    MooseX::SimpleConfig             0        0.11    
    perl                             5.008005 5.023005
    Storable                         0        2.54    
    String::CamelCase                0        0.02    
    Text::Template                   0        1.46    
    YAML::XS                         0        0.59    

build_requires:

    Module                           Need     Have    
    -------------------------------- -------- --------
    Module::Build                    0.28     0.4214  
    Test::Class::Moose               0        0.67    
    Test::More                       0        1.001014

configure_requires:

    Module                           Need     Have    
    -------------------------------- -------- --------
    Module::Build                    0.28     0.4214  


------------------------------
ENVIRONMENT AND OTHER CONTEXT
------------------------------

Environment variables:

    AUTOMATED_TESTING = 1
    LANG = en_US.UTF-8
    LANGUAGE = en_US:en
    PATH = /home/sand/bin:/usr/local/bin:/usr/bin:/bin:/usr/games:/usr/local/perl/bin:/usr/X11/bin:/sbin:/usr/sbin
    PERL5LIB = 
    PERL5OPT = 
    PERL5_CPANPLUS_IS_RUNNING = 22465
    PERL5_CPAN_IS_RUNNING = 22465
    PERL_MM_USE_DEFAULT = 1
    SHELL = /usr/bin/zsh
    TERM = screen

Perl special variables (and OS-specific diagnostics, for MSWin32):

    $^X = /home/sand/src/perl/repoperls/installed-perls/perl/v5.23.5/8378/bin/perl
    $UID/$EUID = 1005 / 1005
    $GID = 1005 1005
    $EGID = 1005 1005

Perl module toolchain versions installed:

    Module              Have    
    ------------------- --------
    CPAN                2.11    
    CPAN::Meta          2.150005
    Cwd                 3.60    
    ExtUtils::CBuilder  0.280224
    ExtUtils::Command   7.10    
    ExtUtils::Install   2.04    
    ExtUtils::MakeMaker 7.10    
    ExtUtils::Manifest  1.70    
    ExtUtils::ParseXS   3.30    
    File::Spec          3.60    
    JSON                2.90    
    JSON::PP            2.27300 
    Module::Build       0.4214  
    Module::Signature   0.79    
    Parse::CPAN::Meta   1.4417  
    Test::Harness       3.35    
    Test::More          1.001014
    YAML                1.15    
    YAML::Syck          1.29    
    version             0.9909  


--

Summary of my perl5 (revision 5 version 23 subversion 5) configuration:
  Commit id: e1ad135da437c09f811d4667b8ae1c137ed192a2
  Platform:
    osname=linux, osvers=4.2.0-1-amd64, archname=x86_64-linux-ld
    uname='linux k83 4.2.0-1-amd64 #1 smp debian 4.2.6-2 (2015-12-04) x86_64 gnulinux '
    config_args='-Dprefix=/home/sand/src/perl/repoperls/installed-perls/perl/v5.23.5/8378 -Dmyhostname=k83 -Dinstallusrbinperl=n -Uversiononly -Dusedevel -des -Ui_db -Uuseithreads -Duselongdouble'
    hint=recommended, useposix=true, d_sigaction=define
    useithreads=undef, usemultiplicity=undef
    use64bitint=define, use64bitall=define, uselongdouble=define
    usemymalloc=n, bincompat5005=undef
  Compiler:
    cc='cc', ccflags ='-fwrapv -fno-strict-aliasing -pipe -fstack-protector-strong -I/usr/local/include -D_LARGEFILE_SOURCE -D_FILE_OFFSET_BITS=64 -D_FORTIFY_SOURCE=2',
    optimize='-O2',
    cppflags='-fwrapv -fno-strict-aliasing -pipe -fstack-protector-strong -I/usr/local/include'
    ccversion='', gccversion='5.3.0 20151204', gccosandvers=''
    intsize=4, longsize=8, ptrsize=8, doublesize=8, byteorder=12345678, doublekind=3
    d_longlong=define, longlongsize=8, d_longdbl=define, longdblsize=16, longdblkind=3
    ivtype='long', ivsize=8, nvtype='long double', nvsize=16, Off_t='off_t', lseeksize=8
    alignbytes=16, prototype=define
  Linker and Libraries:
    ld='cc', ldflags =' -fstack-protector-strong -L/usr/local/lib'
    libpth=/usr/local/lib /usr/lib/gcc/x86_64-linux-gnu/5/include-fixed /usr/include/x86_64-linux-gnu /usr/lib /lib/x86_64-linux-gnu /lib/../lib /usr/lib/x86_64-linux-gnu /usr/lib/../lib /lib
    libs=-lpthread -lnsl -lgdbm -ldb -ldl -lm -lcrypt -lutil -lc -lgdbm_compat
    perllibs=-lpthread -lnsl -ldl -lm -lcrypt -lutil -lc
    libc=libc-2.21.so, so=so, useshrplib=false, libperl=libperl.a
    gnulibc_version='2.21'
  Dynamic Linking:
    dlsrc=dl_dlopen.xs, dlext=so, d_dlsymun=undef, ccdlflags='-Wl,-E'
    cccdlflags='-fPIC', lddlflags='-shared -O2 -L/usr/local/lib -fstack-protector-strong'


Characteristics of this binary (from libperl): 
  Compile-time options: HAS_TIMES PERLIO_LAYERS PERL_COPY_ON_WRITE
                        PERL_DONT_CREATE_GVSV
                        PERL_HASH_FUNC_ONE_AT_A_TIME_HARD PERL_MALLOC_WRAP
                        PERL_PRESERVE_IVUV PERL_USE_DEVEL USE_64_BIT_ALL
                        USE_64_BIT_INT USE_LARGE_FILES USE_LOCALE
                        USE_LOCALE_COLLATE USE_LOCALE_CTYPE
                        USE_LOCALE_NUMERIC USE_LOCALE_TIME USE_LONG_DOUBLE
                        USE_PERLIO USE_PERL_ATOF
  Built under linux
  Compiled at Dec  7 2015 02:26:17
  %ENV:
    PERL5LIB=""
    PERL5OPT=""
    PERL5_CPANPLUS_IS_RUNNING="22465"
    PERL5_CPAN_IS_RUNNING="22465"
    PERL_MM_USE_DEFAULT="1"
  @INC:
    /home/sand/src/perl/repoperls/installed-perls/perl/v5.23.5/8378/lib/site_perl/5.23.5/x86_64-linux-ld
    /home/sand/src/perl/repoperls/installed-perls/perl/v5.23.5/8378/lib/site_perl/5.23.5
    /home/sand/src/perl/repoperls/installed-perls/perl/v5.23.5/8378/lib/5.23.5/x86_64-linux-ld
    /home/sand/src/perl/repoperls/installed-perls/perl/v5.23.5/8378/lib/5.23.5
    .