Report for Fey-ORM-0.38

Back
From: metabase:user:320bfe00-2aae-11df-837a-5e0a49663a4f
Subject: FAIL Fey-ORM-0.38 v5.15.6 GNU/Linux
Date: 2011-12-22T09:45:01Z

This distribution has been tested as part of the CPAN Testers
project, supporting the Perl programming language.  See
http://wiki.cpantesters.org/ for more information or email
questions to cpan-testers-discuss@perl.org


--
Dear Dave Rolsky,

This is a computer-generated report for Fey-ORM-0.38
on perl 5.15.6, created by CPAN-Reporter-1.2003.

Thank you for uploading your work to CPAN.  However, there was a problem
testing your distribution.

If you think this report is invalid, please consult the CPAN Testers Wiki
for suggestions on how to avoid getting FAIL reports for missing library
or binary dependencies, unsupported operating systems, and so on:

http://wiki.cpantesters.org/wiki/CPANAuthorNotes

Sections of this report:

    * Tester comments
    * Program output
    * Prerequisites
    * Environment and other context

------------------------------
TESTER COMMENTS
------------------------------

Additional comments from tester:

this report is from an automated smoke testing program
and was not reviewed by a human for accuracy

------------------------------
PROGRAM OUTPUT
------------------------------

Output from '/usr/bin/make test':

PERL_DL_NONLAZY=1 /home/sand/src/perl/repoperls/installed-perls/perl/v5.15.6-20-g7ef9d42/165a/bin/perl "-MExtUtils::Command::MM" "-e" "test_harness(0, 'blib/lib', 'blib/arch')" t/*.t t/Class/*.t t/Object/*.t t/Object/Iterator/*.t t/Object/Iterator/FromSelect/*.t
Can't locate MooseX/StrictConstructor/Role/Meta/Method/Constructor.pm in @INC (@INC contains: t/lib /tmp/loop_over_bdir-RqEYje/Fey-ORM-0.38-UMqk45/blib/lib /tmp/loop_over_bdir-RqEYje/Fey-ORM-0.38-UMqk45/blib/arch /home/src/perl/repoperls/installed-perls/perl/v5.15.6-20-g7ef9d42/165a/lib/site_perl/5.15.6/x86_64-linux /home/src/perl/repoperls/installed-perls/perl/v5.15.6-20-g7ef9d42/165a/lib/site_perl/5.15.6 /home/src/perl/repoperls/installed-perls/perl/v5.15.6-20-g7ef9d42/165a/lib/5.15.6/x86_64-linux /home/src/perl/repoperls/installed-perls/perl/v5.15.6-20-g7ef9d42/165a/lib/5.15.6 .) at /home/src/perl/repoperls/installed-perls/perl/v5.15.6-20-g7ef9d42/165a/lib/site_perl/5.15.6/Module/Runtime.pm line 205.
 at /home/src/perl/repoperls/installed-perls/perl/v5.15.6-20-g7ef9d42/165a/lib/site_perl/5.15.6/x86_64-linux/Moose.pm line 67
Compilation failed in require at /tmp/loop_over_bdir-RqEYje/Fey-ORM-0.38-UMqk45/blib/lib/Fey/Meta/Class/Table.pm line 21.
BEGIN failed--compilation aborted at /tmp/loop_over_bdir-RqEYje/Fey-ORM-0.38-UMqk45/blib/lib/Fey/Meta/Class/Table.pm line 21.
Compilation failed in require at /tmp/loop_over_bdir-RqEYje/Fey-ORM-0.38-UMqk45/blib/lib/Fey/Object/Schema.pm line 10.
BEGIN failed--compilation aborted at /tmp/loop_over_bdir-RqEYje/Fey-ORM-0.38-UMqk45/blib/lib/Fey/Object/Schema.pm line 10.
Compilation failed in require at /tmp/loop_over_bdir-RqEYje/Fey-ORM-0.38-UMqk45/blib/lib/Fey/ORM/Schema.pm line 11.
BEGIN failed--compilation aborted at /tmp/loop_over_bdir-RqEYje/Fey-ORM-0.38-UMqk45/blib/lib/Fey/ORM/Schema.pm line 11.
Compilation failed in require at t/Class/Policy.t line 105.
BEGIN failed--compilation aborted at t/Class/Policy.t line 105.
t/Class/Policy.t ........................ 
Dubious, test returned 2 (wstat 512, 0x200)
No subtests run 
Can't locate MooseX/StrictConstructor/Role/Meta/Method/Constructor.pm in @INC (@INC contains: t/lib /tmp/loop_over_bdir-RqEYje/Fey-ORM-0.38-UMqk45/blib/lib /tmp/loop_over_bdir-RqEYje/Fey-ORM-0.38-UMqk45/blib/arch /home/src/perl/repoperls/installed-perls/perl/v5.15.6-20-g7ef9d42/165a/lib/site_perl/5.15.6/x86_64-linux /home/src/perl/repoperls/installed-perls/perl/v5.15.6-20-g7ef9d42/165a/lib/site_perl/5.15.6 /home/src/perl/repoperls/installed-perls/perl/v5.15.6-20-g7ef9d42/165a/lib/5.15.6/x86_64-linux /home/src/perl/repoperls/installed-perls/perl/v5.15.6-20-g7ef9d42/165a/lib/5.15.6 .) at /home/src/perl/repoperls/installed-perls/perl/v5.15.6-20-g7ef9d42/165a/lib/site_perl/5.15.6/Module/Runtime.pm line 205.
 at /home/src/perl/repoperls/installed-perls/perl/v5.15.6-20-g7ef9d42/165a/lib/site_perl/5.15.6/x86_64-linux/Moose.pm line 67
Compilation failed in require at /tmp/loop_over_bdir-RqEYje/Fey-ORM-0.38-UMqk45/blib/lib/Fey/Meta/Class/Table.pm line 21.
BEGIN failed--compilation aborted at /tmp/loop_over_bdir-RqEYje/Fey-ORM-0.38-UMqk45/blib/lib/Fey/Meta/Class/Table.pm line 21.
Compilation failed in require at /tmp/loop_over_bdir-RqEYje/Fey-ORM-0.38-UMqk45/blib/lib/Fey/Object/Schema.pm line 10.
BEGIN failed--compilation aborted at /tmp/loop_over_bdir-RqEYje/Fey-ORM-0.38-UMqk45/blib/lib/Fey/Object/Schema.pm line 10.
Compilation failed in require at /tmp/loop_over_bdir-RqEYje/Fey-ORM-0.38-UMqk45/blib/lib/Fey/ORM/Schema.pm line 11.
BEGIN failed--compilation aborted at /tmp/loop_over_bdir-RqEYje/Fey-ORM-0.38-UMqk45/blib/lib/Fey/ORM/Schema.pm line 11.
Compilation failed in require at t/Class/Schema.t line 16.
BEGIN failed--compilation aborted at t/Class/Schema.t line 16.
t/Class/Schema.t ........................ 
Dubious, test returned 2 (wstat 512, 0x200)
No subtests run 
Can't locate MooseX/StrictConstructor/Role/Meta/Method/Constructor.pm in @INC (@INC contains: t/lib /tmp/loop_over_bdir-RqEYje/Fey-ORM-0.38-UMqk45/blib/lib /tmp/loop_over_bdir-RqEYje/Fey-ORM-0.38-UMqk45/blib/arch /home/src/perl/repoperls/installed-perls/perl/v5.15.6-20-g7ef9d42/165a/lib/site_perl/5.15.6/x86_64-linux /home/src/perl/repoperls/installed-perls/perl/v5.15.6-20-g7ef9d42/165a/lib/site_perl/5.15.6 /home/src/perl/repoperls/installed-perls/perl/v5.15.6-20-g7ef9d42/165a/lib/5.15.6/x86_64-linux /home/src/perl/repoperls/installed-perls/perl/v5.15.6-20-g7ef9d42/165a/lib/5.15.6 .) at /home/src/perl/repoperls/installed-perls/perl/v5.15.6-20-g7ef9d42/165a/lib/site_perl/5.15.6/Module/Runtime.pm line 205.
 at /home/src/perl/repoperls/installed-perls/perl/v5.15.6-20-g7ef9d42/165a/lib/site_perl/5.15.6/x86_64-linux/Moose.pm line 67
Compilation failed in require at /tmp/loop_over_bdir-RqEYje/Fey-ORM-0.38-UMqk45/blib/lib/Fey/Meta/Class/Table.pm line 21.
BEGIN failed--compilation aborted at /tmp/loop_over_bdir-RqEYje/Fey-ORM-0.38-UMqk45/blib/lib/Fey/Meta/Class/Table.pm line 21.
Compilation failed in require at /tmp/loop_over_bdir-RqEYje/Fey-ORM-0.38-UMqk45/blib/lib/Fey/Object/Schema.pm line 10.
BEGIN failed--compilation aborted at /tmp/loop_over_bdir-RqEYje/Fey-ORM-0.38-UMqk45/blib/lib/Fey/Object/Schema.pm line 10.
Compilation failed in require at /tmp/loop_over_bdir-RqEYje/Fey-ORM-0.38-UMqk45/blib/lib/Fey/ORM/Schema.pm line 11.
BEGIN failed--compilation aborted at /tmp/loop_over_bdir-RqEYje/Fey-ORM-0.38-UMqk45/blib/lib/Fey/ORM/Schema.pm line 11.
Compilation failed in require at t/Class/Table-has_many.t line 17.
BEGIN failed--compilation aborted at t/Class/Table-has_many.t line 17.
t/Class/Table-has_many.t ................ 
Dubious, test returned 2 (wstat 512, 0x200)
No subtests run 
Can't locate MooseX/StrictConstructor/Role/Meta/Method/Constructor.pm in @INC (@INC contains: t/lib /tmp/loop_over_bdir-RqEYje/Fey-ORM-0.38-UMqk45/blib/lib /tmp/loop_over_bdir-RqEYje/Fey-ORM-0.38-UMqk45/blib/arch /home/src/perl/repoperls/installed-perls/perl/v5.15.6-20-g7ef9d42/165a/lib/site_perl/5.15.6/x86_64-linux /home/src/perl/repoperls/installed-perls/perl/v5.15.6-20-g7ef9d42/165a/lib/site_perl/5.15.6 /home/src/perl/repoperls/installed-perls/perl/v5.15.6-20-g7ef9d42/165a/lib/5.15.6/x86_64-linux /home/src/perl/repoperls/installed-perls/perl/v5.15.6-20-g7ef9d42/165a/lib/5.15.6 .) at /home/src/perl/repoperls/installed-perls/perl/v5.15.6-20-g7ef9d42/165a/lib/site_perl/5.15.6/Module/Runtime.pm line 205.
 at /home/src/perl/repoperls/installed-perls/perl/v5.15.6-20-g7ef9d42/165a/lib/site_perl/5.15.6/x86_64-linux/Moose.pm line 67
Compilation failed in require at /tmp/loop_over_bdir-RqEYje/Fey-ORM-0.38-UMqk45/blib/lib/Fey/Meta/Class/Table.pm line 21.
BEGIN failed--compilation aborted at /tmp/loop_over_bdir-RqEYje/Fey-ORM-0.38-UMqk45/blib/lib/Fey/Meta/Class/Table.pm line 21.
Compilation failed in require at /tmp/loop_over_bdir-RqEYje/Fey-ORM-0.38-UMqk45/blib/lib/Fey/Object/Schema.pm line 10.
BEGIN failed--compilation aborted at /tmp/loop_over_bdir-RqEYje/Fey-ORM-0.38-UMqk45/blib/lib/Fey/Object/Schema.pm line 10.
Compilation failed in require at /tmp/loop_over_bdir-RqEYje/Fey-ORM-0.38-UMqk45/blib/lib/Fey/ORM/Schema.pm line 11.
BEGIN failed--compilation aborted at /tmp/loop_over_bdir-RqEYje/Fey-ORM-0.38-UMqk45/blib/lib/Fey/ORM/Schema.pm line 11.
Compilation failed in require at t/Class/Table-has_one.t line 17.
BEGIN failed--compilation aborted at t/Class/Table-has_one.t line 17.
t/Class/Table-has_one.t ................. 
Dubious, test returned 2 (wstat 512, 0x200)
No subtests run 
Can't locate MooseX/StrictConstructor/Role/Meta/Method/Constructor.pm in @INC (@INC contains: t/lib /tmp/loop_over_bdir-RqEYje/Fey-ORM-0.38-UMqk45/blib/lib /tmp/loop_over_bdir-RqEYje/Fey-ORM-0.38-UMqk45/blib/arch /home/src/perl/repoperls/installed-perls/perl/v5.15.6-20-g7ef9d42/165a/lib/site_perl/5.15.6/x86_64-linux /home/src/perl/repoperls/installed-perls/perl/v5.15.6-20-g7ef9d42/165a/lib/site_perl/5.15.6 /home/src/perl/repoperls/installed-perls/perl/v5.15.6-20-g7ef9d42/165a/lib/5.15.6/x86_64-linux /home/src/perl/repoperls/installed-perls/perl/v5.15.6-20-g7ef9d42/165a/lib/5.15.6 .) at /home/src/perl/repoperls/installed-perls/perl/v5.15.6-20-g7ef9d42/165a/lib/site_perl/5.15.6/Module/Runtime.pm line 205.
 at /home/src/perl/repoperls/installed-perls/perl/v5.15.6-20-g7ef9d42/165a/lib/site_perl/5.15.6/x86_64-linux/Moose.pm line 67
Compilation failed in require at /tmp/loop_over_bdir-RqEYje/Fey-ORM-0.38-UMqk45/blib/lib/Fey/Meta/Class/Table.pm line 21.
BEGIN failed--compilation aborted at /tmp/loop_over_bdir-RqEYje/Fey-ORM-0.38-UMqk45/blib/lib/Fey/Meta/Class/Table.pm line 21.
Compilation failed in require at /tmp/loop_over_bdir-RqEYje/Fey-ORM-0.38-UMqk45/blib/lib/Fey/ORM/Table.pm line 11.
BEGIN failed--compilation aborted at /tmp/loop_over_bdir-RqEYje/Fey-ORM-0.38-UMqk45/blib/lib/Fey/ORM/Table.pm line 11.
Compilation failed in require at t/Class/Table.t line 15.
BEGIN failed--compilation aborted at t/Class/Table.t line 15.
t/Class/Table.t ......................... 
Dubious, test returned 2 (wstat 512, 0x200)
No subtests run 
Can't locate MooseX/StrictConstructor/Role/Meta/Method/Constructor.pm in @INC (@INC contains: t/lib /tmp/loop_over_bdir-RqEYje/Fey-ORM-0.38-UMqk45/blib/lib /tmp/loop_over_bdir-RqEYje/Fey-ORM-0.38-UMqk45/blib/arch /home/src/perl/repoperls/installed-perls/perl/v5.15.6-20-g7ef9d42/165a/lib/site_perl/5.15.6/x86_64-linux /home/src/perl/repoperls/installed-perls/perl/v5.15.6-20-g7ef9d42/165a/lib/site_perl/5.15.6 /home/src/perl/repoperls/installed-perls/perl/v5.15.6-20-g7ef9d42/165a/lib/5.15.6/x86_64-linux /home/src/perl/repoperls/installed-perls/perl/v5.15.6-20-g7ef9d42/165a/lib/5.15.6 .) at /home/src/perl/repoperls/installed-perls/perl/v5.15.6-20-g7ef9d42/165a/lib/site_perl/5.15.6/Module/Runtime.pm line 205.
 at /home/src/perl/repoperls/installed-perls/perl/v5.15.6-20-g7ef9d42/165a/lib/site_perl/5.15.6/x86_64-linux/Moose.pm line 67
Compilation failed in require at /tmp/loop_over_bdir-RqEYje/Fey-ORM-0.38-UMqk45/blib/lib/Fey/Meta/Class/Table.pm line 21.
BEGIN failed--compilation aborted at /tmp/loop_over_bdir-RqEYje/Fey-ORM-0.38-UMqk45/blib/lib/Fey/Meta/Class/Table.pm line 21.
Compilation failed in require at /tmp/loop_over_bdir-RqEYje/Fey-ORM-0.38-UMqk45/blib/lib/Fey/Object/Schema.pm line 10.
BEGIN failed--compilation aborted at /tmp/loop_over_bdir-RqEYje/Fey-ORM-0.38-UMqk45/blib/lib/Fey/Object/Schema.pm line 10.
Compilation failed in require at /tmp/loop_over_bdir-RqEYje/Fey-ORM-0.38-UMqk45/blib/lib/Fey/ORM/Schema.pm line 11.
BEGIN failed--compilation aborted at /tmp/loop_over_bdir-RqEYje/Fey-ORM-0.38-UMqk45/blib/lib/Fey/ORM/Schema.pm line 11.
Compilation failed in require at (eval 733) line 4.
BEGIN failed--compilation aborted at (eval 733) line 4.
t/Object/Iterator/FromArray.t ........... 
Dubious, test returned 2 (wstat 512, 0x200)
No subtests run 
Can't locate MooseX/StrictConstructor/Role/Meta/Method/Constructor.pm in @INC (@INC contains: t/lib /tmp/loop_over_bdir-RqEYje/Fey-ORM-0.38-UMqk45/blib/lib /tmp/loop_over_bdir-RqEYje/Fey-ORM-0.38-UMqk45/blib/arch /home/src/perl/repoperls/installed-perls/perl/v5.15.6-20-g7ef9d42/165a/lib/site_perl/5.15.6/x86_64-linux /home/src/perl/repoperls/installed-perls/perl/v5.15.6-20-g7ef9d42/165a/lib/site_perl/5.15.6 /home/src/perl/repoperls/installed-perls/perl/v5.15.6-20-g7ef9d42/165a/lib/5.15.6/x86_64-linux /home/src/perl/repoperls/installed-perls/perl/v5.15.6-20-g7ef9d42/165a/lib/5.15.6 .) at /home/src/perl/repoperls/installed-perls/perl/v5.15.6-20-g7ef9d42/165a/lib/site_perl/5.15.6/Module/Runtime.pm line 205.
 at /home/src/perl/repoperls/installed-perls/perl/v5.15.6-20-g7ef9d42/165a/lib/site_perl/5.15.6/x86_64-linux/Moose.pm line 67
Compilation failed in require at /tmp/loop_over_bdir-RqEYje/Fey-ORM-0.38-UMqk45/blib/lib/Fey/Meta/Class/Table.pm line 21.
BEGIN failed--compilation aborted at /tmp/loop_over_bdir-RqEYje/Fey-ORM-0.38-UMqk45/blib/lib/Fey/Meta/Class/Table.pm line 21.
Compilation failed in require at /tmp/loop_over_bdir-RqEYje/Fey-ORM-0.38-UMqk45/blib/lib/Fey/Object/Schema.pm line 10.
BEGIN failed--compilation aborted at /tmp/loop_over_bdir-RqEYje/Fey-ORM-0.38-UMqk45/blib/lib/Fey/Object/Schema.pm line 10.
Compilation failed in require at /tmp/loop_over_bdir-RqEYje/Fey-ORM-0.38-UMqk45/blib/lib/Fey/ORM/Schema.pm line 11.
BEGIN failed--compilation aborted at /tmp/loop_over_bdir-RqEYje/Fey-ORM-0.38-UMqk45/blib/lib/Fey/ORM/Schema.pm line 11.
Compilation failed in require at (eval 722) line 4.
BEGIN failed--compilation aborted at (eval 722) line 4.
t/Object/Iterator/FromSelect.t .......... 
Dubious, test returned 2 (wstat 512, 0x200)
No subtests run 
Can't locate MooseX/StrictConstructor/Role/Meta/Method/Constructor.pm in @INC (@INC contains: t/lib /tmp/loop_over_bdir-RqEYje/Fey-ORM-0.38-UMqk45/blib/lib /tmp/loop_over_bdir-RqEYje/Fey-ORM-0.38-UMqk45/blib/arch /home/src/perl/repoperls/installed-perls/perl/v5.15.6-20-g7ef9d42/165a/lib/site_perl/5.15.6/x86_64-linux /home/src/perl/repoperls/installed-perls/perl/v5.15.6-20-g7ef9d42/165a/lib/site_perl/5.15.6 /home/src/perl/repoperls/installed-perls/perl/v5.15.6-20-g7ef9d42/165a/lib/5.15.6/x86_64-linux /home/src/perl/repoperls/installed-perls/perl/v5.15.6-20-g7ef9d42/165a/lib/5.15.6 .) at /home/src/perl/repoperls/installed-perls/perl/v5.15.6-20-g7ef9d42/165a/lib/site_perl/5.15.6/Module/Runtime.pm line 205.
 at /home/src/perl/repoperls/installed-perls/perl/v5.15.6-20-g7ef9d42/165a/lib/site_perl/5.15.6/x86_64-linux/Moose.pm line 67
Compilation failed in require at /tmp/loop_over_bdir-RqEYje/Fey-ORM-0.38-UMqk45/blib/lib/Fey/Meta/Class/Table.pm line 21.
BEGIN failed--compilation aborted at /tmp/loop_over_bdir-RqEYje/Fey-ORM-0.38-UMqk45/blib/lib/Fey/Meta/Class/Table.pm line 21.
Compilation failed in require at /tmp/loop_over_bdir-RqEYje/Fey-ORM-0.38-UMqk45/blib/lib/Fey/Object/Schema.pm line 10.
BEGIN failed--compilation aborted at /tmp/loop_over_bdir-RqEYje/Fey-ORM-0.38-UMqk45/blib/lib/Fey/Object/Schema.pm line 10.
Compilation failed in require at /tmp/loop_over_bdir-RqEYje/Fey-ORM-0.38-UMqk45/blib/lib/Fey/ORM/Schema.pm line 11.
BEGIN failed--compilation aborted at /tmp/loop_over_bdir-RqEYje/Fey-ORM-0.38-UMqk45/blib/lib/Fey/ORM/Schema.pm line 11.
Compilation failed in require at (eval 732) line 4.
BEGIN failed--compilation aborted at (eval 732) line 4.
t/Object/Iterator/FromSelect/Caching.t .. 
Dubious, test returned 2 (wstat 512, 0x200)
No subtests run 
Can't locate MooseX/StrictConstructor/Role/Meta/Method/Constructor.pm in @INC (@INC contains: t/lib /tmp/loop_over_bdir-RqEYje/Fey-ORM-0.38-UMqk45/blib/lib /tmp/loop_over_bdir-RqEYje/Fey-ORM-0.38-UMqk45/blib/arch /home/src/perl/repoperls/installed-perls/perl/v5.15.6-20-g7ef9d42/165a/lib/site_perl/5.15.6/x86_64-linux /home/src/perl/repoperls/installed-perls/perl/v5.15.6-20-g7ef9d42/165a/lib/site_perl/5.15.6 /home/src/perl/repoperls/installed-perls/perl/v5.15.6-20-g7ef9d42/165a/lib/5.15.6/x86_64-linux /home/src/perl/repoperls/installed-perls/perl/v5.15.6-20-g7ef9d42/165a/lib/5.15.6 .) at /home/src/perl/repoperls/installed-perls/perl/v5.15.6-20-g7ef9d42/165a/lib/site_perl/5.15.6/Module/Runtime.pm line 205.
 at /home/src/perl/repoperls/installed-perls/perl/v5.15.6-20-g7ef9d42/165a/lib/site_perl/5.15.6/x86_64-linux/Moose.pm line 67
Compilation failed in require at /tmp/loop_over_bdir-RqEYje/Fey-ORM-0.38-UMqk45/blib/lib/Fey/Meta/Class/Table.pm line 21.
BEGIN failed--compilation aborted at /tmp/loop_over_bdir-RqEYje/Fey-ORM-0.38-UMqk45/blib/lib/Fey/Meta/Class/Table.pm line 21.
Compilation failed in require at /tmp/loop_over_bdir-RqEYje/Fey-ORM-0.38-UMqk45/blib/lib/Fey/Object/Schema.pm line 10.
BEGIN failed--compilation aborted at /tmp/loop_over_bdir-RqEYje/Fey-ORM-0.38-UMqk45/blib/lib/Fey/Object/Schema.pm line 10.
Compilation failed in require at /tmp/loop_over_bdir-RqEYje/Fey-ORM-0.38-UMqk45/blib/lib/Fey/ORM/Schema.pm line 11.
BEGIN failed--compilation aborted at /tmp/loop_over_bdir-RqEYje/Fey-ORM-0.38-UMqk45/blib/lib/Fey/ORM/Schema.pm line 11.
Compilation failed in require at (eval 684) line 4.
BEGIN failed--compilation aborted at (eval 684) line 4.
t/Object/Schema.t ....................... 
Dubious, test returned 2 (wstat 512, 0x200)
No subtests run 
Can't locate MooseX/StrictConstructor/Role/Meta/Method/Constructor.pm in @INC (@INC contains: t/lib /tmp/loop_over_bdir-RqEYje/Fey-ORM-0.38-UMqk45/blib/lib /tmp/loop_over_bdir-RqEYje/Fey-ORM-0.38-UMqk45/blib/arch /home/src/perl/repoperls/installed-perls/perl/v5.15.6-20-g7ef9d42/165a/lib/site_perl/5.15.6/x86_64-linux /home/src/perl/repoperls/installed-perls/perl/v5.15.6-20-g7ef9d42/165a/lib/site_perl/5.15.6 /home/src/perl/repoperls/installed-perls/perl/v5.15.6-20-g7ef9d42/165a/lib/5.15.6/x86_64-linux /home/src/perl/repoperls/installed-perls/perl/v5.15.6-20-g7ef9d42/165a/lib/5.15.6 .) at /home/src/perl/repoperls/installed-perls/perl/v5.15.6-20-g7ef9d42/165a/lib/site_perl/5.15.6/Module/Runtime.pm line 205.
 at /home/src/perl/repoperls/installed-perls/perl/v5.15.6-20-g7ef9d42/165a/lib/site_perl/5.15.6/x86_64-linux/Moose.pm line 67
Compilation failed in require at /tmp/loop_over_bdir-RqEYje/Fey-ORM-0.38-UMqk45/blib/lib/Fey/Meta/Class/Table.pm line 21.
BEGIN failed--compilation aborted at /tmp/loop_over_bdir-RqEYje/Fey-ORM-0.38-UMqk45/blib/lib/Fey/Meta/Class/Table.pm line 21.
Compilation failed in require at /tmp/loop_over_bdir-RqEYje/Fey-ORM-0.38-UMqk45/blib/lib/Fey/Object/Schema.pm line 10.
BEGIN failed--compilation aborted at /tmp/loop_over_bdir-RqEYje/Fey-ORM-0.38-UMqk45/blib/lib/Fey/Object/Schema.pm line 10.
Compilation failed in require at /tmp/loop_over_bdir-RqEYje/Fey-ORM-0.38-UMqk45/blib/lib/Fey/ORM/Schema.pm line 11.
BEGIN failed--compilation aborted at /tmp/loop_over_bdir-RqEYje/Fey-ORM-0.38-UMqk45/blib/lib/Fey/ORM/Schema.pm line 11.
Compilation failed in require at (eval 683) line 4.
BEGIN failed--compilation aborted at (eval 683) line 4.
t/Object/Table-cache.t .................. 
Dubious, test returned 2 (wstat 512, 0x200)
No subtests run 
Can't locate MooseX/StrictConstructor/Role/Meta/Method/Constructor.pm in @INC (@INC contains: t/lib /tmp/loop_over_bdir-RqEYje/Fey-ORM-0.38-UMqk45/blib/lib /tmp/loop_over_bdir-RqEYje/Fey-ORM-0.38-UMqk45/blib/arch /home/src/perl/repoperls/installed-perls/perl/v5.15.6-20-g7ef9d42/165a/lib/site_perl/5.15.6/x86_64-linux /home/src/perl/repoperls/installed-perls/perl/v5.15.6-20-g7ef9d42/165a/lib/site_perl/5.15.6 /home/src/perl/repoperls/installed-perls/perl/v5.15.6-20-g7ef9d42/165a/lib/5.15.6/x86_64-linux /home/src/perl/repoperls/installed-perls/perl/v5.15.6-20-g7ef9d42/165a/lib/5.15.6 .) at /home/src/perl/repoperls/installed-perls/perl/v5.15.6-20-g7ef9d42/165a/lib/site_perl/5.15.6/Module/Runtime.pm line 205.
 at /home/src/perl/repoperls/installed-perls/perl/v5.15.6-20-g7ef9d42/165a/lib/site_perl/5.15.6/x86_64-linux/Moose.pm line 67
Compilation failed in require at /tmp/loop_over_bdir-RqEYje/Fey-ORM-0.38-UMqk45/blib/lib/Fey/Meta/Class/Table.pm line 21.
BEGIN failed--compilation aborted at /tmp/loop_over_bdir-RqEYje/Fey-ORM-0.38-UMqk45/blib/lib/Fey/Meta/Class/Table.pm line 21.
Compilation failed in require at /tmp/loop_over_bdir-RqEYje/Fey-ORM-0.38-UMqk45/blib/lib/Fey/ORM/Table.pm line 11.
BEGIN failed--compilation aborted at /tmp/loop_over_bdir-RqEYje/Fey-ORM-0.38-UMqk45/blib/lib/Fey/ORM/Table.pm line 11.
Compilation failed in require at t/Object/Table-has_many.t line 19.
BEGIN failed--compilation aborted at t/Object/Table-has_many.t line 19.
t/Object/Table-has_many.t ............... 
Dubious, test returned 2 (wstat 512, 0x200)
No subtests run 
Can't locate MooseX/StrictConstructor/Role/Meta/Method/Constructor.pm in @INC (@INC contains: t/lib /tmp/loop_over_bdir-RqEYje/Fey-ORM-0.38-UMqk45/blib/lib /tmp/loop_over_bdir-RqEYje/Fey-ORM-0.38-UMqk45/blib/arch /home/src/perl/repoperls/installed-perls/perl/v5.15.6-20-g7ef9d42/165a/lib/site_perl/5.15.6/x86_64-linux /home/src/perl/repoperls/installed-perls/perl/v5.15.6-20-g7ef9d42/165a/lib/site_perl/5.15.6 /home/src/perl/repoperls/installed-perls/perl/v5.15.6-20-g7ef9d42/165a/lib/5.15.6/x86_64-linux /home/src/perl/repoperls/installed-perls/perl/v5.15.6-20-g7ef9d42/165a/lib/5.15.6 .) at /home/src/perl/repoperls/installed-perls/perl/v5.15.6-20-g7ef9d42/165a/lib/site_perl/5.15.6/Module/Runtime.pm line 205.
 at /home/src/perl/repoperls/installed-perls/perl/v5.15.6-20-g7ef9d42/165a/lib/site_perl/5.15.6/x86_64-linux/Moose.pm line 67
Compilation failed in require at /tmp/loop_over_bdir-RqEYje/Fey-ORM-0.38-UMqk45/blib/lib/Fey/Meta/Class/Table.pm line 21.
BEGIN failed--compilation aborted at /tmp/loop_over_bdir-RqEYje/Fey-ORM-0.38-UMqk45/blib/lib/Fey/Meta/Class/Table.pm line 21.
Compilation failed in require at /tmp/loop_over_bdir-RqEYje/Fey-ORM-0.38-UMqk45/blib/lib/Fey/ORM/Table.pm line 11.
BEGIN failed--compilation aborted at /tmp/loop_over_bdir-RqEYje/Fey-ORM-0.38-UMqk45/blib/lib/Fey/ORM/Table.pm line 11.
Compilation failed in require at t/Object/Table-has_one.t line 19.
BEGIN failed--compilation aborted at t/Object/Table-has_one.t line 19.
t/Object/Table-has_one.t ................ 
Dubious, test returned 2 (wstat 512, 0x200)
No subtests run 
Can't locate MooseX/StrictConstructor/Role/Meta/Method/Constructor.pm in @INC (@INC contains: t/lib /tmp/loop_over_bdir-RqEYje/Fey-ORM-0.38-UMqk45/blib/lib /tmp/loop_over_bdir-RqEYje/Fey-ORM-0.38-UMqk45/blib/arch /home/src/perl/repoperls/installed-perls/perl/v5.15.6-20-g7ef9d42/165a/lib/site_perl/5.15.6/x86_64-linux /home/src/perl/repoperls/installed-perls/perl/v5.15.6-20-g7ef9d42/165a/lib/site_perl/5.15.6 /home/src/perl/repoperls/installed-perls/perl/v5.15.6-20-g7ef9d42/165a/lib/5.15.6/x86_64-linux /home/src/perl/repoperls/installed-perls/perl/v5.15.6-20-g7ef9d42/165a/lib/5.15.6 .) at /home/src/perl/repoperls/installed-perls/perl/v5.15.6-20-g7ef9d42/165a/lib/site_perl/5.15.6/Module/Runtime.pm line 205.
 at /home/src/perl/repoperls/installed-perls/perl/v5.15.6-20-g7ef9d42/165a/lib/site_perl/5.15.6/x86_64-linux/Moose.pm line 67
Compilation failed in require at /tmp/loop_over_bdir-RqEYje/Fey-ORM-0.38-UMqk45/blib/lib/Fey/Meta/Class/Table.pm line 21.
BEGIN failed--compilation aborted at /tmp/loop_over_bdir-RqEYje/Fey-ORM-0.38-UMqk45/blib/lib/Fey/Meta/Class/Table.pm line 21.
Compilation failed in require at /tmp/loop_over_bdir-RqEYje/Fey-ORM-0.38-UMqk45/blib/lib/Fey/ORM/Table.pm line 11.
BEGIN failed--compilation aborted at /tmp/loop_over_bdir-RqEYje/Fey-ORM-0.38-UMqk45/blib/lib/Fey/ORM/Table.pm line 11.
Compilation failed in require at t/Object/Table-query-method.t line 18.
BEGIN failed--compilation aborted at t/Object/Table-query-method.t line 18.
t/Object/Table-query-method.t ........... 
Dubious, test returned 2 (wstat 512, 0x200)
No subtests run 
Can't locate MooseX/StrictConstructor/Role/Meta/Method/Constructor.pm in @INC (@INC contains: t/lib /tmp/loop_over_bdir-RqEYje/Fey-ORM-0.38-UMqk45/blib/lib /tmp/loop_over_bdir-RqEYje/Fey-ORM-0.38-UMqk45/blib/arch /home/src/perl/repoperls/installed-perls/perl/v5.15.6-20-g7ef9d42/165a/lib/site_perl/5.15.6/x86_64-linux /home/src/perl/repoperls/installed-perls/perl/v5.15.6-20-g7ef9d42/165a/lib/site_perl/5.15.6 /home/src/perl/repoperls/installed-perls/perl/v5.15.6-20-g7ef9d42/165a/lib/5.15.6/x86_64-linux /home/src/perl/repoperls/installed-perls/perl/v5.15.6-20-g7ef9d42/165a/lib/5.15.6 .) at /home/src/perl/repoperls/installed-perls/perl/v5.15.6-20-g7ef9d42/165a/lib/site_perl/5.15.6/Module/Runtime.pm line 205.
 at /home/src/perl/repoperls/installed-perls/perl/v5.15.6-20-g7ef9d42/165a/lib/site_perl/5.15.6/x86_64-linux/Moose.pm line 67
Compilation failed in require at /tmp/loop_over_bdir-RqEYje/Fey-ORM-0.38-UMqk45/blib/lib/Fey/Meta/Class/Table.pm line 21.
BEGIN failed--compilation aborted at /tmp/loop_over_bdir-RqEYje/Fey-ORM-0.38-UMqk45/blib/lib/Fey/Meta/Class/Table.pm line 21.
Compilation failed in require at /tmp/loop_over_bdir-RqEYje/Fey-ORM-0.38-UMqk45/blib/lib/Fey/ORM/Table.pm line 11.
BEGIN failed--compilation aborted at /tmp/loop_over_bdir-RqEYje/Fey-ORM-0.38-UMqk45/blib/lib/Fey/ORM/Table.pm line 11.
Compilation failed in require at t/Object/Table-select-attr.t line 18.
BEGIN failed--compilation aborted at t/Object/Table-select-attr.t line 18.
t/Object/Table-select-attr.t ............ 
Dubious, test returned 2 (wstat 512, 0x200)
No subtests run 
Can't locate MooseX/StrictConstructor/Role/Meta/Method/Constructor.pm in @INC (@INC contains: t/lib /tmp/loop_over_bdir-RqEYje/Fey-ORM-0.38-UMqk45/blib/lib /tmp/loop_over_bdir-RqEYje/Fey-ORM-0.38-UMqk45/blib/arch /home/src/perl/repoperls/installed-perls/perl/v5.15.6-20-g7ef9d42/165a/lib/site_perl/5.15.6/x86_64-linux /home/src/perl/repoperls/installed-perls/perl/v5.15.6-20-g7ef9d42/165a/lib/site_perl/5.15.6 /home/src/perl/repoperls/installed-perls/perl/v5.15.6-20-g7ef9d42/165a/lib/5.15.6/x86_64-linux /home/src/perl/repoperls/installed-perls/perl/v5.15.6-20-g7ef9d42/165a/lib/5.15.6 .) at /home/src/perl/repoperls/installed-perls/perl/v5.15.6-20-g7ef9d42/165a/lib/site_perl/5.15.6/Module/Runtime.pm line 205.
 at /home/src/perl/repoperls/installed-perls/perl/v5.15.6-20-g7ef9d42/165a/lib/site_perl/5.15.6/x86_64-linux/Moose.pm line 67
Compilation failed in require at /tmp/loop_over_bdir-RqEYje/Fey-ORM-0.38-UMqk45/blib/lib/Fey/Meta/Class/Table.pm line 21.
BEGIN failed--compilation aborted at /tmp/loop_over_bdir-RqEYje/Fey-ORM-0.38-UMqk45/blib/lib/Fey/Meta/Class/Table.pm line 21.
Compilation failed in require at /tmp/loop_over_bdir-RqEYje/Fey-ORM-0.38-UMqk45/blib/lib/Fey/ORM/Table.pm line 11.
BEGIN failed--compilation aborted at /tmp/loop_over_bdir-RqEYje/Fey-ORM-0.38-UMqk45/blib/lib/Fey/ORM/Table.pm line 11.
Compilation failed in require at t/Object/Table.t line 392.
BEGIN failed--compilation aborted at t/Object/Table.t line 392.
t/Object/Table.t ........................ 
Dubious, test returned 2 (wstat 512, 0x200)
No subtests run 
t/release-eol.t ......................... skipped: these tests are for release candidate testing
t/release-kwalitee.t .................... skipped: these tests are for release candidate testing
t/release-no-tabs.t ..................... skipped: these tests are for release candidate testing

Test Summary Report
-------------------
t/Class/Policy.t                      (Wstat: 512 Tests: 0 Failed: 0)
  Non-zero exit status: 2
  Parse errors: No plan found in TAP output
t/Class/Schema.t                      (Wstat: 512 Tests: 0 Failed: 0)
  Non-zero exit status: 2
  Parse errors: No plan found in TAP output
t/Class/Table-has_many.t              (Wstat: 512 Tests: 0 Failed: 0)
  Non-zero exit status: 2
  Parse errors: No plan found in TAP output
t/Class/Table-has_one.t               (Wstat: 512 Tests: 0 Failed: 0)
  Non-zero exit status: 2
  Parse errors: No plan found in TAP output
t/Class/Table.t                       (Wstat: 512 Tests: 0 Failed: 0)
  Non-zero exit status: 2
  Parse errors: No plan found in TAP output
t/Object/Iterator/FromArray.t         (Wstat: 512 Tests: 0 Failed: 0)
  Non-zero exit status: 2
  Parse errors: No plan found in TAP output
t/Object/Iterator/FromSelect.t        (Wstat: 512 Tests: 0 Failed: 0)
  Non-zero exit status: 2
  Parse errors: No plan found in TAP output
t/Object/Iterator/FromSelect/Caching.t (Wstat: 512 Tests: 0 Failed: 0)
  Non-zero exit status: 2
  Parse errors: No plan found in TAP output
t/Object/Schema.t                     (Wstat: 512 Tests: 0 Failed: 0)
  Non-zero exit status: 2
  Parse errors: No plan found in TAP output
t/Object/Table-cache.t                (Wstat: 512 Tests: 0 Failed: 0)
  Non-zero exit status: 2
  Parse errors: No plan found in TAP output
t/Object/Table-has_many.t             (Wstat: 512 Tests: 0 Failed: 0)
  Non-zero exit status: 2
  Parse errors: No plan found in TAP output
t/Object/Table-has_one.t              (Wstat: 512 Tests: 0 Failed: 0)
  Non-zero exit status: 2
  Parse errors: No plan found in TAP output
t/Object/Table-query-method.t         (Wstat: 512 Tests: 0 Failed: 0)
  Non-zero exit status: 2
  Parse errors: No plan found in TAP output
t/Object/Table-select-attr.t          (Wstat: 512 Tests: 0 Failed: 0)
  Non-zero exit status: 2
  Parse errors: No plan found in TAP output
t/Object/Table.t                      (Wstat: 512 Tests: 0 Failed: 0)
  Non-zero exit status: 2
  Parse errors: No plan found in TAP output
Files=18, Tests=0, 16 wallclock secs ( 0.06 usr  0.01 sys + 14.27 cusr  0.53 csys = 14.87 CPU)
Result: FAIL
Failed 15/18 test programs. 0/0 subtests failed.
make: *** [test_dynamic] Error 255

------------------------------
PREREQUISITES
------------------------------

Prerequisite modules loaded:

requires:

    Module                         Need Have   
    ------------------------------ ---- -------
    Devel::GlobalDestruction       0    0.04   
    Exception::Class               0    1.32   
    Fey                            0.39 0.40   
    Fey::DBIManager                0.07 0.16   
    List::AllUtils                 0    0.02   
    Moose                          1.15 2.0401 
    MooseX::ClassAttribute         0.17 0.26   
    MooseX::SemiAffordanceAccessor 0    0.09   
    MooseX::StrictConstructor      0.08 0.16   
    namespace::autoclean           0    0.13   
    Object::ID                     0    v0.1.2 
    Scalar::Util                   0    1.23   
    Sub::Exporter                  0    0.982  

build_requires:

    Module                         Need Have   
    ------------------------------ ---- -------
    Fey::Test                      0.05 0.10   
    Test::Exception                0    0.31   
    Test::More                     0.88 0.98   

configure_requires:

    Module                         Need Have   
    ------------------------------ ---- -------
    ExtUtils::MakeMaker            6.31 6.63_02


------------------------------
ENVIRONMENT AND OTHER CONTEXT
------------------------------

Environment variables:

    AUTOMATED_TESTING = 1
    LANG = en_US.UTF-8
    LANGUAGE = en_US:en
    PATH = /home/sand/bin:/usr/local/bin:/usr/bin:/bin:/usr/bin/X11:/usr/games:/usr/local/perl/bin:/usr/X11/bin:/sbin:/usr/sbin
    PERL5LIB = 
    PERL5OPT = 
    PERL5_CPANPLUS_IS_RUNNING = 11625
    PERL5_CPAN_IS_RUNNING = 11625
    PERL_MM_USE_DEFAULT = 1
    SHELL = /usr/bin/zsh
    TERM = screen

Perl special variables (and OS-specific diagnostics, for MSWin32):

    $^X = /home/sand/src/perl/repoperls/installed-perls/perl/v5.15.6-20-g7ef9d42/165a/bin/perl
    $UID/$EUID = 1005 / 1005
    $GID = 1005 1005
    $EGID = 1005 1005

Perl module toolchain versions installed:

    Module              Have    
    ------------------- --------
    CPAN                1.9800  
    CPAN::Meta          2.112621
    Cwd                 3.39_01 
    ExtUtils::CBuilder  0.280205
    ExtUtils::Command   1.17    
    ExtUtils::Install   1.57    
    ExtUtils::MakeMaker 6.63_02 
    ExtUtils::Manifest  1.60    
    ExtUtils::ParseXS   3.08    
    File::Spec          3.39_01 
    JSON                2.53    
    JSON::PP            2.27200 
    Module::Build       0.39_01 
    Module::Signature   0.68    
    Parse::CPAN::Meta   1.4401  
    Test::Harness       3.23    
    Test::More          0.98    
    YAML                n/a     
    YAML::Syck          1.19    
    version             0.95    


--

Summary of my perl5 (revision 5 version 15 subversion 6) configuration:
  Commit id: 7ef9d42cef95562593dd30e0fab41e7e09fd0e0e
  Platform:
    osname=linux, osvers=2.6.32-5-amd64, archname=x86_64-linux
    uname='linux k83 2.6.32-5-amd64 #1 smp thu nov 3 03:41:26 utc 2011 x86_64 gnulinux '
    config_args='-Dprefix=/home/src/perl/repoperls/installed-perls/perl/v5.15.6-20-g7ef9d42/165a -Dmyhostname=k83 -Dinstallusrbinperl=n -Uversiononly -Dusedevel -des -Ui_db -Uuseithreads -Uuselongdouble -DDEBUGGING=-g'
    hint=recommended, useposix=true, d_sigaction=define
    useithreads=undef, usemultiplicity=undef
    useperlio=define, d_sfio=undef, uselargefiles=define, usesocks=undef
    use64bitint=define, use64bitall=define, uselongdouble=undef
    usemymalloc=n, bincompat5005=undef
  Compiler:
    cc='cc', ccflags ='-fno-strict-aliasing -pipe -fstack-protector -I/usr/local/include -D_LARGEFILE_SOURCE -D_FILE_OFFSET_BITS=64',
    optimize='-O2 -g',
    cppflags='-fno-strict-aliasing -pipe -fstack-protector -I/usr/local/include'
    ccversion='', gccversion='4.4.5', gccosandvers=''
    intsize=4, longsize=8, ptrsize=8, doublesize=8, byteorder=12345678
    d_longlong=define, longlongsize=8, d_longdbl=define, longdblsize=16
    ivtype='long', ivsize=8, nvtype='double', nvsize=8, Off_t='off_t', lseeksize=8
    alignbytes=8, prototype=define
  Linker and Libraries:
    ld='cc', ldflags =' -fstack-protector -L/usr/local/lib'
    libpth=/usr/local/lib /lib/../lib /usr/lib/../lib /lib /usr/lib /lib64 /usr/lib64
    libs=-lnsl -ldb -ldl -lm -lcrypt -lutil -lc
    perllibs=-lnsl -ldl -lm -lcrypt -lutil -lc
    libc=/lib/libc-2.11.2.so, so=so, useshrplib=false, libperl=libperl.a
    gnulibc_version='2.11.2'
  Dynamic Linking:
    dlsrc=dl_dlopen.xs, dlext=so, d_dlsymun=undef, ccdlflags='-Wl,-E'
    cccdlflags='-fPIC', lddlflags='-shared -O2 -g -L/usr/local/lib -fstack-protector'


Characteristics of this binary (from libperl): 
  Compile-time options: HAS_TIMES PERLIO_LAYERS PERL_DONT_CREATE_GVSV
                        PERL_MALLOC_WRAP PERL_PRESERVE_IVUV PERL_USE_DEVEL
                        USE_64_BIT_ALL USE_64_BIT_INT USE_LARGE_FILES
                        USE_LOCALE USE_LOCALE_COLLATE USE_LOCALE_CTYPE
                        USE_LOCALE_NUMERIC USE_PERLIO USE_PERL_ATOF
  Built under linux
  Compiled at Dec 21 2011 08:52:28
  %ENV:
    PERL5LIB=""
    PERL5OPT=""
    PERL5_CPANPLUS_IS_RUNNING="11625"
    PERL5_CPAN_IS_RUNNING="11625"
    PERL_MM_USE_DEFAULT="1"
  @INC:
    /home/src/perl/repoperls/installed-perls/perl/v5.15.6-20-g7ef9d42/165a/lib/site_perl/5.15.6/x86_64-linux
    /home/src/perl/repoperls/installed-perls/perl/v5.15.6-20-g7ef9d42/165a/lib/site_perl/5.15.6
    /home/src/perl/repoperls/installed-perls/perl/v5.15.6-20-g7ef9d42/165a/lib/5.15.6/x86_64-linux
    /home/src/perl/repoperls/installed-perls/perl/v5.15.6-20-g7ef9d42/165a/lib/5.15.6
    .