Dpkg v1.22.6 Perl 5 v5.40.0 RC1 amd64-freebsd-thread-multi

Status
Fail
From
Carlos Guevara
Dist
Dpkg v1.22.6
Platform
Perl 5 v5.40.0 RC1 amd64-freebsd-thread-multi
Date
2024-06-03 03:23:16
ID
9e44e82e-2158-11ef-8edb-dedda1a48e3a
This distribution has been tested as part of the CPAN Testers
project, supporting the Perl programming language.  See
http://wiki.cpantesters.org/ for more information or email
questions to cpan-testers-discuss@perl.org


--
Dear Guillem Jover,

This is a computer-generated report for Dpkg-1.22.6
on perl 5.40.0, created by CPAN-Reporter-1.2019.

Thank you for uploading your work to CPAN.  However, there was a problem
testing your distribution.

If you think this report is invalid, please consult the CPAN Testers Wiki
for suggestions on how to avoid getting FAIL reports for missing library
or binary dependencies, unsupported operating systems, and so on:

http://wiki.cpantesters.org/wiki/CPANAuthorNotes

Sections of this report:

    * Tester comments
    * Program output
    * Prerequisites
    * Environment and other context

------------------------------
TESTER COMMENTS
------------------------------

Additional comments from tester:

none provided

------------------------------
PROGRAM OUTPUT
------------------------------

Output from './Build test':

t/Dpkg_Arch.t ................ ok
t/Dpkg_BuildAPI.t ............ ok
t/Dpkg_BuildEnv.t ............ ok
t/Dpkg_BuildFlags.t .......... ok
t/Dpkg_BuildFlags_Ubuntu.t ... ok
t/Dpkg_BuildInfo.t ........... ok
t/Dpkg_BuildOptions.t ........ ok
t/Dpkg_BuildProfiles.t ....... ok
t/Dpkg_BuildTree.t ........... ok
t/Dpkg_BuildTypes.t .......... ok
t/Dpkg_Changelog.t ........... ok
t/Dpkg_Changelog_Ubuntu.t .... ok
t/Dpkg_Checksums.t ........... ok
t/Dpkg_Compression.t ......... ok
t/Dpkg_Conf.t ................ ok
t/Dpkg_Control.t ............. ok
t/Dpkg_Control_Fields.t ...... ok
t/Dpkg_Control_Tests.t ....... ok
t/Dpkg_Deps.t ................ ok
t/Dpkg_Dist_Files.t .......... ok
t/Dpkg_ErrorHandling.t ....... ok
t/Dpkg_Exit.t ................ ok
t/Dpkg_File.t ................ ok
t/Dpkg_Getopt.t .............. ok
t/Dpkg_Gettext.t ............. ok
t/Dpkg_IPC.t ................. ok
t/Dpkg_Index.t ............... ok
t/Dpkg_Interface_Storable.t .. ok
t/Dpkg_Lock.t ................ ok
t/Dpkg_OpenPGP.t ............. ok
t/Dpkg_OpenPGP_KeyHandle.t ... ok
t/Dpkg_Package.t ............. ok
t/Dpkg_Path.t ................ ok
t/Dpkg_Shlibs.t .............. ok

#   Failed test 'mass c++ demangling (1x10)'
#   at t/Dpkg_Shlibs_Cppfilt.t line 88.
#          got: '00000000002f40a0  w   DO .data.rel.ro   0000000000000020  GLIBCXX_3.4 VTT for std::basic_ifstream<wchar_t, std::char_traits<wchar_t>>'
#     expected: '00000000002f40a0  w   DO .data.rel.ro   0000000000000020  GLIBCXX_3.4 VTT for std::basic_ifstream<wchar_t, std::char_traits<wchar_t> >'

#   Failed test 'mass c++ demangling (1x12)'
#   at t/Dpkg_Shlibs_Cppfilt.t line 88.
#          got: '00000000000bdc20  w   DF .text  0000000000000024  GLIBCXX_3.4 std::basic_string<wchar_t, std::char_traits<wchar_t>, std::allocator<wchar_t>>::basic_string(wchar_t const*, unsigned long, std::allocator<wchar_t> const&)'
#     expected: '00000000000bdc20  w   DF .text  0000000000000024  GLIBCXX_3.4 std::basic_string<wchar_t, std::char_traits<wchar_t>, std::allocator<wchar_t> >::basic_string(wchar_t const*, unsigned long, std::allocator<wchar_t> const&)'

#   Failed test 'mass c++ demangling (1x14)'
#   at t/Dpkg_Shlibs_Cppfilt.t line 88.
#          got: '00000000000898b0  w   DF .text  0000000000000255  GLIBCXX_3.4 std::time_put<char, std::ostreambuf_iterator<char, std::char_traits<char>>>::put(std::ostreambuf_iterator<char, std::char_traits<char>>, std::ios_base&, char, tm const*, char const*, char const*) const'
#     expected: '00000000000898b0  w   DF .text  0000000000000255  GLIBCXX_3.4 std::time_put<char, std::ostreambuf_iterator<char, std::char_traits<char> > >::put(std::ostreambuf_iterator<char, std::char_traits<char> >, std::ios_base&, char, tm const*, char const*, char const*) const'

#   Failed test 'mass c++ demangling (1x16)'
#   at t/Dpkg_Shlibs_Cppfilt.t line 88.
#          got: '00000000000666a0 g    DF .text  000000000000003f  std::tr1::hash<std::basic_string<wchar_t, std::char_traits<wchar_t>, std::allocator<wchar_t>> const&>::operator()(std::basic_string<wchar_t, std::char_traits<wchar_t>, std::allocator<wchar_t>> const&) const@GLIBCXX_3.4.10'
#     expected: '00000000000666a0 g    DF .text  000000000000003f  std::tr1::hash<std::basic_string<wchar_t, std::char_traits<wchar_t>, std::allocator<wchar_t> > const&>::operator()(std::basic_string<wchar_t, std::char_traits<wchar_t>, std::allocator<wchar_t> > const&) const@GLIBCXX_3.4.10'

#   Failed test 'mass c++ demangling (1x17)'
#   at t/Dpkg_Shlibs_Cppfilt.t line 88.
#          got: '00000000002f6160  w   DO .data.rel.ro   0000000000000050  VTT for std::basic_stringstream<char, std::char_traits<char>, std::allocator<char>>@GLIBCXX_3.4'
#     expected: '00000000002f6160  w   DO .data.rel.ro   0000000000000050  VTT for std::basic_stringstream<char, std::char_traits<char>, std::allocator<char> >@GLIBCXX_3.4'

#   Failed test 'mass c++ demangling (2x10)'
#   at t/Dpkg_Shlibs_Cppfilt.t line 88.
#          got: '00000000002f40a0  w   DO .data.rel.ro   0000000000000020  GLIBCXX_3.4 VTT for std::basic_ifstream<wchar_t, std::char_traits<wchar_t>>'
#     expected: '00000000002f40a0  w   DO .data.rel.ro   0000000000000020  GLIBCXX_3.4 VTT for std::basic_ifstream<wchar_t, std::char_traits<wchar_t> >'

#   Failed test 'mass c++ demangling (2x12)'
#   at t/Dpkg_Shlibs_Cppfilt.t line 88.
#          got: '00000000000bdc20  w   DF .text  0000000000000024  GLIBCXX_3.4 std::basic_string<wchar_t, std::char_traits<wchar_t>, std::allocator<wchar_t>>::basic_string(wchar_t const*, unsigned long, std::allocator<wchar_t> const&)'
#     expected: '00000000000bdc20  w   DF .text  0000000000000024  GLIBCXX_3.4 std::basic_string<wchar_t, std::char_traits<wchar_t>, std::allocator<wchar_t> >::basic_string(wchar_t const*, unsigned long, std::allocator<wchar_t> const&)'

#   Failed test 'mass c++ demangling (2x14)'
#   at t/Dpkg_Shlibs_Cppfilt.t line 88.
#          got: '00000000000898b0  w   DF .text  0000000000000255  GLIBCXX_3.4 std::time_put<char, std::ostreambuf_iterator<char, std::char_traits<char>>>::put(std::ostreambuf_iterator<char, std::char_traits<char>>, std::ios_base&, char, tm const*, char const*, char const*) const'
#     expected: '00000000000898b0  w   DF .text  0000000000000255  GLIBCXX_3.4 std::time_put<char, std::ostreambuf_iterator<char, std::char_traits<char> > >::put(std::ostreambuf_iterator<char, std::char_traits<char> >, std::ios_base&, char, tm const*, char const*, char const*) const'

#   Failed test 'mass c++ demangling (2x16)'
#   at t/Dpkg_Shlibs_Cppfilt.t line 88.
#          got: '00000000000666a0 g    DF .text  000000000000003f  std::tr1::hash<std::basic_string<wchar_t, std::char_traits<wchar_t>, std::allocator<wchar_t>> const&>::operator()(std::basic_string<wchar_t, std::char_traits<wchar_t>, std::allocator<wchar_t>> const&) const@GLIBCXX_3.4.10'
#     expected: '00000000000666a0 g    DF .text  000000000000003f  std::tr1::hash<std::basic_string<wchar_t, std::char_traits<wchar_t>, std::allocator<wchar_t> > const&>::operator()(std::basic_string<wchar_t, std::char_traits<wchar_t>, std::allocator<wchar_t> > const&) const@GLIBCXX_3.4.10'

#   Failed test 'mass c++ demangling (2x17)'
#   at t/Dpkg_Shlibs_Cppfilt.t line 88.
#          got: '00000000002f6160  w   DO .data.rel.ro   0000000000000050  VTT for std::basic_stringstream<char, std::char_traits<char>, std::allocator<char>>@GLIBCXX_3.4'
#     expected: '00000000002f6160  w   DO .data.rel.ro   0000000000000050  VTT for std::basic_stringstream<char, std::char_traits<char>, std::allocator<char> >@GLIBCXX_3.4'

#   Failed test 'mass c++ demangling (3x10)'
#   at t/Dpkg_Shlibs_Cppfilt.t line 88.
#          got: '00000000002f40a0  w   DO .data.rel.ro   0000000000000020  GLIBCXX_3.4 VTT for std::basic_ifstream<wchar_t, std::char_traits<wchar_t>>'
#     expected: '00000000002f40a0  w   DO .data.rel.ro   0000000000000020  GLIBCXX_3.4 VTT for std::basic_ifstream<wchar_t, std::char_traits<wchar_t> >'

#   Failed test 'mass c++ demangling (3x12)'
#   at t/Dpkg_Shlibs_Cppfilt.t line 88.
#          got: '00000000000bdc20  w   DF .text  0000000000000024  GLIBCXX_3.4 std::basic_string<wchar_t, std::char_traits<wchar_t>, std::allocator<wchar_t>>::basic_string(wchar_t const*, unsigned long, std::allocator<wchar_t> const&)'
#     expected: '00000000000bdc20  w   DF .text  0000000000000024  GLIBCXX_3.4 std::basic_string<wchar_t, std::char_traits<wchar_t>, std::allocator<wchar_t> >::basic_string(wchar_t const*, unsigned long, std::allocator<wchar_t> const&)'

#   Failed test 'mass c++ demangling (3x14)'
#   at t/Dpkg_Shlibs_Cppfilt.t line 88.
#          got: '00000000000898b0  w   DF .text  0000000000000255  GLIBCXX_3.4 std::time_put<char, std::ostreambuf_iterator<char, std::char_traits<char>>>::put(std::ostreambuf_iterator<char, std::char_traits<char>>, std::ios_base&, char, tm const*, char const*, char const*) const'
#     expected: '00000000000898b0  w   DF .text  0000000000000255  GLIBCXX_3.4 std::time_put<char, std::ostreambuf_iterator<char, std::char_traits<char> > >::put(std::ostreambuf_iterator<char, std::char_traits<char> >, std::ios_base&, char, tm const*, char const*, char const*) const'

#   Failed test 'mass c++ demangling (3x16)'
#   at t/Dpkg_Shlibs_Cppfilt.t line 88.
#          got: '00000000000666a0 g    DF .text  000000000000003f  std::tr1::hash<std::basic_string<wchar_t, std::char_traits<wchar_t>, std::allocator<wchar_t>> const&>::operator()(std::basic_string<wchar_t, std::char_traits<wchar_t>, std::allocator<wchar_t>> const&) const@GLIBCXX_3.4.10'
#     expected: '00000000000666a0 g    DF .text  000000000000003f  std::tr1::hash<std::basic_string<wchar_t, std::char_traits<wchar_t>, std::allocator<wchar_t> > const&>::operator()(std::basic_string<wchar_t, std::char_traits<wchar_t>, std::allocator<wchar_t> > const&) const@GLIBCXX_3.4.10'

#   Failed test 'mass c++ demangling (3x17)'
#   at t/Dpkg_Shlibs_Cppfilt.t line 88.
#          got: '00000000002f6160  w   DO .data.rel.ro   0000000000000050  VTT for std::basic_stringstream<char, std::char_traits<char>, std::allocator<char>>@GLIBCXX_3.4'
#     expected: '00000000002f6160  w   DO .data.rel.ro   0000000000000050  VTT for std::basic_stringstream<char, std::char_traits<char>, std::allocator<char> >@GLIBCXX_3.4'

#   Failed test 'mass c++ demangling (4x10)'
#   at t/Dpkg_Shlibs_Cppfilt.t line 88.
#          got: '00000000002f40a0  w   DO .data.rel.ro   0000000000000020  GLIBCXX_3.4 VTT for std::basic_ifstream<wchar_t, std::char_traits<wchar_t>>'
#     expected: '00000000002f40a0  w   DO .data.rel.ro   0000000000000020  GLIBCXX_3.4 VTT for std::basic_ifstream<wchar_t, std::char_traits<wchar_t> >'

#   Failed test 'mass c++ demangling (4x12)'
#   at t/Dpkg_Shlibs_Cppfilt.t line 88.
#          got: '00000000000bdc20  w   DF .text  0000000000000024  GLIBCXX_3.4 std::basic_string<wchar_t, std::char_traits<wchar_t>, std::allocator<wchar_t>>::basic_string(wchar_t const*, unsigned long, std::allocator<wchar_t> const&)'
#     expected: '00000000000bdc20  w   DF .text  0000000000000024  GLIBCXX_3.4 std::basic_string<wchar_t, std::char_traits<wchar_t>, std::allocator<wchar_t> >::basic_string(wchar_t const*, unsigned long, std::allocator<wchar_t> const&)'

#   Failed test 'mass c++ demangling (4x14)'
#   at t/Dpkg_Shlibs_Cppfilt.t line 88.
#          got: '00000000000898b0  w   DF .text  0000000000000255  GLIBCXX_3.4 std::time_put<char, std::ostreambuf_iterator<char, std::char_traits<char>>>::put(std::ostreambuf_iterator<char, std::char_traits<char>>, std::ios_base&, char, tm const*, char const*, char const*) const'
#     expected: '00000000000898b0  w   DF .text  0000000000000255  GLIBCXX_3.4 std::time_put<char, std::ostreambuf_iterator<char, std::char_traits<char> > >::put(std::ostreambuf_iterator<char, std::char_traits<char> >, std::ios_base&, char, tm const*, char const*, char const*) const'

#   Failed test 'mass c++ demangling (4x16)'
#   at t/Dpkg_Shlibs_Cppfilt.t line 88.
#          got: '00000000000666a0 g    DF .text  000000000000003f  std::tr1::hash<std::basic_string<wchar_t, std::char_traits<wchar_t>, std::allocator<wchar_t>> const&>::operator()(std::basic_string<wchar_t, std::char_traits<wchar_t>, std::allocator<wchar_t>> const&) const@GLIBCXX_3.4.10'
#     expected: '00000000000666a0 g    DF .text  000000000000003f  std::tr1::hash<std::basic_string<wchar_t, std::char_traits<wchar_t>, std::allocator<wchar_t> > const&>::operator()(std::basic_string<wchar_t, std::char_traits<wchar_t>, std::allocator<wchar_t> > const&) const@GLIBCXX_3.4.10'

#   Failed test 'mass c++ demangling (4x17)'
#   at t/Dpkg_Shlibs_Cppfilt.t line 88.
#          got: '00000000002f6160  w   DO .data.rel.ro   0000000000000050  VTT for std::basic_stringstream<char, std::char_traits<char>, std::allocator<char>>@GLIBCXX_3.4'
#     expected: '00000000002f6160  w   DO .data.rel.ro   0000000000000050  VTT for std::basic_stringstream<char, std::char_traits<char>, std::allocator<char> >@GLIBCXX_3.4'

#   Failed test 'mass c++ demangling (5x10)'
#   at t/Dpkg_Shlibs_Cppfilt.t line 88.
#          got: '00000000002f40a0  w   DO .data.rel.ro   0000000000000020  GLIBCXX_3.4 VTT for std::basic_ifstream<wchar_t, std::char_traits<wchar_t>>'
#     expected: '00000000002f40a0  w   DO .data.rel.ro   0000000000000020  GLIBCXX_3.4 VTT for std::basic_ifstream<wchar_t, std::char_traits<wchar_t> >'

#   Failed test 'mass c++ demangling (5x12)'
#   at t/Dpkg_Shlibs_Cppfilt.t line 88.
#          got: '00000000000bdc20  w   DF .text  0000000000000024  GLIBCXX_3.4 std::basic_string<wchar_t, std::char_traits<wchar_t>, std::allocator<wchar_t>>::basic_string(wchar_t const*, unsigned long, std::allocator<wchar_t> const&)'
#     expected: '00000000000bdc20  w   DF .text  0000000000000024  GLIBCXX_3.4 std::basic_string<wchar_t, std::char_traits<wchar_t>, std::allocator<wchar_t> >::basic_string(wchar_t const*, unsigned long, std::allocator<wchar_t> const&)'

#   Failed test 'mass c++ demangling (5x14)'
#   at t/Dpkg_Shlibs_Cppfilt.t line 88.
#          got: '00000000000898b0  w   DF .text  0000000000000255  GLIBCXX_3.4 std::time_put<char, std::ostreambuf_iterator<char, std::char_traits<char>>>::put(std::ostreambuf_iterator<char, std::char_traits<char>>, std::ios_base&, char, tm const*, char const*, char const*) const'
#     expected: '00000000000898b0  w   DF .text  0000000000000255  GLIBCXX_3.4 std::time_put<char, std::ostreambuf_iterator<char, std::char_traits<char> > >::put(std::ostreambuf_iterator<char, std::char_traits<char> >, std::ios_base&, char, tm const*, char const*, char const*) const'

#   Failed test 'mass c++ demangling (5x16)'
#   at t/Dpkg_Shlibs_Cppfilt.t line 88.
#          got: '00000000000666a0 g    DF .text  000000000000003f  std::tr1::hash<std::basic_string<wchar_t, std::char_traits<wchar_t>, std::allocator<wchar_t>> const&>::operator()(std::basic_string<wchar_t, std::char_traits<wchar_t>, std::allocator<wchar_t>> const&) const@GLIBCXX_3.4.10'
#     expected: '00000000000666a0 g    DF .text  000000000000003f  std::tr1::hash<std::basic_string<wchar_t, std::char_traits<wchar_t>, std::allocator<wchar_t> > const&>::operator()(std::basic_string<wchar_t, std::char_traits<wchar_t>, std::allocator<wchar_t> > const&) const@GLIBCXX_3.4.10'

#   Failed test 'mass c++ demangling (5x17)'
#   at t/Dpkg_Shlibs_Cppfilt.t line 88.
#          got: '00000000002f6160  w   DO .data.rel.ro   0000000000000050  VTT for std::basic_stringstream<char, std::char_traits<char>, std::allocator<char>>@GLIBCXX_3.4'
#     expected: '00000000002f6160  w   DO .data.rel.ro   0000000000000050  VTT for std::basic_stringstream<char, std::char_traits<char>, std::allocator<char> >@GLIBCXX_3.4'

#   Failed test 'mass c++ demangling (6x10)'
#   at t/Dpkg_Shlibs_Cppfilt.t line 88.
#          got: '00000000002f40a0  w   DO .data.rel.ro   0000000000000020  GLIBCXX_3.4 VTT for std::basic_ifstream<wchar_t, std::char_traits<wchar_t>>'
#     expected: '00000000002f40a0  w   DO .data.rel.ro   0000000000000020  GLIBCXX_3.4 VTT for std::basic_ifstream<wchar_t, std::char_traits<wchar_t> >'

#   Failed test 'mass c++ demangling (6x12)'
#   at t/Dpkg_Shlibs_Cppfilt.t line 88.
#          got: '00000000000bdc20  w   DF .text  0000000000000024  GLIBCXX_3.4 std::basic_string<wchar_t, std::char_traits<wchar_t>, std::allocator<wchar_t>>::basic_string(wchar_t const*, unsigned long, std::allocator<wchar_t> const&)'
#     expected: '00000000000bdc20  w   DF .text  0000000000000024  GLIBCXX_3.4 std::basic_string<wchar_t, std::char_traits<wchar_t>, std::allocator<wchar_t> >::basic_string(wchar_t const*, unsigned long, std::allocator<wchar_t> const&)'

#   Failed test 'mass c++ demangling (6x14)'
#   at t/Dpkg_Shlibs_Cppfilt.t line 88.
#          got: '00000000000898b0  w   DF .text  0000000000000255  GLIBCXX_3.4 std::time_put<char, std::ostreambuf_iterator<char, std::char_traits<char>>>::put(std::ostreambuf_iterator<char, std::char_traits<char>>, std::ios_base&, char, tm const*, char const*, char const*) const'
#     expected: '00000000000898b0  w   DF .text  0000000000000255  GLIBCXX_3.4 std::time_put<char, std::ostreambuf_iterator<char, std::char_traits<char> > >::put(std::ostreambuf_iterator<char, std::char_traits<char> >, std::ios_base&, char, tm const*, char const*, char const*) const'

#   Failed test 'mass c++ demangling (6x16)'
#   at t/Dpkg_Shlibs_Cppfilt.t line 88.
#          got: '00000000000666a0 g    DF .text  000000000000003f  std::tr1::hash<std::basic_string<wchar_t, std::char_traits<wchar_t>, std::allocator<wchar_t>> const&>::operator()(std::basic_string<wchar_t, std::char_traits<wchar_t>, std::allocator<wchar_t>> const&) const@GLIBCXX_3.4.10'
#     expected: '00000000000666a0 g    DF .text  000000000000003f  std::tr1::hash<std::basic_string<wchar_t, std::char_traits<wchar_t>, std::allocator<wchar_t> > const&>::operator()(std::basic_string<wchar_t, std::char_traits<wchar_t>, std::allocator<wchar_t> > const&) const@GLIBCXX_3.4.10'

#   Failed test 'mass c++ demangling (6x17)'
#   at t/Dpkg_Shlibs_Cppfilt.t line 88.
#          got: '00000000002f6160  w   DO .data.rel.ro   0000000000000050  VTT for std::basic_stringstream<char, std::char_traits<char>, std::allocator<char>>@GLIBCXX_3.4'
#     expected: '00000000002f6160  w   DO .data.rel.ro   0000000000000050  VTT for std::basic_stringstream<char, std::char_traits<char>, std::allocator<char> >@GLIBCXX_3.4'

#   Failed test 'mass c++ demangling (7x10)'
#   at t/Dpkg_Shlibs_Cppfilt.t line 88.
#          got: '00000000002f40a0  w   DO .data.rel.ro   0000000000000020  GLIBCXX_3.4 VTT for std::basic_ifstream<wchar_t, std::char_traits<wchar_t>>'
#     expected: '00000000002f40a0  w   DO .data.rel.ro   0000000000000020  GLIBCXX_3.4 VTT for std::basic_ifstream<wchar_t, std::char_traits<wchar_t> >'

#   Failed test 'mass c++ demangling (7x12)'
#   at t/Dpkg_Shlibs_Cppfilt.t line 88.
#          got: '00000000000bdc20  w   DF .text  0000000000000024  GLIBCXX_3.4 std::basic_string<wchar_t, std::char_traits<wchar_t>, std::allocator<wchar_t>>::basic_string(wchar_t const*, unsigned long, std::allocator<wchar_t> const&)'
#     expected: '00000000000bdc20  w   DF .text  0000000000000024  GLIBCXX_3.4 std::basic_string<wchar_t, std::char_traits<wchar_t>, std::allocator<wchar_t> >::basic_string(wchar_t const*, unsigned long, std::allocator<wchar_t> const&)'

#   Failed test 'mass c++ demangling (7x14)'
#   at t/Dpkg_Shlibs_Cppfilt.t line 88.
#          got: '00000000000898b0  w   DF .text  0000000000000255  GLIBCXX_3.4 std::time_put<char, std::ostreambuf_iterator<char, std::char_traits<char>>>::put(std::ostreambuf_iterator<char, std::char_traits<char>>, std::ios_base&, char, tm const*, char const*, char const*) const'
#     expected: '00000000000898b0  w   DF .text  0000000000000255  GLIBCXX_3.4 std::time_put<char, std::ostreambuf_iterator<char, std::char_traits<char> > >::put(std::ostreambuf_iterator<char, std::char_traits<char> >, std::ios_base&, char, tm const*, char const*, char const*) const'

#   Failed test 'mass c++ demangling (7x16)'
#   at t/Dpkg_Shlibs_Cppfilt.t line 88.
#          got: '00000000000666a0 g    DF .text  000000000000003f  std::tr1::hash<std::basic_string<wchar_t, std::char_traits<wchar_t>, std::allocator<wchar_t>> const&>::operator()(std::basic_string<wchar_t, std::char_traits<wchar_t>, std::allocator<wchar_t>> const&) const@GLIBCXX_3.4.10'
#     expected: '00000000000666a0 g    DF .text  000000000000003f  std::tr1::hash<std::basic_string<wchar_t, std::char_traits<wchar_t>, std::allocator<wchar_t> > const&>::operator()(std::basic_string<wchar_t, std::char_traits<wchar_t>, std::allocator<wchar_t> > const&) const@GLIBCXX_3.4.10'

#   Failed test 'mass c++ demangling (7x17)'
#   at t/Dpkg_Shlibs_Cppfilt.t line 88.
#          got: '00000000002f6160  w   DO .data.rel.ro   0000000000000050  VTT for std::basic_stringstream<char, std::char_traits<char>, std::allocator<char>>@GLIBCXX_3.4'
#     expected: '00000000002f6160  w   DO .data.rel.ro   0000000000000050  VTT for std::basic_stringstream<char, std::char_traits<char>, std::allocator<char> >@GLIBCXX_3.4'
# Looks like you failed 35 tests of 124.
t/Dpkg_Shlibs_Cppfilt.t ...... 
Dubious, test returned 35 (wstat 8960, 0x2300)
Failed 35/124 subtests 
tar: Option --compare is not supported
Usage:
  List:    tar -tf <archive-filename>
  Extract: tar -xf <archive-filename>
  Create:  tar -cf <archive-filename> [filenames...]
  Help:    tar --help

#   Failed test 'expected directory matches'
#   at t/Dpkg_Source_Archive.t line 114.
# Looks like you failed 1 test of 4.
t/Dpkg_Source_Archive.t ...... 
Dubious, test returned 1 (wstat 256, 0x100)
Failed 1/4 subtests 
t/Dpkg_Source_Format.t ....... ok
t/Dpkg_Source_Functions.t .... ok
t/Dpkg_Source_Package.t ...... ok

#   Failed test 'patch(1) prevents escape using indented hunks'
#   at t/Dpkg_Source_Patch.t line 42.
# Looks like you failed 1 test of 10.
t/Dpkg_Source_Patch.t ........ 
Dubious, test returned 1 (wstat 256, 0x100)
Failed 1/10 subtests 
t/Dpkg_Source_Quilt.t ........ ok
t/Dpkg_Substvars.t ........... ok
t/Dpkg_Vendor.t .............. ok
t/Dpkg_Version.t ............. ok
t/codespell.t ................ skipped: author test
t/cppcheck.t ................. skipped: author test
t/critic.t ................... skipped: author test
t/minimum-version.t .......... skipped: author test
t/module-version.t ........... ok
t/po.t ....................... skipped: author test
t/pod-coverage.t ............. skipped: author test
t/pod-spell.t ................ skipped: author test
t/pod.t ...................... ok
t/shellcheck.t ............... skipped: author test
t/strict.t ................... skipped: requires module Test::Strict
t/synopsis.t ................. skipped: author test
t/syntax.t ................... ok

Test Summary Report
-------------------
t/Dpkg_Shlibs_Cppfilt.t    (Wstat: 8960 (exited 35) Tests: 124 Failed: 35)
  Failed tests:  15, 17, 19, 21-22, 32, 34, 36, 38-39, 49
                51, 53, 55-56, 66, 68, 70, 72-73, 83, 85
                87, 89-90, 100, 102, 104, 106-107, 117
                119, 121, 123-124
  Non-zero exit status: 35
t/Dpkg_Source_Archive.t    (Wstat: 256 (exited 1) Tests: 4 Failed: 1)
  Failed test:  3
  Non-zero exit status: 1
t/Dpkg_Source_Patch.t      (Wstat: 256 (exited 1) Tests: 10 Failed: 1)
  Failed test:  10
  Non-zero exit status: 1
Files=57, Tests=13090, 13 wallclock secs ( 0.52 usr  0.09 sys +  9.77 cusr  1.52 csys = 11.91 CPU)
Result: FAIL
Failed 3/57 test programs. 37/13090 subtests failed.

------------------------------
PREREQUISITES
------------------------------

Prerequisite modules loaded:

requires:

    Module        Need    Have    
    ------------- ------- --------
    perl          v5.32.1 5.040000

build_requires:

    Module        Need    Have    
    ------------- ------- --------
    TAP::Harness  0       3.48    
    Test::More    0       1.302199

configure_requires:

    Module        Need    Have    
    ------------- ------- --------
    Module::Build 0.4004  0.4234  


------------------------------
ENVIRONMENT AND OTHER CONTEXT
------------------------------

Environment variables:

    LANG = C.UTF-8
    LC_ALL = C
    NONINTERACTIVE_TESTING = 1
    PATH = /home/cpan/bin/perl/bin:/home/cpan/bin:/sbin:/bin:/usr/sbin:/usr/bin:/usr/local/sbin:/usr/local/bin:/home/cpan/bin
    PERL5LIB = 
    PERL5OPT = 
    PERL5_CPANPLUS_IS_RUNNING = 22269
    PERL5_CPAN_IS_RUNNING = 22269
    PERL_MM_USE_DEFAULT = 1
    PERL_USE_UNSAFE_INC = 1
    SHELL = /usr/local/bin/bash
    TERM = xterm
    TMPDIR = /home/cpan/tmp

Perl special variables (and OS-specific diagnostics, for MSWin32):

    $^X = /home/cpan/bin/perl/bin/perl5.40.0
    $UID/$EUID = 1002 / 1002
    $GID = 1002 1002
    $EGID = 1002 1002

Perl module toolchain versions installed:

    Module              Have    
    ------------------- --------
    CPAN                2.36    
    CPAN::Meta          2.150010
    Cwd                 3.90    
    ExtUtils::CBuilder  0.280240
    ExtUtils::Command   7.70    
    ExtUtils::Install   2.22    
    ExtUtils::MakeMaker 7.70    
    ExtUtils::Manifest  1.75    
    ExtUtils::ParseXS   3.51    
    File::Spec          3.90    
    JSON                4.10    
    JSON::PP            4.16    
    Module::Build       0.4234  
    Module::Signature   0.88    
    Parse::CPAN::Meta   2.150010
    Test2               1.302199
    Test::Harness       3.48    
    Test::More          1.302199
    YAML                1.31    
    YAML::Syck          1.34    
    version             0.9932  


--

Summary of my perl5 (revision 5 version 40 subversion 0) configuration:
  Commit id: c729e47cb91f797fa10d8df6772de79066a941ac
  Platform:
    osname=freebsd
    osvers=14.0-release-p6
    archname=amd64-freebsd-thread-multi
    uname='freebsd cjg-freebsd14 14.0-release-p6 freebsd 14.0-release-p6 #0: tue mar 26 20:26:20 utc 2024 root@amd64-builder.daemonology.net:usrobjusrsrcamd64.amd64sysgeneric amd64 '
    config_args='-des -Dprefix=/home/cpan/bin/perl -Dscriptdir=/home/cpan/bin/perl/bin -Dusedevel -Duse64bitall -Duseithreads'
    hint=recommended
    useposix=true
    d_sigaction=define
    useithreads=define
    usemultiplicity=define
    use64bitint=define
    use64bitall=define
    uselongdouble=undef
    usemymalloc=n
    default_inc_excludes_dot=define
  Compiler:
    cc='cc'
    ccflags ='-DHAS_FPSETMASK -DHAS_FLOATINGPOINT_H -DNO_POSIX_2008_LOCALE -fno-strict-aliasing -pipe -fstack-protector-strong -I/usr/local/include'
    optimize='-O2'
    cppflags='-DHAS_FPSETMASK -DHAS_FLOATINGPOINT_H -DNO_POSIX_2008_LOCALE -fno-strict-aliasing -pipe -fstack-protector-strong -I/usr/local/include'
    ccversion=''
    gccversion='FreeBSD Clang 16.0.6 (https://github.com/llvm/llvm-project.git llvmorg-16.0.6-0-g7cbf1a259152)'
    gccosandvers=''
    intsize=4
    longsize=8
    ptrsize=8
    doublesize=8
    byteorder=12345678
    doublekind=3
    d_longlong=define
    longlongsize=8
    d_longdbl=define
    longdblsize=16
    longdblkind=3
    ivtype='long'
    ivsize=8
    nvtype='double'
    nvsize=8
    Off_t='off_t'
    lseeksize=8
    alignbytes=8
    prototype=define
  Linker and Libraries:
    ld='cc'
    ldflags ='-pthread -Wl,-E  -fstack-protector-strong -L/usr/local/lib'
    libpth=/usr/lib /usr/local/lib /usr/lib/clang/16/lib
    libs=-lpthread -lgdbm -ldl -lm -lcrypt -lutil
    perllibs=-lpthread -ldl -lm -lcrypt -lutil
    libc=
    so=so
    useshrplib=false
    libperl=libperl.a
    gnulibc_version=''
  Dynamic Linking:
    dlsrc=dl_dlopen.xs
    dlext=so
    d_dlsymun=undef
    ccdlflags=' '
    cccdlflags='-DPIC -fPIC'
    lddlflags='-shared  -L/usr/local/lib -fstack-protector-strong'


Characteristics of this binary (from libperl): 
  Compile-time options:
    HAS_LONG_DOUBLE
    HAS_STRTOLD
    HAS_TIMES
    MULTIPLICITY
    PERLIO_LAYERS
    PERL_COPY_ON_WRITE
    PERL_DONT_CREATE_GVSV
    PERL_HASH_FUNC_SIPHASH13
    PERL_HASH_USE_SBOX32
    PERL_MALLOC_WRAP
    PERL_OP_PARENT
    PERL_PRESERVE_IVUV
    PERL_USE_DEVEL
    PERL_USE_SAFE_PUTENV
    USE_64_BIT_ALL
    USE_64_BIT_INT
    USE_ITHREADS
    USE_LARGE_FILES
    USE_LOCALE
    USE_LOCALE_COLLATE
    USE_LOCALE_CTYPE
    USE_LOCALE_NUMERIC
    USE_LOCALE_TIME
    USE_PERLIO
    USE_PERL_ATOF
    USE_REENTRANT_API
  Locally applied patches:
    RC1
  Built under freebsd
  Compiled at May 29 2024 22:34:57
  %ENV:
    PERL5LIB=""
    PERL5OPT=""
    PERL5_CPANPLUS_IS_RUNNING="22269"
    PERL5_CPAN_IS_RUNNING="22269"
    PERL_MM_USE_DEFAULT="1"
    PERL_USE_UNSAFE_INC="1"
  @INC:
    /home/cpan/bin/perl/lib/site_perl/5.40.0/amd64-freebsd-thread-multi
    /home/cpan/bin/perl/lib/site_perl/5.40.0
    /home/cpan/bin/perl/lib/5.40.0/amd64-freebsd-thread-multi
    /home/cpan/bin/perl/lib/5.40.0
    .