Report for Encode-JP-Mobile-0.30

Back
From: metabase:user:314402c4-2aae-11df-837a-5e0a49663a4f
Subject: FAIL Encode-JP-Mobile-0.30 v5.22.4 RC1 GNU/Linux
Date: 2017-07-08T04:47:59Z

This distribution has been tested as part of the CPAN Testers
project, supporting the Perl programming language.  See
http://wiki.cpantesters.org/ for more information or email
questions to cpan-testers-discuss@perl.org


--
Dear Tatsuhiko Miyagawa,

This is a computer-generated report for Encode-JP-Mobile-0.30
on perl 5.22.4, created by CPAN-Reporter-1.2018.

Thank you for uploading your work to CPAN.  However, there was a problem
testing your distribution.

If you think this report is invalid, please consult the CPAN Testers Wiki
for suggestions on how to avoid getting FAIL reports for missing library
or binary dependencies, unsupported operating systems, and so on:

http://wiki.cpantesters.org/wiki/CPANAuthorNotes

Sections of this report:

    * Tester comments
    * Program output
    * Prerequisites
    * Environment and other context

------------------------------
TESTER COMMENTS
------------------------------

Additional comments from tester:

none provided

------------------------------
PROGRAM OUTPUT
------------------------------

Output from '/usr/bin/make test':

"/bbbike/perl-5.22.4-RC1/bin/perl" -MExtUtils::Command::MM -e 'cp_nonempty' -- Mobile.bs blib/arch/auto/Encode/JP/Mobile/Mobile.bs 644
PERL_DL_NONLAZY=1 "/bbbike/perl-5.22.4-RC1/bin/perl" "-MExtUtils::Command::MM" "-MTest::Harness" "-e" "undef *Test::Harness::Switches; test_harness(0, 'blib/lib', 'blib/arch')" t/*.t
Use of uninitialized value in subroutine entry at /opt/perl-5.22.4-RC1/lib/site_perl/5.22.4/File/ShareDir.pm line 329.
t/airh-jis.t ......................... ok
Use of uninitialized value in subroutine entry at /opt/perl-5.22.4-RC1/lib/site_perl/5.22.4/File/ShareDir.pm line 329.
Use of uninitialized value in subroutine entry at /opt/perl-5.22.4-RC1/lib/site_perl/5.22.4/File/ShareDir.pm line 329.
Use of uninitialized value in subroutine entry at /opt/perl-5.22.4-RC1/lib/site_perl/5.22.4/File/ShareDir.pm line 329.
Use of uninitialized value in subroutine entry at /opt/perl-5.22.4-RC1/lib/site_perl/5.22.4/File/ShareDir.pm line 329.
t/character.t ........................ ok
Use of uninitialized value in subroutine entry at /opt/perl-5.22.4-RC1/lib/site_perl/5.22.4/File/ShareDir.pm line 329.
t/charnames-clobber-it.t ............. ok

#   Failed test at t/charnames.t line 45.
#          got: '1'
#     expected: ''

#   Failed test 'check warn num'
#   at t/charnames.t line 60.
#          got: '4'
#     expected: '1'

#   Failed test 'warning when unkown character'
#   at t/charnames.t line 61.
#                   'unknown charnames: ファーストフード at t/charnames.t line 45.
# '
#     doesn't match '(?^:unknown charnames: Foo)'
# Looks like you failed 3 tests of 34.
t/charnames.t ........................ 
Dubious, test returned 3 (wstat 768, 0x300)
Failed 3/34 subtests 
Use of uninitialized value in subroutine entry at /opt/perl-5.22.4-RC1/lib/site_perl/5.22.4/File/ShareDir.pm line 329.
t/convert-bruteforce.t ............... ok
Use of uninitialized value in subroutine entry at /opt/perl-5.22.4-RC1/lib/site_perl/5.22.4/File/ShareDir.pm line 329.
t/convert-sjis-fallback-leave_src.t .. ok
Use of uninitialized value in subroutine entry at /opt/perl-5.22.4-RC1/lib/site_perl/5.22.4/File/ShareDir.pm line 329.
t/docomo-bruteforce.t ................ ok
Use of uninitialized value in subroutine entry at /opt/perl-5.22.4-RC1/lib/site_perl/5.22.4/File/ShareDir.pm line 329.
t/emoji_convert_sjis.t ............... ok
Use of uninitialized value in subroutine entry at /opt/perl-5.22.4-RC1/lib/site_perl/5.22.4/File/ShareDir.pm line 329.
t/emoji_convert_utf8.t ............... ok
Use of uninitialized value in subroutine entry at /opt/perl-5.22.4-RC1/lib/site_perl/5.22.4/File/ShareDir.pm line 329.
t/emoji_convert_utf8_fb.t ............ ok
Use of uninitialized value in subroutine entry at /opt/perl-5.22.4-RC1/lib/site_perl/5.22.4/File/ShareDir.pm line 329.
t/fallback.t ......................... ok
Use of uninitialized value in subroutine entry at /opt/perl-5.22.4-RC1/lib/site_perl/5.22.4/File/ShareDir.pm line 329.
t/fullwidth_tilde.t .................. ok
Use of uninitialized value in subroutine entry at /opt/perl-5.22.4-RC1/lib/site_perl/5.22.4/File/ShareDir.pm line 329.
t/kddi-bruteforce.t .................. ok
Use of uninitialized value in subroutine entry at /opt/perl-5.22.4-RC1/lib/site_perl/5.22.4/File/ShareDir.pm line 329.
t/kddi-jis.t ......................... ok
Use of uninitialized value in subroutine entry at /opt/perl-5.22.4-RC1/lib/site_perl/5.22.4/File/ShareDir.pm line 329.
t/kddi-trans.t ....................... ok
Use of uninitialized value in subroutine entry at /opt/perl-5.22.4-RC1/lib/site_perl/5.22.4/File/ShareDir.pm line 329.
t/mime_encoding.t .................... ok
Use of uninitialized value in subroutine entry at /opt/perl-5.22.4-RC1/lib/site_perl/5.22.4/File/ShareDir.pm line 329.
t/mime_name.t ........................ ok
Use of uninitialized value in subroutine entry at /opt/perl-5.22.4-RC1/lib/site_perl/5.22.4/File/ShareDir.pm line 329.
t/Mobile.t ........................... ok
Use of uninitialized value in subroutine entry at /opt/perl-5.22.4-RC1/lib/site_perl/5.22.4/File/ShareDir.pm line 329.
t/props-bruteforce-yaml.t ............ ok
Use of uninitialized value in subroutine entry at /opt/perl-5.22.4-RC1/lib/site_perl/5.22.4/File/ShareDir.pm line 329.
t/props-bruteforce.t ................. ok
Use of uninitialized value in subroutine entry at /opt/perl-5.22.4-RC1/lib/site_perl/5.22.4/File/ShareDir.pm line 329.
t/props.t ............................ ok
Use of uninitialized value in subroutine entry at /opt/perl-5.22.4-RC1/lib/site_perl/5.22.4/File/ShareDir.pm line 329.
t/softbank-bruteforce.t .............. ok
Use of uninitialized value in subroutine entry at /opt/perl-5.22.4-RC1/lib/site_perl/5.22.4/File/ShareDir.pm line 329.
t/softbank-manychars.t ............... ok
Use of uninitialized value in subroutine entry at /opt/perl-5.22.4-RC1/lib/site_perl/5.22.4/File/ShareDir.pm line 329.
t/vodafone-fallback.t ................ ok

Test Summary Report
-------------------
t/charnames.t                      (Wstat: 768 Tests: 34 Failed: 3)
  Failed tests:  18, 22-23
  Non-zero exit status: 3
Files=24, Tests=27835, 21 wallclock secs ( 0.83 usr  0.22 sys +  5.78 cusr  0.52 csys =  7.35 CPU)
Result: FAIL
Failed 1/24 test programs. 3/27835 subtests failed.
Makefile:1037: recipe for target 'test_dynamic' failed
make: *** [test_dynamic] Error 255

------------------------------
PREREQUISITES
------------------------------

Prerequisite modules loaded:

requires:

    Module              Need  Have 
    ------------------- ----- -----
    Encode              2.23  2.91 
    File::ShareDir      0.05  1.104
    MIME::Words         5.428 5.509

build_requires:

    Module              Need  Have 
    ------------------- ----- -----
    ExtUtils::MakeMaker 0     7.30 

configure_requires:

    Module              Need  Have 
    ------------------- ----- -----
    ExtUtils::MakeMaker 0     7.30 


------------------------------
ENVIRONMENT AND OTHER CONTEXT
------------------------------

Environment variables:

    LANG = C
    LC_ALL = de_DE.UTF-8
    PATH = /usr/local/bin:/usr/bin:/bin:/usr/local/sbin:/usr/sbin:/sbin:/home/cpansand/bin/linux-gnu:/home/cpansand/bin/sh:/home/cpansand/bin:/usr/games:/home/cpansand/devel:/home/eserte/src/srezic-misc/scripts
    PERL5LIB = 
    PERL5OPT = 
    PERL5_CPANPLUS_IS_RUNNING = 10899
    PERL5_CPAN_IS_RUNNING = 10899
    PERL5_CPAN_IS_RUNNING_IN_RECURSION = 20322,10899
    PERLDOC = -MPod::Perldoc::ToTextOverstrike
    PERL_BATCH = yes
    PERL_CANARY_STABILITY_NOPROMPT = 1
    PERL_CPAN_REPORTER_CONFIG = /var/tmp/cpansmoker-1023/2017070721/cpanreporter_001_config.ini
    PERL_EXTUTILS_AUTOINSTALL = --defaultdeps
    PERL_PARALLEL_SMOKER = yes
    PERL_USE_UNSAFE_INC = 1
    SHELL = /bin/zsh
    TERM = screen
    TMPDIR = /var/tmp/cpansmoker-1023/2017070721

Perl special variables (and OS-specific diagnostics, for MSWin32):

    $^X = /bbbike/perl-5.22.4-RC1/bin/perl
    $UID/$EUID = 1023 / 1023
    $GID = 1023 1023
    $EGID = 1023 1023

Perl module toolchain versions installed:

    Module              Have    
    ------------------- --------
    CPAN                2.11_01 
    CPAN::Meta          2.150010
    Cwd                 3.62    
    ExtUtils::CBuilder  0.280224
    ExtUtils::Command   7.30    
    ExtUtils::Install   2.14    
    ExtUtils::MakeMaker 7.30    
    ExtUtils::Manifest  1.70    
    ExtUtils::ParseXS   3.30    
    File::Spec          3.62    
    JSON                2.94    
    JSON::PP            2.94    
    Module::Build       0.4224  
    Module::Signature   0.81    
    Parse::CPAN::Meta   2.150010
    Test::Harness       3.39    
    Test::More          1.302086
    YAML                1.23    
    YAML::Syck          1.30    
    version             0.9918  


--

Summary of my perl5 (revision 5 version 22 subversion 4) configuration:
   
  Platform:
    osname=linux, osvers=3.16.0-4-amd64, archname=x86_64-linux
    uname='linux eserte 3.16.0-4-amd64 #1 smp debian 3.16.43-2+deb8u2 (2017-06-26) x86_64 gnulinux '
    config_args='-ds -e -Dprefix=/opt/perl-5.22.4-RC1 -Dcf_email=srezic@cpan.org'
    hint=recommended, useposix=true, d_sigaction=define
    useithreads=undef, usemultiplicity=undef
    use64bitint=define, use64bitall=define, uselongdouble=undef
    usemymalloc=n, bincompat5005=undef
  Compiler:
    cc='cc', ccflags ='-fwrapv -fno-strict-aliasing -pipe -fstack-protector-strong -I/usr/local/include -D_LARGEFILE_SOURCE -D_FILE_OFFSET_BITS=64 -D_FORTIFY_SOURCE=2',
    optimize='-O2',
    cppflags='-fwrapv -fno-strict-aliasing -pipe -fstack-protector-strong -I/usr/local/include'
    ccversion='', gccversion='4.9.2', gccosandvers=''
    intsize=4, longsize=8, ptrsize=8, doublesize=8, byteorder=12345678, doublekind=3
    d_longlong=define, longlongsize=8, d_longdbl=define, longdblsize=16, longdblkind=3
    ivtype='long', ivsize=8, nvtype='double', nvsize=8, Off_t='off_t', lseeksize=8
    alignbytes=8, prototype=define
  Linker and Libraries:
    ld='cc', ldflags =' -fstack-protector-strong -L/usr/local/lib'
    libpth=/usr/local/lib /usr/lib/gcc/x86_64-linux-gnu/4.9/include-fixed /usr/include/x86_64-linux-gnu /usr/lib /lib/x86_64-linux-gnu /lib/../lib /usr/lib/x86_64-linux-gnu /usr/lib/../lib /lib
    libs=-lpthread -lnsl -lgdbm -ldb -ldl -lm -lcrypt -lutil -lc -lgdbm_compat
    perllibs=-lpthread -lnsl -ldl -lm -lcrypt -lutil -lc
    libc=libc-2.19.so, so=so, useshrplib=false, libperl=libperl.a
    gnulibc_version='2.19'
  Dynamic Linking:
    dlsrc=dl_dlopen.xs, dlext=so, d_dlsymun=undef, ccdlflags='-Wl,-E'
    cccdlflags='-fPIC', lddlflags='-shared -O2 -L/usr/local/lib -fstack-protector-strong'


Characteristics of this binary (from libperl): 
  Compile-time options: HAS_TIMES PERLIO_LAYERS PERL_DONT_CREATE_GVSV
                        PERL_HASH_FUNC_ONE_AT_A_TIME_HARD PERL_MALLOC_WRAP
                        PERL_NEW_COPY_ON_WRITE PERL_PRESERVE_IVUV
                        USE_64_BIT_ALL USE_64_BIT_INT USE_LARGE_FILES
                        USE_LOCALE USE_LOCALE_COLLATE USE_LOCALE_CTYPE
                        USE_LOCALE_NUMERIC USE_LOCALE_TIME USE_PERLIO
                        USE_PERL_ATOF
  Locally applied patches:
	RC1
  Built under linux
  Compiled at Jul  2 2017 09:41:02
  %ENV:
    PERL5LIB=""
    PERL5OPT=""
    PERL5_CPANPLUS_IS_RUNNING="10899"
    PERL5_CPAN_IS_RUNNING="10899"
    PERL5_CPAN_IS_RUNNING_IN_RECURSION="20322,10899"
    PERLDOC="-MPod::Perldoc::ToTextOverstrike"
    PERL_BATCH="yes"
    PERL_CANARY_STABILITY_NOPROMPT="1"
    PERL_CPAN_REPORTER_CONFIG="/var/tmp/cpansmoker-1023/2017070721/cpanreporter_001_config.ini"
    PERL_EXTUTILS_AUTOINSTALL="--defaultdeps"
    PERL_PARALLEL_SMOKER="yes"
    PERL_USE_UNSAFE_INC="1"
  @INC:
    /opt/perl-5.22.4-RC1/lib/site_perl/5.22.4/x86_64-linux
    /opt/perl-5.22.4-RC1/lib/site_perl/5.22.4
    /opt/perl-5.22.4-RC1/lib/5.22.4/x86_64-linux
    /opt/perl-5.22.4-RC1/lib/5.22.4
    .