Back
From: metabase:user:58c66572-6c8d-1014-999c-ac003c5145ae
Subject: FAIL Date-Piece-v0.0.3 v5.16.0
Date: 2012-07-11T14:26:31Z
This distribution has been tested as part of the CPAN Testers
project, supporting the Perl programming language. See
http://wiki.cpantesters.org/ for more information or email
questions to cpan-testers-discuss@perl.org
--
Dear Eric Wilhelm,
This is a computer-generated report for Date-Piece-v0.0.3
on perl 5.16.0, created by CPAN-Reporter-1.2006.
Thank you for uploading your work to CPAN. However, there was a problem
testing your distribution.
If you think this report is invalid, please consult the CPAN Testers Wiki
for suggestions on how to avoid getting FAIL reports for missing library
or binary dependencies, unsupported operating systems, and so on:
http://wiki.cpantesters.org/wiki/CPANAuthorNotes
Sections of this report:
* Tester comments
* Program output
* Prerequisites
* Environment and other context
------------------------------
TESTER COMMENTS
------------------------------
Additional comments from tester:
this report is from an automated smoke testing program
and was not reviewed by a human for accuracy
------------------------------
PROGRAM OUTPUT
------------------------------
Output from 'c:\strawberry\perl\bin\perl.exe ./Build test':
# Testing Date::Piece v0.0.3
t\00-load.t ... ok
t\basic.t ..... ok
# Failed test at t\overload.t line 11.
# An error occurred while using eq:
# ------------------------------------
# Operation "eq": no method found,
# left argument in overloaded package Date::Piece::week_unit,
# right argument has no overloaded magic at (eval in cmp_ok) t\overload.t line 11.
#
# ------------------------------------
# got: '7weeks'
# expected: '7weeks'
# Failed test at t\overload.t line 14.
# An error occurred while using eq:
# ------------------------------------
# Operation "eq": no method found,
# left argument in overloaded package Date::Piece::week_unit,
# right argument has no overloaded magic at (eval in cmp_ok) t\overload.t line 14.
#
# ------------------------------------
# got: '8weeks'
# expected: '8weeks'
# Failed test at t\overload.t line 16.
# An error occurred while using eq:
# ------------------------------------
# Operation "eq": no method found,
# left argument in overloaded package Date::Piece::week_unit,
# right argument has no overloaded magic at (eval in cmp_ok) t\overload.t line 16.
#
# ------------------------------------
# got: '16weeks'
# expected: '16weeks'
# Failed test at t\overload.t line 17.
# An error occurred while using eq:
# ------------------------------------
# Operation "eq": no method found,
# left argument in overloaded package Date::Piece::week_unit,
# right argument has no overloaded magic at (eval in cmp_ok) t\overload.t line 17.
#
# ------------------------------------
# got: '7weeks'
# expected: '7weeks'
# Failed test at t\overload.t line 30.
# An error occurred while using eq:
# ------------------------------------
# Operation "eq": no method found,
# left argument in overloaded package Date::Piece::month_unit,
# right argument has no overloaded magic at (eval in cmp_ok) t\overload.t line 30.
#
# ------------------------------------
# got: '7months'
# expected: '7months'
# Failed test at t\overload.t line 33.
# An error occurred while using eq:
# ------------------------------------
# Operation "eq": no method found,
# left argument in overloaded package Date::Piece::month_unit,
# right argument has no overloaded magic at (eval in cmp_ok) t\overload.t line 33.
#
# ------------------------------------
# got: '8months'
# expected: '8months'
# Failed test at t\overload.t line 35.
# An error occurred while using eq:
# ------------------------------------
# Operation "eq": no method found,
# left argument in overloaded package Date::Piece::month_unit,
# right argument has no overloaded magic at (eval in cmp_ok) t\overload.t line 35.
#
# ------------------------------------
# got: '16months'
# expected: '16months'
# Failed test at t\overload.t line 37.
# An error occurred while using eq:
# ------------------------------------
# Operation "eq": no method found,
# left argument in overloaded package Date::Piece::month_unit,
# right argument has no overloaded magic at (eval in cmp_ok) t\overload.t line 37.
#
# ------------------------------------
# got: '8months'
# expected: '8months'
# Failed test 'untouched'
# at t\overload.t line 38.
# An error occurred while using eq:
# ------------------------------------
# Operation "eq": no method found,
# left argument in overloaded package Date::Piece::month_unit,
# right argument has no overloaded magic at (eval in cmp_ok) t\overload.t line 38.
#
# ------------------------------------
# got: '7months'
# expected: '7months'
# Failed test at t\overload.t line 46.
# An error occurred while using eq:
# ------------------------------------
# Operation "eq": no method found,
# left argument in overloaded package Date::Piece::year_unit,
# right argument has no overloaded magic at (eval in cmp_ok) t\overload.t line 46.
#
# ------------------------------------
# got: '7years'
# expected: '7years'
# Failed test at t\overload.t line 49.
# An error occurred while using eq:
# ------------------------------------
# Operation "eq": no method found,
# left argument in overloaded package Date::Piece::year_unit,
# right argument has no overloaded magic at (eval in cmp_ok) t\overload.t line 49.
#
# ------------------------------------
# got: '8years'
# expected: '8years'
# Failed test at t\overload.t line 51.
# An error occurred while using eq:
# ------------------------------------
# Operation "eq": no method found,
# left argument in overloaded package Date::Piece::year_unit,
# right argument has no overloaded magic at (eval in cmp_ok) t\overload.t line 51.
#
# ------------------------------------
# got: '16years'
# expected: '16years'
# Failed test at t\overload.t line 53.
# An error occurred while using eq:
# ------------------------------------
# Operation "eq": no method found,
# left argument in overloaded package Date::Piece::year_unit,
# right argument has no overloaded magic at (eval in cmp_ok) t\overload.t line 53.
#
# ------------------------------------
# got: '8years'
# expected: '8years'
# Failed test 'untouched'
# at t\overload.t line 54.
# An error occurred while using eq:
# ------------------------------------
# Operation "eq": no method found,
# left argument in overloaded package Date::Piece::year_unit,
# right argument has no overloaded magic at (eval in cmp_ok) t\overload.t line 54.
#
# ------------------------------------
# got: '7years'
# expected: '7years'
# Failed test at t\overload.t line 59.
# An error occurred while using eq:
# ------------------------------------
# Operation "eq": no method found,
# left argument in overloaded package Date::Piece::year_unit,
# right argument has no overloaded magic at (eval in cmp_ok) t\overload.t line 59.
#
# ------------------------------------
# got: '8years'
# expected: '8years'
# Looks like you failed 15 tests of 34.
t\overload.t ..
Dubious, test returned 15 (wstat 3840, 0xf00)
Failed 15/34 subtests
Test Summary Report
-------------------
t\overload.t (Wstat: 3840 Tests: 34 Failed: 15)
Failed tests: 1-4, 7-11, 13-17, 19
Non-zero exit status: 15
Files=3, Tests=112, 1 wallclock secs ( 0.03 usr + 0.08 sys = 0.11 CPU)
Result: FAIL
Failed 1/3 test programs. 15/112 subtests failed.
------------------------------
PREREQUISITES
------------------------------
Prerequisite modules loaded:
requires:
Module Need Have
------------- ------ --------
Date::Simple 0 3.03
perl v5.8.2 5.016000
Time::Local 0 1.2000
Time::Piece 0 1.20_01
build_requires:
Module Need Have
------------- ------ --------
Module::Build 0.26 0.40
Test::More 0 0.98
configure_requires:
Module Need Have
------------- ------ --------
Module::Build 0.3303 0.40
------------------------------
ENVIRONMENT AND OTHER CONTEXT
------------------------------
Environment variables:
AUTOMATED_TESTING = 1
COMSPEC = C:\Windows\system32\cmd.exe
NUMBER_OF_PROCESSORS = 4
PATH = C:\Program Files (x86)\MiKTeX 2.9\miktex\bin;C:\Program Files (x86)\NVIDIA Corporation\PhysX\Common;C:\Windows\system32;C:\Windows;C:\Windows\System32\Wbem;C:\Windows\System32\WindowsPowerShell\v1.0\;c:\Program Files (x86)\Microsoft SQL Server\100\Tools\Binn\;c:\Program Files\Microsoft SQL Server\100\Tools\Binn\;c:\Program Files\Microsoft SQL Server\100\DTS\Binn\;c:\Windows\Microsoft.NET\Framework\v4.0.30319;C:\strawberry\c\bin;C:\strawberry\perl\site\bin;C:\strawberry\perl\bin;C:\Program Files (x86)\Git\cmd;C:\Program Files (x86)\Git\bin
PERL5LIB = C:\strawberry\cpan\build\Date-Simple-3.03-3plyP7/blib/arch;C:\strawberry\cpan\build\Date-Simple-3.03-3plyP7/blib/lib
PERL5OPT =
PERL5_CPANPLUS_IS_RUNNING = 3548
PERL5_CPAN_IS_RUNNING = 3548
PERL5_CPAN_IS_RUNNING_IN_RECURSION = 376,3548
PERL_CR_SMOKER_CURRENT = MooseX-Types-Date-Piece-0.03
PERL_EXTUTILS_AUTOINSTALL = --defaultdeps
PERL_JSON_BACKEND = JSON::XS
PERL_MM_USE_DEFAULT = 1
PERL_YAML_BACKEND = YAML
PROCESSOR_IDENTIFIER = AMD64 Family 16 Model 5 Stepping 3, AuthenticAMD
TEMP = C:\Users\Jeremy\AppData\Local\Temp
TERM = dumb
Perl special variables (and OS-specific diagnostics, for MSWin32):
$^X = c:\strawberry\perl\bin\perl.exe
$UID/$EUID = 0 / 0
$GID = 0
$EGID = 0
Win32::GetOSName = Win7
Win32::GetOSVersion = Service Pack 1, 6, 1, 7601, 2, 1, 0, 768, 1
Win32::FsType = NTFS
Win32::IsAdminUser = 0
Perl module toolchain versions installed:
Module Have
------------------- --------
CPAN 1.9800
CPAN::Meta 2.120921
Cwd 3.39_02
ExtUtils::CBuilder 0.280206
ExtUtils::Command 1.17
ExtUtils::Install 1.58
ExtUtils::MakeMaker 6.63_02
ExtUtils::Manifest 1.61
ExtUtils::ParseXS 3.16
File::Spec 3.39_02
JSON 2.53
JSON::PP 2.27200
Module::Build 0.40
Module::Signature n/a
Parse::CPAN::Meta 1.4404
Test::Harness 3.23
Test::More 0.98
YAML 0.81
YAML::Syck 1.20
version 0.99
--
Summary of my perl5 (revision 5 version 16 subversion 0) configuration:
Platform:
osname=MSWin32, osvers=4.0, archname=MSWin32-x64-multi-thread
uname='Win32 strawberry-perl 5.16.0.1 #1 Tue May 22 13:24:11 2012 x64'
config_args='undef'
hint=recommended, useposix=true, d_sigaction=undef
useithreads=define, usemultiplicity=define
useperlio=define, d_sfio=undef, uselargefiles=define, usesocks=undef
use64bitint=define, use64bitall=undef, uselongdouble=undef
usemymalloc=n, bincompat5005=undef
Compiler:
cc='gcc', ccflags =' -s -O2 -DWIN32 -DWIN64 -DCONSERVATIVE -DPERL_TEXTMODE_SCRIPTS -DPERL_IMPLICIT_CONTEXT -DPERL_IMPLICIT_SYS -fno-strict-aliasing -mms-bitfields',
optimize='-s -O2',
cppflags='-DWIN32'
ccversion='', gccversion='4.6.3', gccosandvers=''
intsize=4, longsize=4, ptrsize=8, doublesize=8, byteorder=12345678
d_longlong=define, longlongsize=8, d_longdbl=define, longdblsize=12
ivtype='long long', ivsize=8, nvtype='double', nvsize=8, Off_t='long long', lseeksize=8
alignbytes=8, prototype=define
Linker and Libraries:
ld='g++', ldflags ='-s -L"C:\strawberry\perl\lib\CORE" -L"C:\strawberry\c\lib"'
libpth=C:\strawberry\c\lib C:\strawberry\c\x86_64-w64-mingw32\lib
libs=-lmoldname -lkernel32 -luser32 -lgdi32 -lwinspool -lcomdlg32 -ladvapi32 -lshell32 -lole32 -loleaut32 -lnetapi32 -luuid -lws2_32 -lmpr -lwinmm -lversion -lodbc32 -lodbccp32 -lcomctl32
perllibs=-lmoldname -lkernel32 -luser32 -lgdi32 -lwinspool -lcomdlg32 -ladvapi32 -lshell32 -lole32 -loleaut32 -lnetapi32 -luuid -lws2_32 -lmpr -lwinmm -lversion -lodbc32 -lodbccp32 -lcomctl32
libc=, so=dll, useshrplib=true, libperl=libperl516.a
gnulibc_version=''
Dynamic Linking:
dlsrc=dl_win32.xs, dlext=dll, d_dlsymun=undef, ccdlflags=' '
cccdlflags=' ', lddlflags='-mdll -s -L"C:\strawberry\perl\lib\CORE" -L"C:\strawberry\c\lib"'
Characteristics of this binary (from libperl):
Compile-time options: HAS_TIMES HAVE_INTERP_INTERN MULTIPLICITY
PERLIO_LAYERS PERL_DONT_CREATE_GVSV
PERL_IMPLICIT_CONTEXT PERL_IMPLICIT_SYS
PERL_MALLOC_WRAP PERL_PRESERVE_IVUV PL_OP_SLAB_ALLOC
USE_64_BIT_INT USE_ITHREADS USE_LARGE_FILES
USE_LOCALE USE_LOCALE_COLLATE USE_LOCALE_CTYPE
USE_LOCALE_NUMERIC USE_PERLIO USE_PERL_ATOF
Built under MSWin32
Compiled at May 22 2012 13:30:50
%ENV:
PERL5LIB="C:\strawberry\cpan\build\Date-Simple-3.03-3plyP7/blib/arch;C:\strawberry\cpan\build\Date-Simple-3.03-3plyP7/blib/lib"
PERL5_CPANPLUS_IS_RUNNING="3548"
PERL5_CPAN_IS_RUNNING="3548"
PERL5_CPAN_IS_RUNNING_IN_RECURSION="376,3548"
PERL_CR_SMOKER_CURRENT="MooseX-Types-Date-Piece-0.03"
PERL_EXTUTILS_AUTOINSTALL="--defaultdeps"
PERL_JSON_BACKEND="JSON::XS"
PERL_MM_USE_DEFAULT="1"
PERL_YAML_BACKEND="YAML"
@INC:
C:\strawberry\cpan\build\Date-Simple-3.03-3plyP7/blib/arch
C:\strawberry\cpan\build\Date-Simple-3.03-3plyP7/blib/lib
c:/strawberry/perl/site/lib
c:/strawberry/perl/vendor/lib
c:/strawberry/perl/lib
.