CXC-Form-Tiny-OptArgs2 v0.01 Perl 5 v5.28.2 amd64-freebsd
- Status
- Fail
- From
- Chris Williams (BINGOS)
- Dist
-
CXC-Form-Tiny-OptArgs2 v0.01
- Platform
- Perl 5 v5.28.2 amd64-freebsd
- Date
- 2023-09-18 06:07:14
- ID
- 9cb7bfe4-55e9-11ee-98b0-b3c3213a625c
This distribution has been tested as part of the CPAN Testers
project, supporting the Perl programming language. See
http://wiki.cpantesters.org/ for more information or email
questions to cpan-testers-discuss@perl.org
--
Dear DJERIUS,
This is a computer-generated error report created automatically by
CPANPLUS, version 0.9914. Testers personal comments may appear
at the end of this report.
Thank you for uploading your work to CPAN. However, it appears that
there were some problems testing your distribution.
TEST RESULTS:
Below is the error stack from stage 'make test':
# Failed test 'CXC/Form/Tiny/OptArgs2.pm loaded ok'
# at t/00-compile.t line 43.
# got: '65280'
# expected: '0'
Experimental aliasing via reference not enabled at /usr/home/cpan/pit/bare/conf/perl-5.28.2/.cpanplus/5.28.2/build/PSU7kDp0kJ/CXC-Form-Tiny-OptArgs2-0.01/blib/lib/CXC/Form/Tiny/OptArgs2.pm line 262.
Compilation failed in require at -e line 1.
# Looks like you failed 1 test of 1.
t/00-compile.t .........
Dubious, test returned 1 (wstat 256, 0x100)
Failed 1/1 subtests
#
# Versions for all modules listed in MYMETA.json (including optional ones):
#
# === Configure Requires ===
#
# Module Want Have
# ------------------- ----- -----
# Module::Build::Tiny 0.034 0.046
#
# === Test Requires ===
#
# Module Want Have
# ------------------- ---- --------
# ExtUtils::MakeMaker any 7.70
# File::Spec any 3.75
# Form::Tiny any 2.21
# IO::Handle any 1.39
# IPC::Open3 any 1.20
# Package::Variant any 1.003002
# Test2::V0 any 0.000156
# Test::Lib any 0.003
# Test::More any 1.302195
# Types::Standard any 2.004000
# aliased any 0.34
# base any 2.27
#
# === Test Recommends ===
#
# Module Want Have
# ---------- -------- --------
# CPAN::Meta 2.120900 2.150010
#
# === Runtime Requires ===
#
# Module Want Have
# ---------------- ------- --------
# Carp any 1.50
# Class::Load any 0.25
# Data::Dump any 1.25
# Hash::Fold any v1.0.0
# Hash::Merge any 0.302
# List::Util any 1.50
# Log::Any any 1.717
# OptArgs2 any 2.0.0
# Ref::Util any 0.204
# Scalar::Util any 1.50
# experimental any 0.019
# namespace::clean any 0.27
# perl v5.26.0 5.028002
# strict any 1.11
# warnings any 1.42
#
t/00-report-prereqs.t .. ok
could not load plugin CXC::Form::Tiny::Plugin::OptArgs2: Can't locate CXC/Form/Tiny/Plugin/OptArgs2.pm in @INC (you may need to install the CXC::Form::Tiny::Plugin::OptArgs2 module) (@INC contains: /usr/home/cpan/pit/bare/conf/perl-5.28.2/.cpanplus/5.28.2/build/PSU7kDp0kJ/CXC-Form-Tiny-OptArgs2-0.01/t/lib /usr/home/cpan/pit/bare/conf/perl-5.28.2/.cpanplus/5.28.2/build/PSU7kDp0kJ/CXC-Form-Tiny-OptArgs2-0.01/blib/arch /usr/home/cpan/pit/bare/conf/perl-5.28.2/.cpanplus/5.28.2/build/PSU7kDp0kJ/CXC-Form-Tiny-OptArgs2-0.01/blib/lib /usr/home/cpan/pit/jail/zbz0eB4LjL/lib/perl5/5.28.2/amd64-freebsd /usr/home/cpan/pit/jail/zbz0eB4LjL/lib/perl5/5.28.2 /usr/home/cpan/pit/jail/zbz0eB4LjL/lib/perl5/amd64-freebsd /usr/home/cpan/pit/jail/zbz0eB4LjL/lib/perl5 /usr/home/cpan/pit/bare/perl-5.28.2/lib/site_perl/5.28.2/amd64-freebsd /usr/home/cpan/pit/bare/perl-5.28.2/lib/site_perl/5.28.2 /usr/home/cpan/pit/bare/perl-5.28.2/lib/5.28.2/amd64-freebsd /usr/home/cpan/pit/bare/perl-5.28.2/lib/5.28.2 .) at (eval 159) line 1.
BEGIN failed--compilation aborted at (eval 159) line 1.
at t/config.t line 8.
BEGIN failed--compilation aborted at t/config.t line 8.
t/config.t .............
Dubious, test returned 2 (wstat 512, 0x200)
No subtests run
Experimental aliasing via reference not enabled at /usr/home/cpan/pit/bare/conf/perl-5.28.2/.cpanplus/5.28.2/build/PSU7kDp0kJ/CXC-Form-Tiny-OptArgs2-0.01/blib/lib/CXC/Form/Tiny/OptArgs2.pm line 262.
Compilation failed in require at /usr/home/cpan/pit/bare/perl-5.28.2/lib/5.28.2/base.pm line 137.
...propagated at /usr/home/cpan/pit/bare/perl-5.28.2/lib/5.28.2/base.pm line 159.
BEGIN failed--compilation aborted at t/nested.t line 10.
t/nested.t .............
Dubious, test returned 255 (wstat 65280, 0xff00)
No subtests run
could not load plugin CXC::Form::Tiny::Plugin::OptArgs2: Can't locate CXC/Form/Tiny/Plugin/OptArgs2.pm in @INC (you may need to install the CXC::Form::Tiny::Plugin::OptArgs2 module) (@INC contains: /usr/home/cpan/pit/bare/conf/perl-5.28.2/.cpanplus/5.28.2/build/PSU7kDp0kJ/CXC-Form-Tiny-OptArgs2-0.01/t/lib /usr/home/cpan/pit/bare/conf/perl-5.28.2/.cpanplus/5.28.2/build/PSU7kDp0kJ/CXC-Form-Tiny-OptArgs2-0.01/blib/arch /usr/home/cpan/pit/bare/conf/perl-5.28.2/.cpanplus/5.28.2/build/PSU7kDp0kJ/CXC-Form-Tiny-OptArgs2-0.01/blib/lib /usr/home/cpan/pit/jail/zbz0eB4LjL/lib/perl5/5.28.2/amd64-freebsd /usr/home/cpan/pit/jail/zbz0eB4LjL/lib/perl5/5.28.2 /usr/home/cpan/pit/jail/zbz0eB4LjL/lib/perl5/amd64-freebsd /usr/home/cpan/pit/jail/zbz0eB4LjL/lib/perl5 /usr/home/cpan/pit/bare/perl-5.28.2/lib/site_perl/5.28.2/amd64-freebsd /usr/home/cpan/pit/bare/perl-5.28.2/lib/site_perl/5.28.2 /usr/home/cpan/pit/bare/perl-5.28.2/lib/5.28.2/amd64-freebsd /usr/home/cpan/pit/bare/perl-5.28.2/lib/5.28.2 .) at (eval 159) line 1.
BEGIN failed--compilation aborted at (eval 159) line 1.
at t/simple.t line 8.
BEGIN failed--compilation aborted at t/simple.t line 8.
t/simple.t .............
Dubious, test returned 2 (wstat 512, 0x200)
No subtests run
Test Summary Report
-------------------
t/00-compile.t (Wstat: 256 (exited 1) Tests: 1 Failed: 1)
Failed test: 1
Non-zero exit status: 1
t/config.t (Wstat: 512 (exited 2) Tests: 0 Failed: 0)
Non-zero exit status: 2
Parse errors: No plan found in TAP output
t/nested.t (Wstat: 65280 (exited 255) Tests: 0 Failed: 0)
Non-zero exit status: 255
Parse errors: No plan found in TAP output
t/simple.t (Wstat: 512 (exited 2) Tests: 0 Failed: 0)
Non-zero exit status: 2
Parse errors: No plan found in TAP output
Files=5, Tests=2, 3 wallclock secs ( 0.07 usr 0.06 sys + 2.80 cusr 0.45 csys = 3.38 CPU)
Result: FAIL
MISSING PREREQUISITES:
It was observed that the test suite seem to fail without these modules:
CXC::Form::Tiny::Plugin::OptArgs2
As such, adding the prerequisite module(s) to 'PREREQ_PM' in your
Makefile.PL should solve this problem. For example:
WriteMakefile(
AUTHOR => 'DJERIUS (cpanplus-info@lists.sf.net)',
... # other information
PREREQ_PM => {
'CXC::Form::Tiny::Plugin::OptArgs2' => '0', # or a minimum working version
}
);
Thanks! :-)
PREREQUISITES:
Here is a list of prerequisites you specified and versions we
managed to load:
Module Name Have Want
Carp 1.50 0
Class::Load 0.25 0
Data::Dump 1.25 0
ExtUtils::MakeMaker 7.70 0
File::Spec 3.75 0
Form::Tiny 2.21 0
Hash::Fold v1.0.0 0
Hash::Merge 0.302 0
IO::Handle 1.39 0
IPC::Open3 1.20 0
List::Util 1.50 0
Log::Any 1.717 0
OptArgs2 2.0.0 0
Package::Variant 1.003002 0
Ref::Util 0.204 0
Scalar::Util 1.50 0
Test2::V0 0.000156 0
Test::Lib 0.003 0
Test::More 1.302195 0
Types::Standard 2.004000 0
aliased 0.34 0
base 2.27 0
experimental 0.019 0
namespace::clean 0.27 0
strict 1.11 0
warnings 1.42 0
Perl module toolchain versions installed:
Module Name Have
CPANPLUS 0.9914
CPANPLUS::Dist::Build 0.90
Cwd 3.75
ExtUtils::CBuilder 0.280236
ExtUtils::Command 7.70
ExtUtils::Install 2.22
ExtUtils::MakeMaker 7.70
ExtUtils::Manifest 1.75
ExtUtils::ParseXS 3.44
File::Spec 3.75
Module::Build 0.4234
Pod::Parser 1.63
Pod::Simple 3.35
Test2 1.302195
Test::Harness 3.44
Test::More 1.302195
version 0.9929
******************************** NOTE ********************************
The comments above are created mechanically, possibly without manual
checking by the sender. As there are many people performing automatic
tests on each upload to CPAN, it is likely that you will receive
identical messages about the same problem.
If you believe that the message is mistaken, please reply to the first
one with correction and/or additional informations, and do not take
it personally. We appreciate your patience. :)
**********************************************************************
Additional comments:
This report was machine-generated by CPANPLUS::Dist::YACSmoke 1.08.
Powered by minismokebox version 0.68
CPANPLUS is prefering Build.PL
------------------------------
ENVIRONMENT AND OTHER CONTEXT
------------------------------
Environment variables:
AUTOMATED_TESTING = 1
LANG = C.UTF-8
NONINTERACTIVE_TESTING = 1
PATH = /sbin:/bin:/usr/sbin:/usr/bin:/usr/local/sbin:/usr/local/bin:/home/cpan/bin
PERL5LIB = /usr/home/cpan/pit/jail/zbz0eB4LjL/lib/perl5:/usr/home/cpan/pit/bare/conf/perl-5.28.2/.cpanplus/5.28.2/build/PSU7kDp0kJ/CXC-Form-Tiny-OptArgs2-0.01/blib/lib:/usr/home/cpan/pit/bare/conf/perl-5.28.2/.cpanplus/5.28.2/build/PSU7kDp0kJ/CXC-Form-Tiny-OptArgs2-0.01/blib/arch
PERL5_CPANPLUS_IS_RUNNING = 8378
PERL5_CPANPLUS_IS_VERSION = 0.9914
PERL5_MINISMOKEBOX = 0.68
PERL5_YACSMOKE_BASE = /usr/home/cpan/pit/bare/conf/perl-5.28.2
PERL_EXTUTILS_AUTOINSTALL = --defaultdeps
PERL_LOCAL_LIB_ROOT = /usr/home/cpan/pit/jail/zbz0eB4LjL
PERL_MB_OPT = --install_base "/usr/home/cpan/pit/jail/zbz0eB4LjL"
PERL_MM_OPT = INSTALL_BASE=/usr/home/cpan/pit/jail/zbz0eB4LjL
PERL_MM_USE_DEFAULT = 1
SHELL = /usr/local/bin/bash
TERM = screen
Perl special variables (and OS-specific diagnostics, for MSWin32):
Perl: $^X = /usr/home/cpan/pit/bare/perl-5.28.2/bin/perl
UID: $< = 1002
EUID: $> = 1002
GID: $( = 1002 1002
EGID: $) = 1002 1002
-------------------------------
--
Summary of my perl5 (revision 5 version 28 subversion 2) configuration:
Platform:
osname=freebsd
osvers=13.2-release
archname=amd64-freebsd
uname='freebsd fever 13.2-release freebsd 13.2-release releng13.2-n254617-525ecfdad597 generic amd64 '
config_args='-des -Dprefix=/usr/home/cpan/pit/bare/perl-5.28.2'
hint=recommended
useposix=true
d_sigaction=define
useithreads=undef
usemultiplicity=undef
use64bitint=define
use64bitall=define
uselongdouble=undef
usemymalloc=n
default_inc_excludes_dot=define
bincompat5005=undef
Compiler:
cc='cc'
ccflags ='-DHAS_FPSETMASK -DHAS_FLOATINGPOINT_H -fno-strict-aliasing -pipe -fstack-protector-strong -I/usr/local/include'
optimize='-O2'
cppflags='-DHAS_FPSETMASK -DHAS_FLOATINGPOINT_H -fno-strict-aliasing -pipe -fstack-protector-strong -I/usr/local/include'
ccversion=''
gccversion='FreeBSD Clang 14.0.5 (https://github.com/llvm/llvm-project.git llvmorg-14.0.5-0-gc12386ae247c)'
gccosandvers=''
intsize=4
longsize=8
ptrsize=8
doublesize=8
byteorder=12345678
doublekind=3
d_longlong=define
longlongsize=8
d_longdbl=define
longdblsize=16
longdblkind=3
ivtype='long'
ivsize=8
nvtype='double'
nvsize=8
Off_t='off_t'
lseeksize=8
alignbytes=8
prototype=define
Linker and Libraries:
ld='cc'
ldflags ='-Wl,-E -fstack-protector-strong -L/usr/local/lib'
libpth=/usr/lib /usr/local/lib /usr/lib/clang/14.0.5/lib /usr/lib
libs=-lpthread -lgdbm -ldl -lm -lcrypt -lutil -lc
perllibs=-lpthread -ldl -lm -lcrypt -lutil -lc
libc=
so=so
useshrplib=false
libperl=libperl.a
gnulibc_version=''
Dynamic Linking:
dlsrc=dl_dlopen.xs
dlext=so
d_dlsymun=undef
ccdlflags=' '
cccdlflags='-DPIC -fPIC'
lddlflags='-shared -L/usr/local/lib -fstack-protector-strong'
Characteristics of this binary (from libperl):
Compile-time options:
HAS_TIMES
PERLIO_LAYERS
PERL_COPY_ON_WRITE
PERL_DONT_CREATE_GVSV
PERL_MALLOC_WRAP
PERL_OP_PARENT
PERL_PRESERVE_IVUV
USE_64_BIT_ALL
USE_64_BIT_INT
USE_LARGE_FILES
USE_LOCALE
USE_LOCALE_COLLATE
USE_LOCALE_CTYPE
USE_LOCALE_NUMERIC
USE_LOCALE_TIME
USE_PERLIO
USE_PERL_ATOF
Locally applied patches:
Devel::PatchPerl 2.08
Built under freebsd
Compiled at Apr 25 2023 00:39:26
%ENV:
PERL5LIB="/usr/home/cpan/pit/jail/zbz0eB4LjL/lib/perl5:/usr/home/cpan/pit/bare/conf/perl-5.28.2/.cpanplus/5.28.2/build/PSU7kDp0kJ/CXC-Form-Tiny-OptArgs2-0.01/blib/lib:/usr/home/cpan/pit/bare/conf/perl-5.28.2/.cpanplus/5.28.2/build/PSU7kDp0kJ/CXC-Form-Tiny-OptArgs2-0.01/blib/arch"
PERL5_CPANPLUS_IS_RUNNING="8378"
PERL5_CPANPLUS_IS_VERSION="0.9914"
PERL5_MINISMOKEBOX="0.68"
PERL5_YACSMOKE_BASE="/usr/home/cpan/pit/bare/conf/perl-5.28.2"
PERL_EXTUTILS_AUTOINSTALL="--defaultdeps"
PERL_LOCAL_LIB_ROOT="/usr/home/cpan/pit/jail/zbz0eB4LjL"
PERL_MB_OPT="--install_base "/usr/home/cpan/pit/jail/zbz0eB4LjL""
PERL_MM_OPT="INSTALL_BASE=/usr/home/cpan/pit/jail/zbz0eB4LjL"
PERL_MM_USE_DEFAULT="1"
@INC:
/usr/home/cpan/pit/jail/zbz0eB4LjL/lib/perl5/5.28.2/amd64-freebsd
/usr/home/cpan/pit/jail/zbz0eB4LjL/lib/perl5/5.28.2
/usr/home/cpan/pit/jail/zbz0eB4LjL/lib/perl5/amd64-freebsd
/usr/home/cpan/pit/jail/zbz0eB4LjL/lib/perl5
/usr/home/cpan/pit/bare/conf/perl-5.28.2/.cpanplus/5.28.2/build/PSU7kDp0kJ/CXC-Form-Tiny-OptArgs2-0.01/blib/lib
/usr/home/cpan/pit/bare/conf/perl-5.28.2/.cpanplus/5.28.2/build/PSU7kDp0kJ/CXC-Form-Tiny-OptArgs2-0.01/blib/arch
/usr/home/cpan/pit/bare/perl-5.28.2/lib/site_perl/5.28.2/amd64-freebsd
/usr/home/cpan/pit/bare/perl-5.28.2/lib/site_perl/5.28.2
/usr/home/cpan/pit/bare/perl-5.28.2/lib/5.28.2/amd64-freebsd
/usr/home/cpan/pit/bare/perl-5.28.2/lib/5.28.2