Report for Gungho-0.09008

Back
From: metabase:user:64c3708a-bcc1-11df-9f47-270c9e8d23bf
Subject: FAIL Gungho-0.09008 v5.14.1 GNU/Linux
Date: 2011-07-07T09:07:59Z

This distribution has been tested as part of the CPAN Testers
project, supporting the Perl programming language.  See
http://wiki.cpantesters.org/ for more information or email
questions to cpan-testers-discuss@perl.org


--
Dear Daisuke Maki,

This is a computer-generated report for Gungho-0.09008
on perl 5.14.1, created by CPAN-Reporter-1.1902.

Thank you for uploading your work to CPAN.  However, there was a problem
testing your distribution.

If you think this report is invalid, please consult the CPAN Testers Wiki
for suggestions on how to avoid getting FAIL reports for missing library
or binary dependencies, unsupported operating systems, and so on:

http://wiki.cpantesters.org/wiki/CPANAuthorNotes

Sections of this report:

    * Tester comments
    * Program output
    * Prerequisites
    * Environment and other context

------------------------------
TESTER COMMENTS
------------------------------

Additional comments from tester:

none provided

------------------------------
PROGRAM OUTPUT
------------------------------

Output from '/usr/bin/make test':

/opt/perl5_14_1/bin/perl5.14.1 "-Iinc" Makefile.PL --config= --installdeps=Class::C3::XS,0,HTML::RobotsMETA,0,WWW::RobotRules::Parser,0,Data::Valve,0,Data::Valve,0
Subroutine can redefined at /opt/perl5_14_1/lib/5.14.1/i686-linux-thread-multi/mro.pm line 24.
Subroutine method redefined at /opt/perl5_14_1/lib/5.14.1/i686-linux-thread-multi/mro.pm line 26.
Subroutine method redefined at /opt/perl5_14_1/lib/5.14.1/i686-linux-thread-multi/mro.pm line 34.
PERL_DL_NONLAZY=1 /opt/perl5_14_1/bin/perl5.14.1 "-MExtUtils::Command::MM" "-e" "test_harness(0, 'inc', 'blib/lib', 'blib/arch')" t/response/regression_jkim_20071201.t t/99_pod-coverage.t t/component/robots_meta/01_load.t t/component/cache/01_load.t t/component/scraper/01_load.t t/component/robot_rules/02_storage.t t/component/robot_rules/regression_jkim_20071201.t t/component/robot_rules/01_load.t t/component/authentication/01_load.t t/component/throttle/01_load.t t/plugin/statistics/02_parts.t t/plugin/statistics/01_load.t t/plugin/request_log/01_basic.t t/03_live/perl-proxy.t t/03_live/perl.t t/03_live/twitter.t t/02_config.t t/99_pod.t t/99_kwalitee.t t/01_load.t t/engine/poe/02_live.t t/engine/poe/05_dns_params.t t/engine/poe/04_dns.t t/engine/poe/06_dns_disable.t t/engine/poe/01_load.t t/engine/danga-socket/02_live.t t/engine/danga-socket/04_dns.t t/engine/danga-socket/01_load.t t/engine/io-async/02_live.t t/engine/io-async/04_dns.t t/engine/io-async/01_load.t t/request/regression_jkim_20071201.t
Use of qw(...) as parentheses is deprecated at /home/entwicklung/.cpan/build/Gungho-0.09008-lxIz_0/blib/lib/Gungho/Request.pm line 20.
Use of qw(...) as parentheses is deprecated at /home/entwicklung/.cpan/build/Gungho-0.09008-lxIz_0/blib/lib/Gungho/Inline.pm line 31.
Use of qw(...) as parentheses is deprecated at /home/entwicklung/.cpan/build/Gungho-0.09008-lxIz_0/blib/lib/Gungho/Inline.pm line 52.
Use of qw(...) as parentheses is deprecated at /home/entwicklung/.cpan/build/Gungho-0.09008-lxIz_0/blib/lib/Gungho/Log.pm line 14.
Use of qw(...) as parentheses is deprecated at /home/entwicklung/.cpan/build/Gungho-0.09008-lxIz_0/blib/lib/Gungho/Log/Dispatch.pm line 16.
t/01_load.t ......................................... ok
t/02_config.t ....................................... ok
t/03_live/perl-proxy.t .............................. skipped: Set proxy URI to GUNGHO_TEST_PROXY to run these tests
t/03_live/perl.t .................................... skipped: Enable GUNGHO_TEST_LIVE to run these tests
t/03_live/twitter.t ................................. skipped: Enable GUNGHO_TWITTER_USERNAME and GUNGHO_TWITTER_PASSWORD to run these tests
t/99_kwalitee.t ..................................... skipped: Enable TEST_KWALITEE to enable these tests
t/99_pod-coverage.t ................................. skipped: Enable TEST_POD environment variable to test POD
t/99_pod.t .......................................... skipped: Enable TEST_POD environment variable to test POD
Use of qw(...) as parentheses is deprecated at t/lib/GunghoTest.pm line 37.
Use of qw(...) as parentheses is deprecated at t/component/authentication/01_load.t line 13.
Use of qw(...) as parentheses is deprecated at /home/entwicklung/.cpan/build/Gungho-0.09008-lxIz_0/blib/lib/Gungho/Request.pm line 20.
Use of qw(...) as parentheses is deprecated at /home/entwicklung/.cpan/build/Gungho-0.09008-lxIz_0/blib/lib/Gungho/Log.pm line 14.
Use of qw(...) as parentheses is deprecated at /home/entwicklung/.cpan/build/Gungho-0.09008-lxIz_0/blib/lib/Gungho/Log/Dispatch.pm line 16.
t/component/authentication/01_load.t ................ ok
Use of qw(...) as parentheses is deprecated at t/lib/GunghoTest.pm line 37.
t/component/cache/01_load.t ......................... skipped: Cache::Memory not installed: Can't locate Cache/Memory.pm in @INC (@INC contains: t/lib /home/entwicklung/.cpan/build/Gungho-0.09008-lxIz_0/inc /home/entwicklung/.cpan/build/Gungho-0.09008-lxIz_0/blib/lib /home/entwicklung/.cpan/build/Gungho-0.09008-lxIz_0/blib/arch /opt/perl5_14_1/lib/site_perl/5.14.1/i686-linux-thread-multi /opt/perl5_14_1/lib/site_perl/5.14.1 /opt/perl5_14_1/lib/5.14.1/i686-linux-thread-multi /opt/perl5_14_1/lib/5.14.1 .) at (eval 123) line 2.
Use of qw(...) as parentheses is deprecated at t/lib/GunghoTest.pm line 37.
Use of qw(...) as parentheses is deprecated at t/component/robot_rules/01_load.t line 12.
Use of qw(...) as parentheses is deprecated at /home/entwicklung/.cpan/build/Gungho-0.09008-lxIz_0/blib/lib/Gungho/Request.pm line 20.
Use of qw(...) as parentheses is deprecated at /home/entwicklung/.cpan/build/Gungho-0.09008-lxIz_0/blib/lib/Gungho/Log.pm line 14.
Use of qw(...) as parentheses is deprecated at /home/entwicklung/.cpan/build/Gungho-0.09008-lxIz_0/blib/lib/Gungho/Log/Dispatch.pm line 16.
t/component/robot_rules/01_load.t ................... ok
Use of qw(...) as parentheses is deprecated at t/component/robot_rules/02_storage.t line 15.
t/component/robot_rules/02_storage.t ................ ok
t/component/robot_rules/regression_jkim_20071201.t .. skipped: RobotRules is not enabled
Use of qw(...) as parentheses is deprecated at t/lib/GunghoTest.pm line 37.
Use of qw(...) as parentheses is deprecated at /home/entwicklung/.cpan/build/Gungho-0.09008-lxIz_0/blib/lib/Gungho/Request.pm line 20.
Use of qw(...) as parentheses is deprecated at /home/entwicklung/.cpan/build/Gungho-0.09008-lxIz_0/blib/lib/Gungho/Log.pm line 14.
Use of qw(...) as parentheses is deprecated at /home/entwicklung/.cpan/build/Gungho-0.09008-lxIz_0/blib/lib/Gungho/Log/Dispatch.pm line 16.
t/component/robots_meta/01_load.t ................... ok
Use of qw(...) as parentheses is deprecated at t/lib/GunghoTest.pm line 37.
t/component/scraper/01_load.t ....................... skipped: Web::Scraper::Config not installed: Can't locate Web/Scraper/Config.pm in @INC (@INC contains: t/lib /home/entwicklung/.cpan/build/Gungho-0.09008-lxIz_0/inc /home/entwicklung/.cpan/build/Gungho-0.09008-lxIz_0/blib/lib /home/entwicklung/.cpan/build/Gungho-0.09008-lxIz_0/blib/arch /opt/perl5_14_1/lib/site_perl/5.14.1/i686-linux-thread-multi /opt/perl5_14_1/lib/site_perl/5.14.1 /opt/perl5_14_1/lib/5.14.1/i686-linux-thread-multi /opt/perl5_14_1/lib/5.14.1 .) at (eval 123) line 2.
Use of qw(...) as parentheses is deprecated at t/lib/GunghoTest.pm line 37.
t/component/throttle/01_load.t ...................... skipped: Data::Throttler not installed: Can't locate Data/Throttler.pm in @INC (@INC contains: t/lib /home/entwicklung/.cpan/build/Gungho-0.09008-lxIz_0/inc /home/entwicklung/.cpan/build/Gungho-0.09008-lxIz_0/blib/lib /home/entwicklung/.cpan/build/Gungho-0.09008-lxIz_0/blib/arch /opt/perl5_14_1/lib/site_perl/5.14.1/i686-linux-thread-multi /opt/perl5_14_1/lib/site_perl/5.14.1 /opt/perl5_14_1/lib/5.14.1/i686-linux-thread-multi /opt/perl5_14_1/lib/5.14.1 .) at (eval 123) line 2.
Use of qw(...) as parentheses is deprecated at t/lib/GunghoTest.pm line 37.

#   Failed test 'use Gungho::Engine::Danga::Socket;'
#   at t/engine/danga-socket/01_load.t line 13.
#     Tried to use 'Gungho::Engine::Danga::Socket'.
#     Error:  Can't locate Danga/Socket/Callback.pm in @INC (@INC contains: t/lib /home/entwicklung/.cpan/build/Gungho-0.09008-lxIz_0/inc /home/entwicklung/.cpan/build/Gungho-0.09008-lxIz_0/blib/lib /home/entwicklung/.cpan/build/Gungho-0.09008-lxIz_0/blib/arch /opt/perl5_14_1/lib/site_perl/5.14.1/i686-linux-thread-multi /opt/perl5_14_1/lib/site_perl/5.14.1 /opt/perl5_14_1/lib/5.14.1/i686-linux-thread-multi /opt/perl5_14_1/lib/5.14.1 .) at /home/entwicklung/.cpan/build/Gungho-0.09008-lxIz_0/blib/lib/Gungho/Engine/Danga/Socket.pm line 10.
# BEGIN failed--compilation aborted at /home/entwicklung/.cpan/build/Gungho-0.09008-lxIz_0/blib/lib/Gungho/Engine/Danga/Socket.pm line 10.
# Compilation failed in require at (eval 9) line 2.
# BEGIN failed--compilation aborted at (eval 9) line 2.
# Looks like you failed 1 test of 1.
t/engine/danga-socket/01_load.t ..................... 
Dubious, test returned 1 (wstat 256, 0x100)
Failed 1/1 subtests 
Use of qw(...) as parentheses is deprecated at t/lib/GunghoTest.pm line 37.
Use of qw(...) as parentheses is deprecated at /home/entwicklung/.cpan/build/Gungho-0.09008-lxIz_0/blib/lib/Gungho/Request.pm line 20.
Use of qw(...) as parentheses is deprecated at /home/entwicklung/.cpan/build/Gungho-0.09008-lxIz_0/blib/lib/Gungho/Inline.pm line 31.
Use of qw(...) as parentheses is deprecated at /home/entwicklung/.cpan/build/Gungho-0.09008-lxIz_0/blib/lib/Gungho/Inline.pm line 52.
Use of qw(...) as parentheses is deprecated at t/lib/GunghoTest/Live.pm line 19.
t/engine/danga-socket/02_live.t ..................... skipped: Environment variable GUNGHO_TEST_LIVE is not specified
Use of qw(...) as parentheses is deprecated at t/lib/GunghoTest.pm line 37.
Use of qw(...) as parentheses is deprecated at /home/entwicklung/.cpan/build/Gungho-0.09008-lxIz_0/blib/lib/Gungho/Request.pm line 20.
Use of qw(...) as parentheses is deprecated at /home/entwicklung/.cpan/build/Gungho-0.09008-lxIz_0/blib/lib/Gungho/Inline.pm line 31.
Use of qw(...) as parentheses is deprecated at /home/entwicklung/.cpan/build/Gungho-0.09008-lxIz_0/blib/lib/Gungho/Inline.pm line 52.
t/engine/danga-socket/04_dns.t ...................... skipped: Environment variable GUNGHO_TEST_LIVE is not specified
Use of qw(...) as parentheses is deprecated at t/lib/GunghoTest.pm line 37.
t/engine/io-async/01_load.t ......................... skipped: IO::Async::Buffer not available
Use of qw(...) as parentheses is deprecated at t/lib/GunghoTest.pm line 37.
Use of qw(...) as parentheses is deprecated at /home/entwicklung/.cpan/build/Gungho-0.09008-lxIz_0/blib/lib/Gungho/Request.pm line 20.
Use of qw(...) as parentheses is deprecated at /home/entwicklung/.cpan/build/Gungho-0.09008-lxIz_0/blib/lib/Gungho/Inline.pm line 31.
Use of qw(...) as parentheses is deprecated at /home/entwicklung/.cpan/build/Gungho-0.09008-lxIz_0/blib/lib/Gungho/Inline.pm line 52.
Use of qw(...) as parentheses is deprecated at t/lib/GunghoTest/Live.pm line 19.
t/engine/io-async/02_live.t ......................... skipped: IO::Async::Buffer not available
Use of qw(...) as parentheses is deprecated at t/lib/GunghoTest.pm line 37.
Use of qw(...) as parentheses is deprecated at /home/entwicklung/.cpan/build/Gungho-0.09008-lxIz_0/blib/lib/Gungho/Request.pm line 20.
Use of qw(...) as parentheses is deprecated at /home/entwicklung/.cpan/build/Gungho-0.09008-lxIz_0/blib/lib/Gungho/Inline.pm line 31.
Use of qw(...) as parentheses is deprecated at /home/entwicklung/.cpan/build/Gungho-0.09008-lxIz_0/blib/lib/Gungho/Inline.pm line 52.
t/engine/io-async/04_dns.t .......................... skipped: IO::Async::Buffer not available
Use of qw(...) as parentheses is deprecated at t/lib/GunghoTest.pm line 37.
t/engine/poe/01_load.t .............................. ok
Use of qw(...) as parentheses is deprecated at t/lib/GunghoTest.pm line 37.
Use of qw(...) as parentheses is deprecated at /home/entwicklung/.cpan/build/Gungho-0.09008-lxIz_0/blib/lib/Gungho/Request.pm line 20.
Use of qw(...) as parentheses is deprecated at /home/entwicklung/.cpan/build/Gungho-0.09008-lxIz_0/blib/lib/Gungho/Inline.pm line 31.
Use of qw(...) as parentheses is deprecated at /home/entwicklung/.cpan/build/Gungho-0.09008-lxIz_0/blib/lib/Gungho/Inline.pm line 52.
Use of qw(...) as parentheses is deprecated at t/lib/GunghoTest/Live.pm line 19.
t/engine/poe/02_live.t .............................. skipped: Environment variable GUNGHO_TEST_LIVE is not specified
Use of qw(...) as parentheses is deprecated at t/lib/GunghoTest.pm line 37.
Use of qw(...) as parentheses is deprecated at /home/entwicklung/.cpan/build/Gungho-0.09008-lxIz_0/blib/lib/Gungho/Request.pm line 20.
Use of qw(...) as parentheses is deprecated at /home/entwicklung/.cpan/build/Gungho-0.09008-lxIz_0/blib/lib/Gungho/Inline.pm line 31.
Use of qw(...) as parentheses is deprecated at /home/entwicklung/.cpan/build/Gungho-0.09008-lxIz_0/blib/lib/Gungho/Inline.pm line 52.
t/engine/poe/04_dns.t ............................... skipped: Environment variable GUNGHO_TEST_LIVE is not specified
Use of qw(...) as parentheses is deprecated at /home/entwicklung/.cpan/build/Gungho-0.09008-lxIz_0/blib/lib/Gungho/Request.pm line 20.
Use of qw(...) as parentheses is deprecated at /home/entwicklung/.cpan/build/Gungho-0.09008-lxIz_0/blib/lib/Gungho/Inline.pm line 31.
Use of qw(...) as parentheses is deprecated at /home/entwicklung/.cpan/build/Gungho-0.09008-lxIz_0/blib/lib/Gungho/Inline.pm line 52.
Undefined subroutine &POE::Component::Client::DNS::SF_TIMEOUT called at t/engine/poe/05_dns_params.t line 17.
# Looks like you planned 3 tests but ran 1.
# Looks like your test exited with 255 just after 1.
t/engine/poe/05_dns_params.t ........................ 
Dubious, test returned 255 (wstat 65280, 0xff00)
Failed 2/3 subtests 
Use of qw(...) as parentheses is deprecated at t/lib/GunghoTest.pm line 37.
Use of qw(...) as parentheses is deprecated at /home/entwicklung/.cpan/build/Gungho-0.09008-lxIz_0/blib/lib/Gungho/Request.pm line 20.
Use of qw(...) as parentheses is deprecated at /home/entwicklung/.cpan/build/Gungho-0.09008-lxIz_0/blib/lib/Gungho/Inline.pm line 31.
Use of qw(...) as parentheses is deprecated at /home/entwicklung/.cpan/build/Gungho-0.09008-lxIz_0/blib/lib/Gungho/Inline.pm line 52.
Use of qw(...) as parentheses is deprecated at t/lib/GunghoTest/Live.pm line 19.
t/engine/poe/06_dns_disable.t ....................... skipped: Environment variable GUNGHO_TEST_LIVE is not specified
Use of qw(...) as parentheses is deprecated at t/lib/GunghoTest.pm line 37.
t/plugin/request_log/01_basic.t ..................... skipped: Enable GUNGHO_TEST_LIVE to run these tests
Use of qw(...) as parentheses is deprecated at /home/entwicklung/.cpan/build/Gungho-0.09008-lxIz_0/blib/lib/Gungho/Plugin/Statistics.pm line 45.
Use of qw(...) as parentheses is deprecated at /home/entwicklung/.cpan/build/Gungho-0.09008-lxIz_0/blib/lib/Gungho/Plugin/Statistics.pm line 57.
t/plugin/statistics/01_load.t ....................... ok
Use of qw(...) as parentheses is deprecated at /home/entwicklung/.cpan/build/Gungho-0.09008-lxIz_0/blib/lib/Gungho/Plugin/Statistics/Storage/SQLite.pm line 48.
Use of qw(...) as parentheses is deprecated at /home/entwicklung/.cpan/build/Gungho-0.09008-lxIz_0/blib/lib/Gungho/Plugin/Statistics/Format/XML.pm line 20.
t/plugin/statistics/02_parts.t ...................... ok
Use of qw(...) as parentheses is deprecated at /home/entwicklung/.cpan/build/Gungho-0.09008-lxIz_0/blib/lib/Gungho/Request.pm line 20.
t/request/regression_jkim_20071201.t ................ ok
t/response/regression_jkim_20071201.t ............... ok

Test Summary Report
-------------------
t/engine/danga-socket/01_load.t                   (Wstat: 256 Tests: 1 Failed: 1)
  Failed test:  1
  Non-zero exit status: 1
t/engine/poe/05_dns_params.t                      (Wstat: 65280 Tests: 1 Failed: 0)
  Non-zero exit status: 255
  Parse errors: Bad plan.  You planned 3 tests but ran 1.
Files=32, Tests=57, 14 wallclock secs ( 0.05 usr  0.23 sys +  3.94 cusr  1.51 csys =  5.73 CPU)
Result: FAIL
Failed 2/32 test programs. 1/57 subtests failed.
make: *** [test_dynamic] Fehler 255

------------------------------
PREREQUISITES
------------------------------

Prerequisite modules loaded:

requires:

    Module                            Need    Have      
    --------------------------------- ------- ----------
    Best                              0       0.12      
    Class::Accessor::Fast             0       0.34      
    Class::C3                         0       0.23      
    Class::C3::Componentised          0       1.0009    
    Class::C3::XS                     0       0.13      
    Class::Data::Inheritable          0       0.08      
    Class::Inspector                  0       1.25      
    Config::Any                       0       0.21      
    Danga::Socket                     0       1.61      
    Data::Dumper                      0       2.131     
    Data::Valve                       0       0.00010   
    DB_File                           0       1.822     
    DBI                               0       1.616     
    Digest::MD5                       0       2.51      
    DirHandle                         0       1.04      
    Event::Notify                     0.00004 0.00004   
    Exception::Class                  0       1.32      
    ExtUtils::MakeMaker               6.58    6.58      
    File::Spec                        0       3.33      
    File::Temp                        0       0.22      
    FindBin                           0       1.50      
    Getopt::Long                      0       2.38      
    HTML::RobotsMETA                  0       0.00004   
    HTTP::Headers::Util               0       6.00      
    HTTP::Parser                      0       0.06      
    HTTP::Request                     0       6.00      
    HTTP::Response                    0       6.01      
    HTTP::Status                      0       6.00      
    IO::Socket::INET                  0       1.31      
    Log::Dispatch                     0       2.29      
    MIME::Base64                      0       3.13      
    Net::DNS                          0       0.66      
    Path::Class                       0       0.24      
    Path::Class::Dir                  0       0.24      
    Pod::Usage                        0       1.36      
    POE                               0.9999  1.311     
    POE::Component::Client::DNS       0       1.051     
    POE::Component::Client::HTTP      0.81    0.943     
    POE::Component::Client::Keepalive 0       0.267     
    Regexp::Common                    0       2011041701
    Storable                          0       2.29      
    Sys::Hostname                     0       1.16      
    Test::MockObject                  0       1.20110612
    Test::More                        0       0.98      
    Time::HiRes                       0       1.9724    
    UNIVERSAL::isa                    0.06    1.20110614
    UNIVERSAL::require                0       0.13      
    URI                               0       1.58      
    WWW::RobotRules::Parser           0       0.04001   
    XML::LibXML                       0       1.78      
    YAML                              0       0.73      

build_requires:

    Module                            Need    Have      
    --------------------------------- ------- ----------
    ExtUtils::MakeMaker               0       6.58      


------------------------------
ENVIRONMENT AND OTHER CONTEXT
------------------------------

Environment variables:

    LANG = de_DE.utf8
    PATH = /usr/local/sbin:/usr/local/bin:/usr/sbin:/usr/bin:/sbin:/bin:/usr/X11R6/bin
    PERL5LIB = 
    PERL5OPT = 
    PERL5_CPANPLUS_IS_RUNNING = 17860
    PERL5_CPAN_IS_RUNNING = 17860
    SHELL = /bin/bash
    TERM = xterm

Perl special variables (and OS-specific diagnostics, for MSWin32):

    $^X = /opt/perl5_14_1/bin/perl5.14.1
    $UID/$EUID = 0 / 0
    $GID = 0 0
    $EGID = 0 0

Perl module toolchain versions installed:

    Module              Have    
    ------------------- --------
    CPAN                1.9600  
    Cwd                 3.36    
    ExtUtils::CBuilder  0.280203
    ExtUtils::Command   1.17    
    ExtUtils::Install   1.56    
    ExtUtils::MakeMaker 6.58    
    ExtUtils::Manifest  1.58    
    ExtUtils::ParseXS   2.2210  
    File::Spec          3.33    
    Module::Build       0.3800  
    Module::Signature   n/a     
    Test::Harness       3.23    
    Test::More          0.98    
    YAML                0.73    
    YAML::Syck          1.17    
    version             0.88    


--

Summary of my perl5 (revision 5 version 14 subversion 1) configuration:
   
  Platform:
    osname=linux, osvers=2.6.35-28-generic, archname=i686-linux-thread-multi
    uname='linux ubuntu 2.6.35-28-generic #50-ubuntu smp fri mar 18 19:00:26 utc 2011 i686 gnulinux '
    config_args='-Dprefix=/opt/perl5_14_1 -des -Dusethreads'
    hint=recommended, useposix=true, d_sigaction=define
    useithreads=define, usemultiplicity=define
    useperlio=define, d_sfio=undef, uselargefiles=define, usesocks=undef
    use64bitint=undef, use64bitall=undef, uselongdouble=undef
    usemymalloc=n, bincompat5005=undef
  Compiler:
    cc='cc', ccflags ='-D_REENTRANT -D_GNU_SOURCE -fno-strict-aliasing -pipe -fstack-protector -I/usr/local/include -D_LARGEFILE_SOURCE -D_FILE_OFFSET_BITS=64',
    optimize='-O2',
    cppflags='-D_REENTRANT -D_GNU_SOURCE -fno-strict-aliasing -pipe -fstack-protector -I/usr/local/include'
    ccversion='', gccversion='4.4.5', gccosandvers=''
    intsize=4, longsize=4, ptrsize=4, doublesize=8, byteorder=1234
    d_longlong=define, longlongsize=8, d_longdbl=define, longdblsize=12
    ivtype='long', ivsize=4, nvtype='double', nvsize=8, Off_t='off_t', lseeksize=8
    alignbytes=4, prototype=define
  Linker and Libraries:
    ld='cc', ldflags =' -fstack-protector -L/usr/local/lib'
    libpth=/usr/local/lib /lib/../lib /usr/lib/../lib /lib /usr/lib /usr/lib/i686-linux-gnu /usr/lib64
    libs=-lnsl -ldl -lm -lcrypt -lutil -lpthread -lc
    perllibs=-lnsl -ldl -lm -lcrypt -lutil -lpthread -lc
    libc=/lib/libc-2.12.1.so, so=so, useshrplib=false, libperl=libperl.a
    gnulibc_version='2.12.1'
  Dynamic Linking:
    dlsrc=dl_dlopen.xs, dlext=so, d_dlsymun=undef, ccdlflags='-Wl,-E'
    cccdlflags='-fPIC', lddlflags='-shared -O2 -L/usr/local/lib -fstack-protector'


Characteristics of this binary (from libperl): 
  Compile-time options: MULTIPLICITY PERL_DONT_CREATE_GVSV
                        PERL_IMPLICIT_CONTEXT PERL_MALLOC_WRAP
                        PERL_PRESERVE_IVUV USE_ITHREADS USE_LARGE_FILES
                        USE_PERLIO USE_PERL_ATOF USE_REENTRANT_API
  Built under linux
  Compiled at Jun 24 2011 14:20:44
  %ENV:
    PERL5LIB=""
    PERL5OPT=""
    PERL5_CPANPLUS_IS_RUNNING="17860"
    PERL5_CPAN_IS_RUNNING="17860"
  @INC:
    /opt/perl5_14_1/lib/site_perl/5.14.1/i686-linux-thread-multi
    /opt/perl5_14_1/lib/site_perl/5.14.1
    /opt/perl5_14_1/lib/5.14.1/i686-linux-thread-multi
    /opt/perl5_14_1/lib/5.14.1
    .