Back
From: metabase:user:30ae4450-2aae-11df-837a-5e0a49663a4f
Subject: FAIL Test-Unit-0.25 v5.25.7
Date: 2016-11-24T19:42:59Z
This distribution has been tested as part of the CPAN Testers
project, supporting the Perl programming language. See
http://wiki.cpantesters.org/ for more information or email
questions to cpan-testers-discuss@perl.org
--
Dear Matthew Astley,
This is a computer-generated report for Test-Unit-0.25
on perl 5.25.7, created by CPAN-Reporter-1.2018.
Thank you for uploading your work to CPAN. However, there was a problem
testing your distribution.
If you think this report is invalid, please consult the CPAN Testers Wiki
for suggestions on how to avoid getting FAIL reports for missing library
or binary dependencies, unsupported operating systems, and so on:
http://wiki.cpantesters.org/wiki/CPANAuthorNotes
Sections of this report:
* Tester comments
* Program output
* Prerequisites
* Environment and other context
------------------------------
TESTER COMMENTS
------------------------------
Additional comments from tester:
this report is from an automated smoke testing program
and was not reviewed by a human for accuracy
------------------------------
PROGRAM OUTPUT
------------------------------
Output from 'C:\STRAWB~1\c\bin\dmake.exe test':
"C:\Strawberry257\perl\bin\perl.exe" "-MExtUtils::Command::MM" "-MTest::Harness" "-e" "undef *Test::Harness::Switches; test_harness(0, 'blib\lib', 'blib\arch')" t/*.t
Can't use 'defined(@array)' (Maybe you should just omit the defined()?) at C:\STRAWB~1\cpan\build\Test-Unit-0.25-0\blib\lib/Test/Unit/TestCase.pm line 106.
Compilation failed in require at C:\STRAWB~1\cpan\build\Test-Unit-0.25-0\blib\lib/Test/Unit/TestSuite.pm line 15.
BEGIN failed--compilation aborted at C:\STRAWB~1\cpan\build\Test-Unit-0.25-0\blib\lib/Test/Unit/TestSuite.pm line 15.
Compilation failed in require at C:\STRAWB~1\cpan\build\Test-Unit-0.25-0\blib\lib/Test/Unit/Loader.pm line 7.
BEGIN failed--compilation aborted at C:\STRAWB~1\cpan\build\Test-Unit-0.25-0\blib\lib/Test/Unit/Loader.pm line 7.
Compilation failed in require at C:\STRAWB~1\cpan\build\Test-Unit-0.25-0\blib\lib/Test/Unit/Listener.pm line 2.
BEGIN failed--compilation aborted at C:\STRAWB~1\cpan\build\Test-Unit-0.25-0\blib\lib/Test/Unit/Listener.pm line 2.
Compilation failed in require at C:/Strawberry257/perl/lib/base.pm line 103.
...propagated at C:/Strawberry257/perl/lib/base.pm line 113.
BEGIN failed--compilation aborted at C:\STRAWB~1\cpan\build\Test-Unit-0.25-0\blib\lib/Test/Unit/Runner.pm line 25.
Compilation failed in require at C:/Strawberry257/perl/lib/base.pm line 103.
...propagated at C:/Strawberry257/perl/lib/base.pm line 113.
BEGIN failed--compilation aborted at C:\STRAWB~1\cpan\build\Test-Unit-0.25-0\blib\lib/Test/Unit/HarnessUnit.pm line 6.
Compilation failed in require at t/all_tests.t line 6.
BEGIN failed--compilation aborted at t/all_tests.t line 6.
t/all_tests.t .....
Dubious, test returned 255 (wstat 65280, 0xff00)
No subtests run
Can't use 'defined(@array)' (Maybe you should just omit the defined()?) at C:\STRAWB~1\cpan\build\Test-Unit-0.25-0\blib\lib/Test/Unit/TestCase.pm line 106.
Compilation failed in require at C:\STRAWB~1\cpan\build\Test-Unit-0.25-0\blib\lib/Test/Unit/TestSuite.pm line 15.
BEGIN failed--compilation aborted at C:\STRAWB~1\cpan\build\Test-Unit-0.25-0\blib\lib/Test/Unit/TestSuite.pm line 15.
Compilation failed in require at C:\STRAWB~1\cpan\build\Test-Unit-0.25-0\blib\lib/Test/Unit/Loader.pm line 7.
BEGIN failed--compilation aborted at C:\STRAWB~1\cpan\build\Test-Unit-0.25-0\blib\lib/Test/Unit/Loader.pm line 7.
Compilation failed in require at C:\STRAWB~1\cpan\build\Test-Unit-0.25-0\blib\lib/Test/Unit/Listener.pm line 2.
BEGIN failed--compilation aborted at C:\STRAWB~1\cpan\build\Test-Unit-0.25-0\blib\lib/Test/Unit/Listener.pm line 2.
Compilation failed in require at C:/Strawberry257/perl/lib/base.pm line 103.
...propagated at C:/Strawberry257/perl/lib/base.pm line 113.
BEGIN failed--compilation aborted at C:\STRAWB~1\cpan\build\Test-Unit-0.25-0\blib\lib/Test/Unit/Runner.pm line 25.
Compilation failed in require at C:/Strawberry257/perl/lib/base.pm line 103.
...propagated at C:/Strawberry257/perl/lib/base.pm line 113.
BEGIN failed--compilation aborted at C:\STRAWB~1\cpan\build\Test-Unit-0.25-0\blib\lib/Test/Unit/HarnessUnit.pm line 6.
Compilation failed in require at t/assert.t line 5.
BEGIN failed--compilation aborted at t/assert.t line 5.
t/assert.t ........
Dubious, test returned 255 (wstat 65280, 0xff00)
No subtests run
> The STDERR redirection may not work or may behave differently under
> your OS 'MSWin32'. That will probably cause this test to fail.
# Test 1 got: "Can't use 'defined(@array)' (Maybe you should just omit the defined()?) at C:\\STRAWB~1\\cpan\\build\\Test-Unit-0.25-0\\blib\\lib/Test/Unit/TestCase.pm line 106.\n# Compilation failed in require at C:\\STRAWB~1\\cpan\\build\\Test-Unit-0.25-0\\blib\\lib/Test/Unit/TestSuite.pm line 15.\n# BEGIN failed--compilation aborted at C:\\STRAWB~1\\cpan\\build\\Test-Unit-0.25-0\\blib\\lib/Test/Unit/TestSuite.pm line 15.\n# Compilation failed in require at C:\\STRAWB~1\\cpan\\build\\Test-Unit-0.25-0\\blib\\lib/Test/Unit/Loader.pm line 7.\n# BEGIN failed--compilation aborted at C:\\STRAWB~1\\cpan\\build\\Test-Unit-0.25-0\\blib\\lib/Test/Unit/Loader.pm line 7.\n# Compilation failed in require at C:\\STRAWB~1\\cpan\\build\\Test-Unit-0.25-0\\blib\\lib/Test/Unit/Listener.pm line 2.\n# BEGIN failed--compilation aborted at C:\\STRAWB~1\\cpan\\build\\Test-Unit-0.25-0\\blib\\lib/Test/Unit/Listener.pm line 2.\n# Compilation failed in require at C:/Strawberry257/perl/lib/base.pm line 103.\n# \t...propagated at C:/Strawberry257/perl/lib/base.pm line 113.\n# BEGIN failed--compilation aborted at C:\\STRAWB~1\\cpan\\build\\Test-Unit-0.25-0\\blib\\lib/Test/Unit/Runner.pm line 25.\n# Compilation failed in require at C:/Strawberry257/perl/lib/base.pm line 103.\n# \t...propagated at C:/Strawberry257/perl/lib/base.pm line 113.\n# BEGIN failed--compilation aborted at C:\\STRAWB~1\\cpan\\build\\Test-Unit-0.25-0\\blib\\lib/Test/Unit/TestRunner.pm line 4.\n# Compilation failed in require at ./TestRunner.pl line 6.\n# BEGIN failed--compilation aborted at ./TestRunner.pl line 6.\n# " (t/try_examples.t at line 105)
# Expected: "Suite setup\n# TEST-RUN-SUMMARY\n# \n# TIME-SUMMARY\n# \n# !!!FAILURES!!!\n# Test Results:\n# Run: 2, Failures: 1, Errors: 0\n# \n# There was 1 failure:\n# 1) examples/fail_example.pm:19 - test_fail(fail_example)\n# Born to lose ...\n# \n# Test was not successful.\n# "
# Lines 1-14 are changed:
# - "Suite setup\n"
# + "Can't use 'defined(@array)' (Maybe you should just omit the defined()?) at C:\\STRAWB~1\\cpan\\build\\Test-Unit-0.25-0\\blib\\lib/Test/Unit/TestCase.pm line 106.\n"
# - "# TEST-RUN-SUMMARY\n"
# + "# Compilation failed in require at C:\\STRAWB~1\\cpan\\build\\Test-Unit-0.25-0\\blib\\lib/Test/Unit/TestSuite.pm line 15.\n"
# - "# \n"
# + "# BEGIN failed--compilation aborted at C:\\STRAWB~1\\cpan\\build\\Test-Unit-0.25-0\\blib\\lib/Test/Unit/TestSuite.pm line 15.\n"
# - "# TIME-SUMMARY\n"
# + "# Compilation failed in require at C:\\STRAWB~1\\cpan\\build\\Test-Unit-0.25-0\\blib\\lib/Test/Unit/Loader.pm line 7.\n"
# - "# \n"
# + "# BEGIN failed--compilation aborted at C:\\STRAWB~1\\cpan\\build\\Test-Unit-0.25-0\\blib\\lib/Test/Unit/Loader.pm line 7.\n"
# - "# !!!FAILURES!!!\n"
# + "# Compilation failed in require at C:\\STRAWB~1\\cpan\\build\\Test-Unit-0.25-0\\blib\\lib/Test/Unit/Listener.pm line 2.\n"
# - "# Test Results:\n"
# + "# BEGIN failed--compilation aborted at C:\\STRAWB~1\\cpan\\build\\Test-Unit-0.25-0\\blib\\lib/Test/Unit/Listener.pm line 2.\n"
# - "# Run: 2, Failures: 1, Errors: 0\n"
# + "# Compilation failed in require at C:/Strawberry257/perl/lib/base.pm line 103.\n"
# - "# \n"
# + "# \t...propagated at C:/Strawberry257/perl/lib/base.pm line 113.\n"
# - "# There was 1 failure:\n"
# + "# BEGIN failed--compilation aborted at C:\\STRAWB~1\\cpan\\build\\Test-Unit-0.25-0\\blib\\lib/Test/Unit/Runner.pm line 25.\n"
# - "# 1) examples/fail_example.pm:19 - test_fail(fail_example)\n"
# + "# Compilation failed in require at C:/Strawberry257/perl/lib/base.pm line 103.\n"
# - "# Born to lose ...\n"
# + "# \t...propagated at C:/Strawberry257/perl/lib/base.pm line 113.\n"
# - "# \n"
# + "# BEGIN failed--compilation aborted at C:\\STRAWB~1\\cpan\\build\\Test-Unit-0.25-0\\blib\\lib/Test/Unit/TestRunner.pm line 4.\n"
# - "# Test was not successful.\n"
# + "# Compilation failed in require at ./TestRunner.pl line 6.\n"
# Got 1 extra line at line 15:
# + "# BEGIN failed--compilation aborted at ./TestRunner.pl line 6.\n"
# Test 2 got: "Can't use 'defined(@array)' (Maybe you should just omit the defined()?) at C:\\STRAWB~1\\cpan\\build\\Test-Unit-0.25-0\\blib\\lib/Test/Unit/TestCase.pm line 106.\n# Compilation failed in require at C:\\STRAWB~1\\cpan\\build\\Test-Unit-0.25-0\\blib\\lib/Test/Unit/TestSuite.pm line 15.\n# BEGIN failed--compilation aborted at C:\\STRAWB~1\\cpan\\build\\Test-Unit-0.25-0\\blib\\lib/Test/Unit/TestSuite.pm line 15.\n# Compilation failed in require at C:\\STRAWB~1\\cpan\\build\\Test-Unit-0.25-0\\blib\\lib/Test/Unit/Procedural.pm line 5.\n# BEGIN failed--compilation aborted at C:\\STRAWB~1\\cpan\\build\\Test-Unit-0.25-0\\blib\\lib/Test/Unit/Procedural.pm line 5.\n# Compilation failed in require at examples/patch100132 line 6.\n# BEGIN failed--compilation aborted at examples/patch100132 line 6.\n# " (t/try_examples.t at line 105 fail #2)
# Expected: "...\n# TIME-SUMMARY\n# \n# OK (3 tests)\n# "
# Lines 1-4 are changed:
# - "...\n"
# + "Can't use 'defined(@array)' (Maybe you should just omit the defined()?) at C:\\STRAWB~1\\cpan\\build\\Test-Unit-0.25-0\\blib\\lib/Test/Unit/TestCase.pm line 106.\n"
# - "# TIME-SUMMARY\n"
# + "# Compilation failed in require at C:\\STRAWB~1\\cpan\\build\\Test-Unit-0.25-0\\blib\\lib/Test/Unit/TestSuite.pm line 15.\n"
# - "# \n"
# + "# BEGIN failed--compilation aborted at C:\\STRAWB~1\\cpan\\build\\Test-Unit-0.25-0\\blib\\lib/Test/Unit/TestSuite.pm line 15.\n"
# - "# OK (3 tests)\n"
# + "# Compilation failed in require at C:\\STRAWB~1\\cpan\\build\\Test-Unit-0.25-0\\blib\\lib/Test/Unit/Procedural.pm line 5.\n"
# Got 3 extra lines at line 5:
# + "# BEGIN failed--compilation aborted at C:\\STRAWB~1\\cpan\\build\\Test-Unit-0.25-0\\blib\\lib/Test/Unit/Procedural.pm line 5.\n"
# + "# Compilation failed in require at examples/patch100132 line 6.\n"
# + "# BEGIN failed--compilation aborted at examples/patch100132 line 6.\n"
# Test 3 got: "Can't use 'defined(@array)' (Maybe you should just omit the defined()?) at C:\\STRAWB~1\\cpan\\build\\Test-Unit-0.25-0\\blib\\lib/Test/Unit/TestCase.pm line 106.\n# Compilation failed in require at C:\\STRAWB~1\\cpan\\build\\Test-Unit-0.25-0\\blib\\lib/Test/Unit/TestSuite.pm line 15.\n# BEGIN failed--compilation aborted at C:\\STRAWB~1\\cpan\\build\\Test-Unit-0.25-0\\blib\\lib/Test/Unit/TestSuite.pm line 15.\n# Compilation failed in require at C:\\STRAWB~1\\cpan\\build\\Test-Unit-0.25-0\\blib\\lib/Test/Unit/Procedural.pm line 5.\n# BEGIN failed--compilation aborted at C:\\STRAWB~1\\cpan\\build\\Test-Unit-0.25-0\\blib\\lib/Test/Unit/Procedural.pm line 5.\n# Compilation failed in require at examples/patch100132-1 line 6.\n# BEGIN failed--compilation aborted at examples/patch100132-1 line 6.\n# " (t/try_examples.t at line 105 fail #3)
# Expected: "...\n# TIME-SUMMARY\n# \n# OK (3 tests)\n# "
# Lines 1-4 are changed:
# - "...\n"
# + "Can't use 'defined(@array)' (Maybe you should just omit the defined()?) at C:\\STRAWB~1\\cpan\\build\\Test-Unit-0.25-0\\blib\\lib/Test/Unit/TestCase.pm line 106.\n"
# - "# TIME-SUMMARY\n"
# + "# Compilation failed in require at C:\\STRAWB~1\\cpan\\build\\Test-Unit-0.25-0\\blib\\lib/Test/Unit/TestSuite.pm line 15.\n"
# - "# \n"
# + "# BEGIN failed--compilation aborted at C:\\STRAWB~1\\cpan\\build\\Test-Unit-0.25-0\\blib\\lib/Test/Unit/TestSuite.pm line 15.\n"
# - "# OK (3 tests)\n"
# + "# Compilation failed in require at C:\\STRAWB~1\\cpan\\build\\Test-Unit-0.25-0\\blib\\lib/Test/Unit/Procedural.pm line 5.\n"
# Got 3 extra lines at line 5:
# + "# BEGIN failed--compilation aborted at C:\\STRAWB~1\\cpan\\build\\Test-Unit-0.25-0\\blib\\lib/Test/Unit/Procedural.pm line 5.\n"
# + "# Compilation failed in require at examples/patch100132-1 line 6.\n"
# + "# BEGIN failed--compilation aborted at examples/patch100132-1 line 6.\n"
# Test 4 got: "Can't use 'defined(@array)' (Maybe you should just omit the defined()?) at C:\\STRAWB~1\\cpan\\build\\Test-Unit-0.25-0\\blib\\lib/Test/Unit/TestCase.pm line 106.\n# Compilation failed in require at C:\\STRAWB~1\\cpan\\build\\Test-Unit-0.25-0\\blib\\lib/Test/Unit/TestSuite.pm line 15.\n# BEGIN failed--compilation aborted at C:\\STRAWB~1\\cpan\\build\\Test-Unit-0.25-0\\blib\\lib/Test/Unit/TestSuite.pm line 15.\n# Compilation failed in require at C:\\STRAWB~1\\cpan\\build\\Test-Unit-0.25-0\\blib\\lib/Test/Unit/Procedural.pm line 5.\n# BEGIN failed--compilation aborted at C:\\STRAWB~1\\cpan\\build\\Test-Unit-0.25-0\\blib\\lib/Test/Unit/Procedural.pm line 5.\n# Compilation failed in require at examples/patch100132-2 line 6.\n# BEGIN failed--compilation aborted at examples/patch100132-2 line 6.\n# " (t/try_examples.t at line 105 fail #4)
# Expected: "...\n# TIME-SUMMARY\n# \n# OK (3 tests)\n# "
# Lines 1-4 are changed:
# - "...\n"
# + "Can't use 'defined(@array)' (Maybe you should just omit the defined()?) at C:\\STRAWB~1\\cpan\\build\\Test-Unit-0.25-0\\blib\\lib/Test/Unit/TestCase.pm line 106.\n"
# - "# TIME-SUMMARY\n"
# + "# Compilation failed in require at C:\\STRAWB~1\\cpan\\build\\Test-Unit-0.25-0\\blib\\lib/Test/Unit/TestSuite.pm line 15.\n"
# - "# \n"
# + "# BEGIN failed--compilation aborted at C:\\STRAWB~1\\cpan\\build\\Test-Unit-0.25-0\\blib\\lib/Test/Unit/TestSuite.pm line 15.\n"
# - "# OK (3 tests)\n"
# + "# Compilation failed in require at C:\\STRAWB~1\\cpan\\build\\Test-Unit-0.25-0\\blib\\lib/Test/Unit/Procedural.pm line 5.\n"
# Got 3 extra lines at line 5:
# + "# BEGIN failed--compilation aborted at C:\\STRAWB~1\\cpan\\build\\Test-Unit-0.25-0\\blib\\lib/Test/Unit/Procedural.pm line 5.\n"
# + "# Compilation failed in require at examples/patch100132-2 line 6.\n"
# + "# BEGIN failed--compilation aborted at examples/patch100132-2 line 6.\n"
t/try_examples.t ..
Failed 4/4 subtests
Test Summary Report
-------------------
t/all_tests.t (Wstat: 65280 Tests: 0 Failed: 0)
Non-zero exit status: 255
Parse errors: No plan found in TAP output
t/assert.t (Wstat: 65280 Tests: 0 Failed: 0)
Non-zero exit status: 255
Parse errors: No plan found in TAP output
t/try_examples.t (Wstat: 0 Tests: 4 Failed: 4)
Failed tests: 1-4
Files=3, Tests=4, 1 wallclock secs ( 0.04 usr + 0.03 sys = 0.07 CPU)
Result: FAIL
Failed 3/3 test programs. 4/4 subtests failed.
dmake.exe: Error code 255, while making 'test_dynamic'
------------------------------
PREREQUISITES
------------------------------
Prerequisite modules loaded:
requires:
Module Need Have
------------------- ---- --------
base 1 2.24
Class::Inner 0 0.200001
Devel::Symdump 0 2.17
Error 0 0.17024
build_requires:
Module Need Have
------------------- ---- --------
ExtUtils::MakeMaker 0 7.24
------------------------------
ENVIRONMENT AND OTHER CONTEXT
------------------------------
Environment variables:
AUTOMATED_TESTING = 1
COMSPEC = C:\WINDOWS\system32\cmd.exe
NONINTERACTIVE_TESTING = 1
NUMBER_OF_PROCESSORS = 1
PATH = C:\Program Files\Far Manager\;C:\WINDOWS\system32;C:\WINDOWS;C:\WINDOWS\System32\Wbem;C:\Git\cmd;C:\Strawberry257\c\bin;C:\Strawberry257\perl\site\bin;C:\Strawberry257\perl\bin
PERL5LIB =
PERL5OPT =
PERL5_CPANPLUS_IS_RUNNING = 804
PERL5_CPAN_IS_RUNNING = 804
PERL5_CPAN_IS_RUNNING_IN_RECURSION = 1572,804
PERL_CR_SMOKER_CURRENT = Task::Cpanel
PERL_EXTUTILS_AUTOINSTALL = --defaultdeps
PERL_MM_USE_DEFAULT = 1
PROCESSOR_IDENTIFIER = x86 Family 16 Model 5 Stepping 3, AuthenticAMD
TEMP = C:\DOCUME~1\c\LOCALS~1\Temp
Perl special variables (and OS-specific diagnostics, for MSWin32):
$^X = C:\Strawberry257\perl\bin\perl.exe
$UID/$EUID = 0 / 0
$GID = 0
$EGID = 0
Win32::GetOSName = WinXP/.Net
Win32::GetOSVersion = Service Pack 3, 5, 1, 2600, 2, 3, 0, 256, 1
Win32::FsType = NTFS
Win32::IsAdminUser = 1
Perl module toolchain versions installed:
Module Have
------------------- ----------
CPAN 2.14_01
CPAN::Meta 2.150010
Cwd 3.66
ExtUtils::CBuilder 0.280225
ExtUtils::Command 7.24
ExtUtils::Install 2.04
ExtUtils::MakeMaker 7.24
ExtUtils::Manifest 1.70
ExtUtils::ParseXS 3.33
File::Spec 3.66
JSON 2.90
JSON::PP 2.27400_02
Module::Build 0.4220
Module::Signature 0.81
Parse::CPAN::Meta 2.150010
Test::Harness 3.36_01
Test::More 1.302062
YAML 1.19
YAML::Syck 1.29
version 0.9917
--
Summary of my perl5 (revision 5 version 25 subversion 7) configuration:
Platform:
osname=MSWin32
osvers=4.0
archname=MSWin32-x86-multi-thread-64int
uname='Win32 strawberry-perl 5.25.7.1-beta1 #1 Tue Nov 22 22:50:57 2016 i386'
config_args='undef'
hint=recommended
useposix=true
d_sigaction=undef
useithreads=define
usemultiplicity=define
use64bitint=define
use64bitall=undef
uselongdouble=undef
usemymalloc=n
bincompat5005=undef
Compiler:
cc='gcc'
ccflags =' -s -O2 -DWIN32 -DPERL_TEXTMODE_SCRIPTS -DPERL_IMPLICIT_CONTEXT -DPERL_IMPLICIT_SYS -fwrapv -fno-strict-aliasing -mms-bitfields'
optimize='-s -O2'
cppflags='-DWIN32'
ccversion=''
gccversion='4.9.2'
gccosandvers=''
intsize=4
longsize=4
ptrsize=4
doublesize=8
byteorder=12345678
doublekind=3
d_longlong=define
longlongsize=8
d_longdbl=define
longdblsize=12
longdblkind=3
ivtype='long long'
ivsize=8
nvtype='double'
nvsize=8
Off_t='long long'
lseeksize=8
alignbytes=8
prototype=define
Linker and Libraries:
ld='g++'
ldflags ='-s -L"C:\STRAWB~1\perl\lib\CORE" -L"C:\STRAWB~1\c\lib"'
libpth=C:\STRAWB~1\c\lib C:\STRAWB~1\c\i686-w64-mingw32\lib C:\STRAWB~1\c\lib\gcc\i686-w64-mingw32\4.9.2
libs=-lmoldname -lkernel32 -luser32 -lgdi32 -lwinspool -lcomdlg32 -ladvapi32 -lshell32 -lole32 -loleaut32 -lnetapi32 -luuid -lws2_32 -lmpr -lwinmm -lversion -lodbc32 -lodbccp32 -lcomctl32
perllibs=-lmoldname -lkernel32 -luser32 -lgdi32 -lwinspool -lcomdlg32 -ladvapi32 -lshell32 -lole32 -loleaut32 -lnetapi32 -luuid -lws2_32 -lmpr -lwinmm -lversion -lodbc32 -lodbccp32 -lcomctl32
libc=
so=dll
useshrplib=true
libperl=libperl525.a
gnulibc_version=''
Dynamic Linking:
dlsrc=dl_win32.xs
dlext=xs.dll
d_dlsymun=undef
ccdlflags=' '
cccdlflags=' '
lddlflags='-mdll -s -L"C:\STRAWB~1\perl\lib\CORE" -L"C:\STRAWB~1\c\lib"'
Characteristics of this binary (from libperl):
Compile-time options:
HAS_TIMES
HAVE_INTERP_INTERN
MULTIPLICITY
PERLIO_LAYERS
PERL_COPY_ON_WRITE
PERL_DONT_CREATE_GVSV
PERL_HASH_FUNC_ONE_AT_A_TIME_HARD
PERL_IMPLICIT_CONTEXT
PERL_IMPLICIT_SYS
PERL_MALLOC_WRAP
PERL_OP_PARENT
PERL_PRESERVE_IVUV
USE_64_BIT_INT
USE_ITHREADS
USE_LARGE_FILES
USE_LOCALE
USE_LOCALE_COLLATE
USE_LOCALE_CTYPE
USE_LOCALE_NUMERIC
USE_LOCALE_TIME
USE_PERLIO
USE_PERL_ATOF
Built under MSWin32
Compiled at Nov 22 2016 22:59:11
%ENV:
PERL5_CPANPLUS_IS_RUNNING="804"
PERL5_CPAN_IS_RUNNING="804"
PERL5_CPAN_IS_RUNNING_IN_RECURSION="1572,804"
PERL_CR_SMOKER_CURRENT="Task::Cpanel"
PERL_EXTUTILS_AUTOINSTALL="--defaultdeps"
PERL_MM_USE_DEFAULT="1"
@INC:
C:/Strawberry257/perl/site/lib
C:/Strawberry257/perl/vendor/lib
C:/Strawberry257/perl/lib
.