Back
From: metabase:user:30f0bd62-2aae-11df-837a-5e0a49663a4f
Subject: FAIL Text-Hatena-0.20 v5.14.3 OpenBSD
Date: 2012-11-20T21:59:50Z
This distribution has been tested as part of the CPAN Testers
project, supporting the Perl programming language. See
http://wiki.cpantesters.org/ for more information or email
questions to cpan-testers-discuss@perl.org
--
Dear Junya Kondo,
This is a computer-generated report for Text-Hatena-0.20
on perl 5.14.3, created by CPAN-Reporter-1.2006.
Thank you for uploading your work to CPAN. However, there was a problem
testing your distribution.
If you think this report is invalid, please consult the CPAN Testers Wiki
for suggestions on how to avoid getting FAIL reports for missing library
or binary dependencies, unsupported operating systems, and so on:
http://wiki.cpantesters.org/wiki/CPANAuthorNotes
Sections of this report:
* Tester comments
* Program output
* Prerequisites
* Environment and other context
------------------------------
TESTER COMMENTS
------------------------------
Additional comments from tester:
this report is from an automated smoke testing program
and was not reviewed by a human for accuracy
------------------------------
PROGRAM OUTPUT
------------------------------
Output from '/usr/bin/make test':
PERL_DL_NONLAZY=1 /home/sts/cpansmoke/perl-5.14.3/bin/perl "-MExtUtils::Command::MM" "-e" "test_harness(0, 'blib/lib', 'blib/arch')" t/*.t
# Failed test 'use Text::Hatena;'
# at t/00_compile.t line 7.
# Tried to use 'Text::Hatena'.
# Error: Base class package "Class::Data::Inheritable" is empty.
# (Perhaps you need to 'use' the module which defines that package first,
# or make that module available in @INC (@INC contains: lib /home/sts/cpansmoke/perl-5.14.3/cpan/build/Text-Hatena-0.20-j7qcMS/blib/lib /home/sts/cpansmoke/perl-5.14.3/cpan/build/Text-Hatena-0.20-j7qcMS/blib/arch /home/sts/cpansmoke/perl-5.14.3/cpan/build/Parse-RecDescent-1.967009-39JElO/blib/arch /home/sts/cpansmoke/perl-5.14.3/cpan/build/Parse-RecDescent-1.967009-39JElO/blib/lib /home/sts/cpansmoke/perl-5.14.3/cpan/build/Test-Base-0.60-Oq94sU/blib/arch /home/sts/cpansmoke/perl-5.14.3/cpan/build/Test-Base-0.60-Oq94sU/blib/lib /home/sts/cpansmoke/perl-5.14.3/cpan/build/Spiffy-0.31-8Ht0c2/blib/arch /home/sts/cpansmoke/perl-5.14.3/cpan/build/Spiffy-0.31-8Ht0c2/blib/lib /home/sts/cpansmoke/perl-5.14.3/cpan/build/ExtUtils-MakeMaker-6.62-A3zcSx/blib/arch /home/sts/cpansmoke/perl-5.14.3/cpan/build/ExtUtils-MakeMaker-6.62-A3zcSx/blib/lib /home/sts/cpansmoke/perl-5.14.3/cpan/build/Regexp-Assemble-0.35-WBdHqz/blib/arch /home/sts/cpansmoke/perl-5.14.3/cpan/build/Regexp-Assemble-0.35-WBdHqz/blib/lib /home/sts/cpansmoke/perl-5.14.3/lib/site_perl/5.14.3/OpenBSD.i386-openbsd-thread-multi /home/sts/cpansmoke/perl-5.14.3/lib/site_perl/5.14.3 /home/sts/cpansmoke/perl-5.14.3/lib/5.14.3/OpenBSD.i386-openbsd-thread-multi /home/sts/cpansmoke/perl-5.14.3/lib/5.14.3 .).
# at lib/Text/Hatena.pm line 5
# BEGIN failed--compilation aborted at lib/Text/Hatena.pm line 5.
# Compilation failed in require at (eval 6) line 2.
# BEGIN failed--compilation aborted at (eval 6) line 2.
# Looks like you failed 1 test of 1.
t/00_compile.t ..........
Dubious, test returned 1 (wstat 256, 0x100)
Failed 1/1 subtests
Can't locate object method "mk_classdata" via package "Text::Hatena::AutoLink" at /home/sts/cpansmoke/perl-5.14.3/cpan/build/Text-Hatena-0.20-j7qcMS/blib/lib/Text/Hatena/AutoLink.pm line 9.
Compilation failed in require at /home/sts/cpansmoke/perl-5.14.3/cpan/build/Text-Hatena-0.20-j7qcMS/blib/lib/Text/Hatena.pm line 8.
BEGIN failed--compilation aborted at /home/sts/cpansmoke/perl-5.14.3/cpan/build/Text-Hatena-0.20-j7qcMS/blib/lib/Text/Hatena.pm line 8.
Compilation failed in require at t/01_module.t line 5.
BEGIN failed--compilation aborted at t/01_module.t line 5.
t/01_module.t ...........
Dubious, test returned 255 (wstat 65280, 0xff00)
No subtests run
Can't locate object method "syntax" via package "MyParser" at t/lib/MyParser.pm line 6.
Compilation failed in require at t/02_module_extend.t line 6.
BEGIN failed--compilation aborted at t/02_module_extend.t line 6.
t/02_module_extend.t ....
Dubious, test returned 255 (wstat 65280, 0xff00)
No subtests run
Can't locate object method "mk_classdata" via package "Text::Hatena::AutoLink" at /home/sts/cpansmoke/perl-5.14.3/cpan/build/Text-Hatena-0.20-j7qcMS/blib/lib/Text/Hatena/AutoLink.pm line 9.
Compilation failed in require at t/10_autolink.t line 4.
BEGIN failed--compilation aborted at t/10_autolink.t line 4.
t/10_autolink.t .........
Dubious, test returned 2 (wstat 512, 0x200)
No subtests run
Can't locate object method "mk_classdata" via package "Text::Hatena::AutoLink" at /home/sts/cpansmoke/perl-5.14.3/cpan/build/Text-Hatena-0.20-j7qcMS/blib/lib/Text/Hatena/AutoLink.pm line 9.
Compilation failed in require at t/11_autolink_extend.t line 4.
BEGIN failed--compilation aborted at t/11_autolink_extend.t line 4.
t/11_autolink_extend.t ..
Dubious, test returned 2 (wstat 512, 0x200)
No subtests run
Test Summary Report
-------------------
t/00_compile.t (Wstat: 256 Tests: 1 Failed: 1)
Failed test: 1
Non-zero exit status: 1
t/01_module.t (Wstat: 65280 Tests: 0 Failed: 0)
Non-zero exit status: 255
Parse errors: No plan found in TAP output
t/02_module_extend.t (Wstat: 65280 Tests: 0 Failed: 0)
Non-zero exit status: 255
Parse errors: No plan found in TAP output
t/10_autolink.t (Wstat: 512 Tests: 0 Failed: 0)
Non-zero exit status: 2
Parse errors: No plan found in TAP output
t/11_autolink_extend.t (Wstat: 512 Tests: 0 Failed: 0)
Non-zero exit status: 2
Parse errors: No plan found in TAP output
Files=5, Tests=1, 1 wallclock secs ( 0.07 usr 0.08 sys + 0.75 cusr 0.27 csys = 1.17 CPU)
Result: FAIL
Failed 5/5 test programs. 1/1 subtests failed.
*** Error code 2
Stop in /home/sts/cpansmoke/perl-5.14.3/cpan/build/Text-Hatena-0.20-j7qcMS (line 774 of Makefile).
------------------------------
PREREQUISITES
------------------------------
Prerequisite modules loaded:
requires:
Module Need Have
------------------- ---- --------
Parse::RecDescent 1.94 1.967009
Regexp::Assemble 0.28 0.35
Test::Base 0.53 0.60
Test::More 0.32 0.98
build_requires:
Module Need Have
------------------- ---- --------
ExtUtils::MakeMaker 0 6.62
------------------------------
ENVIRONMENT AND OTHER CONTEXT
------------------------------
Environment variables:
AUTOMATED_TESTING = 1
PATH = /home/sts/bin:/bin:/sbin:/usr/bin:/usr/sbin:/usr/X11R6/bin:/usr/local/bin:/usr/local/sbin:/usr/games:.
PERL5LIB = /home/sts/cpansmoke/perl-5.14.3/cpan/build/Parse-RecDescent-1.967009-39JElO/blib/arch:/home/sts/cpansmoke/perl-5.14.3/cpan/build/Parse-RecDescent-1.967009-39JElO/blib/lib:/home/sts/cpansmoke/perl-5.14.3/cpan/build/Test-Base-0.60-Oq94sU/blib/arch:/home/sts/cpansmoke/perl-5.14.3/cpan/build/Test-Base-0.60-Oq94sU/blib/lib:/home/sts/cpansmoke/perl-5.14.3/cpan/build/Spiffy-0.31-8Ht0c2/blib/arch:/home/sts/cpansmoke/perl-5.14.3/cpan/build/Spiffy-0.31-8Ht0c2/blib/lib:/home/sts/cpansmoke/perl-5.14.3/cpan/build/ExtUtils-MakeMaker-6.62-A3zcSx/blib/arch:/home/sts/cpansmoke/perl-5.14.3/cpan/build/ExtUtils-MakeMaker-6.62-A3zcSx/blib/lib:/home/sts/cpansmoke/perl-5.14.3/cpan/build/Regexp-Assemble-0.35-WBdHqz/blib/arch:/home/sts/cpansmoke/perl-5.14.3/cpan/build/Regexp-Assemble-0.35-WBdHqz/blib/lib
PERL5OPT =
PERL5_CPANPLUS_IS_RUNNING = 17364
PERL5_CPAN_IS_RUNNING = 17364
PERL5_CPAN_IS_RUNNING_IN_RECURSION = 18632,17364
PERL_CR_SMOKER_CURRENT = Template-Plugin-Hatena-0.02
PERL_EXTUTILS_AUTOINSTALL = --defaultdeps
PERL_MM_USE_DEFAULT = 1
SHELL = /usr/local/bin/bash
TERM = screen
TMPDIR = /home/sts/cpansmoke/tmp
Perl special variables (and OS-specific diagnostics, for MSWin32):
$^X = /home/sts/cpansmoke/perl-5.14.3/bin/perl
$UID/$EUID = 1000 / 1000
$GID = 10 10 0
$EGID = 10 10 0
Perl module toolchain versions installed:
Module Have
------------------- --------
CPAN 1.9800
CPAN::Meta 2.112150
Cwd 3.36
ExtUtils::CBuilder 0.280203
ExtUtils::Command 1.17
ExtUtils::Install 1.56
ExtUtils::MakeMaker 6.62
ExtUtils::Manifest 1.58
ExtUtils::ParseXS 2.2210
File::Spec 3.33
JSON 2.53
JSON::PP 2.27105
Module::Build 0.3800
Module::Signature n/a
Parse::CPAN::Meta 1.4401
Test::Harness 3.23
Test::More 0.98
YAML n/a
YAML::Syck n/a
version 0.88
--
Summary of my perl5 (revision 5 version 14 subversion 3) configuration:
Platform:
osname=openbsd, osvers=5.1, archname=OpenBSD.i386-openbsd-thread-multi
uname='openbsd cpansmoke5 5.1 generic.mp#188 i386 '
config_args='-des -Dusethreads -Dprefix=/home/sts/cpansmoke/perl-5.14.3'
hint=recommended, useposix=true, d_sigaction=define
useithreads=define, usemultiplicity=define
useperlio=define, d_sfio=undef, uselargefiles=define, usesocks=undef
use64bitint=undef, use64bitall=undef, uselongdouble=undef
usemymalloc=y, bincompat5005=undef
Compiler:
cc='cc', ccflags ='-pthread -fno-strict-aliasing -pipe -fstack-protector -I/usr/local/include',
optimize='-O2',
cppflags='-pthread -fno-strict-aliasing -pipe -fstack-protector -I/usr/local/include'
ccversion='', gccversion='4.2.1 20070719 ', gccosandvers='openbsd5.1'
intsize=4, longsize=4, ptrsize=4, doublesize=8, byteorder=1234
d_longlong=define, longlongsize=8, d_longdbl=define, longdblsize=12
ivtype='long', ivsize=4, nvtype='double', nvsize=8, Off_t='off_t', lseeksize=8
alignbytes=4, prototype=define
Linker and Libraries:
ld='cc', ldflags ='-pthread -Wl,-E -fstack-protector -L/usr/local/lib'
libpth=/usr/local/lib /usr/lib
libs=-lgdbm -lm -lutil -lc
perllibs=-lm -lutil -lc
libc=/usr/lib/libc.so.62.0, so=so, useshrplib=false, libperl=libperl.a
gnulibc_version=''
Dynamic Linking:
dlsrc=dl_dlopen.xs, dlext=so, d_dlsymun=undef, ccdlflags=' '
cccdlflags='-DPIC -fPIC ', lddlflags='-shared -fPIC -L/usr/local/lib -fstack-protector'
Characteristics of this binary (from libperl):
Compile-time options: MULTIPLICITY MYMALLOC PERL_DONT_CREATE_GVSV
PERL_IMPLICIT_CONTEXT PERL_MALLOC_WRAP
PERL_PRESERVE_IVUV USE_ITHREADS USE_LARGE_FILES
USE_PERLIO USE_PERL_ATOF USE_REENTRANT_API
Built under openbsd
Compiled at Oct 19 2012 22:43:11
%ENV:
PERL5LIB="/home/sts/cpansmoke/perl-5.14.3/cpan/build/Parse-RecDescent-1.967009-39JElO/blib/arch:/home/sts/cpansmoke/perl-5.14.3/cpan/build/Parse-RecDescent-1.967009-39JElO/blib/lib:/home/sts/cpansmoke/perl-5.14.3/cpan/build/Test-Base-0.60-Oq94sU/blib/arch:/home/sts/cpansmoke/perl-5.14.3/cpan/build/Test-Base-0.60-Oq94sU/blib/lib:/home/sts/cpansmoke/perl-5.14.3/cpan/build/Spiffy-0.31-8Ht0c2/blib/arch:/home/sts/cpansmoke/perl-5.14.3/cpan/build/Spiffy-0.31-8Ht0c2/blib/lib:/home/sts/cpansmoke/perl-5.14.3/cpan/build/ExtUtils-MakeMaker-6.62-A3zcSx/blib/arch:/home/sts/cpansmoke/perl-5.14.3/cpan/build/ExtUtils-MakeMaker-6.62-A3zcSx/blib/lib:/home/sts/cpansmoke/perl-5.14.3/cpan/build/Regexp-Assemble-0.35-WBdHqz/blib/arch:/home/sts/cpansmoke/perl-5.14.3/cpan/build/Regexp-Assemble-0.35-WBdHqz/blib/lib"
PERL5OPT=""
PERL5_CPANPLUS_IS_RUNNING="17364"
PERL5_CPAN_IS_RUNNING="17364"
PERL5_CPAN_IS_RUNNING_IN_RECURSION="18632,17364"
PERL_CR_SMOKER_CURRENT="Template-Plugin-Hatena-0.02"
PERL_EXTUTILS_AUTOINSTALL="--defaultdeps"
PERL_MM_USE_DEFAULT="1"
@INC:
/home/sts/cpansmoke/perl-5.14.3/cpan/build/Parse-RecDescent-1.967009-39JElO/blib/arch
/home/sts/cpansmoke/perl-5.14.3/cpan/build/Parse-RecDescent-1.967009-39JElO/blib/lib
/home/sts/cpansmoke/perl-5.14.3/cpan/build/Test-Base-0.60-Oq94sU/blib/arch
/home/sts/cpansmoke/perl-5.14.3/cpan/build/Test-Base-0.60-Oq94sU/blib/lib
/home/sts/cpansmoke/perl-5.14.3/cpan/build/Spiffy-0.31-8Ht0c2/blib/arch
/home/sts/cpansmoke/perl-5.14.3/cpan/build/Spiffy-0.31-8Ht0c2/blib/lib
/home/sts/cpansmoke/perl-5.14.3/cpan/build/ExtUtils-MakeMaker-6.62-A3zcSx/blib/arch
/home/sts/cpansmoke/perl-5.14.3/cpan/build/ExtUtils-MakeMaker-6.62-A3zcSx/blib/lib
/home/sts/cpansmoke/perl-5.14.3/cpan/build/Regexp-Assemble-0.35-WBdHqz/blib/arch
/home/sts/cpansmoke/perl-5.14.3/cpan/build/Regexp-Assemble-0.35-WBdHqz/blib/lib
/home/sts/cpansmoke/perl-5.14.3/lib/site_perl/5.14.3/OpenBSD.i386-openbsd-thread-multi
/home/sts/cpansmoke/perl-5.14.3/lib/site_perl/5.14.3
/home/sts/cpansmoke/perl-5.14.3/lib/5.14.3/OpenBSD.i386-openbsd-thread-multi
/home/sts/cpansmoke/perl-5.14.3/lib/5.14.3
.