Test-Unit v0.25 Perl 5 v5.24.1 x86_64-linux-thread-multi

Status
Fail
From
Nigel Horne
Dist
Test-Unit v0.25
Platform
Perl 5 v5.24.1 x86_64-linux-thread-multi
Date
2018-07-05 22:48:59
ID
9ad3dc36-80a5-11e8-8fb1-ef5133556b3f
This distribution has been tested as part of the CPAN Testers
project, supporting the Perl programming language.  See
http://wiki.cpantesters.org/ for more information or email
questions to cpan-testers-discuss@perl.org


--
Dear Matthew Astley,

This is a computer-generated report for Test-Unit-0.25
on perl 5.24.1, created by CPAN-Reporter-1.2018.

Thank you for uploading your work to CPAN.  However, there was a problem
testing your distribution.

If you think this report is invalid, please consult the CPAN Testers Wiki
for suggestions on how to avoid getting FAIL reports for missing library
or binary dependencies, unsupported operating systems, and so on:

http://wiki.cpantesters.org/wiki/CPANAuthorNotes

Sections of this report:

    * Tester comments
    * Program output
    * Prerequisites
    * Environment and other context

------------------------------
TESTER COMMENTS
------------------------------

Additional comments from tester:

this report is from an automated smoke testing program
and was not reviewed by a human for accuracy

------------------------------
PROGRAM OUTPUT
------------------------------

Output from '/usr/bin/make test':

PERL_DL_NONLAZY=1 "/home/njh/perl5/perlbrew/perls/perl-5.24.1/bin/perl5.24.1" "-MExtUtils::Command::MM" "-MTest::Harness" "-e" "undef *Test::Harness::Switches; test_harness(0, 'blib/lib', 'blib/arch')" t/*.t
Can't use 'defined(@array)' (Maybe you should just omit the defined()?) at /home/njh/.cpan/build/Test-Unit-0.25-0/blib/lib/Test/Unit/TestCase.pm line 106.
Compilation failed in require at /home/njh/.cpan/build/Test-Unit-0.25-0/blib/lib/Test/Unit/TestSuite.pm line 15.
BEGIN failed--compilation aborted at /home/njh/.cpan/build/Test-Unit-0.25-0/blib/lib/Test/Unit/TestSuite.pm line 15.
Compilation failed in require at /home/njh/.cpan/build/Test-Unit-0.25-0/blib/lib/Test/Unit/Loader.pm line 7.
BEGIN failed--compilation aborted at /home/njh/.cpan/build/Test-Unit-0.25-0/blib/lib/Test/Unit/Loader.pm line 7.
Compilation failed in require at /home/njh/.cpan/build/Test-Unit-0.25-0/blib/lib/Test/Unit/Listener.pm line 2.
BEGIN failed--compilation aborted at /home/njh/.cpan/build/Test-Unit-0.25-0/blib/lib/Test/Unit/Listener.pm line 2.
Compilation failed in require at /home/njh/perl5/perlbrew/perls/perl-5.24.1/lib/5.24.1/base.pm line 100.
	...propagated at /home/njh/perl5/perlbrew/perls/perl-5.24.1/lib/5.24.1/base.pm line 109.
BEGIN failed--compilation aborted at /home/njh/.cpan/build/Test-Unit-0.25-0/blib/lib/Test/Unit/Runner.pm line 25.
Compilation failed in require at /home/njh/perl5/perlbrew/perls/perl-5.24.1/lib/5.24.1/base.pm line 100.
	...propagated at /home/njh/perl5/perlbrew/perls/perl-5.24.1/lib/5.24.1/base.pm line 109.
BEGIN failed--compilation aborted at /home/njh/.cpan/build/Test-Unit-0.25-0/blib/lib/Test/Unit/HarnessUnit.pm line 6.
Compilation failed in require at t/all_tests.t line 6.
BEGIN failed--compilation aborted at t/all_tests.t line 6.
t/all_tests.t ..... 
Dubious, test returned 255 (wstat 65280, 0xff00)
No subtests run 
Can't use 'defined(@array)' (Maybe you should just omit the defined()?) at /home/njh/.cpan/build/Test-Unit-0.25-0/blib/lib/Test/Unit/TestCase.pm line 106.
Compilation failed in require at /home/njh/.cpan/build/Test-Unit-0.25-0/blib/lib/Test/Unit/TestSuite.pm line 15.
BEGIN failed--compilation aborted at /home/njh/.cpan/build/Test-Unit-0.25-0/blib/lib/Test/Unit/TestSuite.pm line 15.
Compilation failed in require at /home/njh/.cpan/build/Test-Unit-0.25-0/blib/lib/Test/Unit/Loader.pm line 7.
BEGIN failed--compilation aborted at /home/njh/.cpan/build/Test-Unit-0.25-0/blib/lib/Test/Unit/Loader.pm line 7.
Compilation failed in require at /home/njh/.cpan/build/Test-Unit-0.25-0/blib/lib/Test/Unit/Listener.pm line 2.
BEGIN failed--compilation aborted at /home/njh/.cpan/build/Test-Unit-0.25-0/blib/lib/Test/Unit/Listener.pm line 2.
Compilation failed in require at /home/njh/perl5/perlbrew/perls/perl-5.24.1/lib/5.24.1/base.pm line 100.
	...propagated at /home/njh/perl5/perlbrew/perls/perl-5.24.1/lib/5.24.1/base.pm line 109.
BEGIN failed--compilation aborted at /home/njh/.cpan/build/Test-Unit-0.25-0/blib/lib/Test/Unit/Runner.pm line 25.
Compilation failed in require at /home/njh/perl5/perlbrew/perls/perl-5.24.1/lib/5.24.1/base.pm line 100.
	...propagated at /home/njh/perl5/perlbrew/perls/perl-5.24.1/lib/5.24.1/base.pm line 109.
BEGIN failed--compilation aborted at /home/njh/.cpan/build/Test-Unit-0.25-0/blib/lib/Test/Unit/HarnessUnit.pm line 6.
Compilation failed in require at t/assert.t line 5.
BEGIN failed--compilation aborted at t/assert.t line 5.
t/assert.t ........ 
Dubious, test returned 255 (wstat 65280, 0xff00)
No subtests run 
# Test 1 got: "Can't use 'defined(@array)' (Maybe you should just omit the defined()?) at /home/njh/.cpan/build/Test-Unit-0.25-0/blib/lib/Test/Unit/TestCase.pm line 106.\n# Compilation failed in require at /home/njh/.cpan/build/Test-Unit-0.25-0/blib/lib/Test/Unit/TestSuite.pm line 15.\n# BEGIN failed--compilation aborted at /home/njh/.cpan/build/Test-Unit-0.25-0/blib/lib/Test/Unit/TestSuite.pm line 15.\n# Compilation failed in require at /home/njh/.cpan/build/Test-Unit-0.25-0/blib/lib/Test/Unit/Loader.pm line 7.\n# BEGIN failed--compilation aborted at /home/njh/.cpan/build/Test-Unit-0.25-0/blib/lib/Test/Unit/Loader.pm line 7.\n# Compilation failed in require at /home/njh/.cpan/build/Test-Unit-0.25-0/blib/lib/Test/Unit/Listener.pm line 2.\n# BEGIN failed--compilation aborted at /home/njh/.cpan/build/Test-Unit-0.25-0/blib/lib/Test/Unit/Listener.pm line 2.\n# Compilation failed in require at /home/njh/perl5/perlbrew/perls/perl-5.24.1/lib/5.24.1/base.pm line 100.\n# \t...propagated at /home/njh/perl5/perlbrew/perls/perl-5.24.1/lib/5.24.1/base.pm line 109.\n# BEGIN failed--compilation aborted at /home/njh/.cpan/build/Test-Unit-0.25-0/blib/lib/Test/Unit/Runner.pm line 25.\n# Compilation failed in require at /home/njh/perl5/perlbrew/perls/perl-5.24.1/lib/5.24.1/base.pm line 100.\n# \t...propagated at /home/njh/perl5/perlbrew/perls/perl-5.24.1/lib/5.24.1/base.pm line 109.\n# BEGIN failed--compilation aborted at /home/njh/.cpan/build/Test-Unit-0.25-0/blib/lib/Test/Unit/TestRunner.pm line 4.\n# Compilation failed in require at ./TestRunner.pl line 6.\n# BEGIN failed--compilation aborted at ./TestRunner.pl line 6.\n# " (t/try_examples.t at line 106)
#   Expected: "Suite setup\n# TEST-RUN-SUMMARY\n# \n# TIME-SUMMARY\n# \n# !!!FAILURES!!!\n# Test Results:\n# Run: 2, Failures: 1, Errors: 0\n# \n# There was 1 failure:\n# 1) examples/fail_example.pm:19 - test_fail(fail_example)\n# Born to lose ...\n# \n# Test was not successful.\n# "
#   Lines 1-14 are changed:
#    - "Suite setup\n"
#    + "Can't use 'defined(@array)' (Maybe you should just omit the defined()?) at /home/njh/.cpan/build/Test-Unit-0.25-0/blib/lib/Test/Unit/TestCase.pm line 106.\n"
#    - "# TEST-RUN-SUMMARY\n"
#    + "# Compilation failed in require at /home/njh/.cpan/build/Test-Unit-0.25-0/blib/lib/Test/Unit/TestSuite.pm line 15.\n"
#    - "# \n"
#    + "# BEGIN failed--compilation aborted at /home/njh/.cpan/build/Test-Unit-0.25-0/blib/lib/Test/Unit/TestSuite.pm line 15.\n"
#    - "# TIME-SUMMARY\n"
#    + "# Compilation failed in require at /home/njh/.cpan/build/Test-Unit-0.25-0/blib/lib/Test/Unit/Loader.pm line 7.\n"
#    - "# \n"
#    + "# BEGIN failed--compilation aborted at /home/njh/.cpan/build/Test-Unit-0.25-0/blib/lib/Test/Unit/Loader.pm line 7.\n"
#    - "# !!!FAILURES!!!\n"
#    + "# Compilation failed in require at /home/njh/.cpan/build/Test-Unit-0.25-0/blib/lib/Test/Unit/Listener.pm line 2.\n"
#    - "# Test Results:\n"
#    + "# BEGIN failed--compilation aborted at /home/njh/.cpan/build/Test-Unit-0.25-0/blib/lib/Test/Unit/Listener.pm line 2.\n"
#    - "# Run: 2, Failures: 1, Errors: 0\n"
#    + "# Compilation failed in require at /home/njh/perl5/perlbrew/perls/perl-5.24.1/lib/5.24.1/base.pm line 100.\n"
#    - "# \n"
#    + "# \t...propagated at /home/njh/perl5/perlbrew/perls/perl-5.24.1/lib/5.24.1/base.pm line 109.\n"
#    - "# There was 1 failure:\n"
#    + "# BEGIN failed--compilation aborted at /home/njh/.cpan/build/Test-Unit-0.25-0/blib/lib/Test/Unit/Runner.pm line 25.\n"
#    - "# 1) examples/fail_example.pm:19 - test_fail(fail_example)\n"
#    + "# Compilation failed in require at /home/njh/perl5/perlbrew/perls/perl-5.24.1/lib/5.24.1/base.pm line 100.\n"
#    - "# Born to lose ...\n"
#    + "# \t...propagated at /home/njh/perl5/perlbrew/perls/perl-5.24.1/lib/5.24.1/base.pm line 109.\n"
#    - "# \n"
#    + "# BEGIN failed--compilation aborted at /home/njh/.cpan/build/Test-Unit-0.25-0/blib/lib/Test/Unit/TestRunner.pm line 4.\n"
#    - "# Test was not successful.\n"
#    + "# Compilation failed in require at ./TestRunner.pl line 6.\n"
#   Got 1 extra line at line 15:
#    + "# BEGIN failed--compilation aborted at ./TestRunner.pl line 6.\n"
#  t/try_examples.t line 106 is: 	ok($out, $guru_checked{$e});
# Test 2 got: "Can't use 'defined(@array)' (Maybe you should just omit the defined()?) at /home/njh/.cpan/build/Test-Unit-0.25-0/blib/lib/Test/Unit/TestCase.pm line 106.\n# Compilation failed in require at /home/njh/.cpan/build/Test-Unit-0.25-0/blib/lib/Test/Unit/TestSuite.pm line 15.\n# BEGIN failed--compilation aborted at /home/njh/.cpan/build/Test-Unit-0.25-0/blib/lib/Test/Unit/TestSuite.pm line 15.\n# Compilation failed in require at /home/njh/.cpan/build/Test-Unit-0.25-0/blib/lib/Test/Unit/Procedural.pm line 5.\n# BEGIN failed--compilation aborted at /home/njh/.cpan/build/Test-Unit-0.25-0/blib/lib/Test/Unit/Procedural.pm line 5.\n# Compilation failed in require at examples/patch100132 line 6.\n# BEGIN failed--compilation aborted at examples/patch100132 line 6.\n# " (t/try_examples.t at line 106 fail #2)
#   Expected: "...\n# TIME-SUMMARY\n# \n# OK (3 tests)\n# "
#   Lines 1-4 are changed:
#    - "...\n"
#    + "Can't use 'defined(@array)' (Maybe you should just omit the defined()?) at /home/njh/.cpan/build/Test-Unit-0.25-0/blib/lib/Test/Unit/TestCase.pm line 106.\n"
#    - "# TIME-SUMMARY\n"
#    + "# Compilation failed in require at /home/njh/.cpan/build/Test-Unit-0.25-0/blib/lib/Test/Unit/TestSuite.pm line 15.\n"
#    - "# \n"
#    + "# BEGIN failed--compilation aborted at /home/njh/.cpan/build/Test-Unit-0.25-0/blib/lib/Test/Unit/TestSuite.pm line 15.\n"
#    - "# OK (3 tests)\n"
#    + "# Compilation failed in require at /home/njh/.cpan/build/Test-Unit-0.25-0/blib/lib/Test/Unit/Procedural.pm line 5.\n"
#   Got 3 extra lines at line 5:
#    + "# BEGIN failed--compilation aborted at /home/njh/.cpan/build/Test-Unit-0.25-0/blib/lib/Test/Unit/Procedural.pm line 5.\n"
#    + "# Compilation failed in require at examples/patch100132 line 6.\n"
#    + "# BEGIN failed--compilation aborted at examples/patch100132 line 6.\n"
# Test 3 got: "Can't use 'defined(@array)' (Maybe you should just omit the defined()?) at /home/njh/.cpan/build/Test-Unit-0.25-0/blib/lib/Test/Unit/TestCase.pm line 106.\n# Compilation failed in require at /home/njh/.cpan/build/Test-Unit-0.25-0/blib/lib/Test/Unit/TestSuite.pm line 15.\n# BEGIN failed--compilation aborted at /home/njh/.cpan/build/Test-Unit-0.25-0/blib/lib/Test/Unit/TestSuite.pm line 15.\n# Compilation failed in require at /home/njh/.cpan/build/Test-Unit-0.25-0/blib/lib/Test/Unit/Procedural.pm line 5.\n# BEGIN failed--compilation aborted at /home/njh/.cpan/build/Test-Unit-0.25-0/blib/lib/Test/Unit/Procedural.pm line 5.\n# Compilation failed in require at examples/patch100132-1 line 6.\n# BEGIN failed--compilation aborted at examples/patch100132-1 line 6.\n# " (t/try_examples.t at line 106 fail #3)
#   Expected: "...\n# TIME-SUMMARY\n# \n# OK (3 tests)\n# "
#   Lines 1-4 are changed:
#    - "...\n"
#    + "Can't use 'defined(@array)' (Maybe you should just omit the defined()?) at /home/njh/.cpan/build/Test-Unit-0.25-0/blib/lib/Test/Unit/TestCase.pm line 106.\n"
#    - "# TIME-SUMMARY\n"
#    + "# Compilation failed in require at /home/njh/.cpan/build/Test-Unit-0.25-0/blib/lib/Test/Unit/TestSuite.pm line 15.\n"
#    - "# \n"
#    + "# BEGIN failed--compilation aborted at /home/njh/.cpan/build/Test-Unit-0.25-0/blib/lib/Test/Unit/TestSuite.pm line 15.\n"
#    - "# OK (3 tests)\n"
#    + "# Compilation failed in require at /home/njh/.cpan/build/Test-Unit-0.25-0/blib/lib/Test/Unit/Procedural.pm line 5.\n"
#   Got 3 extra lines at line 5:
#    + "# BEGIN failed--compilation aborted at /home/njh/.cpan/build/Test-Unit-0.25-0/blib/lib/Test/Unit/Procedural.pm line 5.\n"
#    + "# Compilation failed in require at examples/patch100132-1 line 6.\n"
#    + "# BEGIN failed--compilation aborted at examples/patch100132-1 line 6.\n"
# Test 4 got: "Can't use 'defined(@array)' (Maybe you should just omit the defined()?) at /home/njh/.cpan/build/Test-Unit-0.25-0/blib/lib/Test/Unit/TestCase.pm line 106.\n# Compilation failed in require at /home/njh/.cpan/build/Test-Unit-0.25-0/blib/lib/Test/Unit/TestSuite.pm line 15.\n# BEGIN failed--compilation aborted at /home/njh/.cpan/build/Test-Unit-0.25-0/blib/lib/Test/Unit/TestSuite.pm line 15.\n# Compilation failed in require at /home/njh/.cpan/build/Test-Unit-0.25-0/blib/lib/Test/Unit/Procedural.pm line 5.\n# BEGIN failed--compilation aborted at /home/njh/.cpan/build/Test-Unit-0.25-0/blib/lib/Test/Unit/Procedural.pm line 5.\n# Compilation failed in require at examples/patch100132-2 line 6.\n# BEGIN failed--compilation aborted at examples/patch100132-2 line 6.\n# " (t/try_examples.t at line 106 fail #4)
#   Expected: "...\n# TIME-SUMMARY\n# \n# OK (3 tests)\n# "
#   Lines 1-4 are changed:
#    - "...\n"
#    + "Can't use 'defined(@array)' (Maybe you should just omit the defined()?) at /home/njh/.cpan/build/Test-Unit-0.25-0/blib/lib/Test/Unit/TestCase.pm line 106.\n"
#    - "# TIME-SUMMARY\n"
#    + "# Compilation failed in require at /home/njh/.cpan/build/Test-Unit-0.25-0/blib/lib/Test/Unit/TestSuite.pm line 15.\n"
#    - "# \n"
#    + "# BEGIN failed--compilation aborted at /home/njh/.cpan/build/Test-Unit-0.25-0/blib/lib/Test/Unit/TestSuite.pm line 15.\n"
#    - "# OK (3 tests)\n"
#    + "# Compilation failed in require at /home/njh/.cpan/build/Test-Unit-0.25-0/blib/lib/Test/Unit/Procedural.pm line 5.\n"
#   Got 3 extra lines at line 5:
#    + "# BEGIN failed--compilation aborted at /home/njh/.cpan/build/Test-Unit-0.25-0/blib/lib/Test/Unit/Procedural.pm line 5.\n"
#    + "# Compilation failed in require at examples/patch100132-2 line 6.\n"
#    + "# BEGIN failed--compilation aborted at examples/patch100132-2 line 6.\n"
t/try_examples.t .. 
Failed 4/4 subtests 

Test Summary Report
-------------------
t/all_tests.t   (Wstat: 65280 Tests: 0 Failed: 0)
  Non-zero exit status: 255
  Parse errors: No plan found in TAP output
t/assert.t      (Wstat: 65280 Tests: 0 Failed: 0)
  Non-zero exit status: 255
  Parse errors: No plan found in TAP output
t/try_examples.t (Wstat: 0 Tests: 4 Failed: 4)
  Failed tests:  1-4
Files=3, Tests=4,  0 wallclock secs ( 0.02 usr  0.01 sys +  0.31 cusr  0.04 csys =  0.38 CPU)
Result: FAIL
Failed 3/3 test programs. 4/4 subtests failed.
make: *** [Makefile:955: test_dynamic] Error 255

------------------------------
PREREQUISITES
------------------------------

Prerequisite modules loaded:

requires:

    Module              Need Have    
    ------------------- ---- --------
    base                1    2.23    
    Class::Inner        0    0.200001
    Devel::Symdump      0    2.18    
    Error               0    0.17024 

build_requires:

    Module              Need Have    
    ------------------- ---- --------
    ExtUtils::MakeMaker 0    7.28    


------------------------------
ENVIRONMENT AND OTHER CONTEXT
------------------------------

Environment variables:

    AUTOMATED_TESTING = 1
    HARNESS_OPTIONS = j2
    LANG = en_US.UTF-8
    PATH = /home/njh/perl5/perlbrew/bin:/home/njh/perl5/perlbrew/perls/perl-5.24.1/bin:/home/njh/src/njh/smoker/bin:/usr/bin:/bin
    PERL5LIB = /home/njh/.cpan/build/Class-Inner-0.200001-0/blib/arch:/home/njh/.cpan/build/Class-Inner-0.200001-0/blib/lib
    PERL5OPT = 
    PERL5_CPANPLUS_IS_RUNNING = 14461
    PERL5_CPAN_IS_RUNNING = 14461
    PERLBREW_HOME = /home/njh/.perlbrew
    PERLBREW_MANPATH = /home/njh/perl5/perlbrew/perls/perl-5.24.1/man
    PERLBREW_PATH = /home/njh/perl5/perlbrew/bin:/home/njh/perl5/perlbrew/perls/perl-5.24.1/bin
    PERLBREW_PERL = perl-5.24.1
    PERLBREW_ROOT = /home/njh/perl5/perlbrew
    PERLBREW_SHELLRC_VERSION = 0.83
    PERLBREW_VERSION = 0.83
    SHELL = /bin/sh
    TEMP = /tmp/user/1000
    TMPDIR = /tmp/user/1000/testwrapper.14449

Perl special variables (and OS-specific diagnostics, for MSWin32):

    $^X = /home/njh/perl5/perlbrew/perls/perl-5.24.1/bin/perl5.24.1
    $UID/$EUID = 1000 / 1000
    $GID = 1000 4 24 25 29 30 44 46 103 108 115 123 1000
    $EGID = 1000 4 24 25 29 30 44 46 103 108 115 123 1000

Perl module toolchain versions installed:

    Module              Have    
    ------------------- --------
    CPAN                2.16    
    CPAN::Meta          2.150010
    Cwd                 3.63_01 
    ExtUtils::CBuilder  0.280225
    ExtUtils::Command   7.28    
    ExtUtils::Install   2.14    
    ExtUtils::MakeMaker 7.28    
    ExtUtils::Manifest  1.70    
    ExtUtils::ParseXS   3.31    
    File::Spec          3.63_01 
    JSON                2.97001 
    JSON::PP            2.94    
    Module::Build       0.4224  
    Module::Signature   n/a     
    Parse::CPAN::Meta   2.150010
    Test::Harness       3.39    
    Test::More          1.302136
    YAML                1.26    
    YAML::Syck          1.30    
    version             0.9918  


--

Summary of my perl5 (revision 5 version 24 subversion 1) configuration:
   
  Platform:
    osname=linux, osvers=4.8.0-2-amd64, archname=x86_64-linux-thread-multi
    uname='linux amelia 4.8.0-2-amd64 #1 smp debian 4.8.11-1 (2016-12-02) x86_64 gnulinux '
    config_args='-de -Dprefix=/home/njh/perl5/perlbrew/perls/perl-5.24.1 -Duseithreads -Dusemultiplicity -Dusedevel -Accflags= -Aeval:scriptdir=/home/njh/perl5/perlbrew/perls/perl-5.24.1/bin'
    hint=recommended, useposix=true, d_sigaction=define
    useithreads=define, usemultiplicity=define
    use64bitint=define, use64bitall=define, uselongdouble=undef
    usemymalloc=n, bincompat5005=undef
  Compiler:
    cc='cc', ccflags ='-D_REENTRANT -D_GNU_SOURCE -fwrapv -fno-strict-aliasing -pipe -fstack-protector-strong -I/usr/local/include -D_LARGEFILE_SOURCE -D_FILE_OFFSET_BITS=64',
    optimize='-O2',
    cppflags='-D_REENTRANT -D_GNU_SOURCE -fwrapv -fno-strict-aliasing -pipe -fstack-protector-strong -I/usr/local/include'
    ccversion='', gccversion='6.3.0 20161229', gccosandvers=''
    intsize=4, longsize=8, ptrsize=8, doublesize=8, byteorder=12345678, doublekind=3
    d_longlong=define, longlongsize=8, d_longdbl=define, longdblsize=16, longdblkind=3
    ivtype='long', ivsize=8, nvtype='double', nvsize=8, Off_t='off_t', lseeksize=8
    alignbytes=8, prototype=define
  Linker and Libraries:
    ld='cc', ldflags =' -fstack-protector-strong -L/usr/local/lib'
    libpth=/usr/local/lib /usr/lib/gcc/x86_64-linux-gnu/6/include-fixed /usr/include/x86_64-linux-gnu /usr/lib /lib/x86_64-linux-gnu /lib/../lib /usr/lib/x86_64-linux-gnu /usr/lib/../lib /lib /lib64 /usr/lib64
    libs=-lpthread -lnsl -lgdbm -ldb -ldl -lm -lcrypt -lutil -lc -lgdbm_compat
    perllibs=-lpthread -lnsl -ldl -lm -lcrypt -lutil -lc
    libc=libc-2.24.so, so=so, useshrplib=false, libperl=libperl.a
    gnulibc_version='2.24'
  Dynamic Linking:
    dlsrc=dl_dlopen.xs, dlext=so, d_dlsymun=undef, ccdlflags='-Wl,-E'
    cccdlflags='-fPIC', lddlflags='-shared -O2 -L/usr/local/lib -fstack-protector-strong'


Characteristics of this binary (from libperl): 
  Compile-time options: HAS_TIMES MULTIPLICITY PERLIO_LAYERS
                        PERL_COPY_ON_WRITE PERL_DONT_CREATE_GVSV
                        PERL_HASH_FUNC_ONE_AT_A_TIME_HARD
                        PERL_IMPLICIT_CONTEXT PERL_MALLOC_WRAP
                        PERL_PRESERVE_IVUV PERL_USE_DEVEL USE_64_BIT_ALL
                        USE_64_BIT_INT USE_ITHREADS USE_LARGE_FILES
                        USE_LOCALE USE_LOCALE_COLLATE USE_LOCALE_CTYPE
                        USE_LOCALE_NUMERIC USE_LOCALE_TIME USE_PERLIO
                        USE_PERL_ATOF USE_REENTRANT_API
  Built under linux
  Compiled at Jan 20 2017 00:33:03
  %ENV:
    PERL5LIB="/home/njh/.cpan/build/Class-Inner-0.200001-0/blib/arch:/home/njh/.cpan/build/Class-Inner-0.200001-0/blib/lib"
    PERL5OPT=""
    PERL5_CPANPLUS_IS_RUNNING="14461"
    PERL5_CPAN_IS_RUNNING="14461"
    PERLBREW_HOME="/home/njh/.perlbrew"
    PERLBREW_MANPATH="/home/njh/perl5/perlbrew/perls/perl-5.24.1/man"
    PERLBREW_PATH="/home/njh/perl5/perlbrew/bin:/home/njh/perl5/perlbrew/perls/perl-5.24.1/bin"
    PERLBREW_PERL="perl-5.24.1"
    PERLBREW_ROOT="/home/njh/perl5/perlbrew"
    PERLBREW_SHELLRC_VERSION="0.83"
    PERLBREW_VERSION="0.83"
  @INC:
    /home/njh/.cpan/build/Class-Inner-0.200001-0/blib/arch
    /home/njh/.cpan/build/Class-Inner-0.200001-0/blib/lib
    /home/njh/perl5/perlbrew/perls/perl-5.24.1/lib/site_perl/5.24.1/x86_64-linux-thread-multi
    /home/njh/perl5/perlbrew/perls/perl-5.24.1/lib/site_perl/5.24.1
    /home/njh/perl5/perlbrew/perls/perl-5.24.1/lib/5.24.1/x86_64-linux-thread-multi
    /home/njh/perl5/perlbrew/perls/perl-5.24.1/lib/5.24.1
    .