IPC-Run v20200505.0 Perl 5 v5.16.3 cygwin-thread-multi

Status
Fail
From
Peter John Acklam (PJACKLAM)
Dist
IPC-Run v20200505.0
Platform
Perl 5 v5.16.3 cygwin-thread-multi
Date
2022-02-03 20:17:49
ID
99bd9f5c-6d23-1014-b9fd-c9da64b802d6
This distribution has been tested as part of the CPAN Testers
project, supporting the Perl programming language.  See
http://wiki.cpantesters.org/ for more information or email
questions to cpan-testers-discuss@perl.org


--
Dear Todd Rinaldo,

This is a computer-generated report for IPC-Run-20200505.0
on perl 5.16.3, created by CPAN-Reporter-1.2018.

Thank you for uploading your work to CPAN.  However, there was a problem
testing your distribution.

If you think this report is invalid, please consult the CPAN Testers Wiki
for suggestions on how to avoid getting FAIL reports for missing library
or binary dependencies, unsupported operating systems, and so on:

http://wiki.cpantesters.org/wiki/CPANAuthorNotes

Sections of this report:

    * Tester comments
    * Program output
    * Prerequisites
    * Environment and other context

------------------------------
TESTER COMMENTS
------------------------------

Additional comments from tester:

this report is from an automated smoke testing program
and was not reviewed by a human for accuracy

------------------------------
PROGRAM OUTPUT
------------------------------

Output from '/usr/bin/make test':

PERL_DL_NONLAZY=1 /cygdrive/c/opt/perl5/cygwin_nt-10.0/3.3.3/x86_64/perl/5.16.3/x86_64-cygwin-thread-multi/bin/perl5.16.3.exe "-MExtUtils::Command::MM" "-e" "test_harness(0, 'blib/lib', 'blib/arch')" t/*.t
t/adopt.t ............................ skipped: adopt not implemented yet
"EIO" is not exported by the Errno module
 "EAGAIN" is not exported by the Errno module
Can't continue after import errors at /cygdrive/c/opt/perl5/cygwin_nt-10.0/3.3.3/x86_64/cpan/5.16.3/x86_64-cygwin-thread-multi/build/IPC-Run-20200505.0-0/blib/lib/IPC/Run.pm line 1085.
BEGIN failed--compilation aborted at /cygdrive/c/opt/perl5/cygwin_nt-10.0/3.3.3/x86_64/cpan/5.16.3/x86_64-cygwin-thread-multi/build/IPC-Run-20200505.0-0/blib/lib/IPC/Run.pm line 1085.
Compilation failed in require at t/autoflush.t line 4.
BEGIN failed--compilation aborted at t/autoflush.t line 4.
t/autoflush.t ........................ 
Dubious, test returned 255 (wstat 65280, 0xff00)
No subtests run 
"EIO" is not exported by the Errno module
 "EAGAIN" is not exported by the Errno module
Can't continue after import errors at /cygdrive/c/opt/perl5/cygwin_nt-10.0/3.3.3/x86_64/cpan/5.16.3/x86_64-cygwin-thread-multi/build/IPC-Run-20200505.0-0/blib/lib/IPC/Run.pm line 1085.
BEGIN failed--compilation aborted at /cygdrive/c/opt/perl5/cygwin_nt-10.0/3.3.3/x86_64/cpan/5.16.3/x86_64-cygwin-thread-multi/build/IPC-Run-20200505.0-0/blib/lib/IPC/Run.pm line 1085.
Compilation failed in require at t/autovivifyfh.t line 4.
BEGIN failed--compilation aborted at t/autovivifyfh.t line 4.
t/autovivifyfh.t ..................... 
Dubious, test returned 255 (wstat 65280, 0xff00)
No subtests run 
"EIO" is not exported by the Errno module
 "EAGAIN" is not exported by the Errno module
Can't continue after import errors at /cygdrive/c/opt/perl5/cygwin_nt-10.0/3.3.3/x86_64/cpan/5.16.3/x86_64-cygwin-thread-multi/build/IPC-Run-20200505.0-0/blib/lib/IPC/Run.pm line 1085.
BEGIN failed--compilation aborted at /cygdrive/c/opt/perl5/cygwin_nt-10.0/3.3.3/x86_64/cpan/5.16.3/x86_64-cygwin-thread-multi/build/IPC-Run-20200505.0-0/blib/lib/IPC/Run.pm line 1085.
Compilation failed in require at t/binmode.t line 29.
BEGIN failed--compilation aborted at t/binmode.t line 29.
# Looks like your test exited with 255 before it could output anything.
t/binmode.t .......................... 
Dubious, test returned 255 (wstat 65280, 0xff00)
Failed 24/24 subtests 
"EIO" is not exported by the Errno module
 "EAGAIN" is not exported by the Errno module
Can't continue after import errors at /cygdrive/c/opt/perl5/cygwin_nt-10.0/3.3.3/x86_64/cpan/5.16.3/x86_64-cygwin-thread-multi/build/IPC-Run-20200505.0-0/blib/lib/IPC/Run.pm line 1085.
BEGIN failed--compilation aborted at /cygdrive/c/opt/perl5/cygwin_nt-10.0/3.3.3/x86_64/cpan/5.16.3/x86_64-cygwin-thread-multi/build/IPC-Run-20200505.0-0/blib/lib/IPC/Run.pm line 1085.
Compilation failed in require at t/bogus.t line 24.
BEGIN failed--compilation aborted at t/bogus.t line 24.
# Looks like your test exited with 255 before it could output anything.
t/bogus.t ............................ 
Dubious, test returned 255 (wstat 65280, 0xff00)
Failed 2/2 subtests 
"EIO" is not exported by the Errno module
 "EAGAIN" is not exported by the Errno module
Can't continue after import errors at /cygdrive/c/opt/perl5/cygwin_nt-10.0/3.3.3/x86_64/cpan/5.16.3/x86_64-cygwin-thread-multi/build/IPC-Run-20200505.0-0/blib/lib/IPC/Run.pm line 1085.
BEGIN failed--compilation aborted at /cygdrive/c/opt/perl5/cygwin_nt-10.0/3.3.3/x86_64/cpan/5.16.3/x86_64-cygwin-thread-multi/build/IPC-Run-20200505.0-0/blib/lib/IPC/Run.pm line 1085.
Compilation failed in require at t/child_fd_inadvertently_closed.t line 11.
BEGIN failed--compilation aborted at t/child_fd_inadvertently_closed.t line 11.
t/child_fd_inadvertently_closed.t .... 
Dubious, test returned 255 (wstat 65280, 0xff00)
No subtests run 
"EIO" is not exported by the Errno module
 "EAGAIN" is not exported by the Errno module
Can't continue after import errors at /cygdrive/c/opt/perl5/cygwin_nt-10.0/3.3.3/x86_64/cpan/5.16.3/x86_64-cygwin-thread-multi/build/IPC-Run-20200505.0-0/blib/lib/IPC/Run.pm line 1085.
BEGIN failed--compilation aborted at /cygdrive/c/opt/perl5/cygwin_nt-10.0/3.3.3/x86_64/cpan/5.16.3/x86_64-cygwin-thread-multi/build/IPC-Run-20200505.0-0/blib/lib/IPC/Run.pm line 1085.
Compilation failed in require at t/eintr.t line 24.
BEGIN failed--compilation aborted at t/eintr.t line 24.
t/eintr.t ............................ 
Dubious, test returned 255 (wstat 65280, 0xff00)
No subtests run 
"EIO" is not exported by the Errno module
 "EAGAIN" is not exported by the Errno module
Can't continue after import errors at /cygdrive/c/opt/perl5/cygwin_nt-10.0/3.3.3/x86_64/cpan/5.16.3/x86_64-cygwin-thread-multi/build/IPC-Run-20200505.0-0/blib/lib/IPC/Run.pm line 1085.
BEGIN failed--compilation aborted at /cygdrive/c/opt/perl5/cygwin_nt-10.0/3.3.3/x86_64/cpan/5.16.3/x86_64-cygwin-thread-multi/build/IPC-Run-20200505.0-0/blib/lib/IPC/Run.pm line 1085.
Compilation failed in require at t/filter.t line 26.
BEGIN failed--compilation aborted at t/filter.t line 26.
# Looks like your test exited with 255 before it could output anything.
t/filter.t ........................... 
Dubious, test returned 255 (wstat 65280, 0xff00)
Failed 80/80 subtests 
"EIO" is not exported by the Errno module
 "EAGAIN" is not exported by the Errno module
Can't continue after import errors at /cygdrive/c/opt/perl5/cygwin_nt-10.0/3.3.3/x86_64/cpan/5.16.3/x86_64-cygwin-thread-multi/build/IPC-Run-20200505.0-0/blib/lib/IPC/Run.pm line 1085.
BEGIN failed--compilation aborted at /cygdrive/c/opt/perl5/cygwin_nt-10.0/3.3.3/x86_64/cpan/5.16.3/x86_64-cygwin-thread-multi/build/IPC-Run-20200505.0-0/blib/lib/IPC/Run.pm line 1085.
Compilation failed in require at t/harness.t line 24.
BEGIN failed--compilation aborted at t/harness.t line 24.
# Looks like your test exited with 255 before it could output anything.
t/harness.t .......................... 
Dubious, test returned 255 (wstat 65280, 0xff00)
Failed 120/120 subtests 
"EIO" is not exported by the Errno module
 "EAGAIN" is not exported by the Errno module
Can't continue after import errors at /cygdrive/c/opt/perl5/cygwin_nt-10.0/3.3.3/x86_64/cpan/5.16.3/x86_64-cygwin-thread-multi/build/IPC-Run-20200505.0-0/blib/lib/IPC/Run.pm line 1085.
BEGIN failed--compilation aborted at /cygdrive/c/opt/perl5/cygwin_nt-10.0/3.3.3/x86_64/cpan/5.16.3/x86_64-cygwin-thread-multi/build/IPC-Run-20200505.0-0/blib/lib/IPC/Run.pm line 1085.
Compilation failed in require at t/io.t line 24.
BEGIN failed--compilation aborted at t/io.t line 24.
# Looks like your test exited with 255 before it could output anything.
t/io.t ............................... 
Dubious, test returned 255 (wstat 65280, 0xff00)
Failed 14/14 subtests 
"EIO" is not exported by the Errno module
 "EAGAIN" is not exported by the Errno module
Can't continue after import errors at /cygdrive/c/opt/perl5/cygwin_nt-10.0/3.3.3/x86_64/cpan/5.16.3/x86_64-cygwin-thread-multi/build/IPC-Run-20200505.0-0/blib/lib/IPC/Run.pm line 1085.
BEGIN failed--compilation aborted at /cygdrive/c/opt/perl5/cygwin_nt-10.0/3.3.3/x86_64/cpan/5.16.3/x86_64-cygwin-thread-multi/build/IPC-Run-20200505.0-0/blib/lib/IPC/Run.pm line 1085.
Compilation failed in require at t/kill_kill.t line 23.
BEGIN failed--compilation aborted at t/kill_kill.t line 23.
t/kill_kill.t ........................ 
Dubious, test returned 255 (wstat 65280, 0xff00)
No subtests run 
"EIO" is not exported by the Errno module
 "EAGAIN" is not exported by the Errno module
Can't continue after import errors at /cygdrive/c/opt/perl5/cygwin_nt-10.0/3.3.3/x86_64/cpan/5.16.3/x86_64-cygwin-thread-multi/build/IPC-Run-20200505.0-0/blib/lib/IPC/Run.pm line 1085.
BEGIN failed--compilation aborted at /cygdrive/c/opt/perl5/cygwin_nt-10.0/3.3.3/x86_64/cpan/5.16.3/x86_64-cygwin-thread-multi/build/IPC-Run-20200505.0-0/blib/lib/IPC/Run.pm line 1085.
Compilation failed in require at t/parallel.t line 38.
BEGIN failed--compilation aborted at t/parallel.t line 38.
# Looks like your test exited with 255 before it could output anything.
t/parallel.t ......................... 
Dubious, test returned 255 (wstat 65280, 0xff00)
Failed 6/6 subtests 
"EIO" is not exported by the Errno module
 "EAGAIN" is not exported by the Errno module
Can't continue after import errors at /cygdrive/c/opt/perl5/cygwin_nt-10.0/3.3.3/x86_64/cpan/5.16.3/x86_64-cygwin-thread-multi/build/IPC-Run-20200505.0-0/blib/lib/IPC/Run.pm line 1085.
BEGIN failed--compilation aborted at /cygdrive/c/opt/perl5/cygwin_nt-10.0/3.3.3/x86_64/cpan/5.16.3/x86_64-cygwin-thread-multi/build/IPC-Run-20200505.0-0/blib/lib/IPC/Run.pm line 1085.
Compilation failed in require at t/parent_and_child_fds_match.t line 19.
BEGIN failed--compilation aborted at t/parent_and_child_fds_match.t line 19.
t/parent_and_child_fds_match.t ....... 
Dubious, test returned 255 (wstat 65280, 0xff00)
No subtests run 
"EIO" is not exported by the Errno module
 "EAGAIN" is not exported by the Errno module
Can't continue after import errors at /cygdrive/c/opt/perl5/cygwin_nt-10.0/3.3.3/x86_64/cpan/5.16.3/x86_64-cygwin-thread-multi/build/IPC-Run-20200505.0-0/blib/lib/IPC/Run.pm line 1085.
BEGIN failed--compilation aborted at /cygdrive/c/opt/perl5/cygwin_nt-10.0/3.3.3/x86_64/cpan/5.16.3/x86_64-cygwin-thread-multi/build/IPC-Run-20200505.0-0/blib/lib/IPC/Run.pm line 1085.
Compilation failed in require at t/pty.t line 52.
BEGIN failed--compilation aborted at t/pty.t line 52.
# Looks like your test exited with 255 before it could output anything.
t/pty.t .............................. 
Dubious, test returned 255 (wstat 65280, 0xff00)
Failed 32/32 subtests 
"EIO" is not exported by the Errno module
 "EAGAIN" is not exported by the Errno module
Can't continue after import errors at /cygdrive/c/opt/perl5/cygwin_nt-10.0/3.3.3/x86_64/cpan/5.16.3/x86_64-cygwin-thread-multi/build/IPC-Run-20200505.0-0/blib/lib/IPC/Run.pm line 1085.
BEGIN failed--compilation aborted at /cygdrive/c/opt/perl5/cygwin_nt-10.0/3.3.3/x86_64/cpan/5.16.3/x86_64-cygwin-thread-multi/build/IPC-Run-20200505.0-0/blib/lib/IPC/Run.pm line 1085.
Compilation failed in require at t/pump.t line 25.
BEGIN failed--compilation aborted at t/pump.t line 25.
# Looks like your test exited with 255 before it could output anything.
t/pump.t ............................. 
Dubious, test returned 255 (wstat 65280, 0xff00)
Failed 27/27 subtests 
"EIO" is not exported by the Errno module
 "EAGAIN" is not exported by the Errno module
Can't continue after import errors at /cygdrive/c/opt/perl5/cygwin_nt-10.0/3.3.3/x86_64/cpan/5.16.3/x86_64-cygwin-thread-multi/build/IPC-Run-20200505.0-0/blib/lib/IPC/Run.pm line 1085.
BEGIN failed--compilation aborted at /cygdrive/c/opt/perl5/cygwin_nt-10.0/3.3.3/x86_64/cpan/5.16.3/x86_64-cygwin-thread-multi/build/IPC-Run-20200505.0-0/blib/lib/IPC/Run.pm line 1085.
Compilation failed in require at t/readonly.t line 13.
BEGIN failed--compilation aborted at t/readonly.t line 13.
t/readonly.t ......................... 
Dubious, test returned 255 (wstat 65280, 0xff00)
No subtests run 
"EIO" is not exported by the Errno module
 "EAGAIN" is not exported by the Errno module
Can't continue after import errors at /cygdrive/c/opt/perl5/cygwin_nt-10.0/3.3.3/x86_64/cpan/5.16.3/x86_64-cygwin-thread-multi/build/IPC-Run-20200505.0-0/blib/lib/IPC/Run.pm line 1085.
BEGIN failed--compilation aborted at /cygdrive/c/opt/perl5/cygwin_nt-10.0/3.3.3/x86_64/cpan/5.16.3/x86_64-cygwin-thread-multi/build/IPC-Run-20200505.0-0/blib/lib/IPC/Run.pm line 1085.
Compilation failed in require at t/run.t line 42.
BEGIN failed--compilation aborted at t/run.t line 42.
# Looks like your test exited with 255 before it could output anything.
t/run.t .............................. 
Dubious, test returned 255 (wstat 65280, 0xff00)
Failed 268/268 subtests 
"EIO" is not exported by the Errno module
 "EAGAIN" is not exported by the Errno module
Can't continue after import errors at /cygdrive/c/opt/perl5/cygwin_nt-10.0/3.3.3/x86_64/cpan/5.16.3/x86_64-cygwin-thread-multi/build/IPC-Run-20200505.0-0/blib/lib/IPC/Run.pm line 1085.
BEGIN failed--compilation aborted at /cygdrive/c/opt/perl5/cygwin_nt-10.0/3.3.3/x86_64/cpan/5.16.3/x86_64-cygwin-thread-multi/build/IPC-Run-20200505.0-0/blib/lib/IPC/Run.pm line 1085.
Compilation failed in require at t/run_stdin-callback-return-array.t line 8.
BEGIN failed--compilation aborted at t/run_stdin-callback-return-array.t line 8.
t/run_stdin-callback-return-array.t .. 
Dubious, test returned 255 (wstat 65280, 0xff00)
No subtests run 
"EIO" is not exported by the Errno module
 "EAGAIN" is not exported by the Errno module
Can't continue after import errors at /cygdrive/c/opt/perl5/cygwin_nt-10.0/3.3.3/x86_64/cpan/5.16.3/x86_64-cygwin-thread-multi/build/IPC-Run-20200505.0-0/blib/lib/IPC/Run.pm line 1085.
BEGIN failed--compilation aborted at /cygdrive/c/opt/perl5/cygwin_nt-10.0/3.3.3/x86_64/cpan/5.16.3/x86_64-cygwin-thread-multi/build/IPC-Run-20200505.0-0/blib/lib/IPC/Run.pm line 1085.
Compilation failed in require at t/signal.t line 24.
BEGIN failed--compilation aborted at t/signal.t line 24.
t/signal.t ........................... 
Dubious, test returned 255 (wstat 65280, 0xff00)
No subtests run 
"EIO" is not exported by the Errno module
 "EAGAIN" is not exported by the Errno module
Can't continue after import errors at /cygdrive/c/opt/perl5/cygwin_nt-10.0/3.3.3/x86_64/cpan/5.16.3/x86_64-cygwin-thread-multi/build/IPC-Run-20200505.0-0/blib/lib/IPC/Run.pm line 1085.
BEGIN failed--compilation aborted at /cygdrive/c/opt/perl5/cygwin_nt-10.0/3.3.3/x86_64/cpan/5.16.3/x86_64-cygwin-thread-multi/build/IPC-Run-20200505.0-0/blib/lib/IPC/Run.pm line 1085.
Compilation failed in require at t/timeout.t line 20.
BEGIN failed--compilation aborted at t/timeout.t line 20.
t/timeout.t .......................... 
Dubious, test returned 255 (wstat 65280, 0xff00)
No subtests run 
"EIO" is not exported by the Errno module
 "EAGAIN" is not exported by the Errno module
Can't continue after import errors at /cygdrive/c/opt/perl5/cygwin_nt-10.0/3.3.3/x86_64/cpan/5.16.3/x86_64-cygwin-thread-multi/build/IPC-Run-20200505.0-0/blib/lib/IPC/Run.pm line 1085.
BEGIN failed--compilation aborted at /cygdrive/c/opt/perl5/cygwin_nt-10.0/3.3.3/x86_64/cpan/5.16.3/x86_64-cygwin-thread-multi/build/IPC-Run-20200505.0-0/blib/lib/IPC/Run.pm line 1085.
Compilation failed in require at t/timer.t line 19.
BEGIN failed--compilation aborted at t/timer.t line 19.
t/timer.t ............................ 
Dubious, test returned 255 (wstat 65280, 0xff00)
No subtests run 
"EIO" is not exported by the Errno module
 "EAGAIN" is not exported by the Errno module
Can't continue after import errors at /cygdrive/c/opt/perl5/cygwin_nt-10.0/3.3.3/x86_64/cpan/5.16.3/x86_64-cygwin-thread-multi/build/IPC-Run-20200505.0-0/blib/lib/IPC/Run.pm line 1085.
BEGIN failed--compilation aborted at /cygdrive/c/opt/perl5/cygwin_nt-10.0/3.3.3/x86_64/cpan/5.16.3/x86_64-cygwin-thread-multi/build/IPC-Run-20200505.0-0/blib/lib/IPC/Run.pm line 1085.
Compilation failed in require at t/utf8.t line 14.
BEGIN failed--compilation aborted at t/utf8.t line 14.
# Looks like your test exited with 255 before it could output anything.
t/utf8.t ............................. 
Dubious, test returned 255 (wstat 65280, 0xff00)
Failed 4/4 subtests 
Subroutine IPPROTO_TCP redefined at /opt/perl5/cygwin_nt-10.0/3.3.3/x86_64/perl/5.16.3/x86_64-cygwin-thread-multi/lib/5.16.3/cygwin-thread-multi/Socket.pm line 4294967295.
"EIO" is not exported by the Errno module
 "EAGAIN" is not exported by the Errno module
Can't continue after import errors at /cygdrive/c/opt/perl5/cygwin_nt-10.0/3.3.3/x86_64/cpan/5.16.3/x86_64-cygwin-thread-multi/build/IPC-Run-20200505.0-0/blib/lib/IPC/Run.pm line 1085.
BEGIN failed--compilation aborted at /cygdrive/c/opt/perl5/cygwin_nt-10.0/3.3.3/x86_64/cpan/5.16.3/x86_64-cygwin-thread-multi/build/IPC-Run-20200505.0-0/blib/lib/IPC/Run.pm line 1085.
Compilation failed in require at /cygdrive/c/opt/perl5/cygwin_nt-10.0/3.3.3/x86_64/cpan/5.16.3/x86_64-cygwin-thread-multi/build/IPC-Run-20200505.0-0/blib/lib/IPC/Run/IO.pm line 71.
BEGIN failed--compilation aborted at /cygdrive/c/opt/perl5/cygwin_nt-10.0/3.3.3/x86_64/cpan/5.16.3/x86_64-cygwin-thread-multi/build/IPC-Run-20200505.0-0/blib/lib/IPC/Run/IO.pm line 71.
Compilation failed in require at (eval 26) line 2.
	...propagated at /opt/perl5/cygwin_nt-10.0/3.3.3/x86_64/perl/5.16.3/x86_64-cygwin-thread-multi/lib/5.16.3/base.pm line 84.
BEGIN failed--compilation aborted at /cygdrive/c/opt/perl5/cygwin_nt-10.0/3.3.3/x86_64/cpan/5.16.3/x86_64-cygwin-thread-multi/build/IPC-Run-20200505.0-0/blib/lib/IPC/Run/Win32IO.pm line 46.
Compilation failed in require at t/win32_compile.t line 90.
BEGIN failed--compilation aborted at t/win32_compile.t line 90.
t/win32_compile.t .................... 
Dubious, test returned 255 (wstat 65280, 0xff00)
No subtests run 
"EIO" is not exported by the Errno module
 "EAGAIN" is not exported by the Errno module
Can't continue after import errors at /cygdrive/c/opt/perl5/cygwin_nt-10.0/3.3.3/x86_64/cpan/5.16.3/x86_64-cygwin-thread-multi/build/IPC-Run-20200505.0-0/blib/lib/IPC/Run.pm line 1085.
BEGIN failed--compilation aborted at /cygdrive/c/opt/perl5/cygwin_nt-10.0/3.3.3/x86_64/cpan/5.16.3/x86_64-cygwin-thread-multi/build/IPC-Run-20200505.0-0/blib/lib/IPC/Run.pm line 1085.
Compilation failed in require at t/win32_newlines.t line 27.
BEGIN failed--compilation aborted at t/win32_newlines.t line 27.
t/win32_newlines.t ................... 
Dubious, test returned 255 (wstat 65280, 0xff00)
No subtests run 
"EIO" is not exported by the Errno module
 "EAGAIN" is not exported by the Errno module
Can't continue after import errors at /cygdrive/c/opt/perl5/cygwin_nt-10.0/3.3.3/x86_64/cpan/5.16.3/x86_64-cygwin-thread-multi/build/IPC-Run-20200505.0-0/blib/lib/IPC/Run.pm line 1085.
BEGIN failed--compilation aborted at /cygdrive/c/opt/perl5/cygwin_nt-10.0/3.3.3/x86_64/cpan/5.16.3/x86_64-cygwin-thread-multi/build/IPC-Run-20200505.0-0/blib/lib/IPC/Run.pm line 1085.
Compilation failed in require at t/windows_search_path.t line 7.
BEGIN failed--compilation aborted at t/windows_search_path.t line 7.
# Looks like your test exited with 255 before it could output anything.
t/windows_search_path.t .............. 
Dubious, test returned 255 (wstat 65280, 0xff00)
Failed 11/11 subtests 

Test Summary Report
-------------------
t/autoflush.t                      (Wstat: 65280 Tests: 0 Failed: 0)
  Non-zero exit status: 255
  Parse errors: No plan found in TAP output
t/autovivifyfh.t                   (Wstat: 65280 Tests: 0 Failed: 0)
  Non-zero exit status: 255
  Parse errors: No plan found in TAP output
t/binmode.t                        (Wstat: 65280 Tests: 0 Failed: 0)
  Non-zero exit status: 255
  Parse errors: Bad plan.  You planned 24 tests but ran 0.
t/bogus.t                          (Wstat: 65280 Tests: 0 Failed: 0)
  Non-zero exit status: 255
  Parse errors: Bad plan.  You planned 2 tests but ran 0.
t/child_fd_inadvertently_closed.t  (Wstat: 65280 Tests: 0 Failed: 0)
  Non-zero exit status: 255
  Parse errors: No plan found in TAP output
t/eintr.t                          (Wstat: 65280 Tests: 0 Failed: 0)
  Non-zero exit status: 255
  Parse errors: No plan found in TAP output
t/filter.t                         (Wstat: 65280 Tests: 0 Failed: 0)
  Non-zero exit status: 255
  Parse errors: Bad plan.  You planned 80 tests but ran 0.
t/harness.t                        (Wstat: 65280 Tests: 0 Failed: 0)
  Non-zero exit status: 255
  Parse errors: Bad plan.  You planned 120 tests but ran 0.
t/io.t                             (Wstat: 65280 Tests: 0 Failed: 0)
  Non-zero exit status: 255
  Parse errors: Bad plan.  You planned 14 tests but ran 0.
t/kill_kill.t                      (Wstat: 65280 Tests: 0 Failed: 0)
  Non-zero exit status: 255
  Parse errors: No plan found in TAP output
t/parallel.t                       (Wstat: 65280 Tests: 0 Failed: 0)
  Non-zero exit status: 255
  Parse errors: Bad plan.  You planned 6 tests but ran 0.
t/parent_and_child_fds_match.t     (Wstat: 65280 Tests: 0 Failed: 0)
  Non-zero exit status: 255
  Parse errors: No plan found in TAP output
t/pty.t                            (Wstat: 65280 Tests: 0 Failed: 0)
  Non-zero exit status: 255
  Parse errors: Bad plan.  You planned 32 tests but ran 0.
t/pump.t                           (Wstat: 65280 Tests: 0 Failed: 0)
  Non-zero exit status: 255
  Parse errors: Bad plan.  You planned 27 tests but ran 0.
t/readonly.t                       (Wstat: 65280 Tests: 0 Failed: 0)
  Non-zero exit status: 255
  Parse errors: No plan found in TAP output
t/run.t                            (Wstat: 65280 Tests: 0 Failed: 0)
  Non-zero exit status: 255
  Parse errors: Bad plan.  You planned 268 tests but ran 0.
t/run_stdin-callback-return-array.t (Wstat: 65280 Tests: 0 Failed: 0)
  Non-zero exit status: 255
  Parse errors: No plan found in TAP output
t/signal.t                         (Wstat: 65280 Tests: 0 Failed: 0)
  Non-zero exit status: 255
  Parse errors: No plan found in TAP output
t/timeout.t                        (Wstat: 65280 Tests: 0 Failed: 0)
  Non-zero exit status: 255
  Parse errors: No plan found in TAP output
t/timer.t                          (Wstat: 65280 Tests: 0 Failed: 0)
  Non-zero exit status: 255
  Parse errors: No plan found in TAP output
t/utf8.t                           (Wstat: 65280 Tests: 0 Failed: 0)
  Non-zero exit status: 255
  Parse errors: Bad plan.  You planned 4 tests but ran 0.
t/win32_compile.t                  (Wstat: 65280 Tests: 0 Failed: 0)
  Non-zero exit status: 255
  Parse errors: No plan found in TAP output
t/win32_newlines.t                 (Wstat: 65280 Tests: 0 Failed: 0)
  Non-zero exit status: 255
  Parse errors: No plan found in TAP output
t/windows_search_path.t            (Wstat: 65280 Tests: 0 Failed: 0)
  Non-zero exit status: 255
  Parse errors: Bad plan.  You planned 11 tests but ran 0.
Files=25, Tests=0, 101 wallclock secs ( 0.31 usr  0.66 sys + 11.84 cusr 75.15 csys = 87.96 CPU)
Result: FAIL
Failed 24/25 test programs. 0/0 subtests failed.
make: *** [Makefile:893: test_dynamic] Error 255

------------------------------
PREREQUISITES
------------------------------

Prerequisite modules loaded:

requires:

    Module              Need Have    
    ------------------- ---- --------
    IO::Pty             1.08 1.16    
    Test::More          0.47 1.302188

build_requires:

    Module              Need Have    
    ------------------- ---- --------
    ExtUtils::MakeMaker 0    6.68    

configure_requires:

    Module              Need Have    
    ------------------- ---- --------
    ExtUtils::MakeMaker 0    6.68    

opt_requires:

    Module              Need Have    
    ------------------- ---- --------
    IO::Pty             1.08 1.16    
    Readonly            0    2.05    


------------------------------
ENVIRONMENT AND OTHER CONTEXT
------------------------------

Environment variables:

    AUTOMATED_TESTING = 1
    COMSPEC = C:\WINDOWS\system32\cmd.exe
    NUMBER_OF_PROCESSORS = 12
    PATH = /usr/site/gcc-11.2.0/bin:/opt/perl5/cygwin_nt-10.0/3.3.3/x86_64/perl/5.16.3/x86_64-cygwin-thread-multi/bin:/opt/perl5/cygwin_nt-10.0/3.3.3/x86_64/perl/5.16.3/x86_64-cygwin-thread-multi/local/bin:/usr/bin:/bin:/usr/local/bin
    PERL5LIB = /opt/perl5/cygwin_nt-10.0/3.3.3/x86_64/cpan/5.16.3/x86_64-cygwin-thread-multi/build/Readonly-2.05-0/blib/arch:/opt/perl5/cygwin_nt-10.0/3.3.3/x86_64/cpan/5.16.3/x86_64-cygwin-thread-multi/build/Readonly-2.05-0/blib/lib:/opt/perl5/cygwin_nt-10.0/3.3.3/x86_64/cpan/5.16.3/x86_64-cygwin-thread-multi/build/Opcodes-0.14-0/blib/arch:/opt/perl5/cygwin_nt-10.0/3.3.3/x86_64/cpan/5.16.3/x86_64-cygwin-thread-multi/build/Opcodes-0.14-0/blib/lib:/opt/perl5/cygwin_nt-10.0/3.3.3/x86_64/cpan/5.16.3/x86_64-cygwin-thread-multi/build/Test-MockRandom-1.01-0/blib/arch:/opt/perl5/cygwin_nt-10.0/3.3.3/x86_64/cpan/5.16.3/x86_64-cygwin-thread-multi/build/Test-MockRandom-1.01-0/blib/lib:/opt/perl5/cygwin_nt-10.0/3.3.3/x86_64/cpan/5.16.3/x86_64-cygwin-thread-multi/build/Test-LeakTrace-0.17-0/blib/arch:/opt/perl5/cygwin_nt-10.0/3.3.3/x86_64/cpan/5.16.3/x86_64-cygwin-thread-multi/build/Test-LeakTrace-0.17-0/blib/lib:/opt/perl5/cygwin_nt-10.0/3.3.3/x86_64/cpan/5.16.3/x86_64-cygwin-thread-multi/build/PadWalker-2.5-0/blib/arch:/opt/perl5/cygwin_nt-10.0/3.3.3/x86_64/cpan/5.16.3/x86_64-cygwin-thread-multi/build/PadWalker-2.5-0/blib/lib:/opt/perl5/cygwin_nt-10.0/3.3.3/x86_64/cpan/5.16.3/x86_64-cygwin-thread-multi/build/List-MoreUtils-XS-0.430-0/blib/arch:/opt/perl5/cygwin_nt-10.0/3.3.3/x86_64/cpan/5.16.3/x86_64-cygwin-thread-multi/build/List-MoreUtils-XS-0.430-0/blib/lib:/opt/perl5/cygwin_nt-10.0/3.3.3/x86_64/perl/5.16.3/x86_64-cygwin-thread-multi/local/lib/perl5:/opt/perl5/cygwin_nt-10.0/3.3.3/x86_64/perl/5.16.3/x86_64-cygwin-thread-multi/local/lib/site_perl:/opt/perl5/cygwin_nt-10.0/3.3.3/x86_64/perl/5.16.3/x86_64-cygwin-thread-multi/local/lib
    PERL5OPT = 
    PERL5_CPANPLUS_IS_RUNNING = 23892
    PERL5_CPAN_IS_RUNNING = 23892
    PERL_CANARY_STABILITY_NOPROMPT = 1
    PERL_CPAN_REPORTER_CONFIG = /cygdrive/c/peter/.cpanreporter/config-cygwin-OS-A01-L0123.ini
    PERL_EXTUTILS_AUTOINSTALL = 1
    PERL_LOCAL_LIB_ROOT = /cygdrive/c/peter/perl5
    PERL_MB_OPT = --install_base "/cygdrive/c/peter/perl5"
    PERL_MM_OPT = INSTALL_BASE=/cygdrive/c/peter/perl5
    PERL_MM_USE_DEFAULT = 1
    PERL_TEST_CRITIC = 1
    PERL_TEST_CRITIC = 1
    PERL_TEST_POD = 1
    PERL_TEST_POD = 1
    PERL_USE_UNSAFE_INC = 1
    POD_TESTING = 1
    POD_TESTS = 1
    PROCESSOR_IDENTIFIER = Intel64 Family 6 Model 158 Stepping 10, GenuineIntel
    SHELL = /bin/bash
    TEMP = /tmp
    TERM = xterm

Perl special variables (and OS-specific diagnostics, for MSWin32):

    $^X = /cygdrive/c/opt/perl5/cygwin_nt-10.0/3.3.3/x86_64/perl/5.16.3/x86_64-cygwin-thread-multi/bin/perl5.16.3
    $UID/$EUID = 1061331 / 1061331
    $GID = 1049089 1049089 545 4 66049 11 15 4095 66048 1104222 1150627 1098011 1051245 1113266 1089123 1139839 1090502 1141767 1081310 1090413 1061909 1058653 1081942 1122108 1125494 1137338 1137546 1088201 1143577 1138331 1151869 1090906 1093944 1122107 1051228 1057394 1141985 1068783 1138202 1056539 1057337 1089132 1100278 1051354 1104220 1059243 1089865 1138328 1087957 1105777 1150082 1135663 1152822 1049649 1152548 1125495 1152552 1139179 1069945 1059531 1090104 1090492 1068897 1081637 1095782 1075170 1144155 1139332 1146142 1111057 1137882 1069144 1154615 1081620 70145 1049147 1136188 1083352 401408
    $EGID = 1049089 1049089 545 4 66049 11 15 4095 66048 1104222 1150627 1098011 1051245 1113266 1089123 1139839 1090502 1141767 1081310 1090413 1061909 1058653 1081942 1122108 1125494 1137338 1137546 1088201 1143577 1138331 1151869 1090906 1093944 1122107 1051228 1057394 1141985 1068783 1138202 1056539 1057337 1089132 1100278 1051354 1104220 1059243 1089865 1138328 1087957 1105777 1150082 1135663 1152822 1049649 1152548 1125495 1152552 1139179 1069945 1059531 1090104 1090492 1068897 1081637 1095782 1075170 1144155 1139332 1146142 1111057 1137882 1069144 1154615 1081620 70145 1049147 1136188 1083352 401408

Perl module toolchain versions installed:

    Module              Have    
    ------------------- --------
    CPAN                2.29    
    CPAN::Meta          2.150010
    Cwd                 3.39_02 
    ExtUtils::CBuilder  0.280206
    ExtUtils::Command   1.17    
    ExtUtils::Install   1.58    
    ExtUtils::MakeMaker 6.68    
    ExtUtils::Manifest  1.61    
    ExtUtils::ParseXS   3.16    
    File::Spec          3.39_02 
    JSON                n/a     
    JSON::PP            4.07    
    Module::Build       0.4231  
    Module::Signature   n/a     
    Parse::CPAN::Meta   2.150010
    Test::Harness       3.42    
    Test::More          1.302188
    YAML                1.30    
    YAML::Syck          n/a     
    version             0.99    


--

Summary of my perl5 (revision 5 version 16 subversion 3) configuration:
   
  Platform:
    osname=cygwin, osvers=3.3.3(0.34153), archname=cygwin-thread-multi
    uname='cygwin_nt-10.0 os-a01-l0123 3.3.3(0.34153) 2021-12-03 16:35 x86_64 cygwin '
    config_args='-de -Dmksymlinks -Uinc_version_list -Uinstallusrbinperl -Dusethreads -Dusemultiplicity -Dprefix=/opt/perl5/cygwin_nt-10.0/3.3.3/x86_64/perl/5.16.3/x86_64-cygwin-thread-multi -Darchname=x86_64-cygwin-thread-multi'
    hint=recommended, useposix=true, d_sigaction=define
    useithreads=define, usemultiplicity=define
    useperlio=define, d_sfio=undef, uselargefiles=define, usesocks=undef
    use64bitint=define, use64bitall=define, uselongdouble=undef
    usemymalloc=n, bincompat5005=undef
  Compiler:
    cc='gcc', ccflags ='-DPERL_USE_SAFE_PUTENV -U__STRICT_ANSI__ -fpcc-struct-return -pipe -fstack-protector -I/usr/local/include',
    optimize='-O3',
    cppflags='-DPERL_USE_SAFE_PUTENV -U__STRICT_ANSI__ -fpcc-struct-return -pipe -fstack-protector -I/usr/local/include -D__GNUC__'
    ccversion='', gccversion='11.2.0', gccosandvers=''
    intsize=4, longsize=8, ptrsize=8, doublesize=8, byteorder=12345678
    d_longlong=define, longlongsize=8, d_longdbl=define, longdblsize=16
    ivtype='long', ivsize=8, nvtype='double', nvsize=8, Off_t='off_t', lseeksize=8
    alignbytes=8, prototype=define
  Linker and Libraries:
    ld='g++', ldflags =' -Wl,--enable-auto-import -Wl,--export-all-symbols -Wl,--enable-auto-image-base -fstack-protector -L/usr/local/lib'
    libpth=/usr/local/lib /usr/lib /lib
    libs=-ldl
    perllibs=-ldl
    libc=/usr/lib/libc.a, so=dll, useshrplib=true, libperl=cygperl5_16_3.dll
    gnulibc_version=''
  Dynamic Linking:
    dlsrc=dl_dlopen.xs, dlext=dll, d_dlsymun=undef, ccdlflags=' '
    cccdlflags=' ', lddlflags=' --shared  -Wl,--enable-auto-import -Wl,--export-all-symbols -Wl,--enable-auto-image-base -L/usr/local/lib -fstack-protector'


Characteristics of this binary (from libperl): 
  Compile-time options: HAS_TIMES MULTIPLICITY PERLIO_LAYERS
                        PERL_DONT_CREATE_GVSV PERL_IMPLICIT_CONTEXT
                        PERL_PRESERVE_IVUV PERL_USE_SAFE_PUTENV
                        USE_64_BIT_ALL USE_64_BIT_INT USE_ITHREADS
                        USE_LARGE_FILES USE_LOCALE USE_LOCALE_COLLATE
                        USE_LOCALE_CTYPE USE_LOCALE_NUMERIC USE_PERLIO
                        USE_PERL_ATOF USE_REENTRANT_API
  Built under cygwin
  Compiled at Dec  8 2021 23:46:43
  %ENV:
    PERL5LIB="/opt/perl5/cygwin_nt-10.0/3.3.3/x86_64/cpan/5.16.3/x86_64-cygwin-thread-multi/build/Readonly-2.05-0/blib/arch:/opt/perl5/cygwin_nt-10.0/3.3.3/x86_64/cpan/5.16.3/x86_64-cygwin-thread-multi/build/Readonly-2.05-0/blib/lib:/opt/perl5/cygwin_nt-10.0/3.3.3/x86_64/cpan/5.16.3/x86_64-cygwin-thread-multi/build/Opcodes-0.14-0/blib/arch:/opt/perl5/cygwin_nt-10.0/3.3.3/x86_64/cpan/5.16.3/x86_64-cygwin-thread-multi/build/Opcodes-0.14-0/blib/lib:/opt/perl5/cygwin_nt-10.0/3.3.3/x86_64/cpan/5.16.3/x86_64-cygwin-thread-multi/build/Test-MockRandom-1.01-0/blib/arch:/opt/perl5/cygwin_nt-10.0/3.3.3/x86_64/cpan/5.16.3/x86_64-cygwin-thread-multi/build/Test-MockRandom-1.01-0/blib/lib:/opt/perl5/cygwin_nt-10.0/3.3.3/x86_64/cpan/5.16.3/x86_64-cygwin-thread-multi/build/Test-LeakTrace-0.17-0/blib/arch:/opt/perl5/cygwin_nt-10.0/3.3.3/x86_64/cpan/5.16.3/x86_64-cygwin-thread-multi/build/Test-LeakTrace-0.17-0/blib/lib:/opt/perl5/cygwin_nt-10.0/3.3.3/x86_64/cpan/5.16.3/x86_64-cygwin-thread-multi/build/PadWalker-2.5-0/blib/arch:/opt/perl5/cygwin_nt-10.0/3.3.3/x86_64/cpan/5.16.3/x86_64-cygwin-thread-multi/build/PadWalker-2.5-0/blib/lib:/opt/perl5/cygwin_nt-10.0/3.3.3/x86_64/cpan/5.16.3/x86_64-cygwin-thread-multi/build/List-MoreUtils-XS-0.430-0/blib/arch:/opt/perl5/cygwin_nt-10.0/3.3.3/x86_64/cpan/5.16.3/x86_64-cygwin-thread-multi/build/List-MoreUtils-XS-0.430-0/blib/lib:/opt/perl5/cygwin_nt-10.0/3.3.3/x86_64/perl/5.16.3/x86_64-cygwin-thread-multi/local/lib/perl5:/opt/perl5/cygwin_nt-10.0/3.3.3/x86_64/perl/5.16.3/x86_64-cygwin-thread-multi/local/lib/site_perl:/opt/perl5/cygwin_nt-10.0/3.3.3/x86_64/perl/5.16.3/x86_64-cygwin-thread-multi/local/lib"
    PERL5OPT=""
    PERL5_CPANPLUS_IS_RUNNING="23892"
    PERL5_CPAN_IS_RUNNING="23892"
    PERL_CANARY_STABILITY_NOPROMPT="1"
    PERL_CPAN_REPORTER_CONFIG="/cygdrive/c/peter/.cpanreporter/config-cygwin-OS-A01-L0123.ini"
    PERL_EXTUTILS_AUTOINSTALL="1"
    PERL_LOCAL_LIB_ROOT="/cygdrive/c/peter/perl5"
    PERL_MB_OPT="--install_base "/cygdrive/c/peter/perl5""
    PERL_MM_OPT="INSTALL_BASE=/cygdrive/c/peter/perl5"
    PERL_MM_USE_DEFAULT="1"
    PERL_TEST_CRITIC="1"
    PERL_TEST_POD="1"
    PERL_USE_UNSAFE_INC="1"
  @INC:
    /opt/perl5/cygwin_nt-10.0/3.3.3/x86_64/cpan/5.16.3/x86_64-cygwin-thread-multi/build/Readonly-2.05-0/blib/arch
    /opt/perl5/cygwin_nt-10.0/3.3.3/x86_64/cpan/5.16.3/x86_64-cygwin-thread-multi/build/Readonly-2.05-0/blib/lib
    /opt/perl5/cygwin_nt-10.0/3.3.3/x86_64/cpan/5.16.3/x86_64-cygwin-thread-multi/build/Opcodes-0.14-0/blib/arch
    /opt/perl5/cygwin_nt-10.0/3.3.3/x86_64/cpan/5.16.3/x86_64-cygwin-thread-multi/build/Opcodes-0.14-0/blib/lib
    /opt/perl5/cygwin_nt-10.0/3.3.3/x86_64/cpan/5.16.3/x86_64-cygwin-thread-multi/build/Test-MockRandom-1.01-0/blib/arch
    /opt/perl5/cygwin_nt-10.0/3.3.3/x86_64/cpan/5.16.3/x86_64-cygwin-thread-multi/build/Test-MockRandom-1.01-0/blib/lib
    /opt/perl5/cygwin_nt-10.0/3.3.3/x86_64/cpan/5.16.3/x86_64-cygwin-thread-multi/build/Test-LeakTrace-0.17-0/blib/arch
    /opt/perl5/cygwin_nt-10.0/3.3.3/x86_64/cpan/5.16.3/x86_64-cygwin-thread-multi/build/Test-LeakTrace-0.17-0/blib/lib
    /opt/perl5/cygwin_nt-10.0/3.3.3/x86_64/cpan/5.16.3/x86_64-cygwin-thread-multi/build/PadWalker-2.5-0/blib/arch
    /opt/perl5/cygwin_nt-10.0/3.3.3/x86_64/cpan/5.16.3/x86_64-cygwin-thread-multi/build/PadWalker-2.5-0/blib/lib
    /opt/perl5/cygwin_nt-10.0/3.3.3/x86_64/cpan/5.16.3/x86_64-cygwin-thread-multi/build/List-MoreUtils-XS-0.430-0/blib/arch
    /opt/perl5/cygwin_nt-10.0/3.3.3/x86_64/cpan/5.16.3/x86_64-cygwin-thread-multi/build/List-MoreUtils-XS-0.430-0/blib/lib
    /opt/perl5/cygwin_nt-10.0/3.3.3/x86_64/perl/5.16.3/x86_64-cygwin-thread-multi/local/lib/perl5/5.16.3
    /opt/perl5/cygwin_nt-10.0/3.3.3/x86_64/perl/5.16.3/x86_64-cygwin-thread-multi/local/lib/perl5/cygwin-thread-multi
    /opt/perl5/cygwin_nt-10.0/3.3.3/x86_64/perl/5.16.3/x86_64-cygwin-thread-multi/local/lib/perl5
    /opt/perl5/cygwin_nt-10.0/3.3.3/x86_64/perl/5.16.3/x86_64-cygwin-thread-multi/local/lib/site_perl/5.16.3/cygwin-thread-multi
    /opt/perl5/cygwin_nt-10.0/3.3.3/x86_64/perl/5.16.3/x86_64-cygwin-thread-multi/local/lib/site_perl/5.16.3
    /opt/perl5/cygwin_nt-10.0/3.3.3/x86_64/perl/5.16.3/x86_64-cygwin-thread-multi/local/lib/site_perl
    /opt/perl5/cygwin_nt-10.0/3.3.3/x86_64/perl/5.16.3/x86_64-cygwin-thread-multi/local/lib/5.16.3/cygwin-thread-multi
    /opt/perl5/cygwin_nt-10.0/3.3.3/x86_64/perl/5.16.3/x86_64-cygwin-thread-multi/local/lib/5.16.3
    /opt/perl5/cygwin_nt-10.0/3.3.3/x86_64/perl/5.16.3/x86_64-cygwin-thread-multi/local/lib
    /opt/perl5/cygwin_nt-10.0/3.3.3/x86_64/perl/5.16.3/x86_64-cygwin-thread-multi/lib/site_perl/5.16.3/cygwin-thread-multi
    /opt/perl5/cygwin_nt-10.0/3.3.3/x86_64/perl/5.16.3/x86_64-cygwin-thread-multi/lib/site_perl/5.16.3
    /opt/perl5/cygwin_nt-10.0/3.3.3/x86_64/perl/5.16.3/x86_64-cygwin-thread-multi/lib/5.16.3/cygwin-thread-multi
    /opt/perl5/cygwin_nt-10.0/3.3.3/x86_64/perl/5.16.3/x86_64-cygwin-thread-multi/lib/5.16.3
    .