Report for Test-Unit-0.25_1325

Back
From: metabase:user:30f0bd62-2aae-11df-837a-5e0a49663a4f
Subject: FAIL Test-Unit-0.25_1325 v5.17.3 MirOS BSD
Date: 2012-09-17T09:11:00Z

This distribution has been tested as part of the CPAN Testers
project, supporting the Perl programming language.  See
http://wiki.cpantesters.org/ for more information or email
questions to cpan-testers-discuss@perl.org


--
Dear Matthew Astley,

This is a computer-generated report for Test-Unit-0.25_1325
on perl 5.17.3, created by CPAN-Reporter-1.2006.

Thank you for uploading your work to CPAN.  However, there was a problem
testing your distribution.

If you think this report is invalid, please consult the CPAN Testers Wiki
for suggestions on how to avoid getting FAIL reports for missing library
or binary dependencies, unsupported operating systems, and so on:

http://wiki.cpantesters.org/wiki/CPANAuthorNotes

Sections of this report:

    * Tester comments
    * Program output
    * Prerequisites
    * Environment and other context

------------------------------
TESTER COMMENTS
------------------------------

Additional comments from tester:

this report is from an automated smoke testing program
and was not reviewed by a human for accuracy

------------------------------
PROGRAM OUTPUT
------------------------------

Output from '/usr/bin/make test':

PERL_DL_NONLAZY=1 /home/sts/cpansmoke/perl-5.17.3/bin/perl5.17.3 "-MExtUtils::Command::MM" "-e" "test_harness(0, 'blib/lib', 'blib/arch')" t/*.t
defined(@array) is deprecated at /home/sts/cpansmoke/perl-5.17.3/cpan/build/Test-Unit-0.25_1325-jbiduG/blib/lib/Test/Unit/TestCase.pm line 109.
	(Maybe you should just omit the defined()?)
t/all_tests.t ..... ok
defined(@array) is deprecated at /home/sts/cpansmoke/perl-5.17.3/cpan/build/Test-Unit-0.25_1325-jbiduG/blib/lib/Test/Unit/TestCase.pm line 109.
	(Maybe you should just omit the defined()?)
t/assert.t ........ ok
# Test 1 got: "defined(@array) is deprecated at /home/sts/cpansmoke/perl-5.17.3/cpan/build/Test-Unit-0.25_1325-jbiduG/blib/lib/Test/Unit/TestCase.pm line 109.\n# \t(Maybe you should just omit the defined()?)\n# Suite setup\n# TEST-RUN-SUMMARY\n# \n# TIME-SUMMARY\n# \n# !!!FAILURES!!!\n# Test Results:\n# Run: 2, Failures: 1, Errors: 0\n# \n# There was 1 failure:\n# 1) examples/fail_example.pm:19 - test_fail(fail_example)\n# Born to lose ...\n# \n# Test was not successful.\n# EXITCODE:0x100\n# " (t/try_examples.t at line 107)
#   Expected: "Suite setup\n# TEST-RUN-SUMMARY\n# \n# TIME-SUMMARY\n# \n# !!!FAILURES!!!\n# Test Results:\n# Run: 2, Failures: 1, Errors: 0\n# \n# There was 1 failure:\n# 1) examples/fail_example.pm:19 - test_fail(fail_example)\n# Born to lose ...\n# \n# Test was not successful.\n# EXITCODE:0x100\n# "
#     (Install the Algorithm::Diff module to have differences in multiline
#      output explained.  You might also set the PERL_TEST_DIFF environment
#      variable to run a diff program on the output.)
#  t/try_examples.t line 107 is: 	ok($out, $guru_checked{$e});
# Test 2 got: "defined(@array) is deprecated at /home/sts/cpansmoke/perl-5.17.3/cpan/build/Test-Unit-0.25_1325-jbiduG/blib/lib/Test/Unit/TestCase.pm line 109.\n# \t(Maybe you should just omit the defined()?)\n# ...\n# TIME-SUMMARY\n# \n# OK (3 tests)\n# " (t/try_examples.t at line 107 fail #2)
#   Expected: "...\n# TIME-SUMMARY\n# \n# OK (3 tests)\n# "
# Test 3 got: "defined(@array) is deprecated at /home/sts/cpansmoke/perl-5.17.3/cpan/build/Test-Unit-0.25_1325-jbiduG/blib/lib/Test/Unit/TestCase.pm line 109.\n# \t(Maybe you should just omit the defined()?)\n# ...\n# TIME-SUMMARY\n# \n# OK (3 tests)\n# " (t/try_examples.t at line 107 fail #3)
#   Expected: "...\n# TIME-SUMMARY\n# \n# OK (3 tests)\n# "
# Test 4 got: "defined(@array) is deprecated at /home/sts/cpansmoke/perl-5.17.3/cpan/build/Test-Unit-0.25_1325-jbiduG/blib/lib/Test/Unit/TestCase.pm line 109.\n# \t(Maybe you should just omit the defined()?)\n# ...\n# TIME-SUMMARY\n# \n# OK (3 tests)\n# " (t/try_examples.t at line 107 fail #4)
#   Expected: "...\n# TIME-SUMMARY\n# \n# OK (3 tests)\n# "
t/try_examples.t .. 
Failed 4/4 subtests 

Test Summary Report
-------------------
t/try_examples.t (Wstat: 0 Tests: 4 Failed: 4)
  Failed tests:  1-4
Files=3, Tests=94,  3 wallclock secs ( 0.05 usr  0.02 sys +  2.14 cusr  0.18 csys =  2.39 CPU)
Result: FAIL
Failed 1/3 test programs. 4/94 subtests failed.
*** Error code 255

Stop in /home/sts/cpansmoke/perl-5.17.3/cpan/build/Test-Unit-0.25_1325-jbiduG (line 1002 of Makefile).

------------------------------
PREREQUISITES
------------------------------

Prerequisite modules loaded:

requires:

    Module              Need Have    
    ------------------- ---- --------
    base                1    2.18    
    Class::Inner        0    0.200001
    Devel::Symdump      0    2.08    
    Error               0    0.17018 

build_requires:

    Module              Need Have    
    ------------------- ---- --------
    ExtUtils::MakeMaker 0    6.63_02 

configure_requires:

    Module              Need Have    
    ------------------- ---- --------
    ExtUtils::MakeMaker 0    6.63_02 


------------------------------
ENVIRONMENT AND OTHER CONTEXT
------------------------------

Environment variables:

    AUTOMATED_TESTING = 1
    LC_CTYPE = en_US.UTF-8
    PATH = /home/sts/bin:/home/sts/.etc/bin:/usr/local/bin:/usr/mpkg/bin:/usr/bin:/bin:/usr/X11R6/bin:/usr/sbin:/sbin:/usr/mpkg/sbin:/usr/games
    PERL5LIB = /home/sts/cpansmoke/perl-5.17.3/cpan/build/Devel-Symdump-2.08-unEeVF/blib/arch:/home/sts/cpansmoke/perl-5.17.3/cpan/build/Devel-Symdump-2.08-unEeVF/blib/lib:/home/sts/cpansmoke/perl-5.17.3/cpan/build/Class-Inner-0.200001-JUhb2I/blib/arch:/home/sts/cpansmoke/perl-5.17.3/cpan/build/Class-Inner-0.200001-JUhb2I/blib/lib:/home/sts/cpansmoke/perl-5.17.3/cpan/build/Error-0.17018-OZ6uMT/blib/arch:/home/sts/cpansmoke/perl-5.17.3/cpan/build/Error-0.17018-OZ6uMT/blib/lib
    PERL5OPT = 
    PERL5_CPANPLUS_IS_RUNNING = 16264
    PERL5_CPAN_IS_RUNNING = 16264
    PERL5_CPAN_IS_RUNNING_IN_RECURSION = 19583,16264
    PERL_CR_SMOKER_CURRENT = Test-Unit-0.25_1325
    PERL_EXTUTILS_AUTOINSTALL = --defaultdeps
    PERL_MM_USE_DEFAULT = 1
    SHELL = /bin/mksh
    TERM = screen
    TMPDIR = /home/sts/cpansmoke/tmp

Perl special variables (and OS-specific diagnostics, for MSWin32):

    $^X = /home/sts/cpansmoke/perl-5.17.3/bin/perl5.17.3
    $UID/$EUID = 3000 / 3000
    $GID = 3000 3000 0 9 20
    $EGID = 3000 3000 0 9 20

Perl module toolchain versions installed:

    Module              Have    
    ------------------- --------
    CPAN                1.9800  
    CPAN::Meta          2.120921
    Cwd                 3.39_02 
    ExtUtils::CBuilder  0.280208
    ExtUtils::Command   1.17    
    ExtUtils::Install   1.58    
    ExtUtils::MakeMaker 6.63_02 
    ExtUtils::Manifest  1.61    
    ExtUtils::ParseXS   3.17    
    File::Spec          3.39_02 
    JSON                n/a     
    JSON::PP            2.27200 
    Module::Build       0.4003  
    Module::Signature   n/a     
    Parse::CPAN::Meta   1.4404  
    Test::Harness       3.25_01 
    Test::More          0.98    
    YAML                n/a     
    YAML::Syck          n/a     
    version             0.99    


--

Summary of my perl5 (revision 5 version 17 subversion 3) configuration:
   
  Platform:
    osname=mirbsd, osvers=10, archname=MirBSD.i386-mirbsd-thread-multi
    uname='mirbsd cpansmoke8 10 kv#10uaf-20110818 generic#1330 i386 '
    config_args='-des -Dusedevel -Dusethreads -Dprefix=/home/sts/cpansmoke/perl-5.17.3'
    hint=recommended, useposix=true, d_sigaction=define
    useithreads=define, usemultiplicity=define
    useperlio=define, d_sfio=undef, uselargefiles=define, usesocks=undef
    use64bitint=undef, use64bitall=undef, uselongdouble=undef
    usemymalloc=n, bincompat5005=undef
  Compiler:
    cc='mgcc', ccflags ='-pthread -fhonour-copts -I/usr/mpkg/include -I/usr/local/include',
    optimize='-O2',
    cppflags='-fhonour-copts -I/usr/mpkg/include -pthread -fhonour-copts -I/usr/mpkg/include -I/usr/local/include'
    ccversion='', gccversion='3.4.6 (propolice; gpc; MirOS 0AAB)', gccosandvers='mirbsd10'
    intsize=4, longsize=4, ptrsize=4, doublesize=8, byteorder=1234
    d_longlong=define, longlongsize=8, d_longdbl=define, longdblsize=12
    ivtype='long', ivsize=4, nvtype='double', nvsize=8, Off_t='off_t', lseeksize=8
    alignbytes=4, prototype=define
  Linker and Libraries:
    ld='mgcc', ldflags ='-pthread -Wl,-E  -L/usr/mpkg/lib -L/usr/local/lib'
    libpth=/usr/mpkg/lib /usr/local/lib /usr/lib
    libs=-lm -lutil -lc
    perllibs=-lm -lutil -lc
    libc=/usr/lib/libc.so.41.9, so=so, useshrplib=false, libperl=libperl.a
    gnulibc_version=''
  Dynamic Linking:
    dlsrc=dl_dlopen.xs, dlext=so, d_dlsymun=undef, ccdlflags=' '
    cccdlflags='-DPIC -fPIC ', lddlflags='-shared -fPIC  -L/usr/mpkg/lib -L/usr/local/lib'


Characteristics of this binary (from libperl): 
  Compile-time options: HAS_TIMES MULTIPLICITY PERLIO_LAYERS
                        PERL_DONT_CREATE_GVSV PERL_IMPLICIT_CONTEXT
                        PERL_MALLOC_WRAP PERL_PRESERVE_IVUV PERL_USE_DEVEL
                        USE_ITHREADS USE_LARGE_FILES USE_LOCALE
                        USE_LOCALE_COLLATE USE_LOCALE_CTYPE
                        USE_LOCALE_NUMERIC USE_PERLIO USE_PERL_ATOF
                        USE_REENTRANT_API
  Built under mirbsd
  Compiled at Aug 26 2012 22:23:57
  %ENV:
    PERL5LIB="/home/sts/cpansmoke/perl-5.17.3/cpan/build/Devel-Symdump-2.08-unEeVF/blib/arch:/home/sts/cpansmoke/perl-5.17.3/cpan/build/Devel-Symdump-2.08-unEeVF/blib/lib:/home/sts/cpansmoke/perl-5.17.3/cpan/build/Class-Inner-0.200001-JUhb2I/blib/arch:/home/sts/cpansmoke/perl-5.17.3/cpan/build/Class-Inner-0.200001-JUhb2I/blib/lib:/home/sts/cpansmoke/perl-5.17.3/cpan/build/Error-0.17018-OZ6uMT/blib/arch:/home/sts/cpansmoke/perl-5.17.3/cpan/build/Error-0.17018-OZ6uMT/blib/lib"
    PERL5OPT=""
    PERL5_CPANPLUS_IS_RUNNING="16264"
    PERL5_CPAN_IS_RUNNING="16264"
    PERL5_CPAN_IS_RUNNING_IN_RECURSION="19583,16264"
    PERL_CR_SMOKER_CURRENT="Test-Unit-0.25_1325"
    PERL_EXTUTILS_AUTOINSTALL="--defaultdeps"
    PERL_MM_USE_DEFAULT="1"
  @INC:
    /home/sts/cpansmoke/perl-5.17.3/cpan/build/Devel-Symdump-2.08-unEeVF/blib/arch
    /home/sts/cpansmoke/perl-5.17.3/cpan/build/Devel-Symdump-2.08-unEeVF/blib/lib
    /home/sts/cpansmoke/perl-5.17.3/cpan/build/Class-Inner-0.200001-JUhb2I/blib/arch
    /home/sts/cpansmoke/perl-5.17.3/cpan/build/Class-Inner-0.200001-JUhb2I/blib/lib
    /home/sts/cpansmoke/perl-5.17.3/cpan/build/Error-0.17018-OZ6uMT/blib/arch
    /home/sts/cpansmoke/perl-5.17.3/cpan/build/Error-0.17018-OZ6uMT/blib/lib
    /home/sts/cpansmoke/perl-5.17.3/lib/site_perl/5.17.3/MirBSD.i386-mirbsd-thread-multi
    /home/sts/cpansmoke/perl-5.17.3/lib/site_perl/5.17.3
    /home/sts/cpansmoke/perl-5.17.3/lib/5.17.3/MirBSD.i386-mirbsd-thread-multi
    /home/sts/cpansmoke/perl-5.17.3/lib/5.17.3
    .