Text-Hatena v0.20 Perl 5 v5.20.2 x86_64-linux-thread-multi

Status
Fail
From
Slaven Rezić (SREZIC)
Dist
Text-Hatena v0.20
Platform
Perl 5 v5.20.2 x86_64-linux-thread-multi
Date
2018-11-19 19:23:28
ID
97c30d2c-ec30-11e8-a024-cbc9be13aa30
This distribution has been tested as part of the CPAN Testers
project, supporting the Perl programming language.  See
http://wiki.cpantesters.org/ for more information or email
questions to cpan-testers-discuss@perl.org


--
Dear Junya Kondo,

This is a computer-generated report for Text-Hatena-0.20
on perl 5.20.2, created by CPAN-Reporter-1.2018.

Thank you for uploading your work to CPAN.  However, there was a problem
testing your distribution.

If you think this report is invalid, please consult the CPAN Testers Wiki
for suggestions on how to avoid getting FAIL reports for missing library
or binary dependencies, unsupported operating systems, and so on:

http://wiki.cpantesters.org/wiki/CPANAuthorNotes

Sections of this report:

    * Tester comments
    * Program output
    * Prerequisites
    * Environment and other context

------------------------------
TESTER COMMENTS
------------------------------

Additional comments from tester:

none provided

------------------------------
PROGRAM OUTPUT
------------------------------

Output from '/usr/bin/make test':

PERL_DL_NONLAZY=1 /bbbike/perl-5.20.2t/bin/perl "-MExtUtils::Command::MM" "-MTest::Harness" "-e" "undef *Test::Harness::Switches; test_harness(0, 'blib/lib', 'blib/arch')" t/*.t

#   Failed test 'use Text::Hatena;'
#   at t/00_compile.t line 7.
#     Tried to use 'Text::Hatena'.
#     Error:  Base class package "Class::Data::Inheritable" is empty.
#     (Perhaps you need to 'use' the module which defines that package first,
#     or make that module available in @INC (@INC contains: lib /tmpfs/.cpan-build-cpansand/2018111914/Text-Hatena-0.20-cst471/blib/lib /tmpfs/.cpan-build-cpansand/2018111914/Text-Hatena-0.20-cst471/blib/arch /home/cpansand/.cpan/build/2018111914/Regexp-Assemble-0.38-oRdrg0/blib/arch /home/cpansand/.cpan/build/2018111914/Regexp-Assemble-0.38-oRdrg0/blib/lib /home/cpansand/.cpan/build/2018111914/Parse-RecDescent-1.967015-HLNwWH/blib/arch /home/cpansand/.cpan/build/2018111914/Parse-RecDescent-1.967015-HLNwWH/blib/lib /opt/perl-5.20.2t/lib/site_perl/5.20.2/x86_64-linux-thread-multi /opt/perl-5.20.2t/lib/site_perl/5.20.2 /opt/perl-5.20.2t/lib/5.20.2/x86_64-linux-thread-multi /opt/perl-5.20.2t/lib/5.20.2 .).
#  at lib/Text/Hatena.pm line 5.
# BEGIN failed--compilation aborted at lib/Text/Hatena.pm line 5.
# Compilation failed in require at t/00_compile.t line 7.
# BEGIN failed--compilation aborted at t/00_compile.t line 7.
# Looks like you failed 1 test of 1.
t/00_compile.t .......... 
Dubious, test returned 1 (wstat 256, 0x100)
Failed 1/1 subtests 
Can't locate object method "mk_classdata" via package "Text::Hatena::AutoLink" at /tmpfs/.cpan-build-cpansand/2018111914/Text-Hatena-0.20-cst471/blib/lib/Text/Hatena/AutoLink.pm line 9.
Compilation failed in require at /tmpfs/.cpan-build-cpansand/2018111914/Text-Hatena-0.20-cst471/blib/lib/Text/Hatena.pm line 8.
BEGIN failed--compilation aborted at /tmpfs/.cpan-build-cpansand/2018111914/Text-Hatena-0.20-cst471/blib/lib/Text/Hatena.pm line 8.
Compilation failed in require at t/01_module.t line 5.
BEGIN failed--compilation aborted at t/01_module.t line 5.
t/01_module.t ........... 
Dubious, test returned 2 (wstat 512, 0x200)
No subtests run 
Attempt to reload Text/Hatena.pm aborted.
Compilation failed in require at /opt/perl-5.20.2t/lib/5.20.2/base.pm line 99.
	...propagated at /opt/perl-5.20.2t/lib/5.20.2/base.pm line 108.
BEGIN failed--compilation aborted at t/lib/MyParser.pm line 4.
Compilation failed in require at t/02_module_extend.t line 6.
BEGIN failed--compilation aborted at t/02_module_extend.t line 6.
t/02_module_extend.t .... 
Dubious, test returned 2 (wstat 512, 0x200)
No subtests run 
Can't locate object method "mk_classdata" via package "Text::Hatena::AutoLink" at /tmpfs/.cpan-build-cpansand/2018111914/Text-Hatena-0.20-cst471/blib/lib/Text/Hatena/AutoLink.pm line 9.
Compilation failed in require at t/10_autolink.t line 4.
BEGIN failed--compilation aborted at t/10_autolink.t line 4.
t/10_autolink.t ......... 
Dubious, test returned 2 (wstat 512, 0x200)
No subtests run 
Can't locate object method "mk_classdata" via package "Text::Hatena::AutoLink" at /tmpfs/.cpan-build-cpansand/2018111914/Text-Hatena-0.20-cst471/blib/lib/Text/Hatena/AutoLink.pm line 9.
Compilation failed in require at t/11_autolink_extend.t line 4.
BEGIN failed--compilation aborted at t/11_autolink_extend.t line 4.
t/11_autolink_extend.t .. 
Dubious, test returned 2 (wstat 512, 0x200)
No subtests run 

Test Summary Report
-------------------
t/00_compile.t        (Wstat: 256 Tests: 1 Failed: 1)
  Failed test:  1
  Non-zero exit status: 1
t/01_module.t         (Wstat: 512 Tests: 0 Failed: 0)
  Non-zero exit status: 2
  Parse errors: No plan found in TAP output
t/02_module_extend.t  (Wstat: 512 Tests: 0 Failed: 0)
  Non-zero exit status: 2
  Parse errors: No plan found in TAP output
t/10_autolink.t       (Wstat: 512 Tests: 0 Failed: 0)
  Non-zero exit status: 2
  Parse errors: No plan found in TAP output
t/11_autolink_extend.t (Wstat: 512 Tests: 0 Failed: 0)
  Non-zero exit status: 2
  Parse errors: No plan found in TAP output
Files=5, Tests=1,  1 wallclock secs ( 0.02 usr  0.02 sys +  0.20 cusr  0.02 csys =  0.26 CPU)
Result: FAIL
Failed 5/5 test programs. 1/1 subtests failed.
Makefile:842: recipe for target 'test_dynamic' failed
make: *** [test_dynamic] Error 2

------------------------------
PREREQUISITES
------------------------------

Prerequisite modules loaded:

requires:

    Module              Need Have    
    ------------------- ---- --------
    Parse::RecDescent   1.94 1.967015
    Regexp::Assemble    0.28 0.38    
    Test::Base          0.53 0.88    
    Test::More          0.32 1.001014

build_requires:

    Module              Need Have    
    ------------------- ---- --------
    ExtUtils::MakeMaker 0    6.98    


------------------------------
ENVIRONMENT AND OTHER CONTEXT
------------------------------

Environment variables:

    LANG = C
    PATH = /usr/local/bin:/usr/bin:/bin:/usr/local/sbin:/usr/sbin:/sbin:/home/cpansand/bin/linux-gnu:/home/cpansand/bin/sh:/home/cpansand/bin:/usr/games:/home/cpansand/devel:/home/eserte/src/srezic-misc/scripts
    PERL5LIB = /home/cpansand/.cpan/build/2018111914/Regexp-Assemble-0.38-oRdrg0/blib/arch:/home/cpansand/.cpan/build/2018111914/Regexp-Assemble-0.38-oRdrg0/blib/lib:/home/cpansand/.cpan/build/2018111914/Parse-RecDescent-1.967015-HLNwWH/blib/arch:/home/cpansand/.cpan/build/2018111914/Parse-RecDescent-1.967015-HLNwWH/blib/lib
    PERL5OPT = 
    PERL5_CPANPLUS_IS_RUNNING = 14858
    PERL5_CPAN_IS_RUNNING = 14858
    PERL5_CPAN_IS_RUNNING_IN_RECURSION = 12752,14858
    PERLDOC = -MPod::Perldoc::ToTextOverstrike
    PERL_BATCH = yes
    PERL_CANARY_STABILITY_NOPROMPT = 1
    PERL_CPAN_REPORTER_CONFIG = /var/tmp/cpansmoker-1023/2018111914/cpanreporter_001_config.ini
    PERL_EXTUTILS_AUTOINSTALL = --defaultdeps
    SHELL = /bin/zsh
    TERM = screen
    TMPDIR = /var/tmp/cpansmoker-1023/2018111914

Perl special variables (and OS-specific diagnostics, for MSWin32):

    $^X = /bbbike/perl-5.20.2t/bin/perl
    $UID/$EUID = 1023 / 1023
    $GID = 1023 1023
    $EGID = 1023 1023

Perl module toolchain versions installed:

    Module              Have    
    ------------------- --------
    CPAN                2.05    
    CPAN::Meta          2.150010
    Cwd                 3.48_01 
    ExtUtils::CBuilder  0.280217
    ExtUtils::Command   1.18    
    ExtUtils::Install   1.67    
    ExtUtils::MakeMaker 6.98    
    ExtUtils::Manifest  1.63    
    ExtUtils::ParseXS   3.24    
    File::Spec          3.48_01 
    JSON                n/a     
    JSON::PP            2.27400 
    Module::Build       0.4224  
    Module::Signature   n/a     
    Parse::CPAN::Meta   2.150010
    Test::Harness       3.30    
    Test::More          1.001014
    YAML                1.15    
    YAML::Syck          1.29    
    version             0.9909  


--

Summary of my perl5 (revision 5 version 20 subversion 2) configuration:
   
  Platform:
    osname=linux, osvers=3.16.0-4-amd64, archname=x86_64-linux-thread-multi
    uname='linux eserte 3.16.0-4-amd64 #1 smp debian 3.16.7-ckt25-2 (2016-04-08) x86_64 gnulinux '
    config_args='-ds -e -Dprefix=/opt/perl-5.20.2t -Dusethreads -Dcf_email=srezic@cpan.org'
    hint=recommended, useposix=true, d_sigaction=define
    useithreads=define, usemultiplicity=define
    use64bitint=define, use64bitall=define, uselongdouble=undef
    usemymalloc=n, bincompat5005=undef
  Compiler:
    cc='cc', ccflags ='-D_REENTRANT -D_GNU_SOURCE -fwrapv -fno-strict-aliasing -pipe -fstack-protector -I/usr/local/include -D_LARGEFILE_SOURCE -D_FILE_OFFSET_BITS=64',
    optimize='-O2',
    cppflags='-D_REENTRANT -D_GNU_SOURCE -fwrapv -fno-strict-aliasing -pipe -fstack-protector -I/usr/local/include'
    ccversion='', gccversion='4.9.2', gccosandvers=''
    intsize=4, longsize=8, ptrsize=8, doublesize=8, byteorder=12345678
    d_longlong=define, longlongsize=8, d_longdbl=define, longdblsize=16
    ivtype='long', ivsize=8, nvtype='double', nvsize=8, Off_t='off_t', lseeksize=8
    alignbytes=8, prototype=define
  Linker and Libraries:
    ld='cc', ldflags =' -fstack-protector -L/usr/local/lib'
    libpth=/usr/local/lib /usr/lib/gcc/x86_64-linux-gnu/4.9/include-fixed /usr/include/x86_64-linux-gnu /usr/lib /lib/x86_64-linux-gnu /lib/../lib /usr/lib/x86_64-linux-gnu /usr/lib/../lib /lib
    libs=-lnsl -lgdbm -ldb -ldl -lm -lcrypt -lutil -lpthread -lc -lgdbm_compat
    perllibs=-lnsl -ldl -lm -lcrypt -lutil -lpthread -lc
    libc=libc-2.19.so, so=so, useshrplib=false, libperl=libperl.a
    gnulibc_version='2.19'
  Dynamic Linking:
    dlsrc=dl_dlopen.xs, dlext=so, d_dlsymun=undef, ccdlflags='-Wl,-E'
    cccdlflags='-fPIC', lddlflags='-shared -O2 -L/usr/local/lib -fstack-protector'


Characteristics of this binary (from libperl): 
  Compile-time options: HAS_TIMES MULTIPLICITY PERLIO_LAYERS
                        PERL_DONT_CREATE_GVSV
                        PERL_HASH_FUNC_ONE_AT_A_TIME_HARD
                        PERL_IMPLICIT_CONTEXT PERL_MALLOC_WRAP
                        PERL_NEW_COPY_ON_WRITE PERL_PRESERVE_IVUV
                        USE_64_BIT_ALL USE_64_BIT_INT USE_ITHREADS
                        USE_LARGE_FILES USE_LOCALE USE_LOCALE_COLLATE
                        USE_LOCALE_CTYPE USE_LOCALE_NUMERIC USE_PERLIO
                        USE_PERL_ATOF USE_REENTRANT_API
  Built under linux
  Compiled at May  7 2016 17:52:22
  %ENV:
    PERL5LIB="/home/cpansand/.cpan/build/2018111914/Regexp-Assemble-0.38-oRdrg0/blib/arch:/home/cpansand/.cpan/build/2018111914/Regexp-Assemble-0.38-oRdrg0/blib/lib:/home/cpansand/.cpan/build/2018111914/Parse-RecDescent-1.967015-HLNwWH/blib/arch:/home/cpansand/.cpan/build/2018111914/Parse-RecDescent-1.967015-HLNwWH/blib/lib"
    PERL5OPT=""
    PERL5_CPANPLUS_IS_RUNNING="14858"
    PERL5_CPAN_IS_RUNNING="14858"
    PERL5_CPAN_IS_RUNNING_IN_RECURSION="12752,14858"
    PERLDOC="-MPod::Perldoc::ToTextOverstrike"
    PERL_BATCH="yes"
    PERL_CANARY_STABILITY_NOPROMPT="1"
    PERL_CPAN_REPORTER_CONFIG="/var/tmp/cpansmoker-1023/2018111914/cpanreporter_001_config.ini"
    PERL_EXTUTILS_AUTOINSTALL="--defaultdeps"
  @INC:
    /home/cpansand/.cpan/build/2018111914/Regexp-Assemble-0.38-oRdrg0/blib/arch
    /home/cpansand/.cpan/build/2018111914/Regexp-Assemble-0.38-oRdrg0/blib/lib
    /home/cpansand/.cpan/build/2018111914/Parse-RecDescent-1.967015-HLNwWH/blib/arch
    /home/cpansand/.cpan/build/2018111914/Parse-RecDescent-1.967015-HLNwWH/blib/lib
    /opt/perl-5.20.2t/lib/site_perl/5.20.2/x86_64-linux-thread-multi
    /opt/perl-5.20.2t/lib/site_perl/5.20.2
    /opt/perl-5.20.2t/lib/5.20.2/x86_64-linux-thread-multi
    /opt/perl-5.20.2t/lib/5.20.2
    .