Report for Net-Jabber-2.0

Back
From: metabase:user:21427c7c-6c1b-1014-a310-4ed93fdd96d6
Subject: FAIL Net-Jabber-2.0 v5.17.6 GNU/Linux
Date: 2012-12-07T19:59:21Z

This distribution has been tested as part of the CPAN Testers
project, supporting the Perl programming language.  See
http://wiki.cpantesters.org/ for more information or email
questions to cpan-testers-discuss@perl.org


--
Dear Ryan Eatmon,

This is a computer-generated report for Net-Jabber-2.0
on perl 5.17.6, created by CPAN-Reporter-1.2006.

Thank you for uploading your work to CPAN.  However, there was a problem
testing your distribution.

If you think this report is invalid, please consult the CPAN Testers Wiki
for suggestions on how to avoid getting FAIL reports for missing library
or binary dependencies, unsupported operating systems, and so on:

http://wiki.cpantesters.org/wiki/CPANAuthorNotes

Sections of this report:

    * Tester comments
    * Program output
    * Prerequisites
    * Environment and other context

------------------------------
TESTER COMMENTS
------------------------------

Additional comments from tester:

none provided

------------------------------
PROGRAM OUTPUT
------------------------------

Output from '/usr/bin/make test':

PERL_DL_NONLAZY=1 /home/jm/perl5/perlbrew/perls/perl-5.17.6/bin/perl5.17.6 "-MExtUtils::Command::MM" "-e" "test_harness(0, 'blib/lib', 'blib/arch')" t/*.t
t/1_load.t .................... ok
t/2_client.t .................. ok
t/iq.t ........................ ok
t/jid.t ....................... ok
t/message.t ................... ok
t/oldadd.t .................... ok
t/parse_x_data.t .............. ok
t/parse_x_delay.t ............. ok
t/presence.t .................. ok
t/protocol_definenamespace.t .. ok
t/protocol_muc.t .............. ok
#     Failed test (t/protocol_rpc.t at line 19)
#          got: '<query xmlns='jabber:iq:rpc'><methodCall><methodName>test_call</methodName><params><param><value><string>foo</string></value></param><param><value><i4>4</i4></value></param><param><value><struct><member><name>b</name><value><string>bar</string></value></member><member><name>a</name><value><i4>1</i4></value></member></struct></value></param></params></methodCall></query>'
#     expected: '<query xmlns='jabber:iq:rpc'><methodCall><methodName>test_call</methodName><params><param><value><string>foo</string></value></param><param><value><i4>4</i4></value></param><param><value><struct><member><name>a</name><value><i4>1</i4></value></member><member><name>b</name><value><string>bar</string></value></member></struct></value></param></params></methodCall></query>'
#     Failed test (t/protocol_rpc.t at line 40)
#          got: '<query xmlns='jabber:iq:rpc'><methodResponse><params><param><value><string>foo</string></value></param><param><value><i4>4</i4></value></param><param><value><struct><member><name>b</name><value><string>bar</string></value></member><member><name>a</name><value><i4>1</i4></value></member></struct></value></param><param><value><array><data><value><string>a</string></value></data><data><value><i4>1</i4></value></data><data><value><string>foo</string></value></data></array></value></param></params></methodResponse></query>'
#     expected: '<query xmlns='jabber:iq:rpc'><methodResponse><params><param><value><string>foo</string></value></param><param><value><i4>4</i4></value></param><param><value><struct><member><name>a</name><value><i4>1</i4></value></member><member><name>b</name><value><string>bar</string></value></member></struct></value></param><param><value><array><data><value><string>a</string></value></data><data><value><i4>1</i4></value></data><data><value><string>foo</string></value></data></array></value></param></params></methodResponse></query>'
# Looks like you failed 2 tests of 19.
t/protocol_rpc.t .............. 
Dubious, test returned 2 (wstat 512, 0x200)
Failed 2/19 subtests 
t/query_agent.t ............... ok
t/query_agents.t .............. ok
t/query_autoupdate.t .......... ok
t/query_browse.t .............. ok
t/query_bytestreams.t ......... ok
t/query_commands.t ............ ok
t/query_conference.t .......... ok
t/query_disco_info.t .......... ok
t/query_disco_items.t ......... ok
t/query_featureneg.t .......... ok
t/query_filter.t .............. ok
t/query_gateway.t ............. ok
t/query_last.t ................ ok
t/query_muc_admin.t ........... ok
t/query_oob.t ................. ok
t/query_pass.t ................ ok
t/query_pubsub.t .............. ok
t/query_pubsub_event.t ........ ok
t/query_pubsub_owner.t ........ ok
t/query_rpc.t ................. ok
t/query_search.t .............. ok
t/query_si.t .................. ok
t/query_si_filetrans.t ........ ok
t/query_time.t ................ ok
t/query_version.t ............. ok
t/rawxml.t .................... ok
t/x_autoupdate.t .............. ok
t/x_conference.t .............. ok
t/x_data.t .................... ok
t/x_delay.t ................... ok
t/x_encrypted.t ............... ok
t/x_expire.t .................. ok
t/x_muc.t ..................... ok
t/x_muc_user.t ................ ok
t/x_oob.t ..................... ok
t/x_roster.t .................. ok
t/x_signed.t .................. ok

Test Summary Report
-------------------
t/protocol_rpc.t            (Wstat: 512 Tests: 19 Failed: 2)
  Failed tests:  7, 15
  Non-zero exit status: 2
Files=49, Tests=3376, 30 wallclock secs ( 1.47 usr  0.17 sys + 24.72 cusr  2.04 csys = 28.40 CPU)
Result: FAIL
Failed 1/49 test programs. 2/3376 subtests failed.
make: *** [test_dynamic] Error 255

------------------------------
PREREQUISITES
------------------------------

Prerequisite modules loaded:

requires:

    Module              Need Have   
    ------------------- ---- -------
    Net::XMPP           1    1.02   

build_requires:

    Module              Need Have   
    ------------------- ---- -------
    ExtUtils::MakeMaker 0    6.63_02


------------------------------
ENVIRONMENT AND OTHER CONTEXT
------------------------------

Environment variables:

    LANG = en_US
    LANGUAGE = 
    LC_COLLATE = C
    PATH = /home/jm/perl5/perlbrew/bin:/home/jm/perl5/perlbrew/perls/perl-5.17.6/bin:/home/jm/perl5/perlbrew/bin:/usr/local/bin:/usr/bin:/bin:/usr/games:/usr/lib/kde4/libexec:/usr/lib/qt/bin:.
    PERL5LIB = 
    PERL5OPT = 
    PERL5_CPANPLUS_IS_RUNNING = 9580
    PERL5_CPAN_IS_RUNNING = 9580
    PERLBREW_BASHRC_VERSION = 0.55
    PERLBREW_HOME = /home/jm/.perlbrew
    PERLBREW_MANPATH = /home/jm/perl5/perlbrew/perls/perl-5.17.6/man
    PERLBREW_PATH = /home/jm/perl5/perlbrew/bin:/home/jm/perl5/perlbrew/perls/perl-5.17.6/bin
    PERLBREW_PERL = perl-5.17.6
    PERLBREW_ROOT = /home/jm/perl5/perlbrew
    PERLBREW_VERSION = 0.58
    SHELL = /bin/bash
    TERM = xterm

Perl special variables (and OS-specific diagnostics, for MSWin32):

    $^X = /home/jm/perl5/perlbrew/perls/perl-5.17.6/bin/perl5.17.6
    $UID/$EUID = 1000 / 1000
    $GID = 100 6 10 17 18 19 83 84 93 94 100 1000
    $EGID = 100 6 10 17 18 19 83 84 93 94 100 1000

Perl module toolchain versions installed:

    Module              Have    
    ------------------- --------
    CPAN                1.99_51 
    CPAN::Meta          2.120921
    Cwd                 3.39_02 
    ExtUtils::CBuilder  0.280209
    ExtUtils::Command   1.17    
    ExtUtils::Install   1.58    
    ExtUtils::MakeMaker 6.63_02 
    ExtUtils::Manifest  1.62    
    ExtUtils::ParseXS   3.18    
    File::Spec          3.39_02 
    JSON                2.53    
    JSON::PP            2.27200 
    Module::Build       0.4003  
    Module::Signature   n/a     
    Parse::CPAN::Meta   1.4404  
    Test::Harness       3.25_01 
    Test::More          0.98    
    YAML                0.84    
    YAML::Syck          n/a     
    version             0.9901  


--

Summary of my perl5 (revision 5 version 17 subversion 6) configuration:
   
  Platform:
    osname=linux, osvers=3.2.29-smp, archname=i686-linux
    uname='linux darkstar 3.2.29-smp #2 smp mon sep 17 13:16:43 cdt 2012 i686 intel(r) celeron(r) cpu 3.06ghz genuineintel gnulinux '
    config_args='-de -Dprefix=/home/jm/perl5/perlbrew/perls/perl-5.17.6 -Dmad -Doptimize=-march=i486 -mtune=i686 -O2 -Dusedevel -Aeval:scriptdir=/home/jm/perl5/perlbrew/perls/perl-5.17.6/bin'
    hint=recommended, useposix=true, d_sigaction=define
    useithreads=undef, usemultiplicity=undef
    useperlio=define, d_sfio=undef, uselargefiles=define, usesocks=undef
    use64bitint=undef, use64bitall=undef, uselongdouble=undef
    usemymalloc=n, bincompat5005=undef
  Compiler:
    cc='cc', ccflags ='-fno-strict-aliasing -pipe -fstack-protector -I/usr/local/include -D_LARGEFILE_SOURCE -D_FILE_OFFSET_BITS=64',
    optimize='-march=i486 -mtune=i686 -O2',
    cppflags='-fno-strict-aliasing -pipe -fstack-protector -I/usr/local/include'
    ccversion='', gccversion='4.7.1', gccosandvers=''
    intsize=4, longsize=4, ptrsize=4, doublesize=8, byteorder=1234
    d_longlong=define, longlongsize=8, d_longdbl=define, longdblsize=12
    ivtype='long', ivsize=4, nvtype='double', nvsize=8, Off_t='off_t', lseeksize=8
    alignbytes=4, prototype=define
  Linker and Libraries:
    ld='cc', ldflags =' -fstack-protector -L/usr/local/lib'
    libpth=/usr/local/lib /lib /usr/lib
    libs=-lnsl -lgdbm -ldb -ldl -lm -lcrypt -lutil -lc
    perllibs=-lnsl -ldl -lm -lcrypt -lutil -lc
    libc=/lib/libc-2.15.so, so=so, useshrplib=false, libperl=libperl.a
    gnulibc_version='2.15'
  Dynamic Linking:
    dlsrc=dl_dlopen.xs, dlext=so, d_dlsymun=undef, ccdlflags='-Wl,-E'
    cccdlflags='-fPIC', lddlflags='-shared -march=i486 -mtune=i686 -O2 -L/usr/local/lib -fstack-protector'


Characteristics of this binary (from libperl): 
  Compile-time options: HAS_TIMES PERLIO_LAYERS PERL_DONT_CREATE_GVSV
                        PERL_MAD PERL_MALLOC_WRAP PERL_PRESERVE_IVUV
                        PERL_USE_DEVEL USE_LARGE_FILES USE_LOCALE
                        USE_LOCALE_COLLATE USE_LOCALE_CTYPE
                        USE_LOCALE_NUMERIC USE_PERLIO USE_PERL_ATOF
  Built under linux
  Compiled at Nov 24 2012 22:26:28
  %ENV:
    PERL5LIB=""
    PERL5OPT=""
    PERL5_CPANPLUS_IS_RUNNING="9580"
    PERL5_CPAN_IS_RUNNING="9580"
    PERLBREW_BASHRC_VERSION="0.55"
    PERLBREW_HOME="/home/jm/.perlbrew"
    PERLBREW_MANPATH="/home/jm/perl5/perlbrew/perls/perl-5.17.6/man"
    PERLBREW_PATH="/home/jm/perl5/perlbrew/bin:/home/jm/perl5/perlbrew/perls/perl-5.17.6/bin"
    PERLBREW_PERL="perl-5.17.6"
    PERLBREW_ROOT="/home/jm/perl5/perlbrew"
    PERLBREW_VERSION="0.58"
  @INC:
    /home/jm/perl5/perlbrew/perls/perl-5.17.6/lib/site_perl/5.17.6/i686-linux
    /home/jm/perl5/perlbrew/perls/perl-5.17.6/lib/site_perl/5.17.6
    /home/jm/perl5/perlbrew/perls/perl-5.17.6/lib/5.17.6/i686-linux
    /home/jm/perl5/perlbrew/perls/perl-5.17.6/lib/5.17.6
    .