Const v0.001 Perl 5 v5.8.7 darwin-2level

Status
Fail
From
Chris Williams (BINGOS)
Dist
Const v0.001
Platform
Perl 5 v5.8.7 darwin-2level
Date
2010-07-13T22:11:30
ID
96de84d4-8ecb-11df-a1aa-55996e8696e0
This distribution has been tested as part of the CPAN Testers
project, supporting the Perl programming language.  See
http://wiki.cpantesters.org/ for more information or email
questions to cpan-testers-discuss@perl.org


--

Dear LEONT,
    
This is a computer-generated error report created automatically by
CPANPLUS, version 0.9006. Testers personal comments may appear 
at the end of this report.


Thank you for uploading your work to CPAN.  However, it appears that
there were some problems testing your distribution.

TEST RESULTS:

Below is the error stack from stage 'make test':

[MSG] [Tue Jul 13 23:14:17 2010] Building Const

[ERROR] [Tue Jul 13 23:14:20 2010] MAKE TEST failed:
# Testing Const 0.001, Perl 5.008007, /Volumes/Media/smoke/bare/perl-5.8.7/bin/perl
t/00-load.t ....... ok
t/10-basics.t ..... 
Dubious, test returned 2 (wstat 512, 0x200)
Failed 14/14 subtests 
Can't locate Test/Exception.pm in @INC (@INC contains: /Volumes/Media/smoke/bare/conf/perl-5.8.7/.cpanplus/5.8.7/build/Const-0.001/blib/lib /Volumes/Media/smoke/bare/conf/perl-5.8.7/.cpanplus/5.8.7/build/Const-0.001/blib/arch /Volumes/Media/smoke/bare/conf/perl-5.8.7/.cpanplus/5.8.7/build/Const-0.001/blib/lib /Volumes/Media/smoke/bare/conf/perl-5.8.7/.cpanplus/5.8.7/build/Const-0.001/blib/arch /Volumes/Media/smoke/bare/perl-5.8.7/lib/5.8.7/darwin-2level /Volumes/Media/smoke/bare/perl-5.8.7/lib/5.8.7 /Volumes/Media/smoke/bare/perl-5.8.7/lib/site_perl/5.8.7/darwin-2level /Volumes/Media/smoke/bare/perl-5.8.7/lib/site_perl/5.8.7 /Volumes/Media/smoke/bare/perl-5.8.7/lib/site_perl .) at t/10-basics.t line 8.
BEGIN failed--compilation aborted at t/10-basics.t line 8.
# Looks like your test exited with 2 before it could output anything.
t/pod-coverage.t .. skipped: Test::Pod::Coverage 1.08 required for testing POD coverage
t/pod.t ........... skipped: Test::Pod 1.22 required for testing POD

Test Summary Report
-------------------
t/10-basics.t   (Wstat: 512 Tests: 0 Failed: 0)
  Non-zero exit status: 2
  Parse errors: Bad plan.  You planned 14 tests but ran 0.
Files=4, Tests=1,  2 wallclock secs ( 0.21 usr  0.10 sys +  0.59 cusr  0.16 csys =  1.06 CPU)
Result: FAIL
Failed 1/4 test programs. 0/1 subtests failed.
BEGIN failed--compilation aborted at /Volumes/Media/smoke/bare/perl-5.8.7/bin/cpanp-run-perl line 8.
 
[MSG] [Tue Jul 13 23:14:20 2010] DEFAULT 'proceed_on_test_failure' HANDLER RETURNING 'sub return value'


MISSING PREREQUISITES:

It was observed that the test suite seem to fail without these modules:

Test::Exception

As such, adding the prerequisite module(s) to 'PREREQ_PM' in your
Makefile.PL should solve this problem.  For example:

WriteMakefile(
    AUTHOR      => 'LEONT (cpanplus-info@lists.sf.net)',
    ... # other information
    PREREQ_PM   => {
	'Test::Exception'	=> '0', # or a minimum working version
    }
);

Thanks! :-)

PREREQUISITES:

Here is a list of prerequisites you specified and versions we 
managed to load:
                                
	  Module Name                        Have     Want
	  Exporter                           5.58     5.57
	  Module::Build                    0.3607        0
	  Test::More                         0.94        0

Perl module toolchain versions installed:
	Module Name                        Have
	CPANPLUS                         0.9006
	CPANPLUS::Dist::Build              0.46
	Cwd                                3.31
	ExtUtils::CBuilder               0.2703
	ExtUtils::Command                  1.16
	ExtUtils::Install                  1.54
	ExtUtils::MakeMaker                6.56
	ExtUtils::Manifest                 1.58
	ExtUtils::ParseXS                2.2206
	File::Spec                         3.31
	Module::Build                    0.3607
	Test::Harness                      3.21
	Test::More                         0.94
	version                            0.82

******************************** NOTE ********************************
The comments above are created mechanically, possibly without manual
checking by the sender.  As there are many people performing automatic
tests on each upload to CPAN, it is likely that you will receive 
identical messages about the same problem.

If you believe that the message is mistaken, please reply to the first
one with correction and/or additional informations, and do not take
it personally.  We appreciate your patience. :)
**********************************************************************

Additional comments:
 

This report was machine-generated by CPANPLUS::Dist::YACSmoke 0.58.
Powered by minismokebox version 0.26

------------------------------
ENVIRONMENT AND OTHER CONTEXT
------------------------------

Environment variables:

    AUTOMATED_TESTING = 1
    PATH = /bin:/sbin:/usr/bin:/usr/sbin:/usr/local/bin:/usr/local/sbin
    PERL5LIB = :/Volumes/Media/smoke/bare/conf/perl-5.8.7/.cpanplus/5.8.7/build/Const-0.001/blib/lib:/Volumes/Media/smoke/bare/conf/perl-5.8.7/.cpanplus/5.8.7/build/Const-0.001/blib/arch
    PERL5_CPANPLUS_IS_RUNNING = 13620
    PERL5_CPANPLUS_IS_VERSION = 0.9006
    PERL5_MINISMOKEBOX = 0.26
    PERL5_YACSMOKE_BASE = /Volumes/Media/smoke/bare/conf/perl-5.8.7
    PERL_EXTUTILS_AUTOINSTALL = --defaultdeps
    PERL_MM_USE_DEFAULT = 1
    SHELL = /bin/bash
    TERM = screen

Perl special variables (and OS-specific diagnostics, for MSWin32):

    Perl: $^X = /Volumes/Media/smoke/bare/perl-5.8.7/bin/perl
    UID:  $<  = 502
    EUID: $>  = 502
    GID:  $(  = 502 502
    EGID: $)  = 502 502


-------------------------------


--

Summary of my perl5 (revision 5 version 8 subversion 7) configuration:
  Platform:
    osname=darwin, osvers=8.11.0, archname=darwin-2level
    uname='darwin afalglas.bingosnet.co.uk 8.11.0 darwin kernel version 8.11.0: wed oct 10 18:26:00 pdt 2007; root:xnu-792.24.17~1release_ppc power macintosh powerpc '
    config_args='-de -Dprefix=/Volumes/Media/smoke/bare/perl-5.8.7'
    hint=recommended, useposix=true, d_sigaction=define
    usethreads=undef use5005threads=undef useithreads=undef usemultiplicity=undef
    useperlio=define d_sfio=undef uselargefiles=define usesocks=undef
    use64bitint=undef use64bitall=undef uselongdouble=undef
    usemymalloc=n, bincompat5005=undef
  Compiler:
    cc='cc', ccflags ='-fno-common -DPERL_DARWIN -no-cpp-precomp -fno-strict-aliasing -pipe -I/usr/local/include',
    optimize='-O3',
    cppflags='-no-cpp-precomp -fno-common -DPERL_DARWIN -no-cpp-precomp -fno-strict-aliasing -pipe -I/usr/local/include'
    ccversion='', gccversion='4.0.1 (Apple Computer, Inc. build 5367)', gccosandvers=''
    intsize=4, longsize=4, ptrsize=4, doublesize=8, byteorder=4321
    d_longlong=define, longlongsize=8, d_longdbl=define, longdblsize=16
    ivtype='long', ivsize=4, nvtype='double', nvsize=8, Off_t='off_t', lseeksize=8
    alignbytes=8, prototype=define
  Linker and Libraries:
    ld='env MACOSX_DEPLOYMENT_TARGET=10.3 cc', ldflags =' -L/usr/local/lib'
    libpth=/usr/local/lib /usr/lib
    libs=-ldbm -ldl -lm -lc
    perllibs=-ldl -lm -lc
    libc=/usr/lib/libc.dylib, so=dylib, useshrplib=false, libperl=libperl.a
    gnulibc_version=''
  Dynamic Linking:
    dlsrc=dl_dlopen.xs, dlext=bundle, d_dlsymun=undef, ccdlflags=' '
    cccdlflags=' ', lddlflags=' -bundle -undefined dynamic_lookup -L/usr/local/lib'


Characteristics of this binary (from libperl): 
  Compile-time options: USE_LARGE_FILES
  Built under darwin
  Compiled at Jun 25 2009 00:43:10
  %ENV:
    PERL5LIB=":/Volumes/Media/smoke/bare/conf/perl-5.8.7/.cpanplus/5.8.7/build/Const-0.001/blib/lib:/Volumes/Media/smoke/bare/conf/perl-5.8.7/.cpanplus/5.8.7/build/Const-0.001/blib/arch"
    PERL5_CPANPLUS_IS_RUNNING="13620"
    PERL5_CPANPLUS_IS_VERSION="0.9006"
    PERL5_MINISMOKEBOX="0.26"
    PERL5_YACSMOKE_BASE="/Volumes/Media/smoke/bare/conf/perl-5.8.7"
    PERL_EXTUTILS_AUTOINSTALL="--defaultdeps"
    PERL_MM_USE_DEFAULT="1"
  @INC:
    /Volumes/Media/smoke/bare/conf/perl-5.8.7/.cpanplus/5.8.7/build/Const-0.001/blib/lib
    /Volumes/Media/smoke/bare/conf/perl-5.8.7/.cpanplus/5.8.7/build/Const-0.001/blib/arch
    /Volumes/Media/smoke/bare/perl-5.8.7/lib/5.8.7/darwin-2level
    /Volumes/Media/smoke/bare/perl-5.8.7/lib/5.8.7
    /Volumes/Media/smoke/bare/perl-5.8.7/lib/site_perl/5.8.7/darwin-2level
    /Volumes/Media/smoke/bare/perl-5.8.7/lib/site_perl/5.8.7
    /Volumes/Media/smoke/bare/perl-5.8.7/lib/site_perl
    .