Report for Test-Unit-0.25

Back
From: metabase:user:d4d7c3de-2458-11e2-906a-e1860846da88
Subject: FAIL Test-Unit-0.25 v5.14.2 GNU/Linux
Date: 2013-03-15T21:37:48Z

This distribution has been tested as part of the CPAN Testers
project, supporting the Perl programming language.  See
http://wiki.cpantesters.org/ for more information or email
questions to cpan-testers-discuss@perl.org


--

Dear Matthew Astley,
    
This is a computer-generated error report created automatically by
CPANPLUS, version 0.9103. Testers personal comments may appear 
at the end of this report.


Thank you for uploading your work to CPAN.  However, it appears that
there were some problems testing your distribution.

TEST RESULTS:

Below is the error stack from stage 'make test':

[MSG] [Fri Mar 15 22:33:49 2013] Trying to get 'ftp://ftp.cpan.org/pub/CPAN/authors/id/A/AD/ADIRAJ/CGI-Widget-DBI-Browse-0.15.tar.gz'
[MSG] [Fri Mar 15 22:33:53 2013] Trying to get 'ftp://ftp.cpan.org/pub/CPAN/authors/id/A/AD/ADIRAJ/CHECKSUMS'
[MSG] [Fri Mar 15 22:33:55 2013] Checksum matches for 'CGI-Widget-DBI-Browse-0.15.tar.gz'
[MSG] [Fri Mar 15 22:33:55 2013] Extracted 'CGI-Widget-DBI-Browse-0.15/'
[MSG] [Fri Mar 15 22:33:55 2013] Extracted 'CGI-Widget-DBI-Browse-0.15/AGPL'
[MSG] [Fri Mar 15 22:33:55 2013] Extracted 'CGI-Widget-DBI-Browse-0.15/Changes'
[MSG] [Fri Mar 15 22:33:55 2013] Extracted 'CGI-Widget-DBI-Browse-0.15/lib/'
[MSG] [Fri Mar 15 22:33:55 2013] Extracted 'CGI-Widget-DBI-Browse-0.15/Makefile.PL'
[MSG] [Fri Mar 15 22:33:55 2013] Extracted 'CGI-Widget-DBI-Browse-0.15/MANIFEST'
[MSG] [Fri Mar 15 22:33:55 2013] Extracted 'CGI-Widget-DBI-Browse-0.15/README'
[MSG] [Fri Mar 15 22:33:55 2013] Extracted 'CGI-Widget-DBI-Browse-0.15/t/'
[MSG] [Fri Mar 15 22:33:55 2013] Extracted 'CGI-Widget-DBI-Browse-0.15/t/01browse.t'
[MSG] [Fri Mar 15 22:33:55 2013] Extracted 'CGI-Widget-DBI-Browse-0.15/lib/CGI/'
[MSG] [Fri Mar 15 22:33:55 2013] Extracted 'CGI-Widget-DBI-Browse-0.15/lib/CGI/Widget/'
[MSG] [Fri Mar 15 22:33:55 2013] Extracted 'CGI-Widget-DBI-Browse-0.15/lib/CGI/Widget/DBI/'
[MSG] [Fri Mar 15 22:33:55 2013] Extracted 'CGI-Widget-DBI-Browse-0.15/lib/CGI/Widget/DBI/Browse.pm'
[MSG] [Fri Mar 15 22:33:55 2013] Extracted 'CGI-Widget-DBI-Browse-0.15/lib/CGI/Widget/DBI/TEST/'
[MSG] [Fri Mar 15 22:33:55 2013] Extracted 'CGI-Widget-DBI-Browse-0.15/lib/CGI/Widget/DBI/TEST/Browse.pm'
[MSG] [Fri Mar 15 22:33:55 2013] Extracted 'CGI::Widget::DBI::Browse' to '/home/cpanbuilder/.cpanplus/5.14.2/build/CGI-Widget-DBI-Browse-0.15'
[MSG] [Fri Mar 15 22:33:56 2013] Checking if your kit is complete...
Looks good
Warning: prerequisite CGI::Widget::DBI::Search 0.24 not found.
Warning: prerequisite Test::Unit 0 not found.
Writing Makefile for CGI::Widget::DBI::Browse
Writing MYMETA.yml and MYMETA.json

[MSG] [Fri Mar 15 22:33:56 2013] DEFAULT 'filter_prereqs' HANDLER RETURNING 'sub return value'
[MSG] [Fri Mar 15 22:33:56 2013] Module 'CGI::Widget::DBI::Browse' requires 'CGI::Widget::DBI::Search' version '0.24' to be installed 
[MSG] [Fri Mar 15 22:33:56 2013] Module 'CGI::Widget::DBI::Browse' requires 'Test::Unit' version '0' to be installed 
[MSG] [Fri Mar 15 22:33:56 2013] Trying to get 'ftp://ftp.cpan.org/pub/CPAN/authors/id/A/AD/ADIRAJ/CGI-Widget-DBI-Search-0.27.tar.gz'
[MSG] [Fri Mar 15 22:34:00 2013] Using cached file '/home/cpanbuilder/.cpanplus/authors/id/A/AD/ADIRAJ/CHECKSUMS' on disk; ttl (3600s) is not exceeded
[MSG] [Fri Mar 15 22:34:00 2013] Checksum matches for 'CGI-Widget-DBI-Search-0.27.tar.gz'
[MSG] [Fri Mar 15 22:34:01 2013] Extracted 'CGI-Widget-DBI-Search-0.27/'
[MSG] [Fri Mar 15 22:34:01 2013] Extracted 'CGI-Widget-DBI-Search-0.27/AGPL'
[MSG] [Fri Mar 15 22:34:01 2013] Extracted 'CGI-Widget-DBI-Search-0.27/Changes'
[MSG] [Fri Mar 15 22:34:01 2013] Extracted 'CGI-Widget-DBI-Search-0.27/lib/'
[MSG] [Fri Mar 15 22:34:01 2013] Extracted 'CGI-Widget-DBI-Search-0.27/Makefile.PL'
[MSG] [Fri Mar 15 22:34:01 2013] Extracted 'CGI-Widget-DBI-Search-0.27/MANIFEST'
[MSG] [Fri Mar 15 22:34:01 2013] Extracted 'CGI-Widget-DBI-Search-0.27/README'
[MSG] [Fri Mar 15 22:34:01 2013] Extracted 'CGI-Widget-DBI-Search-0.27/t/'
[MSG] [Fri Mar 15 22:34:01 2013] Extracted 'CGI-Widget-DBI-Search-0.27/TODO'
[MSG] [Fri Mar 15 22:34:01 2013] Extracted 'CGI-Widget-DBI-Search-0.27/t/01search.t'
[MSG] [Fri Mar 15 22:34:01 2013] Extracted 'CGI-Widget-DBI-Search-0.27/t/02display_table.t'
[MSG] [Fri Mar 15 22:34:01 2013] Extracted 'CGI-Widget-DBI-Search-0.27/t/03display_grid.t'
[MSG] [Fri Mar 15 22:34:01 2013] Extracted 'CGI-Widget-DBI-Search-0.27/lib/CGI/'
[MSG] [Fri Mar 15 22:34:01 2013] Extracted 'CGI-Widget-DBI-Search-0.27/lib/CGI/Widget/'
[MSG] [Fri Mar 15 22:34:01 2013] Extracted 'CGI-Widget-DBI-Search-0.27/lib/CGI/Widget/DBI/'
[MSG] [Fri Mar 15 22:34:01 2013] Extracted 'CGI-Widget-DBI-Search-0.27/lib/CGI/Widget/DBI/Search/'
[MSG] [Fri Mar 15 22:34:01 2013] Extracted 'CGI-Widget-DBI-Search-0.27/lib/CGI/Widget/DBI/Search.pm'
[MSG] [Fri Mar 15 22:34:01 2013] Extracted 'CGI-Widget-DBI-Search-0.27/lib/CGI/Widget/DBI/TEST/'
[MSG] [Fri Mar 15 22:34:01 2013] Extracted 'CGI-Widget-DBI-Search-0.27/lib/CGI/Widget/DBI/TEST/Search.pm'
[MSG] [Fri Mar 15 22:34:01 2013] Extracted 'CGI-Widget-DBI-Search-0.27/lib/CGI/Widget/DBI/TEST/TestCase.pm'
[MSG] [Fri Mar 15 22:34:01 2013] Extracted 'CGI-Widget-DBI-Search-0.27/lib/CGI/Widget/DBI/Search/AbstractDisplay.pm'
[MSG] [Fri Mar 15 22:34:01 2013] Extracted 'CGI-Widget-DBI-Search-0.27/lib/CGI/Widget/DBI/Search/Base.pm'
[MSG] [Fri Mar 15 22:34:01 2013] Extracted 'CGI-Widget-DBI-Search-0.27/lib/CGI/Widget/DBI/Search/Display/'
[MSG] [Fri Mar 15 22:34:01 2013] Extracted 'CGI-Widget-DBI-Search-0.27/lib/CGI/Widget/DBI/Search/Display/Grid.pm'
[MSG] [Fri Mar 15 22:34:01 2013] Extracted 'CGI-Widget-DBI-Search-0.27/lib/CGI/Widget/DBI/Search/Display/Table.pm'
[MSG] [Fri Mar 15 22:34:01 2013] Extracted 'CGI-Widget-DBI-Search-0.27/lib/CGI/Widget/DBI/Search/Display/TEST/'
[MSG] [Fri Mar 15 22:34:02 2013] Extracted 'CGI-Widget-DBI-Search-0.27/lib/CGI/Widget/DBI/Search/Display/TEST/Grid.pm'
[MSG] [Fri Mar 15 22:34:02 2013] Extracted 'CGI-Widget-DBI-Search-0.27/lib/CGI/Widget/DBI/Search/Display/TEST/Table.pm'
[MSG] [Fri Mar 15 22:34:02 2013] Extracted 'CGI::Widget::DBI::Search' to '/home/cpanbuilder/.cpanplus/5.14.2/build/CGI-Widget-DBI-Search-0.27'
[MSG] [Fri Mar 15 22:34:02 2013] Checking if your kit is complete...
Looks good
Warning: prerequisite Test::Unit 0 not found.
Writing Makefile for CGI::Widget::DBI::Search
Writing MYMETA.yml and MYMETA.json

[MSG] [Fri Mar 15 22:34:02 2013] DEFAULT 'filter_prereqs' HANDLER RETURNING 'sub return value'
[MSG] [Fri Mar 15 22:34:02 2013] Module 'CGI::Widget::DBI::Search' requires 'Test::Unit' version '0' to be installed 
[MSG] [Fri Mar 15 22:34:02 2013] Trying to get 'ftp://ftp.cpan.org/pub/CPAN/authors/id/M/MC/MCAST/Test-Unit-0.25.tar.gz'
[MSG] [Fri Mar 15 22:34:04 2013] Trying to get 'ftp://ftp.cpan.org/pub/CPAN/authors/id/M/MC/MCAST/CHECKSUMS'
[MSG] [Fri Mar 15 22:34:06 2013] Checksum matches for 'Test-Unit-0.25.tar.gz'
[MSG] [Fri Mar 15 22:34:09 2013] Extracted 'Test-Unit-0.25/'
[MSG] [Fri Mar 15 22:34:09 2013] Extracted 'Test-Unit-0.25/doc/'
[MSG] [Fri Mar 15 22:34:09 2013] Extracted 'Test-Unit-0.25/doc/consensus.txt'
[MSG] [Fri Mar 15 22:34:09 2013] Extracted 'Test-Unit-0.25/doc/release-checklist'
[MSG] [Fri Mar 15 22:34:09 2013] Extracted 'Test-Unit-0.25/doc/class-diagram.dia'
[MSG] [Fri Mar 15 22:34:09 2013] Extracted 'Test-Unit-0.25/doc/TODO'
[MSG] [Fri Mar 15 22:34:09 2013] Extracted 'Test-Unit-0.25/doc/class-diagram.txt'
[MSG] [Fri Mar 15 22:34:09 2013] Extracted 'Test-Unit-0.25/doc/class-diagram.png'
[MSG] [Fri Mar 15 22:34:09 2013] Extracted 'Test-Unit-0.25/TestLister.pl'
[MSG] [Fri Mar 15 22:34:09 2013] Extracted 'Test-Unit-0.25/Changes'
[MSG] [Fri Mar 15 22:34:09 2013] Extracted 'Test-Unit-0.25/lib/'
[MSG] [Fri Mar 15 22:34:09 2013] Extracted 'Test-Unit-0.25/lib/Test/'
[MSG] [Fri Mar 15 22:34:09 2013] Extracted 'Test-Unit-0.25/lib/Test/Unit/'
[MSG] [Fri Mar 15 22:34:09 2013] Extracted 'Test-Unit-0.25/lib/Test/Unit/Tutorial.pm'
[MSG] [Fri Mar 15 22:34:09 2013] Extracted 'Test-Unit-0.25/lib/Test/Unit/Setup.pm'
[MSG] [Fri Mar 15 22:34:09 2013] Extracted 'Test-Unit-0.25/lib/Test/Unit/Assertion.pm'
[MSG] [Fri Mar 15 22:34:09 2013] Extracted 'Test-Unit-0.25/lib/Test/Unit/Debug.pm'
[MSG] [Fri Mar 15 22:34:09 2013] Extracted 'Test-Unit-0.25/lib/Test/Unit/UnitHarness.pm'
[MSG] [Fri Mar 15 22:34:09 2013] Extracted 'Test-Unit-0.25/lib/Test/Unit/TestRunner.pm'
[MSG] [Fri Mar 15 22:34:09 2013] Extracted 'Test-Unit-0.25/lib/Test/Unit/Assert.pm'
[MSG] [Fri Mar 15 22:34:09 2013] Extracted 'Test-Unit-0.25/lib/Test/Unit/Assertion/'
[MSG] [Fri Mar 15 22:34:09 2013] Extracted 'Test-Unit-0.25/lib/Test/Unit/Assertion/CodeRef.pm'
[MSG] [Fri Mar 15 22:34:09 2013] Extracted 'Test-Unit-0.25/lib/Test/Unit/Assertion/Exception.pm'
[MSG] [Fri Mar 15 22:34:09 2013] Extracted 'Test-Unit-0.25/lib/Test/Unit/Assertion/Boolean.pm'
[MSG] [Fri Mar 15 22:34:09 2013] Extracted 'Test-Unit-0.25/lib/Test/Unit/Assertion/Regexp.pm'
[MSG] [Fri Mar 15 22:34:09 2013] Extracted 'Test-Unit-0.25/lib/Test/Unit/Error.pm'
[MSG] [Fri Mar 15 22:34:09 2013] Extracted 'Test-Unit-0.25/lib/Test/Unit/Loader.pm'
[MSG] [Fri Mar 15 22:34:09 2013] Extracted 'Test-Unit-0.25/lib/Test/Unit/HarnessUnit.pm'
[MSG] [Fri Mar 15 22:34:09 2013] Extracted 'Test-Unit-0.25/lib/Test/Unit/Exception.pm'
[MSG] [Fri Mar 15 22:34:09 2013] Extracted 'Test-Unit-0.25/lib/Test/Unit/Test.pm'
[MSG] [Fri Mar 15 22:34:09 2013] Extracted 'Test-Unit-0.25/lib/Test/Unit/TkTestRunner.pm'
[MSG] [Fri Mar 15 22:34:09 2013] Extracted 'Test-Unit-0.25/lib/Test/Unit/Decorator.pm'
[MSG] [Fri Mar 15 22:34:09 2013] Extracted 'Test-Unit-0.25/lib/Test/Unit/TestSuite.pm'
[MSG] [Fri Mar 15 22:34:09 2013] Extracted 'Test-Unit-0.25/lib/Test/Unit/Runner.pm'
[MSG] [Fri Mar 15 22:34:09 2013] Extracted 'Test-Unit-0.25/lib/Test/Unit/TestCase.pm'
[MSG] [Fri Mar 15 22:34:09 2013] Extracted 'Test-Unit-0.25/lib/Test/Unit/Runner/'
[MSG] [Fri Mar 15 22:34:09 2013] Extracted 'Test-Unit-0.25/lib/Test/Unit/Runner/Terminal.pm'
[MSG] [Fri Mar 15 22:34:09 2013] Extracted 'Test-Unit-0.25/lib/Test/Unit/Listener.pm'
[MSG] [Fri Mar 15 22:34:09 2013] Extracted 'Test-Unit-0.25/lib/Test/Unit/Procedural.pm'
[MSG] [Fri Mar 15 22:34:09 2013] Extracted 'Test-Unit-0.25/lib/Test/Unit/Result.pm'
[MSG] [Fri Mar 15 22:34:09 2013] Extracted 'Test-Unit-0.25/lib/Test/Unit/Failure.pm'
[MSG] [Fri Mar 15 22:34:09 2013] Extracted 'Test-Unit-0.25/lib/Test/Unit/Warning.pm'
[MSG] [Fri Mar 15 22:34:09 2013] Extracted 'Test-Unit-0.25/lib/Test/Unit.pm'
[MSG] [Fri Mar 15 22:34:09 2013] Extracted 'Test-Unit-0.25/examples/'
[MSG] [Fri Mar 15 22:34:09 2013] Extracted 'Test-Unit-0.25/examples/patch100132-1'
[MSG] [Fri Mar 15 22:34:09 2013] Extracted 'Test-Unit-0.25/examples/patch100132'
[MSG] [Fri Mar 15 22:34:09 2013] Extracted 'Test-Unit-0.25/examples/patch100132-2'
[MSG] [Fri Mar 15 22:34:09 2013] Extracted 'Test-Unit-0.25/examples/fail_example.pm'
[MSG] [Fri Mar 15 22:34:09 2013] Extracted 'Test-Unit-0.25/examples/Experimental/'
[MSG] [Fri Mar 15 22:34:09 2013] Extracted 'Test-Unit-0.25/examples/Experimental/Sample.pm'
[MSG] [Fri Mar 15 22:34:09 2013] Extracted 'Test-Unit-0.25/examples/tester.png'
[MSG] [Fri Mar 15 22:34:09 2013] Extracted 'Test-Unit-0.25/examples/README'
[MSG] [Fri Mar 15 22:34:09 2013] Extracted 'Test-Unit-0.25/t/'
[MSG] [Fri Mar 15 22:34:09 2013] Extracted 'Test-Unit-0.25/t/tlib/'
[MSG] [Fri Mar 15 22:34:09 2013] Extracted 'Test-Unit-0.25/t/tlib/TestTest.pm'
[MSG] [Fri Mar 15 22:34:09 2013] Extracted 'Test-Unit-0.25/t/tlib/WasRun.pm'
[MSG] [Fri Mar 15 22:34:09 2013] Extracted 'Test-Unit-0.25/t/tlib/OverrideTestCase.pm'
[MSG] [Fri Mar 15 22:34:09 2013] Extracted 'Test-Unit-0.25/t/tlib/InheritedInheritedTestCase.pm'
[MSG] [Fri Mar 15 22:34:09 2013] Extracted 'Test-Unit-0.25/t/tlib/SuiteTest.pm'
[MSG] [Fri Mar 15 22:34:09 2013] Extracted 'Test-Unit-0.25/t/tlib/BadSuite/'
[MSG] [Fri Mar 15 22:34:09 2013] Extracted 'Test-Unit-0.25/t/tlib/BadSuite/BadUse.pm'
[MSG] [Fri Mar 15 22:34:09 2013] Extracted 'Test-Unit-0.25/t/tlib/BadSuite/SyntaxError.pm'
[MSG] [Fri Mar 15 22:34:09 2013] Extracted 'Test-Unit-0.25/t/tlib/OneTestCase.pm'
[MSG] [Fri Mar 15 22:34:09 2013] Extracted 'Test-Unit-0.25/t/tlib/ListenerTest.pm'
[MSG] [Fri Mar 15 22:34:09 2013] Extracted 'Test-Unit-0.25/t/tlib/NoTestCases.pm'
[MSG] [Fri Mar 15 22:34:09 2013] Extracted 'Test-Unit-0.25/t/tlib/InheritedSuite/'
[MSG] [Fri Mar 15 22:34:09 2013] Extracted 'Test-Unit-0.25/t/tlib/InheritedSuite/Simple.pm'
[MSG] [Fri Mar 15 22:34:09 2013] Extracted 'Test-Unit-0.25/t/tlib/InheritedSuite/OverrideNew.pm'
[MSG] [Fri Mar 15 22:34:09 2013] Extracted 'Test-Unit-0.25/t/tlib/InheritedSuite/TestNames.pm'
[MSG] [Fri Mar 15 22:34:09 2013] Extracted 'Test-Unit-0.25/t/tlib/InheritedSuite/OverrideNewName.pm'
[MSG] [Fri Mar 15 22:34:10 2013] Extracted 'Test-Unit-0.25/t/tlib/TornDown.pm'
[MSG] [Fri Mar 15 22:34:10 2013] Extracted 'Test-Unit-0.25/t/tlib/WillDie.pm'
[MSG] [Fri Mar 15 22:34:10 2013] Extracted 'Test-Unit-0.25/t/tlib/TestAssertionCodeRef.pm'
[MSG] [Fri Mar 15 22:34:10 2013] Extracted 'Test-Unit-0.25/t/tlib/BadSuitesTest.pm'
[MSG] [Fri Mar 15 22:34:10 2013] Extracted 'Test-Unit-0.25/t/tlib/Success.pm'
[MSG] [Fri Mar 15 22:34:10 2013] Extracted 'Test-Unit-0.25/t/tlib/AllTests.pm'
[MSG] [Fri Mar 15 22:34:10 2013] Extracted 'Test-Unit-0.25/t/tlib/AssertTest.pm'
[MSG] [Fri Mar 15 22:34:10 2013] Extracted 'Test-Unit-0.25/t/tlib/RunnerTest.pm'
[MSG] [Fri Mar 15 22:34:10 2013] Extracted 'Test-Unit-0.25/t/tlib/NoTestCaseClass.pm'
[MSG] [Fri Mar 15 22:34:10 2013] Extracted 'Test-Unit-0.25/t/tlib/InheritedTestCase.pm'
[MSG] [Fri Mar 15 22:34:10 2013] Extracted 'Test-Unit-0.25/t/tlib/ActiveTestTest.pm'
[MSG] [Fri Mar 15 22:34:10 2013] Extracted 'Test-Unit-0.25/t/tlib/ExceptionChecker.pm'
[MSG] [Fri Mar 15 22:34:10 2013] Extracted 'Test-Unit-0.25/t/tlib/TestObject.pm'
[MSG] [Fri Mar 15 22:34:10 2013] Extracted 'Test-Unit-0.25/t/tlib/FilteredSuite.pm'
[MSG] [Fri Mar 15 22:34:10 2013] Extracted 'Test-Unit-0.25/t/try_examples.t'
[MSG] [Fri Mar 15 22:34:10 2013] Extracted 'Test-Unit-0.25/t/assert.t'
[MSG] [Fri Mar 15 22:34:10 2013] Extracted 'Test-Unit-0.25/t/all_tests.t'
[MSG] [Fri Mar 15 22:34:10 2013] Extracted 'Test-Unit-0.25/TestRunner.pl'
[MSG] [Fri Mar 15 22:34:10 2013] Extracted 'Test-Unit-0.25/MANIFEST'
[MSG] [Fri Mar 15 22:34:10 2013] Extracted 'Test-Unit-0.25/TkTestRunner.pl'
[MSG] [Fri Mar 15 22:34:10 2013] Extracted 'Test-Unit-0.25/COPYING.Artistic'
[MSG] [Fri Mar 15 22:34:10 2013] Extracted 'Test-Unit-0.25/AUTHORS'
[MSG] [Fri Mar 15 22:34:10 2013] Extracted 'Test-Unit-0.25/README'
[MSG] [Fri Mar 15 22:34:10 2013] Extracted 'Test-Unit-0.25/META.yml'
[MSG] [Fri Mar 15 22:34:10 2013] Extracted 'Test-Unit-0.25/ChangeLog'
[MSG] [Fri Mar 15 22:34:10 2013] Extracted 'Test-Unit-0.25/COPYING.GPL-2'
[MSG] [Fri Mar 15 22:34:10 2013] Extracted 'Test-Unit-0.25/Makefile.PL'
[MSG] [Fri Mar 15 22:34:10 2013] Extracted 'Test::Unit' to '/home/cpanbuilder/.cpanplus/5.14.2/build/Test-Unit-0.25'
[MSG] [Fri Mar 15 22:34:10 2013] Checking if your kit is complete...
Looks good
Warning: prerequisite Class::Inner 0 not found.
Warning: prerequisite Devel::Symdump 0 not found.
Warning: prerequisite Error 0 not found.
Writing Makefile for Test::Unit
Writing MYMETA.yml and MYMETA.json

[MSG] [Fri Mar 15 22:34:10 2013] DEFAULT 'filter_prereqs' HANDLER RETURNING 'sub return value'
[MSG] [Fri Mar 15 22:34:11 2013] Module 'Test::Unit' requires 'Class::Inner' version '0' to be installed 
[MSG] [Fri Mar 15 22:34:11 2013] Module 'Test::Unit' requires 'Devel::Symdump' version '0' to be installed 
[MSG] [Fri Mar 15 22:34:11 2013] Module 'Test::Unit' requires 'Error' version '0' to be installed 
[MSG] [Fri Mar 15 22:34:11 2013] Trying to get 'ftp://ftp.cpan.org/pub/CPAN/authors/id/A/AR/ARUNBEAR/Class-Inner-0.200001.tar.gz'
[MSG] [Fri Mar 15 22:34:15 2013] Trying to get 'ftp://ftp.cpan.org/pub/CPAN/authors/id/A/AR/ARUNBEAR/CHECKSUMS'
[MSG] [Fri Mar 15 22:34:16 2013] Checksum matches for 'Class-Inner-0.200001.tar.gz'
[MSG] [Fri Mar 15 22:34:16 2013] Extracted 'Class-Inner-0.200001/'
[MSG] [Fri Mar 15 22:34:16 2013] Extracted 'Class-Inner-0.200001/MANIFEST'
[MSG] [Fri Mar 15 22:34:16 2013] Extracted 'Class-Inner-0.200001/Makefile.PL'
[MSG] [Fri Mar 15 22:34:16 2013] Extracted 'Class-Inner-0.200001/META.yml'
[MSG] [Fri Mar 15 22:34:16 2013] Extracted 'Class-Inner-0.200001/README'
[MSG] [Fri Mar 15 22:34:16 2013] Extracted 'Class-Inner-0.200001/lib/'
[MSG] [Fri Mar 15 22:34:16 2013] Extracted 'Class-Inner-0.200001/lib/Class/'
[MSG] [Fri Mar 15 22:34:17 2013] Extracted 'Class-Inner-0.200001/lib/Class/Inner.pm'
[MSG] [Fri Mar 15 22:34:17 2013] Extracted 'Class-Inner-0.200001/t/'
[MSG] [Fri Mar 15 22:34:17 2013] Extracted 'Class-Inner-0.200001/t/basic.t'
[MSG] [Fri Mar 15 22:34:17 2013] Extracted 'Class-Inner-0.200001/Changes'
[MSG] [Fri Mar 15 22:34:17 2013] Extracted 'Class::Inner' to '/home/cpanbuilder/.cpanplus/5.14.2/build/Class-Inner-0.200001'
[MSG] [Fri Mar 15 22:34:17 2013] Checking if your kit is complete...
Looks good
Writing Makefile for Class::Inner
Writing MYMETA.yml and MYMETA.json

[MSG] [Fri Mar 15 22:34:17 2013] DEFAULT 'filter_prereqs' HANDLER RETURNING 'sub return value'
[MSG] [Fri Mar 15 22:34:18 2013] cp lib/Class/Inner.pm blib/lib/Class/Inner.pm
Manifying blib/man3/Class::Inner.3pm

[MSG] [Fri Mar 15 22:34:19 2013] MAKE TEST passed: PERL_DL_NONLAZY=1 /usr/bin/perl "-MExtUtils::Command::MM" "-e" "test_harness(0, 'blib/lib', 'blib/arch')" t/*.t
t/basic.t .. ok
All tests successful.
Files=1, Tests=13,  0 wallclock secs ( 0.06 usr  0.01 sys +  0.08 cusr  0.02 csys =  0.17 CPU)
Result: PASS

[MSG] [Fri Mar 15 22:34:19 2013] Sending test report for 'Class-Inner-0.200001'
[MSG] [Fri Mar 15 22:34:21 2013] Successfully sent 'pass' report for 'Class-Inner-0.200001'
[MSG] [Fri Mar 15 22:34:21 2013] Using cached file '/home/cpanbuilder/.cpanplus/authors/id/A/AN/ANDK/CHECKSUMS' on disk; ttl (3600s) is not exceeded
[MSG] [Fri Mar 15 22:34:21 2013] Checksum matches for 'Devel-Symdump-2.08.tar.gz'
[MSG] [Fri Mar 15 22:34:21 2013] Extracted 'Devel-Symdump-2.08/'
[MSG] [Fri Mar 15 22:34:21 2013] Extracted 'Devel-Symdump-2.08/t/'
[MSG] [Fri Mar 15 22:34:21 2013] Extracted 'Devel-Symdump-2.08/t/recur.t'
[MSG] [Fri Mar 15 22:34:21 2013] Extracted 'Devel-Symdump-2.08/t/export.t'
[MSG] [Fri Mar 15 22:34:21 2013] Extracted 'Devel-Symdump-2.08/t/tree.t'
[MSG] [Fri Mar 15 22:34:21 2013] Extracted 'Devel-Symdump-2.08/t/symdump.t'
[MSG] [Fri Mar 15 22:34:22 2013] Extracted 'Devel-Symdump-2.08/t/pod.t'
[MSG] [Fri Mar 15 22:34:22 2013] Extracted 'Devel-Symdump-2.08/t/autogen.t'
[MSG] [Fri Mar 15 22:34:22 2013] Extracted 'Devel-Symdump-2.08/t/diff.t'
[MSG] [Fri Mar 15 22:34:22 2013] Extracted 'Devel-Symdump-2.08/t/podcover.t'
[MSG] [Fri Mar 15 22:34:22 2013] Extracted 'Devel-Symdump-2.08/ChangeLog.svn'
[MSG] [Fri Mar 15 22:34:22 2013] Extracted 'Devel-Symdump-2.08/MANIFEST'
[MSG] [Fri Mar 15 22:34:22 2013] Extracted 'Devel-Symdump-2.08/ChangeLog'
[MSG] [Fri Mar 15 22:34:22 2013] Extracted 'Devel-Symdump-2.08/lib/'
[MSG] [Fri Mar 15 22:34:22 2013] Extracted 'Devel-Symdump-2.08/lib/Devel/'
[MSG] [Fri Mar 15 22:34:22 2013] Extracted 'Devel-Symdump-2.08/lib/Devel/Symdump.pm'
[MSG] [Fri Mar 15 22:34:22 2013] Extracted 'Devel-Symdump-2.08/lib/Devel/Symdump/'
[MSG] [Fri Mar 15 22:34:22 2013] Extracted 'Devel-Symdump-2.08/lib/Devel/Symdump/Export.pm'
[MSG] [Fri Mar 15 22:34:22 2013] Extracted 'Devel-Symdump-2.08/Makefile.PL'
[MSG] [Fri Mar 15 22:34:22 2013] Extracted 'Devel-Symdump-2.08/README'
[MSG] [Fri Mar 15 22:34:22 2013] Extracted 'Devel-Symdump-2.08/META.yml'
[MSG] [Fri Mar 15 22:34:22 2013] Extracted 'Devel-Symdump-2.08/SIGNATURE'
[MSG] [Fri Mar 15 22:34:22 2013] Extracted 'Devel::Symdump' to '/home/cpanbuilder/.cpanplus/5.14.2/build/Devel-Symdump-2.08'
[MSG] [Fri Mar 15 22:34:22 2013] Writing Makefile for Devel::Symdump
Writing MYMETA.yml and MYMETA.json

[MSG] [Fri Mar 15 22:34:22 2013] DEFAULT 'filter_prereqs' HANDLER RETURNING 'sub return value'
[MSG] [Fri Mar 15 22:34:23 2013] Skip blib/lib/Devel/Symdump.pm (unchanged)
Skip blib/lib/Devel/Symdump/Export.pm (unchanged)
Manifying blib/man3/Devel::Symdump.3pm

[MSG] [Fri Mar 15 22:34:24 2013] MAKE TEST passed: PERL_DL_NONLAZY=1 /usr/bin/perl "-MExtUtils::Command::MM" "-e" "test_harness(0, 'blib/lib', 'blib/arch')" t/*.t
t/autogen.t ... ok
t/diff.t ...... ok
t/export.t .... ok
t/pod.t ....... skipped: Test::Pod 1.00 required for testing POD
t/podcover.t .. skipped: Test::Pod::Coverage required for testing pod coverage
t/recur.t ..... ok
t/symdump.t ... ok
t/tree.t ...... ok
All tests successful.
Files=8, Tests=29,  1 wallclock secs ( 0.12 usr  0.02 sys +  0.52 cusr  0.08 csys =  0.74 CPU)
Result: PASS

[MSG] [Fri Mar 15 22:34:24 2013] Sending test report for 'Devel-Symdump-2.08'
[MSG] [Fri Mar 15 22:34:24 2013] Ok, not sending test report
[MSG] [Fri Mar 15 22:34:24 2013] Trying to get 'ftp://ftp.cpan.org/pub/CPAN/authors/id/S/SH/SHLOMIF/CHECKSUMS'
[MSG] [Fri Mar 15 22:34:26 2013] Checksum matches for 'Error-0.17019.tar.gz'
[MSG] [Fri Mar 15 22:34:28 2013] Extracted 'Error-0.17019'
[MSG] [Fri Mar 15 22:34:28 2013] Extracted 'Error-0.17019/MANIFEST'
[MSG] [Fri Mar 15 22:34:28 2013] Extracted 'Error-0.17019/Build.PL'
[MSG] [Fri Mar 15 22:34:28 2013] Extracted 'Error-0.17019/ChangeLog'
[MSG] [Fri Mar 15 22:34:28 2013] Extracted 'Error-0.17019/Makefile.PL'
[MSG] [Fri Mar 15 22:34:28 2013] Extracted 'Error-0.17019/META.yml'
[MSG] [Fri Mar 15 22:34:28 2013] Extracted 'Error-0.17019/META.json'
[MSG] [Fri Mar 15 22:34:28 2013] Extracted 'Error-0.17019/README'
[MSG] [Fri Mar 15 22:34:28 2013] Extracted 'Error-0.17019/lib'
[MSG] [Fri Mar 15 22:34:28 2013] Extracted 'Error-0.17019/lib/Error.pm'
[MSG] [Fri Mar 15 22:34:28 2013] Extracted 'Error-0.17019/lib/Error'
[MSG] [Fri Mar 15 22:34:28 2013] Extracted 'Error-0.17019/lib/Error/Simple.pm'
[MSG] [Fri Mar 15 22:34:28 2013] Extracted 'Error-0.17019/examples'
[MSG] [Fri Mar 15 22:34:28 2013] Extracted 'Error-0.17019/examples/example.pl'
[MSG] [Fri Mar 15 22:34:28 2013] Extracted 'Error-0.17019/examples/warndie.pl'
[MSG] [Fri Mar 15 22:34:28 2013] Extracted 'Error-0.17019/examples/next-in-loop'
[MSG] [Fri Mar 15 22:34:28 2013] Extracted 'Error-0.17019/examples/next-in-loop/Error.pm-next.pl'
[MSG] [Fri Mar 15 22:34:28 2013] Extracted 'Error-0.17019/examples/next-in-loop/Error.pm-eval.pl'
[MSG] [Fri Mar 15 22:34:28 2013] Extracted 'Error-0.17019/examples/next-in-loop/Error.pm-next-label.pl'
[MSG] [Fri Mar 15 22:34:28 2013] Extracted 'Error-0.17019/examples/next-in-loop/Error.pm-next-out-of-catch.pl'
[MSG] [Fri Mar 15 22:34:28 2013] Extracted 'Error-0.17019/examples/next-in-loop/README'
[MSG] [Fri Mar 15 22:34:28 2013] Extracted 'Error-0.17019/inc'
[MSG] [Fri Mar 15 22:34:28 2013] Extracted 'Error-0.17019/inc/Test'
[MSG] [Fri Mar 15 22:34:28 2013] Extracted 'Error-0.17019/inc/Test/Run'
[MSG] [Fri Mar 15 22:34:28 2013] Extracted 'Error-0.17019/inc/Test/Run/Builder.pm'
[MSG] [Fri Mar 15 22:34:28 2013] Extracted 'Error-0.17019/t'
[MSG] [Fri Mar 15 22:34:28 2013] Extracted 'Error-0.17019/t/08warndie.t'
[MSG] [Fri Mar 15 22:34:28 2013] Extracted 'Error-0.17019/t/13except-arg0.t'
[MSG] [Fri Mar 15 22:34:28 2013] Extracted 'Error-0.17019/t/05text-errors-with-file-handles.t'
[MSG] [Fri Mar 15 22:34:28 2013] Extracted 'Error-0.17019/t/09dollar-at.t'
[MSG] [Fri Mar 15 22:34:28 2013] Extracted 'Error-0.17019/t/04use-base-Error-Simple.t'
[MSG] [Fri Mar 15 22:34:28 2013] Extracted 'Error-0.17019/t/07try-in-obj-destructor.t'
[MSG] [Fri Mar 15 22:34:28 2013] Extracted 'Error-0.17019/t/pod-coverage.t'
[MSG] [Fri Mar 15 22:34:28 2013] Extracted 'Error-0.17019/t/06customize-text-throw.t'
[MSG] [Fri Mar 15 22:34:28 2013] Extracted 'Error-0.17019/t/11rethrow.t'
[MSG] [Fri Mar 15 22:34:28 2013] Extracted 'Error-0.17019/t/12wrong-error-var.t'
[MSG] [Fri Mar 15 22:34:28 2013] Extracted 'Error-0.17019/t/pod.t'
[MSG] [Fri Mar 15 22:34:28 2013] Extracted 'Error-0.17019/t/01throw.t'
[MSG] [Fri Mar 15 22:34:28 2013] Extracted 'Error-0.17019/t/10throw-in-catch.t'
[MSG] [Fri Mar 15 22:34:28 2013] Extracted 'Error-0.17019/t/02order.t'
[MSG] [Fri Mar 15 22:34:28 2013] Extracted 'Error-0.17019/t/03throw-non-Error.t'
[MSG] [Fri Mar 15 22:34:28 2013] Extracted 'Error-0.17019/t/lib'
[MSG] [Fri Mar 15 22:34:28 2013] Extracted 'Error-0.17019/t/lib/MyDie.pm'
[MSG] [Fri Mar 15 22:34:28 2013] Extracted 'Error-0.17019/scripts'
[MSG] [Fri Mar 15 22:34:28 2013] Extracted 'Error-0.17019/scripts/bump-version-number.pl'
[MSG] [Fri Mar 15 22:34:28 2013] Extracted 'Error' to '/home/cpanbuilder/.cpanplus/5.14.2/build/Error-0.17019'
[MSG] [Fri Mar 15 22:34:28 2013] Module 'Error' requires 'Module::Build' version '0.39' to be installed 
[MSG] [Fri Mar 15 22:34:28 2013] Using cached file '/home/cpanbuilder/.cpanplus/authors/id/L/LE/LEONT/CHECKSUMS' on disk; ttl (3600s) is not exceeded
[MSG] [Fri Mar 15 22:34:28 2013] Checksum matches for 'Module-Build-0.4003.tar.gz'
[MSG] [Fri Mar 15 22:34:33 2013] Extracted 'Module-Build-0.4003'
[MSG] [Fri Mar 15 22:34:33 2013] Extracted 'Module-Build-0.4003/Changes'
[MSG] [Fri Mar 15 22:34:33 2013] Extracted 'Module-Build-0.4003/META.json'
[MSG] [Fri Mar 15 22:34:33 2013] Extracted 'Module-Build-0.4003/META.yml'
[MSG] [Fri Mar 15 22:34:33 2013] Extracted 'Module-Build-0.4003/MANIFEST'
[MSG] [Fri Mar 15 22:34:33 2013] Extracted 'Module-Build-0.4003/LICENSE'
[MSG] [Fri Mar 15 22:34:33 2013] Extracted 'Module-Build-0.4003/README'
[MSG] [Fri Mar 15 22:34:33 2013] Extracted 'Module-Build-0.4003/Makefile.PL'
[MSG] [Fri Mar 15 22:34:33 2013] Extracted 'Module-Build-0.4003/INSTALL'
[MSG] [Fri Mar 15 22:34:33 2013] Extracted 'Module-Build-0.4003/Build.PL'
[MSG] [Fri Mar 15 22:34:33 2013] Extracted 'Module-Build-0.4003/t'
[MSG] [Fri Mar 15 22:34:33 2013] Extracted 'Module-Build-0.4003/t/new_from_context.t'
[MSG] [Fri Mar 15 22:34:33 2013] Extracted 'Module-Build-0.4003/t/install_extra_target.t'
[MSG] [Fri Mar 15 22:34:33 2013] Extracted 'Module-Build-0.4003/t/test_file_exts.t'
[MSG] [Fri Mar 15 22:34:33 2013] Extracted 'Module-Build-0.4003/t/runthrough.t'
[MSG] [Fri Mar 15 22:34:33 2013] Extracted 'Module-Build-0.4003/t/ppm.t'
[MSG] [Fri Mar 15 22:34:33 2013] Extracted 'Module-Build-0.4003/t/use_tap_harness.t'
[MSG] [Fri Mar 15 22:34:33 2013] Extracted 'Module-Build-0.4003/t/debug.t'
[MSG] [Fri Mar 15 22:34:33 2013] Extracted 'Module-Build-0.4003/t/extend.t'
[MSG] [Fri Mar 15 22:34:33 2013] Extracted 'Module-Build-0.4003/t/write_default_maniskip.t'
[MSG] [Fri Mar 15 22:34:33 2013] Extracted 'Module-Build-0.4003/t/resume.t'
[MSG] [Fri Mar 15 22:34:33 2013] Extracted 'Module-Build-0.4003/t/destinations.t'
[MSG] [Fri Mar 15 22:34:33 2013] Extracted 'Module-Build-0.4003/t/bundle_inc.t'
[MSG] [Fri Mar 15 22:34:33 2013] Extracted 'Module-Build-0.4003/t/manifypods.t'
[MSG] [Fri Mar 15 22:34:33 2013] Extracted 'Module-Build-0.4003/t/metadata.t'
[MSG] [Fri Mar 15 22:34:33 2013] Extracted 'Module-Build-0.4003/t/signature.t'
[MSG] [Fri Mar 15 22:34:33 2013] Extracted 'Module-Build-0.4003/t/tilde.t'
[MSG] [Fri Mar 15 22:34:33 2013] Extracted 'Module-Build-0.4003/t/xs.t'
[MSG] [Fri Mar 15 22:34:33 2013] Extracted 'Module-Build-0.4003/t/perl_mb_opt.t'
[MSG] [Fri Mar 15 22:34:33 2013] Extracted 'Module-Build-0.4003/t/ext.t'
[MSG] [Fri Mar 15 22:34:33 2013] Extracted 'Module-Build-0.4003/t/compat.t'
[MSG] [Fri Mar 15 22:34:33 2013] Extracted 'Module-Build-0.4003/t/00-compile.t'
[MSG] [Fri Mar 15 22:34:33 2013] Extracted 'Module-Build-0.4003/t/test_type.t'
[MSG] [Fri Mar 15 22:34:33 2013] Extracted 'Module-Build-0.4003/t/par.t'
[MSG] [Fri Mar 15 22:34:33 2013] Extracted 'Module-Build-0.4003/t/help.t'
[MSG] [Fri Mar 15 22:34:33 2013] Extracted 'Module-Build-0.4003/t/versions.t'
[MSG] [Fri Mar 15 22:34:33 2013] Extracted 'Module-Build-0.4003/t/basic.t'
[MSG] [Fri Mar 15 22:34:33 2013] Extracted 'Module-Build-0.4003/t/add_property.t'
[MSG] [Fri Mar 15 22:34:33 2013] Extracted 'Module-Build-0.4003/t/pod_parser.t'
[MSG] [Fri Mar 15 22:34:33 2013] Extracted 'Module-Build-0.4003/t/test_types.t'
[MSG] [Fri Mar 15 22:34:33 2013] Extracted 'Module-Build-0.4003/t/files.t'
[MSG] [Fri Mar 15 22:34:33 2013] Extracted 'Module-Build-0.4003/t/install.t'
[MSG] [Fri Mar 15 22:34:33 2013] Extracted 'Module-Build-0.4003/t/metadata2.t'
[MSG] [Fri Mar 15 22:34:33 2013] Extracted 'Module-Build-0.4003/t/sample.t'
[MSG] [Fri Mar 15 22:34:33 2013] Extracted 'Module-Build-0.4003/t/mymeta.t'
[MSG] [Fri Mar 15 22:34:33 2013] Extracted 'Module-Build-0.4003/t/script_dist.t'
[MSG] [Fri Mar 15 22:34:33 2013] Extracted 'Module-Build-0.4003/t/PL_files.t'
[MSG] [Fri Mar 15 22:34:33 2013] Extracted 'Module-Build-0.4003/t/notes.t'
[MSG] [Fri Mar 15 22:34:33 2013] Extracted 'Module-Build-0.4003/t/parents.t'
[MSG] [Fri Mar 15 22:34:33 2013] Extracted 'Module-Build-0.4003/t/README.pod'
[MSG] [Fri Mar 15 22:34:33 2013] Extracted 'Module-Build-0.4003/t/properties'
[MSG] [Fri Mar 15 22:34:33 2013] Extracted 'Module-Build-0.4003/t/properties/requires.t'
[MSG] [Fri Mar 15 22:34:33 2013] Extracted 'Module-Build-0.4003/t/properties/license.t'
[MSG] [Fri Mar 15 22:34:33 2013] Extracted 'Module-Build-0.4003/t/properties/needs_compiler.t'
[MSG] [Fri Mar 15 22:34:33 2013] Extracted 'Module-Build-0.4003/t/properties/release_status.t'
[MSG] [Fri Mar 15 22:34:33 2013] Extracted 'Module-Build-0.4003/t/properties/dist_suffix.t'
[MSG] [Fri Mar 15 22:34:33 2013] Extracted 'Module-Build-0.4003/t/properties/share_dir.t'
[MSG] [Fri Mar 15 22:34:33 2013] Extracted 'Module-Build-0.4003/t/properties/module_name.t'
[MSG] [Fri Mar 15 22:34:33 2013] Extracted 'Module-Build-0.4003/t/lib'
[MSG] [Fri Mar 15 22:34:33 2013] Extracted 'Module-Build-0.4003/t/lib/DistGen.pm'
[MSG] [Fri Mar 15 22:34:33 2013] Extracted 'Module-Build-0.4003/t/lib/MBTest.pm'
[MSG] [Fri Mar 15 22:34:33 2013] Extracted 'Module-Build-0.4003/t/lib/Module'
[MSG] [Fri Mar 15 22:34:33 2013] Extracted 'Module-Build-0.4003/t/lib/Module/Signature.pm'
[MSG] [Fri Mar 15 22:34:33 2013] Extracted 'Module-Build-0.4003/t/lib/Software'
[MSG] [Fri Mar 15 22:34:33 2013] Extracted 'Module-Build-0.4003/t/lib/Software/License'
[MSG] [Fri Mar 15 22:34:34 2013] Extracted 'Module-Build-0.4003/t/lib/Software/License/VaporWare.pm'
[MSG] [Fri Mar 15 22:34:34 2013] Extracted 'Module-Build-0.4003/t/actions'
[MSG] [Fri Mar 15 22:34:34 2013] Extracted 'Module-Build-0.4003/t/actions/installdeps.t'
[MSG] [Fri Mar 15 22:34:34 2013] Extracted 'Module-Build-0.4003/t/actions/manifest_skip.t'
[MSG] [Fri Mar 15 22:34:34 2013] Extracted 'Module-Build-0.4003/t/bundled'
[MSG] [Fri Mar 15 22:34:34 2013] Extracted 'Module-Build-0.4003/t/bundled/Software'
[MSG] [Fri Mar 15 22:34:34 2013] Extracted 'Module-Build-0.4003/t/bundled/Software/License.pm'
[MSG] [Fri Mar 15 22:34:34 2013] Extracted 'Module-Build-0.4003/t/bundled/Tie'
[MSG] [Fri Mar 15 22:34:34 2013] Extracted 'Module-Build-0.4003/t/bundled/Tie/CPHash.pm'
[MSG] [Fri Mar 15 22:34:34 2013] Extracted 'Module-Build-0.4003/t/compat'
[MSG] [Fri Mar 15 22:34:34 2013] Extracted 'Module-Build-0.4003/t/compat/exit.t'
[MSG] [Fri Mar 15 22:34:34 2013] Extracted 'Module-Build-0.4003/lib'
[MSG] [Fri Mar 15 22:34:34 2013] Extracted 'Module-Build-0.4003/lib/inc'
[MSG] [Fri Mar 15 22:34:34 2013] Extracted 'Module-Build-0.4003/lib/inc/latest.pm'
[MSG] [Fri Mar 15 22:34:34 2013] Extracted 'Module-Build-0.4003/lib/inc/latest'
[MSG] [Fri Mar 15 22:34:34 2013] Extracted 'Module-Build-0.4003/lib/inc/latest/private.pm'
[MSG] [Fri Mar 15 22:34:34 2013] Extracted 'Module-Build-0.4003/lib/Module'
[MSG] [Fri Mar 15 22:34:34 2013] Extracted 'Module-Build-0.4003/lib/Module/Build.pm'
[MSG] [Fri Mar 15 22:34:34 2013] Extracted 'Module-Build-0.4003/lib/Module/Build'
[MSG] [Fri Mar 15 22:34:34 2013] Extracted 'Module-Build-0.4003/lib/Module/Build/PodParser.pm'
[MSG] [Fri Mar 15 22:34:34 2013] Extracted 'Module-Build-0.4003/lib/Module/Build/Base.pm'
[MSG] [Fri Mar 15 22:34:34 2013] Extracted 'Module-Build-0.4003/lib/Module/Build/Authoring.pod'
[MSG] [Fri Mar 15 22:34:34 2013] Extracted 'Module-Build-0.4003/lib/Module/Build/Config.pm'
[MSG] [Fri Mar 15 22:34:34 2013] Extracted 'Module-Build-0.4003/lib/Module/Build/YAML.pm'
[MSG] [Fri Mar 15 22:34:34 2013] Extracted 'Module-Build-0.4003/lib/Module/Build/Dumper.pm'
[MSG] [Fri Mar 15 22:34:34 2013] Extracted 'Module-Build-0.4003/lib/Module/Build/Cookbook.pm'
[MSG] [Fri Mar 15 22:34:34 2013] Extracted 'Module-Build-0.4003/lib/Module/Build/Bundling.pod'
[MSG] [Fri Mar 15 22:34:34 2013] Extracted 'Module-Build-0.4003/lib/Module/Build/ModuleInfo.pm'
[MSG] [Fri Mar 15 22:34:34 2013] Extracted 'Module-Build-0.4003/lib/Module/Build/Notes.pm'
[MSG] [Fri Mar 15 22:34:34 2013] Extracted 'Module-Build-0.4003/lib/Module/Build/API.pod'
[MSG] [Fri Mar 15 22:34:34 2013] Extracted 'Module-Build-0.4003/lib/Module/Build/PPMMaker.pm'
[MSG] [Fri Mar 15 22:34:34 2013] Extracted 'Module-Build-0.4003/lib/Module/Build/Compat.pm'
[MSG] [Fri Mar 15 22:34:34 2013] Extracted 'Module-Build-0.4003/lib/Module/Build/Version.pm'
[MSG] [Fri Mar 15 22:34:34 2013] Extracted 'Module-Build-0.4003/lib/Module/Build/Platform'
[MSG] [Fri Mar 15 22:34:34 2013] Extracted 'Module-Build-0.4003/lib/Module/Build/Platform/os2.pm'
[MSG] [Fri Mar 15 22:34:34 2013] Extracted 'Module-Build-0.4003/lib/Module/Build/Platform/Windows.pm'
[MSG] [Fri Mar 15 22:34:34 2013] Extracted 'Module-Build-0.4003/lib/Module/Build/Platform/cygwin.pm'
[MSG] [Fri Mar 15 22:34:34 2013] Extracted 'Module-Build-0.4003/lib/Module/Build/Platform/VMS.pm'
[MSG] [Fri Mar 15 22:34:34 2013] Extracted 'Module-Build-0.4003/lib/Module/Build/Platform/aix.pm'
[MSG] [Fri Mar 15 22:34:34 2013] Extracted 'Module-Build-0.4003/lib/Module/Build/Platform/Unix.pm'
[MSG] [Fri Mar 15 22:34:34 2013] Extracted 'Module-Build-0.4003/lib/Module/Build/Platform/VOS.pm'
[MSG] [Fri Mar 15 22:34:34 2013] Extracted 'Module-Build-0.4003/lib/Module/Build/Platform/Amiga.pm'
[MSG] [Fri Mar 15 22:34:34 2013] Extracted 'Module-Build-0.4003/lib/Module/Build/Platform/MacOS.pm'
[MSG] [Fri Mar 15 22:34:34 2013] Extracted 'Module-Build-0.4003/lib/Module/Build/Platform/RiscOS.pm'
[MSG] [Fri Mar 15 22:34:34 2013] Extracted 'Module-Build-0.4003/lib/Module/Build/Platform/MPEiX.pm'
[MSG] [Fri Mar 15 22:34:34 2013] Extracted 'Module-Build-0.4003/lib/Module/Build/Platform/Default.pm'
[MSG] [Fri Mar 15 22:34:34 2013] Extracted 'Module-Build-0.4003/lib/Module/Build/Platform/darwin.pm'
[MSG] [Fri Mar 15 22:34:34 2013] Extracted 'Module-Build-0.4003/lib/Module/Build/Platform/EBCDIC.pm'
[MSG] [Fri Mar 15 22:34:34 2013] Extracted 'Module-Build-0.4003/inc'
[MSG] [Fri Mar 15 22:34:34 2013] Extracted 'Module-Build-0.4003/inc/bootstrap.pl'
[MSG] [Fri Mar 15 22:34:34 2013] Extracted 'Module-Build-0.4003/inc/MBVersion.pm'
[MSG] [Fri Mar 15 22:34:34 2013] Extracted 'Module-Build-0.4003/inc/Module'
[MSG] [Fri Mar 15 22:34:34 2013] Extracted 'Module-Build-0.4003/inc/Module/Metadata.pm'
[MSG] [Fri Mar 15 22:34:34 2013] Extracted 'Module-Build-0.4003/inc/Perl'
[MSG] [Fri Mar 15 22:34:34 2013] Extracted 'Module-Build-0.4003/inc/Perl/OSType.pm'
[MSG] [Fri Mar 15 22:34:34 2013] Extracted 'Module-Build-0.4003/bin'
[MSG] [Fri Mar 15 22:34:34 2013] Extracted 'Module-Build-0.4003/bin/config_data'
[MSG] [Fri Mar 15 22:34:34 2013] Extracted 'Module-Build-0.4003/contrib'
[MSG] [Fri Mar 15 22:34:34 2013] Extracted 'Module-Build-0.4003/contrib/bash_completion.module-build'
[MSG] [Fri Mar 15 22:34:34 2013] Extracted 'Module::Build' to '/home/cpanbuilder/.cpanplus/5.14.2/build/Module-Build-0.4003'
[MSG] [Fri Mar 15 22:34:36 2013] # running Build.PL --installdirs site
Created MYMETA.yml and MYMETA.json
Creating new 'Build' script for 'Module-Build' version '0.4003'

[MSG] [Fri Mar 15 22:34:36 2013] DEFAULT 'filter_prereqs' HANDLER RETURNING 'sub return value'
[MSG] [Fri Mar 15 22:34:37 2013] /usr/bin/perl Build --makefile_env_macros 1
Building Module-Build

[MSG] [Fri Mar 15 22:37:39 2013] MAKE TEST passed: /usr/bin/perl Build --makefile_env_macros 1 test
t/00-compile.t ................. ok
t/PL_files.t ................... ok
t/actions/installdeps.t ........ ok
t/actions/manifest_skip.t ...... ok
t/add_property.t ............... ok
t/basic.t ...................... ok
t/bundle_inc.t ................. skipped: $ENV{MB_TEST_EXPERIMENTAL} is not set
t/compat.t ..................... ok
t/compat/exit.t ................ ok
t/debug.t ...................... ok
t/destinations.t ............... ok
t/ext.t ........................ ok
t/extend.t ..................... ok
t/files.t ...................... ok
t/help.t ....................... ok
t/install.t .................... ok
t/install_extra_target.t ....... ok
t/manifypods.t ................. ok
t/metadata.t ................... ok
t/metadata2.t .................. ok
t/mymeta.t ..................... ok
t/new_from_context.t ........... ok
t/notes.t ...................... ok
t/par.t ........................ skipped: PAR::Dist 0.17 or up not installed to check .par's.
t/parents.t .................... ok
t/perl_mb_opt.t ................ ok
t/pod_parser.t ................. ok
t/ppm.t ........................ ok
t/properties/dist_suffix.t ..... ok
t/properties/license.t ......... ok
t/properties/module_name.t ..... ok
t/properties/needs_compiler.t .. ok
t/properties/release_status.t .. ok
t/properties/requires.t ........ ok
t/properties/share_dir.t ....... ok
t/resume.t ..................... ok
t/runthrough.t ................. ok
t/sample.t ..................... ok
t/script_dist.t ................ ok
t/signature.t .................. ok
t/test_file_exts.t ............. ok
t/test_type.t .................. ok
t/test_types.t ................. ok
t/tilde.t ...................... ok
t/use_tap_harness.t ............ ok
t/versions.t ................... ok
t/write_default_maniskip.t ..... ok
t/xs.t ......................... ok
All tests successful.
Files=48, Tests=1154, 181 wallclock secs ( 1.30 usr  0.15 sys + 151.00 cusr 25.97 csys = 178.42 CPU)
Result: PASS

[MSG] [Fri Mar 15 22:37:39 2013] Sending test report for 'Module-Build-0.4003'
[MSG] [Fri Mar 15 22:37:39 2013] Ok, not sending test report
[MSG] [Fri Mar 15 22:37:40 2013] Writing Makefile for Error
Writing MYMETA.yml and MYMETA.json

[MSG] [Fri Mar 15 22:37:40 2013] DEFAULT 'filter_prereqs' HANDLER RETURNING 'sub return value'
[MSG] [Fri Mar 15 22:37:40 2013] Skip blib/lib/Error.pm (unchanged)
Skip blib/lib/Error/Simple.pm (unchanged)
Manifying blib/man3/Error.3pm
Manifying blib/man3/Error::Simple.3pm

[MSG] [Fri Mar 15 22:37:42 2013] MAKE TEST passed: PERL_DL_NONLAZY=1 /usr/bin/perl "-MExtUtils::Command::MM" "-e" "test_harness(0, 'blib/lib', 'blib/arch')" t/*.t
t/01throw.t .......................... ok
t/02order.t .......................... ok
t/03throw-non-Error.t ................ ok
t/04use-base-Error-Simple.t .......... ok
t/05text-errors-with-file-handles.t .. ok
t/06customize-text-throw.t ........... ok
t/07try-in-obj-destructor.t .......... ok
t/08warndie.t ........................ ok
t/09dollar-at.t ...................... ok
t/10throw-in-catch.t ................. ok
t/11rethrow.t ........................ ok
t/12wrong-error-var.t ................ ok
t/13except-arg0.t .................... ok
t/pod-coverage.t ..................... skipped: Test::Pod::Coverage 1.04 required for testing POD coverage
t/pod.t .............................. skipped: Test::Pod 1.14 required for testing POD
All tests successful.
Files=15, Tests=60,  2 wallclock secs ( 0.18 usr  0.06 sys +  1.10 cusr  0.29 csys =  1.63 CPU)
Result: PASS

[MSG] [Fri Mar 15 22:37:42 2013] Sending test report for 'Error-0.17019'
[MSG] [Fri Mar 15 22:37:42 2013] Ok, not sending test report
[MSG] [Fri Mar 15 22:37:44 2013] cp lib/Test/Unit/Error.pm blib/lib/Test/Unit/Error.pm
cp TestLister.pl blib/lib/Test/TestLister.pl
cp lib/Test/Unit/Loader.pm blib/lib/Test/Unit/Loader.pm
cp lib/Test/Unit/Tutorial.pm blib/lib/Test/Unit/Tutorial.pm
cp lib/Test/Unit/Assertion.pm blib/lib/Test/Unit/Assertion.pm
cp lib/Test/Unit/Setup.pm blib/lib/Test/Unit/Setup.pm
cp TestRunner.pl blib/lib/Test/TestRunner.pl
cp lib/Test/Unit/Debug.pm blib/lib/Test/Unit/Debug.pm
cp lib/Test/Unit/Assertion/Boolean.pm blib/lib/Test/Unit/Assertion/Boolean.pm
cp lib/Test/Unit/Decorator.pm blib/lib/Test/Unit/Decorator.pm
cp lib/Test/Unit/TestSuite.pm blib/lib/Test/Unit/TestSuite.pm
cp lib/Test/Unit/Runner/Terminal.pm blib/lib/Test/Unit/Runner/Terminal.pm
cp lib/Test/Unit/Listener.pm blib/lib/Test/Unit/Listener.pm
cp lib/Test/Unit/Procedural.pm blib/lib/Test/Unit/Procedural.pm
cp TkTestRunner.pl blib/lib/Test/TkTestRunner.pl
cp lib/Test/Unit/Runner.pm blib/lib/Test/Unit/Runner.pm
cp lib/Test/Unit/UnitHarness.pm blib/lib/Test/Unit/UnitHarness.pm
cp lib/Test/Unit/HarnessUnit.pm blib/lib/Test/Unit/HarnessUnit.pm
cp lib/Test/Unit/Exception.pm blib/lib/Test/Unit/Exception.pm
cp lib/Test/Unit/Test.pm blib/lib/Test/Unit/Test.pm
cp lib/Test/Unit/TestCase.pm blib/lib/Test/Unit/TestCase.pm
cp lib/Test/Unit/Assertion/Exception.pm blib/lib/Test/Unit/Assertion/Exception.pm
cp lib/Test/Unit/Result.pm blib/lib/Test/Unit/Result.pm
cp lib/Test/Unit/TestRunner.pm blib/lib/Test/Unit/TestRunner.pm
cp lib/Test/Unit/Failure.pm blib/lib/Test/Unit/Failure.pm
cp lib/Test/Unit.pm blib/lib/Test/Unit.pm
cp lib/Test/Unit/TkTestRunner.pm blib/lib/Test/Unit/TkTestRunner.pm
cp lib/Test/Unit/Assertion/Regexp.pm blib/lib/Test/Unit/Assertion/Regexp.pm
cp lib/Test/Unit/Assert.pm blib/lib/Test/Unit/Assert.pm
cp lib/Test/Unit/Warning.pm blib/lib/Test/Unit/Warning.pm
cp lib/Test/Unit/Assertion/CodeRef.pm blib/lib/Test/Unit/Assertion/CodeRef.pm
Manifying blib/man3/Test::Unit::Error.3pm
Manifying blib/man3/Test::Unit::Tutorial.3pm
Manifying blib/man3/Test::Unit::Loader.3pm
Manifying blib/man3/Test::Unit::Setup.3pm
Manifying blib/man3/Test::Unit::Assertion.3pm
Manifying blib/man3/Test::Unit::Debug.3pm
Manifying blib/man3/Test::Unit::Assertion::Boolean.3pm
Manifying blib/man3/Test::Unit::Decorator.3pm
Manifying blib/man3/Test::Unit::TestSuite.3pm
Manifying blib/man3/Test::Unit::Runner::Terminal.3pm
Manifying blib/man3/Test::Unit::Listener.3pm
Manifying blib/man3/Test::Unit::Procedural.3pm
Manifying blib/man3/Test::Unit::Runner.3pm
Manifying blib/man3/Test::Unit::UnitHarness.3pm
Manifying blib/man3/Test::Unit::HarnessUnit.3pm
Manifying blib/man3/Test::Unit::Exception.3pm
Manifying blib/man3/Test::Unit::Assertion::Exception.3pm
Manifying blib/man3/Test::Unit::TestCase.3pm
Manifying blib/man3/Test::Unit::Test.3pm
Manifying blib/man3/Test::Unit::Result.3pm
Manifying blib/man3/Test::Unit::TestRunner.3pm
Manifying blib/man3/Test::Unit::Failure.3pm
Manifying blib/man3/Test::Unit::Assertion::Regexp.3pm
Manifying blib/man3/Test::Unit::TkTestRunner.3pm
Manifying blib/man3/Test::Unit.3pm
Manifying blib/man3/Test::Unit::Assert.3pm
Manifying blib/man3/Test::Unit::Assertion::CodeRef.3pm
Manifying blib/man3/Test::Unit::Warning.3pm

[ERROR] [Fri Mar 15 22:37:48 2013] MAKE TEST failed: PERL_DL_NONLAZY=1 /usr/bin/perl "-MExtUtils::Command::MM" "-e" "test_harness(0, 'blib/lib', 'blib/arch')" t/*.t
t/all_tests.t ..... ok
t/assert.t ........ 
Failed 2/40 subtests 
t/try_examples.t .. ok

Test Summary Report
-------------------
t/assert.t      (Wstat: 0 Tests: 40 Failed: 2)
  Failed tests:  26, 39
Files=3, Tests=89,  4 wallclock secs ( 0.12 usr  0.02 sys +  3.54 cusr  0.22 csys =  3.90 CPU)
Result: FAIL
Failed 1/3 test programs. 2/89 subtests failed.
make: *** [test_dynamic] Error 255

[MSG] [Fri Mar 15 22:37:48 2013] DEFAULT 'proceed_on_test_failure' HANDLER RETURNING 'sub return value'

PREREQUISITES:

Here is a list of prerequisites you specified and versions we 
managed to load:
                                
	  Module Name                        Have     Want
	  Class::Inner                   0.200001        0
	  Devel::Symdump                     2.08        0
	  Error                           0.17019        0
	  ExtUtils::MakeMaker                6.62        0
	  base                               2.16        1

Perl module toolchain versions installed:
	Module Name                        Have
	CPANPLUS                         0.9103
	CPANPLUS::Dist::Build              0.54
	Cwd                                3.36
	ExtUtils::CBuilder             0.280203
	ExtUtils::Command                  1.17
	ExtUtils::Install                  1.56
	ExtUtils::MakeMaker                6.62
	ExtUtils::Manifest                 1.58
	ExtUtils::ParseXS                2.2210
	File::Spec                         3.33
	Module::Build                    0.3800
	Test::Harness                      3.23
	Test::More                         0.98
	version                            0.88

******************************** NOTE ********************************
The comments above are created mechanically, possibly without manual
checking by the sender.  As there are many people performing automatic
tests on each upload to CPAN, it is likely that you will receive 
identical messages about the same problem.

If you believe that the message is mistaken, please reply to the first
one with correction and/or additional informations, and do not take
it personally.  We appreciate your patience. :)
**********************************************************************

Additional comments:
 

This report was machine-generated by CPAN::YACSmoke 0.03.

--

Summary of my perl5 (revision 5 version 14 subversion 2) configuration:
   
  Platform:
    osname=linux, osvers=3.2.0-23-generic, archname=x86_64-linux-gnu-thread-multi
    uname='linux batsu 3.2.0-23-generic #36-ubuntu smp tue apr 10 20:39:51 utc 2012 x86_64 x86_64 x86_64 gnulinux '
    config_args='-Dusethreads -Duselargefiles -Dccflags=-DDEBIAN -D_FORTIFY_SOURCE=2 -g -O2 -fstack-protector --param=ssp-buffer-size=4 -Wformat -Werror=format-security -Dldflags= -Wl,-Bsymbolic-functions -Wl,-z,relro -Dlddlflags=-shared -Wl,-Bsymbolic-functions -Wl,-z,relro -Dcccdlflags=-fPIC -Darchname=x86_64-linux-gnu -Dprefix=/usr -Dprivlib=/usr/share/perl/5.14 -Darchlib=/usr/lib/perl/5.14 -Dvendorprefix=/usr -Dvendorlib=/usr/share/perl5 -Dvendorarch=/usr/lib/perl5 -Dsiteprefix=/usr/local -Dsitelib=/usr/local/share/perl/5.14.2 -Dsitearch=/usr/local/lib/perl/5.14.2 -Dman1dir=/usr/share/man/man1 -Dman3dir=/usr/share/man/man3 -Dsiteman1dir=/usr/local/man/man1 -Dsiteman3dir=/usr/local/man/man3 -Duse64bitint -Dman1ext=1 -Dman3ext=3perl -Dpager=/usr/bin/sensible-pager -Uafs -Ud_csh -Ud_ualarm -Uusesfio -Uusenm -Ui_libutil -DDEBUGGING=-g -Doptimize=-O2 -Duseshrplib -Dlibperl=libperl.so.5.14.2 -des'
    hint=recommended, useposix=true, d_sigaction=define
    useithreads=define, usemultiplicity=define
    useperlio=define, d_sfio=undef, uselargefiles=define, usesocks=undef
    use64bitint=define, use64bitall=define, uselongdouble=undef
    usemymalloc=n, bincompat5005=undef
  Compiler:
    cc='cc', ccflags ='-D_REENTRANT -D_GNU_SOURCE -DDEBIAN -fstack-protector -fno-strict-aliasing -pipe -I/usr/local/include -D_LARGEFILE_SOURCE -D_FILE_OFFSET_BITS=64',
    optimize='-O2 -g',
    cppflags='-D_REENTRANT -D_GNU_SOURCE -DDEBIAN -fstack-protector -fno-strict-aliasing -pipe -I/usr/local/include'
    ccversion='', gccversion='4.7.1 20120908 (prerelease)', gccosandvers=''
    intsize=4, longsize=8, ptrsize=8, doublesize=8, byteorder=12345678
    d_longlong=define, longlongsize=8, d_longdbl=define, longdblsize=16
    ivtype='long', ivsize=8, nvtype='double', nvsize=8, Off_t='off_t', lseeksize=8
    alignbytes=8, prototype=define
  Linker and Libraries:
    ld='cc', ldflags =' -fstack-protector -L/usr/local/lib'
    libpth=/usr/local/lib /lib/x86_64-linux-gnu /lib/../lib /usr/lib/x86_64-linux-gnu /usr/lib/../lib /lib /usr/lib
    libs=-lgdbm -lgdbm_compat -ldb -ldl -lm -lpthread -lc -lcrypt
    perllibs=-ldl -lm -lpthread -lc -lcrypt
    libc=, so=so, useshrplib=true, libperl=libperl.so.5.14.2
    gnulibc_version='2.15'
  Dynamic Linking:
    dlsrc=dl_dlopen.xs, dlext=so, d_dlsymun=undef, ccdlflags='-Wl,-E'
    cccdlflags='-fPIC', lddlflags='-shared -L/usr/local/lib -fstack-protector'


Characteristics of this binary (from libperl): 
  Compile-time options: MULTIPLICITY PERL_DONT_CREATE_GVSV
                        PERL_IMPLICIT_CONTEXT PERL_MALLOC_WRAP
                        PERL_PRESERVE_IVUV USE_64_BIT_ALL USE_64_BIT_INT
                        USE_ITHREADS USE_LARGE_FILES USE_PERLIO USE_PERL_ATOF
                        USE_REENTRANT_API
  Locally applied patches:
	DEBPKG:debian/arm_thread_stress_timeout - http://bugs.debian.org/501970 Raise the timeout of ext/threads/shared/t/stress.t to accommodate slower build hosts
	DEBPKG:debian/cpan_definstalldirs - Provide a sensible INSTALLDIRS default for modules installed from CPAN.
	DEBPKG:debian/db_file_ver - http://bugs.debian.org/340047 Remove overly restrictive DB_File version check.
	DEBPKG:debian/doc_info - Replace generic man(1) instructions with Debian-specific information.
	DEBPKG:debian/enc2xs_inc - http://bugs.debian.org/290336 Tweak enc2xs to follow symlinks and ignore missing @INC directories.
	DEBPKG:debian/errno_ver - http://bugs.debian.org/343351 Remove Errno version check due to upgrade problems with long-running processes.
	DEBPKG:debian/libperl_embed_doc - http://bugs.debian.org/186778 Note that libperl-dev package is required for embedded linking
	DEBPKG:fixes/respect_umask - Respect umask during installation
	DEBPKG:debian/writable_site_dirs - Set umask approproately for site install directories
	DEBPKG:debian/extutils_set_libperl_path - EU:MM: Set location of libperl.a to /usr/lib
	DEBPKG:debian/no_packlist_perllocal - Don't install .packlist or perllocal.pod for perl or vendor
	DEBPKG:debian/prefix_changes - Fiddle with *PREFIX and variables written to the makefile
	DEBPKG:debian/fakeroot - Postpone LD_LIBRARY_PATH evaluation to the binary targets.
	DEBPKG:debian/instmodsh_doc - Debian policy doesn't install .packlist files for core or vendor.
	DEBPKG:debian/ld_run_path - Remove standard libs from LD_RUN_PATH as per Debian policy.
	DEBPKG:debian/libnet_config_path - Set location of libnet.cfg to /etc/perl/Net as /usr may not be writable.
	DEBPKG:debian/m68k_thread_stress - http://bugs.debian.org/517938 http://bugs.debian.org/495826 Disable some threads tests on m68k for now due to missing TLS.
	DEBPKG:debian/mod_paths - Tweak @INC ordering for Debian
	DEBPKG:debian/module_build_man_extensions - http://bugs.debian.org/479460 Adjust Module::Build manual page extensions for the Debian Perl policy
	DEBPKG:debian/prune_libs - http://bugs.debian.org/128355 Prune the list of libraries wanted to what we actually need.
	DEBPKG:fixes/net_smtp_docs - [rt.cpan.org #36038] http://bugs.debian.org/100195 Document the Net::SMTP 'Port' option
	DEBPKG:debian/perlivp - http://bugs.debian.org/510895 Make perlivp skip include directories in /usr/local
	DEBPKG:debian/cpanplus_definstalldirs - http://bugs.debian.org/533707 Configure CPANPLUS to use the site directories by default.
	DEBPKG:debian/cpanplus_config_path - Save local versions of CPANPLUS::Config::System into /etc/perl.
	DEBPKG:debian/deprecate-with-apt - http://bugs.debian.org/580034 Point users to Debian packages of deprecated core modules
	DEBPKG:fixes/hurd-ccflags - [a190e64] http://bugs.debian.org/587901 [perl #92244] Make hints/gnu.sh append to $ccflags rather than overriding them
	DEBPKG:debian/squelch-locale-warnings - http://bugs.debian.org/508764 Squelch locale warnings in Debian package maintainer scripts
	DEBPKG:debian/skip-upstream-git-tests - Skip tests specific to the upstream Git repository
	DEBPKG:fixes/extutils-cbuilder-cflags - [011e8fb] http://bugs.debian.org/624460 [perl #89478] Append CFLAGS and LDFLAGS to their Config.pm counterparts in EU::CBuilder
	DEBPKG:fixes/module-build-home-directory - http://bugs.debian.org/624850 [rt.cpan.org #67893] Fix failing tilde test when run under a UID without a passwd entry
	DEBPKG:debian/patchlevel - http://bugs.debian.org/567489 List packaged patches for 5.14.2-13 in patchlevel.h
	DEBPKG:fixes/h2ph-multiarch - [e7ec705] http://bugs.debian.org/625808 [perl #90122] Make h2ph correctly search gcc include directories
	DEBPKG:fixes/index-tainting - [3b36395] http://bugs.debian.org/291450 [perl #64804] RT 64804: tainting with index() of a constant
	DEBPKG:fixes/document_makemaker_ccflags - http://bugs.debian.org/628522 [rt.cpan.org #68613] Document that CCFLAGS should include $Config{ccflags}
	DEBPKG:fixes/sys-syslog-socket-timeout-kfreebsd.patch - http://bugs.debian.org/627821 [rt.cpan.org #69997] Use a socket timeout on GNU/kFreeBSD to catch ICMP port unreachable messages
	DEBPKG:fixes/hurd-hints - http://bugs.debian.org/636609 Improve general GNU hints, needed for GNU/Hurd.
	DEBPKG:fixes/pod_fixes - [7698aed] http://bugs.debian.org/637816 Fix typos in several pod/perl*.pod files
	DEBPKG:debian/find_html2text - http://bugs.debian.org/640479 Configure CPAN::Distribution with correct name of html2text
	DEBPKG:fixes/digest_eval_hole - http://bugs.debian.org/644108 Close the eval "require $module" security hole in Digest->new($algorithm)
	DEBPKG:fixes/hurd-ndbm - [f0d0a20] [perl #102680] http://bugs.debian.org/645989 Add GNU/Hurd hints for NDBM_File
	DEBPKG:fixes/sysconf.t-posix - [8040185] [perl #102888] http://bugs.debian.org/646016 Fix hang in ext/POSIX/t/sysconf.t on GNU/Hurd
	DEBPKG:fixes/hurd-largefile - [1fda587] [perl #103014] http://bugs.debian.org/645790 enable LFS on GNU/Hurd
	DEBPKG:debian/hurd_test_todo_syslog - http://bugs.debian.org/650093 Disable failing GNU/Hurd tests in cpan/Sys-Syslog/t/syslog.t
	DEBPKG:fixes/hurd_skip_itimer_virtual - [rt.cpan.org #72754] http://bugs.debian.org/650094 Skip interval timer tests in Time::HiRes on GNU/Hurd
	DEBPKG:debian/hurd_test_skip_sigdispatch - http://bugs.debian.org/650188 Disable failing GNU/Hurd tests op/sigdispatch.t
	DEBPKG:debian/hurd_test_skip_stack - http://bugs.debian.org/650175 Disable failing GNU/Hurd tests dist/threads/t/stack.t
	DEBPKG:debian/hurd_test_skip_pipe - http://bugs.debian.org/650187 Disable failing GNU/Hurd tests io/pipe.t
	DEBPKG:debian/hurd_test_skip_io_pipe - http://bugs.debian.org/650096 Disable failing GNU/Hurd tests dist/IO/t/io_pipe.t
	DEBPKG:fixes/manpage_name_CPAN - http://bugs.debian.org/650448 [rt.cpan.org #73396] cpan/CPAN: add NAME headings in modules with POD
	DEBPKG:fixes/manpage_name_CPANPLUS - http://bugs.debian.org/650450 [rt.cpan.org #73398] cpan/CPANPLUS: add NAME headings in modules with POD
	DEBPKG:fixes/manpage_name_Test-Harness - http://bugs.debian.org/650451 [rt.cpan.org #73399] cpan/Test-Harness: add NAME headings in modules with POD
	DEBPKG:fixes/manpage_name_Term-UI - http://bugs.debian.org/650452 [rt.cpan.org #73400] cpan/Term-UI: add NAME headings in modules with POD
	DEBPKG:fixes/podlators_ae_ligature_fallback - http://bugs.debian.org/652851 Fix the ASCII fallback string for AE
	DEBPKG:fixes/fsf_postal_address - [de89470] Update references to the FSF's postal address
	DEBPKG:fixes/cpan_module_pod_fixes - [perl #106870] [rt.cpan.org #73447] [rt.cpan.org #73446] Fix POD formatting in Term-Cap and Pod-Parser
	DEBPKG:fixes/cgi_no_shellwords_pl - Use Text::ParseWords instead of shellwords.pl
	DEBPKG:fixes/path_max_fallback - [perl #109262] http://bugs.debian.org/656869 Don't use _POSIX_PATH_MAX as a fallback PATH_MAX
	DEBPKG:debian/makemaker-pasthru - http://bugs.debian.org/660195 [rt.cpan.org #28632] Make EU::MM pass LD through to recursive Makefile.PL invocations
	DEBPKG:fixes/propagate_tainted_errors.patch - http://bugs.debian.org/cgi-bin/bugreport.cgi?bug=663158 [perl #111654] properly propagate tainted errors
	DEBPKG:debian/perl5db-x-terminal-emulator.patch - http://bugs.debian.org/668490 Invoke x-terminal-emulator rather than xterm in perl5db.pl
	DEBPKG:fixes/socket_cache_propagate - http://bugs.debian.org/cgi-bin/bugreport.cgi?bug=659075 [rt.cpan.org #61577] [perl #112736] sockdomain and socktype undef on newly accepted sockets
	DEBPKG:fixes/ipc_open3 - [perl #114454] http://bugs.debian.org/683894 IPC::Open3::open3(..., '-') broken
  Built under linux
  Compiled at Sep 13 2012 15:41:30
  %ENV:
    PERL5LIB="/home/cpanbuilder/perl5/lib/perl5/x86_64-linux-gnu-thread-multi:/home/cpanbuilder/perl5/lib/perl5:/home/cpanbuilder/.cpanplus/5.14.2/build/Class-Inner-0.200001/blib/lib:/home/cpanbuilder/.cpanplus/5.14.2/build/Class-Inner-0.200001/blib/arch:/home/cpanbuilder/.cpanplus/5.14.2/build/Devel-Symdump-2.08/blib/lib:/home/cpanbuilder/.cpanplus/5.14.2/build/Devel-Symdump-2.08/blib/arch:/home/cpanbuilder/.cpanplus/5.14.2/build/Module-Build-0.4003/blib/lib:/home/cpanbuilder/.cpanplus/5.14.2/build/Module-Build-0.4003/blib/arch:/home/cpanbuilder/.cpanplus/5.14.2/build/Error-0.17019/blib/lib:/home/cpanbuilder/.cpanplus/5.14.2/build/Error-0.17019/blib/arch:/home/cpanbuilder/.cpanplus/5.14.2/build/Test-Unit-0.25/blib/lib:/home/cpanbuilder/.cpanplus/5.14.2/build/Test-Unit-0.25/blib/arch"
    PERL5_CPANPLUS_IS_RUNNING="12190"
    PERL5_CPANPLUS_IS_VERSION="0.9103"
    PERL_LOCAL_LIB_ROOT="/home/cpanbuilder/perl5"
    PERL_MB_OPT="--install_base /home/cpanbuilder/perl5"
    PERL_MM_OPT="INSTALL_BASE=/home/cpanbuilder/perl5"
  @INC:
    /home/cpanbuilder/perl5/lib/perl5/x86_64-linux-gnu-thread-multi
    /home/cpanbuilder/perl5/lib/perl5/x86_64-linux-gnu-thread-multi
    /home/cpanbuilder/perl5/lib/perl5
    /home/cpanbuilder/.cpanplus/5.14.2/build/Class-Inner-0.200001/blib/lib
    /home/cpanbuilder/.cpanplus/5.14.2/build/Class-Inner-0.200001/blib/arch
    /home/cpanbuilder/.cpanplus/5.14.2/build/Devel-Symdump-2.08/blib/lib
    /home/cpanbuilder/.cpanplus/5.14.2/build/Devel-Symdump-2.08/blib/arch
    /home/cpanbuilder/.cpanplus/5.14.2/build/Module-Build-0.4003/blib/lib
    /home/cpanbuilder/.cpanplus/5.14.2/build/Module-Build-0.4003/blib/arch
    /home/cpanbuilder/.cpanplus/5.14.2/build/Error-0.17019/blib/lib
    /home/cpanbuilder/.cpanplus/5.14.2/build/Error-0.17019/blib/arch
    /home/cpanbuilder/.cpanplus/5.14.2/build/Test-Unit-0.25/blib/lib
    /home/cpanbuilder/.cpanplus/5.14.2/build/Test-Unit-0.25/blib/arch
    /etc/perl
    /usr/local/lib/perl/5.14.2
    /usr/local/share/perl/5.14.2
    /usr/lib/perl5
    /usr/share/perl5
    /usr/lib/perl/5.14
    /usr/share/perl/5.14
    /usr/local/lib/site_perl
    .