Report for Encode-JP-Mobile-0.30

Back
From: metabase:user:919240cc-3a5a-11e3-97e0-aee51455ead1
Subject: FAIL Encode-JP-Mobile-0.30 v5.20.1 GNU/Linux
Date: 2014-12-10T14:05:22Z

This distribution has been tested as part of the CPAN Testers
project, supporting the Perl programming language.  See
http://wiki.cpantesters.org/ for more information or email
questions to cpan-testers-discuss@perl.org


--
Dear MIYAGAWA,

This is a computer-generated report for Encode-JP-Mobile-0.30
on perl 5.20.1, created by App::cpanminus::reporter 0.11 (1.7016).

Thank you for uploading your work to CPAN.  However, there was a problem
testing your distribution.

If you think this report is invalid, please consult the CPAN Testers Wiki
for suggestions on how to avoid getting FAIL reports for missing library
or binary dependencies, unsupported operating systems, and so on:

http://wiki.cpantesters.org/wiki/CPANAuthorNotes

Sections of this report:

    * Tester comments
    * Program output
    * Prerequisites
    * Environment and other context

------------------------------
TESTER COMMENTS
------------------------------

Additional comments from tester:

none provided

------------------------------
PROGRAM OUTPUT
------------------------------

Output from '':

Building and testing Encode-JP-Mobile-0.30
Installing blib/lib/auto/Encode/JP/Mobile/convert-map-utf8.pl
Installing blib/lib/auto/Encode/JP/Mobile/softbank-table.pl
Installing blib/lib/auto/Encode/JP/Mobile/docomo-table.yaml
Installing blib/lib/auto/Encode/JP/Mobile/kddi-table.pl
Installing blib/lib/auto/Encode/JP/Mobile/softbank-table.yaml
Installing blib/lib/auto/Encode/JP/Mobile/convert-map-utf8.yaml
Installing blib/lib/auto/Encode/JP/Mobile/kddi-table.yaml
Installing blib/lib/auto/Encode/JP/Mobile/docomo-table.pl
Installing blib/lib/auto/Encode/JP/Mobile/softbank-unicode2sjis_auto.yaml
cp lib/Encode/JP/Mobile/MIME/DoCoMo.pm blib/lib/Encode/JP/Mobile/MIME/DoCoMo.pm
cp lib/Encode/JP/Mobile/ConvertPictogramSJIS.pm blib/lib/Encode/JP/Mobile/ConvertPictogramSJIS.pm
cp lib/Encode/JP/Mobile/Cookbook.pod blib/lib/Encode/JP/Mobile/Cookbook.pod
cp lib/Encode/JP/Mobile.pm blib/lib/Encode/JP/Mobile.pm
cp lib/Encode/JP/Mobile/Fallback.pm blib/lib/Encode/JP/Mobile/Fallback.pm
cp lib/Encode/JP/Mobile/Character.pm blib/lib/Encode/JP/Mobile/Character.pm
cp lib/Encode/JP/Mobile/MIME/SoftBank.pm blib/lib/Encode/JP/Mobile/MIME/SoftBank.pm
cp lib/Encode/JP/Mobile/AirHJIS.pm blib/lib/Encode/JP/Mobile/AirHJIS.pm
cp lib/Encode/JP/Mobile/KDDIJIS.pm blib/lib/Encode/JP/Mobile/KDDIJIS.pm
cp lib/Encode/JP/Mobile/Vodafone.pm blib/lib/Encode/JP/Mobile/Vodafone.pm
cp lib/Encode/JP/Mobile/MIME/AirH.pm blib/lib/Encode/JP/Mobile/MIME/AirH.pm
cp lib/Encode/JP/Mobile/Charnames.pm blib/lib/Encode/JP/Mobile/Charnames.pm
cp lib/Encode/JP/Mobile/MIME.pm blib/lib/Encode/JP/Mobile/MIME.pm
cp lib/Encode/JP/Mobile/MIME/KDDI.pm blib/lib/Encode/JP/Mobile/MIME/KDDI.pm
Running Mkbootstrap for Encode::JP::Mobile ()
chmod 644 "Mobile.bs"
"/home/ilmari/perl5/perlbrew/perls/20.1/bin/perl"  /home/ilmari/perl5/perlbrew/perls/20.1/bin/enc2xs -"Q" -o Mobile_t.c -f Mobile_t.fnm
Writing compiled form
64233 bytes in string tables
16335 bytes (20.3%) saved spotting duplicates
Reading x-sjis-airh-raw (x-sjis-airh-raw)
Reading x-sjis-docomo-raw (x-sjis-docomo-raw)
Reading x-sjis-kddi-auto-raw (x-sjis-kddi-auto-raw)
Reading x-sjis-kddi-cp932-raw (x-sjis-kddi-cp932-raw)
Reading x-sjis-softbank-auto-raw (x-sjis-softbank-auto-raw)
Reading x-utf8-docomo (x-utf8-docomo)
Reading x-utf8-kddi (x-utf8-kddi)
Reading x-utf8-softbank (x-utf8-softbank)
"/home/ilmari/perl5/perlbrew/perls/20.1/bin/perl" "/home/ilmari/perl5/perlbrew/perls/20.1/lib/5.20.1/ExtUtils/xsubpp"  -nolinenumbers -typemap "/home/ilmari/perl5/perlbrew/perls/20.1/lib/5.20.1/ExtUtils/typemap"  Mobile.xs > Mobile.xsc && mv Mobile.xsc Mobile.c
ccache gcc -c  -I/home/ilmari/.perlbrew/libs/20.1@std/lib/perl5/x86_64-linux/Encode -fwrapv -fno-strict-aliasing -pipe -fstack-protector -I/usr/local/include -D_LARGEFILE_SOURCE -D_FILE_OFFSET_BITS=64 -O2   -DVERSION=\"0.30\" -DXS_VERSION=\"0.30\" -fPIC "-I/home/ilmari/perl5/perlbrew/perls/20.1/lib/5.20.1/x86_64-linux/CORE"   Mobile.c
ccache gcc -c  -I/home/ilmari/.perlbrew/libs/20.1@std/lib/perl5/x86_64-linux/Encode -fwrapv -fno-strict-aliasing -pipe -fstack-protector -I/usr/local/include -D_LARGEFILE_SOURCE -D_FILE_OFFSET_BITS=64 -O2   -DVERSION=\"0.30\" -DXS_VERSION=\"0.30\" -fPIC "-I/home/ilmari/perl5/perlbrew/perls/20.1/lib/5.20.1/x86_64-linux/CORE"   Mobile_t.c
rm -f blib/arch/auto/Encode/JP/Mobile/Mobile.so
gcc  -shared -O2 -L/usr/local/lib -fstack-protector Mobile.o Mobile_t.o  -o blib/arch/auto/Encode/JP/Mobile/Mobile.so 	\
	     	\
	  
chmod 755 blib/arch/auto/Encode/JP/Mobile/Mobile.so
"/home/ilmari/perl5/perlbrew/perls/20.1/bin/perl" -MExtUtils::Command::MM -e 'cp_nonempty' -- Mobile.bs blib/arch/auto/Encode/JP/Mobile/Mobile.bs 644
Running Mkbootstrap for Encode::JP::Mobile ()
chmod 644 "Mobile.bs"
PERL_DL_NONLAZY=1 "/home/ilmari/perl5/perlbrew/perls/20.1/bin/perl" "-MExtUtils::Command::MM" "-MTest::Harness" "-e" "undef *Test::Harness::Switches; test_harness(0, 'blib/lib', 'blib/arch')" t/*.t
Use of uninitialized value in subroutine entry at /home/ilmari/.perlbrew/libs/20.1@std/lib/perl5/File/ShareDir.pm line 329.
t/airh-jis.t ......................... ok
Use of uninitialized value in subroutine entry at /home/ilmari/.perlbrew/libs/20.1@std/lib/perl5/File/ShareDir.pm line 329.
Use of uninitialized value in subroutine entry at /home/ilmari/.perlbrew/libs/20.1@std/lib/perl5/File/ShareDir.pm line 329.
Use of uninitialized value in subroutine entry at /home/ilmari/.perlbrew/libs/20.1@std/lib/perl5/File/ShareDir.pm line 329.
Use of uninitialized value in subroutine entry at /home/ilmari/.perlbrew/libs/20.1@std/lib/perl5/File/ShareDir.pm line 329.
t/character.t ........................ ok
Use of uninitialized value in subroutine entry at /home/ilmari/.perlbrew/libs/20.1@std/lib/perl5/File/ShareDir.pm line 329.
t/charnames-clobber-it.t ............. ok

#   Failed test at t/charnames.t line 45.
#          got: '1'
#     expected: ''

#   Failed test 'check warn num'
#   at t/charnames.t line 60.
#          got: '4'
#     expected: '1'

#   Failed test 'warning when unkown character'
#   at t/charnames.t line 61.
#                   'unknown charnames: ファーストフード at t/charnames.t line 45.
# '
#     doesn't match '(?^:unknown charnames: Foo)'
# Looks like you failed 3 tests of 34.
t/charnames.t ........................ 
Dubious, test returned 3 (wstat 768, 0x300)
Failed 3/34 subtests 
Use of uninitialized value in subroutine entry at /home/ilmari/.perlbrew/libs/20.1@std/lib/perl5/File/ShareDir.pm line 329.
t/convert-bruteforce.t ............... ok
Use of uninitialized value in subroutine entry at /home/ilmari/.perlbrew/libs/20.1@std/lib/perl5/File/ShareDir.pm line 329.
t/convert-sjis-fallback-leave_src.t .. ok
Use of uninitialized value in subroutine entry at /home/ilmari/.perlbrew/libs/20.1@std/lib/perl5/File/ShareDir.pm line 329.
t/docomo-bruteforce.t ................ ok
Use of uninitialized value in subroutine entry at /home/ilmari/.perlbrew/libs/20.1@std/lib/perl5/File/ShareDir.pm line 329.
t/emoji_convert_sjis.t ............... ok
Use of uninitialized value in subroutine entry at /home/ilmari/.perlbrew/libs/20.1@std/lib/perl5/File/ShareDir.pm line 329.
t/emoji_convert_utf8.t ............... ok
Use of uninitialized value in subroutine entry at /home/ilmari/.perlbrew/libs/20.1@std/lib/perl5/File/ShareDir.pm line 329.
t/emoji_convert_utf8_fb.t ............ ok
Use of uninitialized value in subroutine entry at /home/ilmari/.perlbrew/libs/20.1@std/lib/perl5/File/ShareDir.pm line 329.
t/fallback.t ......................... ok
Use of uninitialized value in subroutine entry at /home/ilmari/.perlbrew/libs/20.1@std/lib/perl5/File/ShareDir.pm line 329.
t/fullwidth_tilde.t .................. ok
Use of uninitialized value in subroutine entry at /home/ilmari/.perlbrew/libs/20.1@std/lib/perl5/File/ShareDir.pm line 329.
t/kddi-bruteforce.t .................. ok
Use of uninitialized value in subroutine entry at /home/ilmari/.perlbrew/libs/20.1@std/lib/perl5/File/ShareDir.pm line 329.
t/kddi-jis.t ......................... ok
Use of uninitialized value in subroutine entry at /home/ilmari/.perlbrew/libs/20.1@std/lib/perl5/File/ShareDir.pm line 329.
t/kddi-trans.t ....................... ok
Use of uninitialized value in subroutine entry at /home/ilmari/.perlbrew/libs/20.1@std/lib/perl5/File/ShareDir.pm line 329.
t/mime_encoding.t .................... ok
Use of uninitialized value in subroutine entry at /home/ilmari/.perlbrew/libs/20.1@std/lib/perl5/File/ShareDir.pm line 329.
t/mime_name.t ........................ ok
Use of uninitialized value in subroutine entry at /home/ilmari/.perlbrew/libs/20.1@std/lib/perl5/File/ShareDir.pm line 329.
t/Mobile.t ........................... ok
Use of uninitialized value in subroutine entry at /home/ilmari/.perlbrew/libs/20.1@std/lib/perl5/File/ShareDir.pm line 329.
t/props-bruteforce-yaml.t ............ ok
Use of uninitialized value in subroutine entry at /home/ilmari/.perlbrew/libs/20.1@std/lib/perl5/File/ShareDir.pm line 329.
t/props-bruteforce.t ................. ok
Use of uninitialized value in subroutine entry at /home/ilmari/.perlbrew/libs/20.1@std/lib/perl5/File/ShareDir.pm line 329.
t/props.t ............................ ok
Use of uninitialized value in subroutine entry at /home/ilmari/.perlbrew/libs/20.1@std/lib/perl5/File/ShareDir.pm line 329.
t/softbank-bruteforce.t .............. ok
Use of uninitialized value in subroutine entry at /home/ilmari/.perlbrew/libs/20.1@std/lib/perl5/File/ShareDir.pm line 329.
t/softbank-manychars.t ............... ok
Use of uninitialized value in subroutine entry at /home/ilmari/.perlbrew/libs/20.1@std/lib/perl5/File/ShareDir.pm line 329.
t/vodafone-fallback.t ................ ok

Test Summary Report
-------------------
t/charnames.t                      (Wstat: 768 Tests: 34 Failed: 3)
  Failed tests:  18, 22-23
  Non-zero exit status: 3
Files=24, Tests=27835,  8 wallclock secs ( 1.90 usr  0.13 sys +  6.86 cusr  0.47 csys =  9.36 CPU)
Result: FAIL

------------------------------
PREREQUISITES
------------------------------

Prerequisite modules loaded:

    No requirements found

------------------------------
ENVIRONMENT AND OTHER CONTEXT
------------------------------

Environment variables:

    LANG = en_GB.UTF-8
    LANGUAGE = en_GB:en
    PATH = /home/ilmari/.perlbrew/libs/20.1@std/bin:/home/ilmari/perl5/perlbrew/bin:/home/ilmari/perl5/perlbrew/perls/20.1/bin:/home/ilmari/bin:/usr/lib/lightdm/lightdm:/usr/local/sbin:/usr/local/bin:/usr/sbin:/usr/bin:/sbin:/bin:/usr/games
    PERL5LIB = /home/ilmari/.perlbrew/libs/20.1@std/lib/perl5
    PERLBREW_BASHRC_VERSION = 0.64
    PERLBREW_HOME = /home/ilmari/.perlbrew
    PERLBREW_LIB = std
    PERLBREW_MANPATH = /home/ilmari/.perlbrew/libs/20.1@std/man:/home/ilmari/perl5/perlbrew/perls/20.1/man
    PERLBREW_PATH = /home/ilmari/.perlbrew/libs/20.1@std/bin:/home/ilmari/perl5/perlbrew/bin:/home/ilmari/perl5/perlbrew/perls/20.1/bin
    PERLBREW_PERL = 20.1
    PERLBREW_ROOT = /home/ilmari/perl5/perlbrew
    PERLBREW_VERSION = 0.64
    PERLDOC_PAGER = less -iR
    PERL_LOCAL_LIB_ROOT = /home/ilmari/.perlbrew/libs/20.1@std
    PERL_MB_OPT = --install_base /home/ilmari/.perlbrew/libs/20.1@std
    PERL_MM_OPT = INSTALL_BASE=/home/ilmari/.perlbrew/libs/20.1@std
    SHELL = /bin/bash
    TERM = xterm

Perl special variables (and OS-specific diagnostics, for MSWin32):

    EGID = 1000 4 24 27 30 46 104 109 124 127 1000
    EUID = 1000
    EXECUTABLE_NAME = /home/ilmari/perl5/perlbrew/perls/20.1/bin/perl
    GID = 1000 4 24 27 30 46 104 109 124 127 1000
    UID = 1000

Perl module toolchain versions installed:

    Module              Have    
    ------------------- --------
    CPAN                2.05    
    CPAN::Meta          2.142060
    Cwd                 3.48    
    ExtUtils::CBuilder  0.280217
    ExtUtils::Command   1.18    
    ExtUtils::Install   1.67    
    ExtUtils::MakeMaker 7.00    
    ExtUtils::Manifest  1.68    
    ExtUtils::ParseXS   3.24    
    File::Spec          3.48    
    JSON                2.90    
    JSON::PP            2.27203 
    Module::Build       0.4210  
    Module::Signature   n/a     
    Parse::CPAN::Meta   1.4414  
    Test::Harness       3.33    
    Test::More          1.001008
    YAML                1.12    
    YAML::Syck          n/a     
    version             0.9909  


--

Summary of my perl5 (revision 5 version 20 subversion 1) configuration:
   
  Platform:
    osname=linux, osvers=3.2.0-67-generic, archname=x86_64-linux
    uname='linux zarquon 3.2.0-67-generic #101-ubuntu smp tue jul 15 17:46:11 utc 2014 x86_64 x86_64 x86_64 gnulinux '
    config_args='-de -Dprefix=/home/ilmari/perl5/perlbrew/perls/20.1 -Dman1dir=none -Dman3dir=none -Dcc=ccache gcc -Dld=gcc -Aeval:scriptdir=/home/ilmari/perl5/perlbrew/perls/20.1/bin'
    hint=recommended, useposix=true, d_sigaction=define
    useithreads=undef, usemultiplicity=undef
    use64bitint=define, use64bitall=define, uselongdouble=undef
    usemymalloc=n, bincompat5005=undef
  Compiler:
    cc='ccache gcc', ccflags ='-fwrapv -fno-strict-aliasing -pipe -fstack-protector -I/usr/local/include -D_LARGEFILE_SOURCE -D_FILE_OFFSET_BITS=64',
    optimize='-O2',
    cppflags='-fwrapv -fno-strict-aliasing -pipe -fstack-protector -I/usr/local/include'
    ccversion='', gccversion='4.6.3', gccosandvers=''
    intsize=4, longsize=8, ptrsize=8, doublesize=8, byteorder=12345678
    d_longlong=define, longlongsize=8, d_longdbl=define, longdblsize=16
    ivtype='long', ivsize=8, nvtype='double', nvsize=8, Off_t='off_t', lseeksize=8
    alignbytes=8, prototype=define
  Linker and Libraries:
    ld='gcc', ldflags =' -fstack-protector -L/usr/local/lib'
    libpth=/usr/local/lib /usr/lib/gcc/x86_64-linux-gnu/4.6/include-fixed /usr/include/x86_64-linux-gnu /usr/lib /lib/x86_64-linux-gnu /lib/../lib /usr/lib/x86_64-linux-gnu /usr/lib/../lib /lib
    libs=-lnsl -lgdbm -ldb -ldl -lm -lcrypt -lutil -lc -lgdbm_compat
    perllibs=-lnsl -ldl -lm -lcrypt -lutil -lc
    libc=libc-2.15.so, so=so, useshrplib=false, libperl=libperl.a
    gnulibc_version='2.15'
  Dynamic Linking:
    dlsrc=dl_dlopen.xs, dlext=so, d_dlsymun=undef, ccdlflags='-Wl,-E'
    cccdlflags='-fPIC', lddlflags='-shared -O2 -L/usr/local/lib -fstack-protector'


Characteristics of this binary (from libperl): 
  Compile-time options: HAS_TIMES PERLIO_LAYERS PERL_DONT_CREATE_GVSV
                        PERL_HASH_FUNC_ONE_AT_A_TIME_HARD PERL_MALLOC_WRAP
                        PERL_NEW_COPY_ON_WRITE PERL_PRESERVE_IVUV
                        USE_64_BIT_ALL USE_64_BIT_INT USE_LARGE_FILES
                        USE_LOCALE USE_LOCALE_COLLATE USE_LOCALE_CTYPE
                        USE_LOCALE_NUMERIC USE_PERLIO USE_PERL_ATOF
  Built under linux
  Compiled at Sep 16 2014 13:21:19
  %ENV:
    PERL5LIB="/home/ilmari/.perlbrew/libs/20.1@std/lib/perl5"
    PERLBREW_BASHRC_VERSION="0.64"
    PERLBREW_HOME="/home/ilmari/.perlbrew"
    PERLBREW_LIB="std"
    PERLBREW_MANPATH="/home/ilmari/.perlbrew/libs/20.1@std/man:/home/ilmari/perl5/perlbrew/perls/20.1/man"
    PERLBREW_PATH="/home/ilmari/.perlbrew/libs/20.1@std/bin:/home/ilmari/perl5/perlbrew/bin:/home/ilmari/perl5/perlbrew/perls/20.1/bin"
    PERLBREW_PERL="20.1"
    PERLBREW_ROOT="/home/ilmari/perl5/perlbrew"
    PERLBREW_VERSION="0.64"
    PERLDOC_PAGER="less -iR"
    PERL_LOCAL_LIB_ROOT="/home/ilmari/.perlbrew/libs/20.1@std"
    PERL_MB_OPT="--install_base /home/ilmari/.perlbrew/libs/20.1@std"
    PERL_MM_OPT="INSTALL_BASE=/home/ilmari/.perlbrew/libs/20.1@std"
  @INC:
    /home/ilmari/.perlbrew/libs/20.1@std/lib/perl5/x86_64-linux
    /home/ilmari/.perlbrew/libs/20.1@std/lib/perl5
    /home/ilmari/perl5/perlbrew/perls/20.1/lib/site_perl/5.20.1/x86_64-linux
    /home/ilmari/perl5/perlbrew/perls/20.1/lib/site_perl/5.20.1
    /home/ilmari/perl5/perlbrew/perls/20.1/lib/5.20.1/x86_64-linux
    /home/ilmari/perl5/perlbrew/perls/20.1/lib/5.20.1
    .