Back
From: metabase:user:3215efbe-2aae-11df-837a-5e0a49663a4f
Subject: FAIL Bundle-PBib-2.08 v5.16.2 GNU/Linux
Date: 2013-01-05T18:49:04Z
This distribution has been tested as part of the CPAN Testers
project, supporting the Perl programming language. See
http://wiki.cpantesters.org/ for more information or email
questions to cpan-testers-discuss@perl.org
--
Dear Peter Tandler,
This is a computer-generated report for Bundle-PBib-2.08
on perl 5.16.2, created by CPAN-Reporter-1.2009.
Thank you for uploading your work to CPAN. However, there was a problem
testing your distribution.
If you think this report is invalid, please consult the CPAN Testers Wiki
for suggestions on how to avoid getting FAIL reports for missing library
or binary dependencies, unsupported operating systems, and so on:
http://wiki.cpantesters.org/wiki/CPANAuthorNotes
Sections of this report:
* Tester comments
* Program output
* Prerequisites
* Environment and other context
------------------------------
TESTER COMMENTS
------------------------------
Additional comments from tester:
this report is from an automated smoke testing program
and was not reviewed by a human for accuracy
------------------------------
PROGRAM OUTPUT
------------------------------
Output from './Build test':
gpgkeys: key 1D5ABE1759055F9B not found on keyserver
gpg: Signature made Mon Dec 13 23:33:25 2004 CET using RSA key ID 59055F9B
gpg: requesting key 59055F9B from hkp server pool.sks-keyservers.net
gpg: no valid OpenPGP data found.
gpg: Can't check signature: public key not found
==> BAD/TAMPERED signature detected! <==
# Failed test 'Valid signature'
# at t/00-signature.t line 22.
# Looks like you failed 1 test of 1.
t/00-signature.t ....
Dubious, test returned 1 (wstat 256, 0x100)
Failed 1/1 subtests
t/10-pbib-config.t .. ok
defined(%hash) is deprecated at /home/tf/.cpan/build/Bundle-PBib-2.08-ks5pcL/blib/lib/Biblio/bp/lib/bp-p-cs.pl line 115.
(Maybe you should just omit the defined()?)
defined(%hash) is deprecated at /home/tf/.cpan/build/Bundle-PBib-2.08-ks5pcL/blib/lib/Biblio/bp/lib/bp-p-cs.pl line 129.
(Maybe you should just omit the defined()?)
Using bp, version 0.2.97 (19 Dec 96).
Reading: auto:auto Writing: canon:8859-1
Use of uninitialized value $pattern in lc at /home/tf/.cpan/build/Bundle-PBib-2.08-ks5pcL/blib/lib/Biblio/File.pm line 66.
bp warning (record 16): Could not find bibtex crossref: CSCW96
bp warning (record 30): Could not find bibtex crossref: HUC00
bp warning (record 33): Could not find bibtex crossref: Carroll-HCIMillennium
bp warning (record 35): Could not find bibtex crossref: CHI92
bp warning (record 40): Could not find bibtex crossref: UIST02
bp warning (record 43): Could not find bibtex crossref: CSCW02
bp warning (record 57): Could not find bibtex crossref: CHI99
bp warning (record 63): Could not find bibtex crossref: UIST01
storePaper not yet supported ...
t/20-biblio.t ....... ok
t/21-odbc.t ......... skipped: Cannot assume that there is a ODBC data source available
defined(%hash) is deprecated at /home/tf/.cpan/build/Bundle-PBib-2.08-ks5pcL/blib/lib/Biblio/bp/lib/bp-p-cs.pl line 115.
(Maybe you should just omit the defined()?)
defined(%hash) is deprecated at /home/tf/.cpan/build/Bundle-PBib-2.08-ks5pcL/blib/lib/Biblio/bp/lib/bp-p-cs.pl line 129.
(Maybe you should just omit the defined()?)
Using bp, version 0.2.97 (19 Dec 96).
Reading: auto:auto Writing: canon:8859-1
"\c " is more clearly written simply as "\@" at /home/tf/.cpan/build/Bundle-PBib-2.08-ks5pcL/blib/lib/PBib/ReferenceConverter.pm line 453.
Using bp, version 0.2.97 (19 Dec 96).
Reading: auto:auto Writing: canon:8859-1
Use of uninitialized value $pattern in lc at /home/tf/.cpan/build/Bundle-PBib-2.08-ks5pcL/blib/lib/Biblio/File.pm line 66.
bp warning (record 16): Could not find bibtex crossref: CSCW96
bp warning (record 30): Could not find bibtex crossref: HUC00
bp warning (record 33): Could not find bibtex crossref: Carroll-HCIMillennium
bp warning (record 35): Could not find bibtex crossref: CHI92
bp warning (record 40): Could not find bibtex crossref: UIST02
bp warning (record 43): Could not find bibtex crossref: CSCW02
bp warning (record 57): Could not find bibtex crossref: CHI99
bp warning (record 63): Could not find bibtex crossref: UIST01
# Converting t/sample.rtf ...
Failed to open module PBib::Document::RTF
at /home/tf/.cpan/build/Bundle-PBib-2.08-ks5pcL/blib/lib/PBib/PBib.pm line 442.
# Looks like you planned 15 tests but ran 10.
# Looks like your test exited with 2 just after 10.
t/30-pbib-module.t ..
Dubious, test returned 2 (wstat 512, 0x200)
Failed 5/15 subtests
# Converting t/sample.rtf ...
defined(%hash) is deprecated at /home/tf/.cpan/build/Bundle-PBib-2.08-ks5pcL/bin/../lib/Biblio/bp/lib/bp-p-cs.pl line 115.
(Maybe you should just omit the defined()?)
defined(%hash) is deprecated at /home/tf/.cpan/build/Bundle-PBib-2.08-ks5pcL/bin/../lib/Biblio/bp/lib/bp-p-cs.pl line 129.
(Maybe you should just omit the defined()?)
Using bp, version 0.2.97 (19 Dec 96).
Reading: auto:auto Writing: canon:8859-1
"\c " is more clearly written simply as "\@" at /home/tf/.cpan/build/Bundle-PBib-2.08-ks5pcL/bin/../lib/PBib/ReferenceConverter.pm line 453.
PBib version 2.08.
Using bp, version 0.2.97 (19 Dec 96).
Reading: auto:auto Writing: canon:8859-1
Use of uninitialized value $pattern in lc at /home/tf/.cpan/build/Bundle-PBib-2.08-ks5pcL/bin/../lib/Biblio/File.pm line 66.
Read t/sample.bib ...
bp warning (record 16): Could not find bibtex crossref: CSCW96
bp warning (record 30): Could not find bibtex crossref: HUC00
bp warning (record 33): Could not find bibtex crossref: Carroll-HCIMillennium
bp warning (record 35): Could not find bibtex crossref: CHI92
bp warning (record 40): Could not find bibtex crossref: UIST02
bp warning (record 43): Could not find bibtex crossref: CSCW02
bp warning (record 57): Could not find bibtex crossref: CHI99
bp warning (record 63): Could not find bibtex crossref: UIST01
66 records read from t/sample.bib (8 warnings).
Failed to open module PBib::Document::RTF
at /home/tf/.cpan/build/Bundle-PBib-2.08-ks5pcL/bin/../lib/PBib/PBib.pm line 442.
# Failed test 'system(/opt/perl/threads/5.16.2/bin/perl, /home/tf/.cpan/build/Bundle-PBib-2.08-ks5pcL/t/../bin/pbib.pl, t/sample.rtf)'
# at t/31-pbib-script.t line 50.
# got: '512'
# expected: '0'
# Converting t/sample.sxw ...
defined(%hash) is deprecated at /home/tf/.cpan/build/Bundle-PBib-2.08-ks5pcL/bin/../lib/Biblio/bp/lib/bp-p-cs.pl line 115.
(Maybe you should just omit the defined()?)
defined(%hash) is deprecated at /home/tf/.cpan/build/Bundle-PBib-2.08-ks5pcL/bin/../lib/Biblio/bp/lib/bp-p-cs.pl line 129.
(Maybe you should just omit the defined()?)
Using bp, version 0.2.97 (19 Dec 96).
Reading: auto:auto Writing: canon:8859-1
"\c " is more clearly written simply as "\@" at /home/tf/.cpan/build/Bundle-PBib-2.08-ks5pcL/bin/../lib/PBib/ReferenceConverter.pm line 453.
PBib version 2.08.
Using bp, version 0.2.97 (19 Dec 96).
Reading: auto:auto Writing: canon:8859-1
Use of uninitialized value $pattern in lc at /home/tf/.cpan/build/Bundle-PBib-2.08-ks5pcL/bin/../lib/Biblio/File.pm line 66.
Read t/sample.bib ...
bp warning (record 16): Could not find bibtex crossref: CSCW96
bp warning (record 30): Could not find bibtex crossref: HUC00
bp warning (record 33): Could not find bibtex crossref: Carroll-HCIMillennium
bp warning (record 35): Could not find bibtex crossref: CHI92
bp warning (record 40): Could not find bibtex crossref: UIST02
bp warning (record 43): Could not find bibtex crossref: CSCW02
bp warning (record 57): Could not find bibtex crossref: CHI99
bp warning (record 63): Could not find bibtex crossref: UIST01
66 records read from t/sample.bib (8 warnings).
Wide character in Compress::Raw::Zlib::crc32 at /opt/perl/threads/5.16.2/lib/site_perl/5.16.2/Archive/Zip.pm line 300.
# Failed test 'system(/opt/perl/threads/5.16.2/bin/perl, /home/tf/.cpan/build/Bundle-PBib-2.08-ks5pcL/t/../bin/pbib.pl, t/sample.sxw)'
# at t/31-pbib-script.t line 50.
# got: '65280'
# expected: '0'
# Converting t/sample.txt ...
defined(%hash) is deprecated at /home/tf/.cpan/build/Bundle-PBib-2.08-ks5pcL/bin/../lib/Biblio/bp/lib/bp-p-cs.pl line 115.
(Maybe you should just omit the defined()?)
defined(%hash) is deprecated at /home/tf/.cpan/build/Bundle-PBib-2.08-ks5pcL/bin/../lib/Biblio/bp/lib/bp-p-cs.pl line 129.
(Maybe you should just omit the defined()?)
Using bp, version 0.2.97 (19 Dec 96).
Reading: auto:auto Writing: canon:8859-1
"\c " is more clearly written simply as "\@" at /home/tf/.cpan/build/Bundle-PBib-2.08-ks5pcL/bin/../lib/PBib/ReferenceConverter.pm line 453.
PBib version 2.08.
Using bp, version 0.2.97 (19 Dec 96).
Reading: auto:auto Writing: canon:8859-1
Use of uninitialized value $pattern in lc at /home/tf/.cpan/build/Bundle-PBib-2.08-ks5pcL/bin/../lib/Biblio/File.pm line 66.
Read t/sample.bib ...
bp warning (record 16): Could not find bibtex crossref: CSCW96
bp warning (record 30): Could not find bibtex crossref: HUC00
bp warning (record 33): Could not find bibtex crossref: Carroll-HCIMillennium
bp warning (record 35): Could not find bibtex crossref: CHI92
bp warning (record 40): Could not find bibtex crossref: UIST02
bp warning (record 43): Could not find bibtex crossref: CSCW02
bp warning (record 57): Could not find bibtex crossref: CHI99
bp warning (record 63): Could not find bibtex crossref: UIST01
66 records read from t/sample.bib (8 warnings).
Undefined subroutine &PBib::PBib::Store called at /home/tf/.cpan/build/Bundle-PBib-2.08-ks5pcL/bin/../lib/PBib/PBib.pm line 570.
# Failed test 'system(/opt/perl/threads/5.16.2/bin/perl, /home/tf/.cpan/build/Bundle-PBib-2.08-ks5pcL/t/../bin/pbib.pl, t/sample.txt)'
# at t/31-pbib-script.t line 50.
# got: '65280'
# expected: '0'
# Looks like you failed 3 tests of 11.
t/31-pbib-script.t ..
Dubious, test returned 3 (wstat 768, 0x300)
Failed 3/11 subtests
(less 3 skipped subtests: 5 okay)
Test Summary Report
-------------------
t/00-signature.t (Wstat: 256 Tests: 1 Failed: 1)
Failed test: 1
Non-zero exit status: 1
t/30-pbib-module.t (Wstat: 512 Tests: 10 Failed: 0)
Non-zero exit status: 2
Parse errors: Bad plan. You planned 15 tests but ran 10.
t/31-pbib-script.t (Wstat: 768 Tests: 11 Failed: 3)
Failed tests: 4, 7, 10
Non-zero exit status: 3
Files=6, Tests=34, 2 wallclock secs ( 0.04 usr 0.01 sys + 1.35 cusr 0.14 csys = 1.54 CPU)
Result: FAIL
Failed 3/6 test programs. 4/34 subtests failed.
------------------------------
PREREQUISITES
------------------------------
Prerequisite modules loaded:
requires:
Module Need Have
--------------- ------ ---------
Bundle::DBI 11.02 12.008695
Config::General 2.18 2.51
Cwd 2.06 3.33
Data::Dumper 2.12 2.139
perl v5.6.1 5.016002
------------------------------
ENVIRONMENT AND OTHER CONTEXT
------------------------------
Environment variables:
AUTOMATED_TESTING = 1
LANG = C
PATH = /opt/perl/threads/5.16.2/bin:/usr/local/sbin:/usr/local/bin:/usr/sbin:/usr/bin:/sbin:/bin:/usr/games
PERL5LIB =
PERL5OPT =
PERL5_CPANPLUS_IS_RUNNING = 26640
PERL5_CPAN_IS_RUNNING = 26640
PERL5_CPAN_IS_RUNNING_IN_RECURSION = 2009,26640
PERL_CR_SMOKER_CURRENT = Bundle-PBib-2.08
PERL_EXTUTILS_AUTOINSTALL = --defaultdeps
PERL_MM_USE_DEFAULT = 1
SHELL = /bin/bash
TERM = screen
Perl special variables (and OS-specific diagnostics, for MSWin32):
$^X = /opt/perl/threads/5.16.2/bin/perl
$UID/$EUID = 1000 / 1000
$GID = 1000 4 24 27 30 46 112 113 1000
$EGID = 1000 4 24 27 30 46 112 113 1000
Perl module toolchain versions installed:
Module Have
------------------- --------
CPAN 1.9800
CPAN::Meta 2.120351
Cwd 3.33
ExtUtils::CBuilder 0.280205
ExtUtils::Command 1.17
ExtUtils::Install 1.52
ExtUtils::MakeMaker 6.64
ExtUtils::Manifest 1.61
ExtUtils::ParseXS 3.18
File::Spec 3.33
JSON 2.53
JSON::PP 2.27200
Module::Build 0.4003
Module::Signature 0.70
Parse::CPAN::Meta 1.4404
Test::Harness 3.25
Test::More 0.98
YAML 0.84
YAML::Syck 1.22
version 0.9901
--
Summary of my perl5 (revision 5 version 16 subversion 2) configuration:
Platform:
osname=linux, osvers=3.2.0-35-virtual, archname=x86_64-linux-thread-multi
uname='linux cpansmoker 3.2.0-35-virtual #55-ubuntu smp wed dec 5 18:02:05 utc 2012 x86_64 x86_64 x86_64 gnulinux '
config_args='-des -Dprefix=/opt/perl/threads/5.16.2 -Dusethreads'
hint=recommended, useposix=true, d_sigaction=define
useithreads=define, usemultiplicity=define
useperlio=define, d_sfio=undef, uselargefiles=define, usesocks=undef
use64bitint=define, use64bitall=define, uselongdouble=undef
usemymalloc=n, bincompat5005=undef
Compiler:
cc='cc', ccflags ='-D_REENTRANT -D_GNU_SOURCE -fno-strict-aliasing -pipe -fstack-protector -I/usr/local/include -D_LARGEFILE_SOURCE -D_FILE_OFFSET_BITS=64',
optimize='-O2',
cppflags='-D_REENTRANT -D_GNU_SOURCE -fno-strict-aliasing -pipe -fstack-protector -I/usr/local/include'
ccversion='', gccversion='4.6.3', gccosandvers=''
intsize=4, longsize=8, ptrsize=8, doublesize=8, byteorder=12345678
d_longlong=define, longlongsize=8, d_longdbl=define, longdblsize=16
ivtype='long', ivsize=8, nvtype='double', nvsize=8, Off_t='off_t', lseeksize=8
alignbytes=8, prototype=define
Linker and Libraries:
ld='cc', ldflags =' -fstack-protector -L/usr/local/lib'
libpth=/usr/local/lib /lib/x86_64-linux-gnu /lib/../lib /usr/lib/x86_64-linux-gnu /usr/lib/../lib /lib /usr/lib
libs=-lnsl -lgdbm -ldb -ldl -lm -lcrypt -lutil -lpthread -lc -lgdbm_compat
perllibs=-lnsl -ldl -lm -lcrypt -lutil -lpthread -lc
libc=, so=so, useshrplib=false, libperl=libperl.a
gnulibc_version='2.15'
Dynamic Linking:
dlsrc=dl_dlopen.xs, dlext=so, d_dlsymun=undef, ccdlflags='-Wl,-E'
cccdlflags='-fPIC', lddlflags='-shared -O2 -L/usr/local/lib -fstack-protector'
Characteristics of this binary (from libperl):
Compile-time options: HAS_TIMES MULTIPLICITY PERLIO_LAYERS
PERL_DONT_CREATE_GVSV PERL_IMPLICIT_CONTEXT
PERL_MALLOC_WRAP PERL_PRESERVE_IVUV USE_64_BIT_ALL
USE_64_BIT_INT USE_ITHREADS USE_LARGE_FILES
USE_LOCALE USE_LOCALE_COLLATE USE_LOCALE_CTYPE
USE_LOCALE_NUMERIC USE_PERLIO USE_PERL_ATOF
USE_REENTRANT_API
Built under linux
Compiled at Dec 26 2012 10:15:24
%ENV:
PERL5LIB=""
PERL5OPT=""
PERL5_CPANPLUS_IS_RUNNING="26640"
PERL5_CPAN_IS_RUNNING="26640"
PERL5_CPAN_IS_RUNNING_IN_RECURSION="2009,26640"
PERL_CR_SMOKER_CURRENT="Bundle-PBib-2.08"
PERL_EXTUTILS_AUTOINSTALL="--defaultdeps"
PERL_MM_USE_DEFAULT="1"
@INC:
/opt/perl/threads/5.16.2/lib/site_perl/5.16.2/x86_64-linux-thread-multi
/opt/perl/threads/5.16.2/lib/site_perl/5.16.2
/opt/perl/threads/5.16.2/lib/5.16.2/x86_64-linux-thread-multi
/opt/perl/threads/5.16.2/lib/5.16.2
.