Media-Convert v1.4.1 Perl 5 v5.40.0 MSWin32-x64-multi-thread

Status
Fail
From
gregor herrmann
Dist
Media-Convert v1.4.1
Platform
Perl 5 v5.40.0 MSWin32-x64-multi-thread
Date
2024-12-22 13:10:19
ID
938e5541-6ef1-1014-8bdf-a9e76f6ea421
This distribution has been tested as part of the CPAN Testers
project, supporting the Perl programming language.  See
http://wiki.cpantesters.org/ for more information or email
questions to cpan-testers-discuss@perl.org


--
Dear Wouter Verhelst,

This is a computer-generated report for Media-Convert-1.4.1
on perl 5.40.0, created by CPAN-Reporter-1.2020.

Thank you for uploading your work to CPAN.  However, there was a problem
testing your distribution.

If you think this report is invalid, please consult the CPAN Testers Wiki
for suggestions on how to avoid getting FAIL reports for missing library
or binary dependencies, unsupported operating systems, and so on:

http://wiki.cpantesters.org/wiki/CPANAuthorNotes

Sections of this report:

    * Tester comments
    * Program output
    * Prerequisites
    * Environment and other context

------------------------------
TESTER COMMENTS
------------------------------

Additional comments from tester:

this report is from an automated smoke testing program
and was not reviewed by a human for accuracy

------------------------------
PROGRAM OUTPUT
------------------------------

Output from 'C:\strawberry\c\bin\gmake.EXE test':

"C:\Strawberry\perl\bin\perl.exe" "-MExtUtils::Command::MM" "-MTest::Harness" "-e" "undef *Test::Harness::Switches; test_harness(0, 'blib\lib', 'blib\arch')" t/*.t
	(in cleanup) object destructor for Media::Convert::Pipe object entered without having seen a run! at C:\cpan\build\Media-Convert-1.4.1-0\blib\lib/Media/Convert/Pipe.pm line 368.
	Media::Convert::Pipe::DESTROY(Media::Convert::Pipe=HASH(0x1aea2b8e7e8)) called at t/aac_channels.t line 18
	eval {...} called at t/aac_channels.t line 18
	eval {...} called at t/aac_channels.t line 16

#   Failed test 'running a map failed'
#   at t/aac_channels.t line 20.
# Looks like you failed 1 test of 4.
t/aac_channels.t .. 
Dubious, test returned 1 (wstat 256, 0x100)
Failed 1/4 subtests 
t/av1.t ........... ok
"ffmpeg" failed to start: "The system cannot find the file specified" at C:\cpan\build\Media-Convert-1.4.1-0\blib\lib/Media/Convert/AvSync.pm line 85.
 at C:\cpan\build\Media-Convert-1.4.1-0\blib\lib/Media/Convert/Pipe.pm line 357
	(in cleanup) object destructor for Media::Convert::Pipe object entered without having seen a run! at C:\cpan\build\Media-Convert-1.4.1-0\blib\lib/Media/Convert/Pipe.pm line 368.
	Media::Convert::Pipe::DESTROY(Media::Convert::Pipe=HASH(0x2ce5a054158)) called at t/avsync.t line 0
	eval {...} called at t/avsync.t line 0
# Looks like your test exited with 255 just after 5.
t/avsync.t ........ 
Dubious, test returned 255 (wstat 65280, 0xff00)
Failed 9/14 subtests 
t/codecs.t ........ ok
"ffmpeg" failed to start: "The system cannot find the file specified" at t/concat.t line 22.
 at C:\cpan\build\Media-Convert-1.4.1-0\blib\lib/Media/Convert/Pipe.pm line 357
	(in cleanup) object destructor for Media::Convert::Pipe object entered without having seen a run! at C:\cpan\build\Media-Convert-1.4.1-0\blib\lib/Media/Convert/Pipe.pm line 368.
	Media::Convert::Pipe::DESTROY(Media::Convert::Pipe=HASH(0x1c6969d3590)) called at t/concat.t line 0
	eval {...} called at t/concat.t line 0
# Looks like your test exited with 255 just after 8.
t/concat.t ........ 
Dubious, test returned 255 (wstat 65280, 0xff00)
Failed 1/9 subtests 
"ffmpeg" failed to start: "The system cannot find the file specified" at t/convert.t line 16.
 at C:\cpan\build\Media-Convert-1.4.1-0\blib\lib/Media/Convert/Pipe.pm line 357
	(in cleanup) object destructor for Media::Convert::Pipe object entered without having seen a run! at C:\cpan\build\Media-Convert-1.4.1-0\blib\lib/Media/Convert/Pipe.pm line 368.
	Media::Convert::Pipe::DESTROY(Media::Convert::Pipe=HASH(0x25aaecb5db0)) called at (eval 289) line 23
	eval {...} called at (eval 289) line 23
# Looks like your test exited with 255 just after 5.
t/convert.t ....... 
Dubious, test returned 255 (wstat 65280, 0xff00)
Failed 5/10 subtests 
"ffmpeg" failed to start: "The system cannot find the file specified" at t/copy.t line 17.
 at C:\cpan\build\Media-Convert-1.4.1-0\blib\lib/Media/Convert/Pipe.pm line 357
	(in cleanup) object destructor for Media::Convert::Pipe object entered without having seen a run! at C:\cpan\build\Media-Convert-1.4.1-0\blib\lib/Media/Convert/Pipe.pm line 368.
	Media::Convert::Pipe::DESTROY(Media::Convert::Pipe=HASH(0x2097a777148)) called at (eval 289) line 23
	eval {...} called at (eval 289) line 23
# Looks like your test exited with 255 just after 5.
t/copy.t .......... 
Dubious, test returned 255 (wstat 65280, 0xff00)
Failed 5/10 subtests 
t/keyframes.t ..... ok
Use of uninitialized value in string eq at t/normalize.t line 18.

#   Failed test 'The video was generated with the correct output size'
#   at t/normalize.t line 18.
Use of uninitialized value in string eq at t/normalize.t line 19.

#   Failed test 'The video was copied correctly'
#   at t/normalize.t line 19.
Use of uninitialized value in string eq at t/normalize.t line 20.

#   Failed test 'The audio was encoded correctly'
#   at t/normalize.t line 20.
Use of uninitialized value in int at t/normalize.t line 21.

#   Failed test 'The duration has not changed significantly'
#   at t/normalize.t line 21.
# Looks like you failed 4 tests of 9.
t/normalize.t ..... 
Dubious, test returned 4 (wstat 1024, 0x400)
Failed 4/9 subtests 
Use of uninitialized value $ival in string ne at C:\cpan\build\Media-Convert-1.4.1-0\blib\lib/Media/Convert/Pipe.pm line 316.
Video resolution does not match image resolution. Will scale, but the result may be suboptimal... at C:\cpan\build\Media-Convert-1.4.1-0\blib\lib/Media/Convert/Pipe.pm line 320.
"ffmpeg" failed to start: "The system cannot find the file specified" at t/pnggen.t line 18.
 at C:\cpan\build\Media-Convert-1.4.1-0\blib\lib/Media/Convert/Pipe.pm line 357
	(in cleanup) object destructor for Media::Convert::Pipe object entered without having seen a run! at C:\cpan\build\Media-Convert-1.4.1-0\blib\lib/Media/Convert/Pipe.pm line 368.
	Media::Convert::Pipe::DESTROY(Media::Convert::Pipe=HASH(0x241cdb82958)) called at t/pnggen.t line 0
	eval {...} called at t/pnggen.t line 0
# Looks like your test exited with 255 just after 6.
t/pnggen.t ........ 
Dubious, test returned 255 (wstat 65280, 0xff00)
Failed 2/8 subtests 
t/probe.t ......... ok
"ffmpeg" failed to start: "The system cannot find the file specified" at t/profiles.t line 31.
 at C:\cpan\build\Media-Convert-1.4.1-0\blib\lib/Media/Convert/Pipe.pm line 357
	(in cleanup) object destructor for Media::Convert::Pipe object entered without having seen a run! at C:\cpan\build\Media-Convert-1.4.1-0\blib\lib/Media/Convert/Pipe.pm line 368.
	Media::Convert::Pipe::DESTROY(Media::Convert::Pipe=HASH(0x25a059ff8b8)) called at t/profiles.t line 0
	eval {...} called at t/profiles.t line 0
# Looks like your test exited with 255 just after 9.
t/profiles.t ...... 
Dubious, test returned 255 (wstat 65280, 0xff00)
Failed 36/45 subtests 
Use of uninitialized value in multiplication (*) at C:\cpan\build\Media-Convert-1.4.1-0\blib\lib/Media/Convert/Pipe.pm line 235.
Unrecognized option 'speed'.
Error splitting the argument list: Option not found
Use of uninitialized value $old_perc in numeric eq (==) at t/reporting.t line 33.

#   Failed test 'progress stops at 100%'
#   at t/reporting.t line 33.
Unrecognized option 'speed'.
Error splitting the argument list: Option not found
Unrecognized option 'speed'.
Error splitting the argument list: Option not found
Use of uninitialized value $old_perc in numeric eq (==) at t/reporting.t line 43.

#   Failed test 'progress stops at 100% when doing multipass'
#   at t/reporting.t line 43.
# Looks like you failed 2 tests of 7.
t/reporting.t ..... 
Dubious, test returned 2 (wstat 512, 0x200)
Failed 2/7 subtests 
Unrecognized option 'crf'.
Error splitting the argument list: Option not found
Unrecognized option 'crf'.
Error splitting the argument list: Option not found

#   Failed test 'mc-encode creates a video'
#   at t/script.t line 24.
# Looks like you failed 1 test of 1.
t/script.t ........ 
Dubious, test returned 1 (wstat 256, 0x100)
Failed 1/1 subtests 

Test Summary Report
-------------------
t/aac_channels.t (Wstat: 256 (exited 1) Tests: 4 Failed: 1)
  Failed test:  4
  Non-zero exit status: 1
t/avsync.t      (Wstat: 65280 (exited 255) Tests: 5 Failed: 0)
  Non-zero exit status: 255
  Parse errors: Bad plan.  You planned 14 tests but ran 5.
t/concat.t      (Wstat: 65280 (exited 255) Tests: 8 Failed: 0)
  Non-zero exit status: 255
  Parse errors: Bad plan.  You planned 9 tests but ran 8.
t/convert.t     (Wstat: 65280 (exited 255) Tests: 5 Failed: 0)
  Non-zero exit status: 255
  Parse errors: Bad plan.  You planned 10 tests but ran 5.
t/copy.t        (Wstat: 65280 (exited 255) Tests: 5 Failed: 0)
  Non-zero exit status: 255
  Parse errors: Bad plan.  You planned 10 tests but ran 5.
t/normalize.t   (Wstat: 1024 (exited 4) Tests: 9 Failed: 4)
  Failed tests:  6-9
  Non-zero exit status: 4
t/pnggen.t      (Wstat: 65280 (exited 255) Tests: 6 Failed: 0)
  Non-zero exit status: 255
  Parse errors: Bad plan.  You planned 8 tests but ran 6.
t/profiles.t    (Wstat: 65280 (exited 255) Tests: 9 Failed: 0)
  Non-zero exit status: 255
  Parse errors: Bad plan.  You planned 45 tests but ran 9.
t/reporting.t   (Wstat: 512 (exited 2) Tests: 7 Failed: 2)
  Failed tests:  5, 7
  Non-zero exit status: 2
t/script.t      (Wstat: 256 (exited 1) Tests: 1 Failed: 1)
  Failed test:  1
  Non-zero exit status: 1
Files=14, Tests=83, 71 wallclock secs ( 0.25 usr +  0.09 sys =  0.34 CPU)
Result: FAIL
Failed 10/14 test programs. 8/83 subtests failed.
gmake.EXE: *** [makefile:905: test_dynamic] Error 1

------------------------------
PREREQUISITES
------------------------------

Prerequisite modules loaded:

requires:

    Module              Need Have    
    ------------------- ---- --------
    Alien::ffmpeg       0    0.105   
    IPC::System::Simple 0    1.30    
    JSON::MaybeXS       0    1.004007
    Moose               0    2.2207  
    MooseX::Singleton   0    0.30    
    SemVer              0    0.10.0  

build_requires:

    Module              Need Have    
    ------------------- ---- --------
    ExtUtils::MakeMaker 0    7.70    
    Test::More          0    1.302206

configure_requires:

    Module              Need Have    
    ------------------- ---- --------
    ExtUtils::MakeMaker 0    7.70    


------------------------------
ENVIRONMENT AND OTHER CONTEXT
------------------------------

Environment variables:

    AUTOMATED_TESTING = 1
    COMSPEC = C:\Windows\system32\cmd.exe
    NONINTERACTIVE_TESTING = 1
    NUMBER_OF_PROCESSORS = 2
    PATH = C:\WINDOWS\system32;C:\Program Files\Git\cmd;C:\strawberry\c\bin;C:\strawberry\perl\site\bin;C:\strawberry\perl\bin
    PERL5LIB = 
    PERL5OPT = 
    PERL5_CPANPLUS_IS_RUNNING = 6976
    PERL5_CPAN_IS_RUNNING = 6976
    PERL5_CPAN_IS_RUNNING_IN_RECURSION = 8372,6976
    PERL_CR_SMOKER_CURRENT = Media-Convert-1.4.1
    PERL_EXTUTILS_AUTOINSTALL = --defaultdeps
    PERL_MM_USE_DEFAULT = 1
    PERL_USE_UNSAFE_INC = 1
    PROCESSOR_IDENTIFIER = Intel64 Family 6 Model 15 Stepping 11, GenuineIntel
    TEMP = C:\Users\smoker\AppData\Local\Temp

Perl special variables (and OS-specific diagnostics, for MSWin32):

    $^X = C:\Strawberry\perl\bin\perl.exe
    $UID/$EUID = 0 / 0
    $GID = 0
    $EGID = 0
    Win32::GetOSName = Win10
    Win32::GetOSVersion = , 10, 0, 19045, 2, 0, 0, 256, 1
    Win32::FsType = NTFS
    Win32::IsAdminUser = 0

Perl module toolchain versions installed:

    Module              Have    
    ------------------- --------
    CPAN                2.38    
    CPAN::Meta          2.150010
    Cwd                 3.90    
    ExtUtils::CBuilder  0.280240
    ExtUtils::Command   7.70    
    ExtUtils::Install   2.22    
    ExtUtils::MakeMaker 7.70    
    ExtUtils::Manifest  1.75    
    ExtUtils::ParseXS   3.51    
    File::Spec          3.90    
    JSON                4.10    
    JSON::PP            4.16    
    Module::Build       0.4234  
    Module::Signature   n/a     
    Parse::CPAN::Meta   2.150010
    Test2               1.302206
    Test::Harness       3.50    
    Test::More          1.302206
    YAML                1.31    
    YAML::Syck          1.34    
    version             0.9932  


--

Summary of my perl5 (revision 5 version 40 subversion 0) configuration:
   
  Platform:
    osname=MSWin32
    osvers=10.0.22621.3880
    archname=MSWin32-x64-multi-thread
    uname='Win32 strawberry-perl 5.40.0.1 # 02:45:15 Sat August 10 2024 x64'
    config_args='undef'
    hint=recommended
    useposix=true
    d_sigaction=undef
    useithreads=define
    usemultiplicity=define
    use64bitint=define
    use64bitall=undef
    uselongdouble=undef
    usemymalloc=n
    default_inc_excludes_dot=define
  Compiler:
    cc='gcc'
    ccflags ='-std=c99 -DWIN32 -DWIN64 -DPERL_TEXTMODE_SCRIPTS -DMULTIPLICITY -DPERL_IMPLICIT_SYS -DUSE_PERLIO -D__USE_MINGW_ANSI_STDIO -fwrapv -fno-strict-aliasing -mms-bitfields'
    optimize='-Os -falign-functions -falign-jumps -falign-labels -falign-loops -freorder-blocks -freorder-blocks-algorithm=stc -freorder-blocks-and-partition'
    cppflags='-DWIN32'
    ccversion=''
    gccversion='13.2.0'
    gccosandvers=''
    intsize=4
    longsize=4
    ptrsize=8
    doublesize=8
    byteorder=12345678
    doublekind=3
    d_longlong=define
    longlongsize=8
    d_longdbl=define
    longdblsize=16
    longdblkind=3
    ivtype='long long'
    ivsize=8
    nvtype='double'
    nvsize=8
    Off_t='long long'
    lseeksize=8
    alignbytes=8
    prototype=define
  Linker and Libraries:
    ld='g++'
    ldflags ='-s -L"C:\STRAWB~1\perl\lib\CORE" -L"C:\STRAWB~1\c\lib" -L"C:\STRAWB~1\c\x86_64-w64-mingw32\lib" -L"C:\STRAWB~1\c\lib\gcc\x86_64-w64-mingw32\13.2.0"'
    libpth=C:\STRAWB~1\c\lib C:\STRAWB~1\c\x86_64-w64-mingw32\lib C:\STRAWB~1\c\lib\gcc\x86_64-w64-mingw32\13.2.0 C:\STRAWB~1\c\x86_64-w64-mingw32\lib C:\STRAWB~1\c\lib\gcc\x86_64-w64-mingw32\13.2.0
    libs= -lmoldname -lkernel32 -luser32 -lgdi32 -lwinspool -lcomdlg32 -ladvapi32 -lshell32 -lole32 -loleaut32 -lnetapi32 -luuid -lws2_32 -lmpr -lwinmm -lversion -lodbc32 -lodbccp32 -lcomctl32
    perllibs= -lmoldname -lkernel32 -luser32 -lgdi32 -lwinspool -lcomdlg32 -ladvapi32 -lshell32 -lole32 -loleaut32 -lnetapi32 -luuid -lws2_32 -lmpr -lwinmm -lversion -lodbc32 -lodbccp32 -lcomctl32
    libc=-lucrt
    so=dll
    useshrplib=true
    libperl=libperl540.a
    gnulibc_version=''
  Dynamic Linking:
    dlsrc=dl_win32.xs
    dlext=xs.dll
    d_dlsymun=undef
    ccdlflags=' '
    cccdlflags=' '
    lddlflags='-shared -s -L"C:\STRAWB~1\perl\lib\CORE" -L"C:\STRAWB~1\c\lib" -L"C:\STRAWB~1\c\x86_64-w64-mingw32\lib" -L"C:\STRAWB~1\c\lib\gcc\x86_64-w64-mingw32\13.2.0"'


Characteristics of this binary (from libperl): 
  Compile-time options:
    HAS_LONG_DOUBLE
    HAS_TIMES
    HAVE_INTERP_INTERN
    MULTIPLICITY
    PERLIO_LAYERS
    PERL_COPY_ON_WRITE
    PERL_DONT_CREATE_GVSV
    PERL_HASH_FUNC_SIPHASH13
    PERL_HASH_USE_SBOX32
    PERL_IMPLICIT_SYS
    PERL_MALLOC_WRAP
    PERL_OP_PARENT
    PERL_PRESERVE_IVUV
    PERL_USE_SAFE_PUTENV
    USE_64_BIT_INT
    USE_ITHREADS
    USE_LARGE_FILES
    USE_LOCALE
    USE_LOCALE_COLLATE
    USE_LOCALE_CTYPE
    USE_LOCALE_NUMERIC
    USE_LOCALE_TIME
    USE_PERLIO
    USE_PERL_ATOF
    USE_THREAD_SAFE_LOCALE
  Built under MSWin32
  Compiled at Aug 10 2024 12:45:35
  %ENV:
    PERL5_CPANPLUS_IS_RUNNING="6976"
    PERL5_CPAN_IS_RUNNING="6976"
    PERL5_CPAN_IS_RUNNING_IN_RECURSION="8372,6976"
    PERL_CR_SMOKER_CURRENT="Media-Convert-1.4.1"
    PERL_EXTUTILS_AUTOINSTALL="--defaultdeps"
    PERL_MM_USE_DEFAULT="1"
    PERL_USE_UNSAFE_INC="1"
  @INC:
    C:/Strawberry/perl/site/lib/MSWin32-x64-multi-thread
    C:/Strawberry/perl/site/lib
    C:/Strawberry/perl/vendor/lib
    C:/Strawberry/perl/lib
    .