App-perlbrew v1.00 Perl 5 v5.34.3 darwin-thread-multi-2level

Status
Fail
From
Roland van Ipenburg (IPENBURG)
Dist
App-perlbrew v1.00
Platform
Perl 5 v5.34.3 darwin-thread-multi-2level
Date
2024-10-06 22:59:00
ID
935aee2c-8436-11ef-b6b5-9c0c18d85d8d
This distribution has been tested as part of the CPAN Testers
project, supporting the Perl programming language.  See
http://wiki.cpantesters.org/ for more information or email
questions to cpan-testers-discuss@perl.org


--
Dear Liu Kang Min,

This is a computer-generated report for App-perlbrew-1.00
on perl 5.34.3, created by CPAN-Reporter-1.2020.

Thank you for uploading your work to CPAN.  However, there was a problem
testing your distribution.

If you think this report is invalid, please consult the CPAN Testers Wiki
for suggestions on how to avoid getting FAIL reports for missing library
or binary dependencies, unsupported operating systems, and so on:

http://wiki.cpantesters.org/wiki/CPANAuthorNotes

Sections of this report:

    * Tester comments
    * Program output
    * Prerequisites
    * Environment and other context

------------------------------
TESTER COMMENTS
------------------------------

Additional comments from tester:

none provided

------------------------------
PROGRAM OUTPUT
------------------------------

Output from './Build test':

t/00.load.t ............................... ok
t/01.options.t ............................ ok
t/02.format_perl_version.t ................ ok
t/03.test_get_available_versions.t ........ ok
t/04.find_available_perls.t ............... ok
t/05.get_current_perl.t ................... ok
t/06.installed_perls.t .................... skipped: No perl installation under PERLBREW_ROOT
t/07.argv.t ............................... ok
t/08.error_available.t .................... ok
t/08.error_install.t ...................... ok
t/08.error_install_blead.t ................ ok
t/08.error_install_cpanm.t ................ ok
t/08.error_install_cpm.t .................. ok
t/09.exit_status.t ........................ ok
t/10.resolve.t ............................ ok
t/11.editdist.t ........................... ok
t/11.root_from_arg.t ...................... ok
t/12.destdir.t ............................ ok
t/12.sitecustomize.t ...................... ok
# Workflow build 'when the given versionis not found is CPAN::Perl::Releases' is empty at t/13.perl_release.t around lines 27 -> 44.
t/13.perl_release.t ....................... ok
t/14.perl_version_parsing.t ............... ok
# /var/folders/7l/g84992vx2mv_vz02s8yt60sc0000gn/T/yQ4sOks2E5/build/test/test
t/15.no-reuse-build-dir.t ................. ok
t/16.release-detail.t ..................... ok
t/18.release-detail-perl-local.t .......... ok
t/18.release-detail-perl-remote.t ......... skipped: These tests send HTTP requests. Set env TEST_LIVE=1 to really run them.
# alias, available, clean, clone-modules, compgen, display-bashrc, display-cshrc, display-installation-failure-message, display-pristine-manpath, display-pristine-path, display-system-perl-executable, display-system-perl-shebang, download, env, exec, help, info, init, init-in-bash, install, install-cpanm, install-cpm, install-multiple, install-patchperl, lib, lib-create, lib-delete, lib-list, list, list-modules, make-pp, make-shim, off, self-install, self-upgrade, switch, switch-off, symlink-executables, uninstall, upgrade-perl, use, version
t/19.find_similar_commands.t .............. ok
t/app-perlbrew-path-installation.t ........ ok
t/app-perlbrew-path.t ..................... ok
t/bashrc_content.t ........................ ok
    # Failed test 'No error messages in output'
    # at t/bashrc_executes.t line 31.
    # +-------------------------------------------------------+----+-------+
    # | GOT                                                   | OP | CHECK |
    # +-------------------------------------------------------+----+-------+
    # | Can't locate CPAN/Perl/Releases.pm in @INC (you may n | eq |       |
    # | eed to install the CPAN::Perl::Releases module) (@INC |    |       |
    # |  entries checked: /Users/roland/.cpan/build/App-perlb |    |       |
    # | rew-1.00-0/blib/arch /Users/roland/.cpan/build/App-pe |    |       |
    # | rlbrew-1.00-0/blib/lib /usr/local/lib/perl5/site_perl |    |       |
    # | /5.40.0/darwin-2level /usr/local/lib/perl5/site_perl/ |    |       |
    # | 5.40.0 /usr/local/lib/perl5/5.40.0/darwin-2level /usr |    |       |
    # | /local/lib/perl5/5.40.0 .) at /Users/roland/.cpan/bui |    |       |
    # | ld/App-perlbrew-1.00-0/blib/lib/App/perlbrew.pm line  |    |       |
    # | 22.\n                                                 |    |       |
    # | BEGIN failed--compilation aborted at /Users/roland/.c |    |       |
    # | pan/build/App-perlbrew-1.00-0/blib/lib/App/perlbrew.p |    |       |
    # | m line 22.\n                                          |    |       |
    # | Compilation failed in require at /usr/local/bin/perlb |    |       |
    # | rew line 3.\n                                         |    |       |
    # | BEGIN failed--compilation aborted at /usr/local/bin/p |    |       |
    # | erlbrew line 3.\n                                     |    |       |
    # | /var/folders/7l/g84992vx2mv_vz02s8yt60sc0000gn/T/yQ4s |    |       |
    # | Oks2E5/etc/bashrc: line 109: hash: hashing disabled\n |    |       |
    # +-------------------------------------------------------+----+-------+
    (If this table is too small, you can use the TABLE_TERM_SIZE=### env var to set a larger size, detected size is '74')


# Failed test 'Works without error output on bash where hashing is off'
# at t/bashrc_executes.t line 33.
# Seeded srand with seed '20241007' from local date.
t/bashrc_executes.t ....................... 
Dubious, test returned 1 (wstat 256, 0x100)
Failed 1/1 subtests 
t/builddir.t .............................. ok
t/command-alias.t ......................... ok
t/command-available.t ..................... ok
t/command-clone-modules.t ................. ok
t/command-compgen.t ....................... ok
t/command-display-rc.t .................... ok
t/command-env.t ........................... ok
sort (...) interpreted as function at t/command-exec.t line 386.
sort (...) interpreted as function at t/command-exec.t line 410.
            # Command [perl -E 'say 42'] terminated with exit code 7 ($? = 1792) under the following perl environment:
            # Command [perl -E 'say 42'] terminated with exit code 3 ($? = 768) under the following perl environment:
            # Command [perl -E 'say 42'] terminated with exit code 255 ($? = -1) under the following perl environment:
            # Command [perl -E 'somesub 42'] terminated with exit code 7 ($? = 1792) under the following perl environment:
            # format_info_output_value
            # Command [perl -E 'say 42'] terminated with exit code 3 ($? = 768) under the following perl environment:
            # Command [perl -E 'say 42'] terminated with exit code 3 ($? = 768) under the following perl environment:
t/command-exec.t .......................... ok
t/command-help.t .......................... ok
t/command-info.t .......................... ok
t/command-install-cpanm.t ................. ok
t/command-install-cpm.t ................... ok
t/command-install-from-archive.t .......... ok
t/command-install-patchperl.t ............. ok
t/command-install.t ....................... ok
t/command-lib.t ........................... ok
# Workflow build 'when `--no-decoration` is given' is empty at t/command-list.t around lines 90 -> 98.
t/command-list.t .......................... ok
        # 
        # The content of shim:
        # ----
        # #!/bin/bash
        # export PERL5LIB="/Users/roland/.cpan/build/App-perlbrew-1.00-0/blib/arch:/Users/roland/.cpan/build/App-perlbrew-1.00-0/blib/lib"
        # unset PERLBREW_LIB
        # export PERLBREW_MANPATH="/var/folders/7l/g84992vx2mv_vz02s8yt60sc0000gn/T/s2E53l0_aG/perls/perl-5.36.1/man"
        # export PERLBREW_PATH="/var/folders/7l/g84992vx2mv_vz02s8yt60sc0000gn/T/s2E53l0_aG/bin:/var/folders/7l/g84992vx2mv_vz02s8yt60sc0000gn/T/s2E53l0_aG/perls/perl-5.36.1/bin"
        # export PERLBREW_PERL="perl-5.36.1"
        # export PERLBREW_ROOT="/var/folders/7l/g84992vx2mv_vz02s8yt60sc0000gn/T/s2E53l0_aG"
        # export PERLBREW_VERSION="1.00"
        # unset PERL_LOCAL_LIB_ROOT
        # 
        # export PATH="/var/folders/7l/g84992vx2mv_vz02s8yt60sc0000gn/T/s2E53l0_aG/bin:/var/folders/7l/g84992vx2mv_vz02s8yt60sc0000gn/T/s2E53l0_aG/perls/perl-5.36.1/bin:/opt/local/bin:/opt/local/bin:/opt/local/sbin:/Users/roland/pebble-dev/PebbleSDK-current/bin:/Applications/Rakudo/bin:/Users/roland/.npm-packages/bin:/Users/roland/pebble-dev3/pebble-sdk-4.2-mac/bin:/Applications/Xcode.app/Contents/Developer/usr/bin/:/Applications/android-sdk-macosx/platform-tools:/Applications/android-sdk-macosx/tools:/usr/local/bin:/opt/local/bin:/usr/local/bin:/usr/bin:/bin:/usr/sbin:/sbin:/usr/local/MacGPG2/bin:/usr/local/share/dotnet:/opt/X11/bin:~/.dotnet/tools:/Library/Apple/usr/bin:/Applications/Rakudo/bin:/Applications/Rakudo/share/perl6/site/bin"
        # 
        # exec foo "$@"
        # 
        # 
        # ----
        # 
        # The content of shim:
        # ----
        # #!/bin/bash
        # export PERL5LIB="/Users/roland/.cpan/build/App-perlbrew-1.00-0/blib/arch:/Users/roland/.cpan/build/App-perlbrew-1.00-0/blib/lib"
        # unset PERLBREW_LIB
        # export PERLBREW_MANPATH="/var/folders/7l/g84992vx2mv_vz02s8yt60sc0000gn/T/s2E53l0_aG/perls/perl-5.36.1/man"
        # export PERLBREW_PATH="/var/folders/7l/g84992vx2mv_vz02s8yt60sc0000gn/T/s2E53l0_aG/bin:/var/folders/7l/g84992vx2mv_vz02s8yt60sc0000gn/T/s2E53l0_aG/perls/perl-5.36.1/bin"
        # export PERLBREW_PERL="perl-5.36.1"
        # export PERLBREW_ROOT="/var/folders/7l/g84992vx2mv_vz02s8yt60sc0000gn/T/s2E53l0_aG"
        # export PERLBREW_VERSION="1.00"
        # unset PERL_LOCAL_LIB_ROOT
        # 
        # export PATH="/var/folders/7l/g84992vx2mv_vz02s8yt60sc0000gn/T/s2E53l0_aG/bin:/var/folders/7l/g84992vx2mv_vz02s8yt60sc0000gn/T/s2E53l0_aG/perls/perl-5.36.1/bin:/opt/local/bin:/opt/local/bin:/opt/local/sbin:/Users/roland/pebble-dev/PebbleSDK-current/bin:/Applications/Rakudo/bin:/Users/roland/.npm-packages/bin:/Users/roland/pebble-dev3/pebble-sdk-4.2-mac/bin:/Applications/Xcode.app/Contents/Developer/usr/bin/:/Applications/android-sdk-macosx/platform-tools:/Applications/android-sdk-macosx/tools:/usr/local/bin:/opt/local/bin:/usr/local/bin:/usr/bin:/bin:/usr/sbin:/sbin:/usr/local/MacGPG2/bin:/usr/local/share/dotnet:/opt/X11/bin:~/.dotnet/tools:/Library/Apple/usr/bin:/Applications/Rakudo/bin:/Applications/Rakudo/share/perl6/site/bin"
        # 
        # exec bar "$@"
        # 
        # 
        # ----
t/command-make-shim.t ..................... ok
t/current_perl.t .......................... ok
t/current_shell.t ......................... ok
t/do_system.t ............................. ok
t/error-http_download-exec-error.t ........ ok
t/error-http_download-exit-nonzero.t ...... ok
t/error-http_download-param-validation.t .. ok
t/error-install-before-init.t ............. ok
t/failure-command-install-cpanm.t ......... ok
t/failure-command-install-cpm.t ........... ok
t/failure-command-install-patchperl.t ..... ok
t/home.t .................................. ok
t/http-program-control.t .................. ok
# PATH=/Users/roland/.cpan/build/App-perlbrew-1.00-0/t/fake-bin:/opt/local/bin:/opt/local/bin:/opt/local/sbin:/Users/roland/pebble-dev/PebbleSDK-current/bin:/Applications/Rakudo/bin:/Users/roland/.npm-packages/bin:/Users/roland/pebble-dev3/pebble-sdk-4.2-mac/bin:/Applications/Xcode.app/Contents/Developer/usr/bin/:/Applications/android-sdk-macosx/platform-tools:/Applications/android-sdk-macosx/tools:/usr/local/bin:/opt/local/bin:/usr/local/bin:/usr/bin:/bin:/usr/sbin:/sbin:/usr/local/MacGPG2/bin:/usr/local/share/dotnet:/opt/X11/bin:~/.dotnet/tools:/Library/Apple/usr/bin:/Applications/Rakudo/bin:/Applications/Rakudo/share/perl6/site/bin
# curl = /Users/roland/.cpan/build/App-perlbrew-1.00-0/t/fake-bin/curl
t/http-ua-detect-non-curl.t ............... ok
t/http-ua-detect.t ........................ ok
t/http.t .................................. skipped: (no reason given)
t/installation-perlbrew.t ................. ok
t/installation.t .......................... ok
t/installation2.t ......................... ok
t/installation3.t ......................... ok
t/list_modules.t .......................... ok
t/sys.t ................................... ok
t/unit-files-are-the-same.t ............... ok
t/util-find-similar-tokens.t .............. ok
t/util-looks-like.t ....................... ok

Test Summary Report
-------------------
t/bashrc_executes.t                     (Wstat: 256 (exited 1) Tests: 1 Failed: 1)
  Failed test:  1
  Non-zero exit status: 1
Files=72, Tests=241, 31 wallclock secs ( 0.32 usr  0.18 sys + 22.91 cusr  4.77 csys = 28.18 CPU)
Result: FAIL

------------------------------
PREREQUISITES
------------------------------

Prerequisite modules loaded:

requires:

    Module                    Need       Have      
    ------------------------- ---------- ----------
    Capture::Tiny             0.48       0.48      
    CPAN::Perl::Releases      5.20240920 5.20240920
    Devel::PatchPerl          2.08       2.08      
    ExtUtils::MakeMaker       7.22       7.70      
    File::Copy                0          2.35      
    File::Temp                0.2304     0.2311    
    JSON::PP                  0          4.16      
    local::lib                2.000014   2.000029  
    Pod::Usage                1.69       2.03      

build_requires:

    Module                    Need       Have      
    ------------------------- ---------- ----------
    File::Which               1.21       1.27      
    Path::Class               0.33       0.37      
    Test2::Plugin::IOEvents   0.001001   0.001001  
    Test2::Plugin::NoWarnings 0.10       0.10      
    Test2::V0                 0.000163   1.302204  

configure_requires:

    Module                    Need       Have      
    ------------------------- ---------- ----------
    Module::Build::Tiny       0.039      0.051     


------------------------------
ENVIRONMENT AND OTHER CONTEXT
------------------------------

Environment variables:

    LANG = en_US.UTF-8
    LC_ALL = en_US.UTF-8
    LC_CTYPE = UTF-8
    LDFLAGS = -L/usr/local/lib
    PATH = /opt/local/bin:/opt/local/bin:/opt/local/sbin:/Users/roland/pebble-dev/PebbleSDK-current/bin:/Applications/Rakudo/bin:/Users/roland/.npm-packages/bin:/Users/roland/pebble-dev3/pebble-sdk-4.2-mac/bin:/Applications/Xcode.app/Contents/Developer/usr/bin/:/Applications/android-sdk-macosx/platform-tools:/Applications/android-sdk-macosx/tools:/usr/local/bin:/opt/local/bin:/usr/local/bin:/usr/bin:/bin:/usr/sbin:/sbin:/usr/local/MacGPG2/bin:/usr/local/share/dotnet:/opt/X11/bin:~/.dotnet/tools:/Library/Apple/usr/bin:/Applications/Rakudo/bin:/Applications/Rakudo/share/perl6/site/bin
    PERL5LIB = 
    PERL5OPT = 
    PERL5_CPANPLUS_IS_RUNNING = 63273
    PERL5_CPAN_IS_RUNNING = 63273
    PERL_USE_UNSAFE_INC = 1
    SHELL = /bin/bash
    TEMP = /var/tmp/
    TERM = xterm-256color
    TMPDIR = /var/folders/7l/g84992vx2mv_vz02s8yt60sc0000gn/T/

Perl special variables (and OS-specific diagnostics, for MSWin32):

    $^X = /opt/local/bin/perl5.34
    $UID/$EUID = 501 / 501
    $GID = 20 20 504 12 61 79 80 81 98 703 702 701 33 100 204 250 395
    $EGID = 20 20 504 12 61 79 80 81 98 703 702 701 33 100 204 250 395

Perl module toolchain versions installed:

    Module              Have    
    ------------------- --------
    CPAN                2.37    
    CPAN::Meta          2.150010
    Cwd                 3.75    
    ExtUtils::CBuilder  0.280236
    ExtUtils::Command   7.70    
    ExtUtils::Install   2.22    
    ExtUtils::MakeMaker 7.70    
    ExtUtils::Manifest  1.75    
    ExtUtils::ParseXS   3.51    
    File::Spec          3.75    
    JSON                4.10    
    JSON::PP            4.16    
    Module::Build       0.4234  
    Module::Signature   0.89    
    Parse::CPAN::Meta   2.150010
    Test2               1.302204
    Test::Harness       3.50    
    Test::More          1.302204
    YAML                1.31    
    YAML::Syck          n/a     
    version             0.9933  


--

Summary of my perl5 (revision 5 version 34 subversion 3) configuration:
   
  Platform:
    osname=darwin
    osvers=19.6.0
    archname=darwin-thread-multi-2level
    uname='darwin catalina.internal.macports.net 19.6.0 darwin kernel version 19.6.0: tue jun 21 21:18:39 pdt 2022; root:xnu-6153.141.66~1release_x86_64 x86_64 '
    config_args='-des -Dprefix=/opt/local -Dscriptdir=/opt/local/bin -Dvendorprefix=/opt/local -Dusemultiplicity=y -Dusethreads -Duseshrplib -Dcc=/usr/bin/cc -Dman1ext=1pm -Dman3ext=3pm -Dinstallstyle=lib/perl5 -Dman1dir=/opt/local/share/man/man1 -Dman3dir=/opt/local/share/man/man3 -Dsitebin=/opt/local/libexec/perl5.34/sitebin -Dsiteman1dir=/opt/local/share/perl5.34/siteman/man1 -Dsiteman3dir=/opt/local/share/perl5.34/siteman/man3 -Dvendorbin=/opt/local/libexec/perl5.34 -Dvendorman1dir=/opt/local/share/perl5.34/man/man1 -Dvendorman3dir=/opt/local/share/perl5.34/man/man3 -Dpager=/usr/bin/less -sR -Dperlpath=/opt/local/bin/perl5.34 -Dstartperl=#!/opt/local/bin/perl5.34 -Acppflags=-I/opt/local/include  -Accflags=-pipe -Os   -Alddlflags=-L/opt/local/lib -Wl,-headerpad_max_install_names   -Aldflags=-L/opt/local/lib -Wl,-headerpad_max_install_names  '
    hint=recommended
    useposix=true
    d_sigaction=define
    useithreads=define
    usemultiplicity=define
    use64bitint=define
    use64bitall=define
    uselongdouble=undef
    usemymalloc=n
    default_inc_excludes_dot=define
  Compiler:
    cc='/usr/bin/cc'
    ccflags ='-fno-common -DPERL_DARWIN  -pipe -Os   -fno-strict-aliasing -fstack-protector-strong -I/opt/local/include -DPERL_USE_SAFE_PUTENV'
    optimize='-O3'
    cppflags='-I/opt/local/include  -fno-common -DPERL_DARWIN  -pipe -Os   -fno-strict-aliasing -fstack-protector-strong -I/opt/local/include'
    ccversion=''
    gccversion='4.2.1 Compatible Apple LLVM 11.0.3 (clang-1103.0.32.62)'
    gccosandvers=''
    intsize=4
    longsize=8
    ptrsize=8
    doublesize=8
    byteorder=12345678
    doublekind=3
    d_longlong=define
    longlongsize=8
    d_longdbl=define
    longdblsize=16
    longdblkind=3
    ivtype='long'
    ivsize=8
    nvtype='double'
    nvsize=8
    Off_t='off_t'
    lseeksize=8
    alignbytes=8
    prototype=define
  Linker and Libraries:
    ld='/usr/bin/cc'
    ldflags ='  -L/opt/local/lib -Wl,-headerpad_max_install_names   -fstack-protector-strong'
    libpth=/opt/local/lib /Library/Developer/CommandLineTools/usr/lib/clang/11.0.3/lib /Library/Developer/CommandLineTools/SDKs/MacOSX10.15.sdk/usr/lib /Library/Developer/CommandLineTools/usr/lib /usr/lib
    libs=-lpthread -lgdbm -ldbm -ldl -lm -lutil -lc
    perllibs=-lpthread -ldl -lm -lutil -lc
    libc=
    so=dylib
    useshrplib=true
    libperl=libperl.dylib
    gnulibc_version=''
  Dynamic Linking:
    dlsrc=dl_dlopen.xs
    dlext=bundle
    d_dlsymun=undef
    ccdlflags=' '
    cccdlflags=' '
    lddlflags='  -bundle -undefined dynamic_lookup -L/opt/local/lib -Wl,-headerpad_max_install_names   -fstack-protector-strong'


Characteristics of this binary (from libperl): 
  Compile-time options:
    HAS_TIMES
    MULTIPLICITY
    PERLIO_LAYERS
    PERL_COPY_ON_WRITE
    PERL_DONT_CREATE_GVSV
    PERL_IMPLICIT_CONTEXT
    PERL_MALLOC_WRAP
    PERL_OP_PARENT
    PERL_PRESERVE_IVUV
    PERL_USE_SAFE_PUTENV
    USE_64_BIT_ALL
    USE_64_BIT_INT
    USE_ITHREADS
    USE_LARGE_FILES
    USE_LOCALE
    USE_LOCALE_COLLATE
    USE_LOCALE_CTYPE
    USE_LOCALE_NUMERIC
    USE_LOCALE_TIME
    USE_PERLIO
    USE_PERL_ATOF
    USE_REENTRANT_API
    USE_THREAD_SAFE_LOCALE
  Built under darwin
  Compiled at May 19 2024 12:25:09
  %ENV:
    PERL5LIB=""
    PERL5OPT=""
    PERL5_CPANPLUS_IS_RUNNING="63273"
    PERL5_CPAN_IS_RUNNING="63273"
    PERL_USE_UNSAFE_INC="1"
  @INC:
    /opt/local/lib/perl5/site_perl/5.34/darwin-thread-multi-2level
    /opt/local/lib/perl5/site_perl/5.34
    /opt/local/lib/perl5/vendor_perl/5.34/darwin-thread-multi-2level
    /opt/local/lib/perl5/vendor_perl/5.34
    /opt/local/lib/perl5/5.34/darwin-thread-multi-2level
    /opt/local/lib/perl5/5.34
    .