Report for Genezzo-0.72

Back
From: metabase:user:a0e144f2-373b-11e6-8edd-c6848980b093
Subject: FAIL Genezzo-0.72 v5.26.0 GNU/Linux
Date: 2017-04-10T07:59:04Z

This distribution has been tested as part of the CPAN Testers
project, supporting the Perl programming language.  See
http://wiki.cpantesters.org/ for more information or email
questions to cpan-testers-discuss@perl.org


--
Dear Jeffrey Cohen,

This is a computer-generated report for Genezzo-0.72
on perl 5.26.0, created by CPAN-Reporter-1.2018.

Thank you for uploading your work to CPAN.  However, there was a problem
testing your distribution.

If you think this report is invalid, please consult the CPAN Testers Wiki
for suggestions on how to avoid getting FAIL reports for missing library
or binary dependencies, unsupported operating systems, and so on:

http://wiki.cpantesters.org/wiki/CPANAuthorNotes

Sections of this report:

    * Tester comments
    * Program output
    * Prerequisites
    * Environment and other context

------------------------------
TESTER COMMENTS
------------------------------

Additional comments from tester:

this report is from an automated smoke testing program
and was not reviewed by a human for accuracy

------------------------------
PROGRAM OUTPUT
------------------------------

Output from '/usr/bin/make test':

PERL_DL_NONLAZY=1 "/home/cpan2/install/bin/perl" "-MExtUtils::Command::MM" "-MTest::Harness" "-e" "undef *Test::Harness::Switches; test_harness(0, 'blib/lib', 'blib/arch')" t/*.t
t/Block1.t ..... ok
t/Block3.t ..... ok
t/Block4.t ..... ok
t/Block2.t ..... ok
t/BufCa1.t ..... ok
syntax error at /home/cpan2/.cpan/build/Genezzo-0.72-0/blib/lib/Genezzo/Tablespace.pm line 603, near "$tname qw(_tspace _tsfiles _tab1 _col1 allfileused)"
Global symbol "$tname" requires explicit package name (did you forget to declare "my $tname"?) at /home/cpan2/.cpan/build/Genezzo-0.72-0/blib/lib/Genezzo/Tablespace.pm line 605.
Global symbol "$self" requires explicit package name (did you forget to declare "my $self"?) at /home/cpan2/.cpan/build/Genezzo-0.72-0/blib/lib/Genezzo/Tablespace.pm line 608.
Global symbol "$tname" requires explicit package name (did you forget to declare "my $tname"?) at /home/cpan2/.cpan/build/Genezzo-0.72-0/blib/lib/Genezzo/Tablespace.pm line 608.
Global symbol "$preload" requires explicit package name (did you forget to declare "my $preload"?) at /home/cpan2/.cpan/build/Genezzo-0.72-0/blib/lib/Genezzo/Tablespace.pm line 614.
Global symbol "$self" requires explicit package name (did you forget to declare "my $self"?) at /home/cpan2/.cpan/build/Genezzo-0.72-0/blib/lib/Genezzo/Tablespace.pm line 616.
Global symbol "$tname" requires explicit package name (did you forget to declare "my $tname"?) at /home/cpan2/.cpan/build/Genezzo-0.72-0/blib/lib/Genezzo/Tablespace.pm line 616.
Global symbol "$self" requires explicit package name (did you forget to declare "my $self"?) at /home/cpan2/.cpan/build/Genezzo-0.72-0/blib/lib/Genezzo/Tablespace.pm line 617.
Global symbol "$tname" requires explicit package name (did you forget to declare "my $tname"?) at /home/cpan2/.cpan/build/Genezzo-0.72-0/blib/lib/Genezzo/Tablespace.pm line 617.
syntax error at /home/cpan2/.cpan/build/Genezzo-0.72-0/blib/lib/Genezzo/Tablespace.pm line 620, near "}"
/home/cpan2/.cpan/build/Genezzo-0.72-0/blib/lib/Genezzo/Tablespace.pm has too many errors.
Compilation failed in require at /home/cpan2/.cpan/build/Genezzo-0.72-0/blib/lib/Genezzo/Dict.pm line 15.
BEGIN failed--compilation aborted at /home/cpan2/.cpan/build/Genezzo-0.72-0/blib/lib/Genezzo/Dict.pm line 15.
Compilation failed in require at /home/cpan2/.cpan/build/Genezzo-0.72-0/blib/lib/Genezzo/GenDBI.pm line 21.
BEGIN failed--compilation aborted at /home/cpan2/.cpan/build/Genezzo-0.72-0/blib/lib/Genezzo/GenDBI.pm line 21.
Compilation failed in require at t/AAASetup1.t line 13.
BEGIN failed--compilation aborted at t/AAASetup1.t line 13.
syntax error at /home/cpan2/.cpan/build/Genezzo-0.72-0/blib/lib/Genezzo/Tablespace.pm line 603, near "$tname qw(_tspace _tsfiles _tab1 _col1 allfileused)"
Global symbol "$tname" requires explicit package name (did you forget to declare "my $tname"?) at /home/cpan2/.cpan/build/Genezzo-0.72-0/blib/lib/Genezzo/Tablespace.pm line 605.
Global symbol "$self" requires explicit package name (did you forget to declare "my $self"?) at /home/cpan2/.cpan/build/Genezzo-0.72-0/blib/lib/Genezzo/Tablespace.pm line 608.
Global symbol "$tname" requires explicit package name (did you forget to declare "my $tname"?) at /home/cpan2/.cpan/build/Genezzo-0.72-0/blib/lib/Genezzo/Tablespace.pm line 608.
Global symbol "$preload" requires explicit package name (did you forget to declare "my $preload"?) at /home/cpan2/.cpan/build/Genezzo-0.72-0/blib/lib/Genezzo/Tablespace.pm line 614.
Global symbol "$self" requires explicit package name (did you forget to declare "my $self"?) at /home/cpan2/.cpan/build/Genezzo-0.72-0/blib/lib/Genezzo/Tablespace.pm line 616.
Global symbol "$tname" requires explicit package name (did you forget to declare "my $tname"?) at /home/cpan2/.cpan/build/Genezzo-0.72-0/blib/lib/Genezzo/Tablespace.pm line 616.
Global symbol "$self" requires explicit package name (did you forget to declare "my $self"?) at /home/cpan2/.cpan/build/Genezzo-0.72-0/blib/lib/Genezzo/Tablespace.pm line 617.
Global symbol "$tname" requires explicit package name (did you forget to declare "my $tname"?) at /home/cpan2/.cpan/build/Genezzo-0.72-0/blib/lib/Genezzo/Tablespace.pm line 617.
syntax error at /home/cpan2/.cpan/build/Genezzo-0.72-0/blib/lib/Genezzo/Tablespace.pm line 620, near "}"
/home/cpan2/.cpan/build/Genezzo-0.72-0/blib/lib/Genezzo/Tablespace.pm has too many errors.
Compilation failed in require at /home/cpan2/.cpan/build/Genezzo-0.72-0/blib/lib/Genezzo/Dict.pm line 15.
BEGIN failed--compilation aborted at /home/cpan2/.cpan/build/Genezzo-0.72-0/blib/lib/Genezzo/Dict.pm line 15.
Compilation failed in require at /home/cpan2/.cpan/build/Genezzo-0.72-0/blib/lib/Genezzo/GenDBI.pm line 21.
BEGIN failed--compilation aborted at /home/cpan2/.cpan/build/Genezzo-0.72-0/blib/lib/Genezzo/GenDBI.pm line 21.
Compilation failed in require at t/DBI1.t line 13.
BEGIN failed--compilation aborted at t/DBI1.t line 13.
t/AAASetup1.t .. 
Dubious, test returned 255 (wstat 65280, 0xff00)
Failed 2/2 subtests 
t/DBI1.t ....... 
Dubious, test returned 255 (wstat 65280, 0xff00)
Failed 48/48 subtests 
syntax error at /home/cpan2/.cpan/build/Genezzo-0.72-0/blib/lib/Genezzo/Tablespace.pm line 603, near "$tname qw(_tspace _tsfiles _tab1 _col1 allfileused)"
Global symbol "$tname" requires explicit package name (did you forget to declare "my $tname"?) at /home/cpan2/.cpan/build/Genezzo-0.72-0/blib/lib/Genezzo/Tablespace.pm line 605.
Global symbol "$self" requires explicit package name (did you forget to declare "my $self"?) at /home/cpan2/.cpan/build/Genezzo-0.72-0/blib/lib/Genezzo/Tablespace.pm line 608.
Global symbol "$tname" requires explicit package name (did you forget to declare "my $tname"?) at /home/cpan2/.cpan/build/Genezzo-0.72-0/blib/lib/Genezzo/Tablespace.pm line 608.
Global symbol "$preload" requires explicit package name (did you forget to declare "my $preload"?) at /home/cpan2/.cpan/build/Genezzo-0.72-0/blib/lib/Genezzo/Tablespace.pm line 614.
Global symbol "$self" requires explicit package name (did you forget to declare "my $self"?) at /home/cpan2/.cpan/build/Genezzo-0.72-0/blib/lib/Genezzo/Tablespace.pm line 616.
Global symbol "$tname" requires explicit package name (did you forget to declare "my $tname"?) at /home/cpan2/.cpan/build/Genezzo-0.72-0/blib/lib/Genezzo/Tablespace.pm line 616.
Global symbol "$self" requires explicit package name (did you forget to declare "my $self"?) at /home/cpan2/.cpan/build/Genezzo-0.72-0/blib/lib/Genezzo/Tablespace.pm line 617.
Global symbol "$tname" requires explicit package name (did you forget to declare "my $tname"?) at /home/cpan2/.cpan/build/Genezzo-0.72-0/blib/lib/Genezzo/Tablespace.pm line 617.
syntax error at /home/cpan2/.cpan/build/Genezzo-0.72-0/blib/lib/Genezzo/Tablespace.pm line 620, near "}"
/home/cpan2/.cpan/build/Genezzo-0.72-0/blib/lib/Genezzo/Tablespace.pm has too many errors.
Compilation failed in require at /home/cpan2/.cpan/build/Genezzo-0.72-0/blib/lib/Genezzo/Dict.pm line 15.
BEGIN failed--compilation aborted at /home/cpan2/.cpan/build/Genezzo-0.72-0/blib/lib/Genezzo/Dict.pm line 15.
Compilation failed in require at /home/cpan2/.cpan/build/Genezzo-0.72-0/blib/lib/Genezzo/GenDBI.pm line 21.
BEGIN failed--compilation aborted at /home/cpan2/.cpan/build/Genezzo-0.72-0/blib/lib/Genezzo/GenDBI.pm line 21.
Compilation failed in require at t/Cons1.t line 13.
BEGIN failed--compilation aborted at t/Cons1.t line 13.
t/Cons1.t ...... 
Dubious, test returned 255 (wstat 65280, 0xff00)
Failed 21/21 subtests 
syntax error at /home/cpan2/.cpan/build/Genezzo-0.72-0/blib/lib/Genezzo/Tablespace.pm line 603, near "$tname qw(_tspace _tsfiles _tab1 _col1 allfileused)"
Global symbol "$tname" requires explicit package name (did you forget to declare "my $tname"?) at /home/cpan2/.cpan/build/Genezzo-0.72-0/blib/lib/Genezzo/Tablespace.pm line 605.
Global symbol "$self" requires explicit package name (did you forget to declare "my $self"?) at /home/cpan2/.cpan/build/Genezzo-0.72-0/blib/lib/Genezzo/Tablespace.pm line 608.
Global symbol "$tname" requires explicit package name (did you forget to declare "my $tname"?) at /home/cpan2/.cpan/build/Genezzo-0.72-0/blib/lib/Genezzo/Tablespace.pm line 608.
Global symbol "$preload" requires explicit package name (did you forget to declare "my $preload"?) at /home/cpan2/.cpan/build/Genezzo-0.72-0/blib/lib/Genezzo/Tablespace.pm line 614.
Global symbol "$self" requires explicit package name (did you forget to declare "my $self"?) at /home/cpan2/.cpan/build/Genezzo-0.72-0/blib/lib/Genezzo/Tablespace.pm line 616.
Global symbol "$tname" requires explicit package name (did you forget to declare "my $tname"?) at /home/cpan2/.cpan/build/Genezzo-0.72-0/blib/lib/Genezzo/Tablespace.pm line 616.
Global symbol "$self" requires explicit package name (did you forget to declare "my $self"?) at /home/cpan2/.cpan/build/Genezzo-0.72-0/blib/lib/Genezzo/Tablespace.pm line 617.
Global symbol "$tname" requires explicit package name (did you forget to declare "my $tname"?) at /home/cpan2/.cpan/build/Genezzo-0.72-0/blib/lib/Genezzo/Tablespace.pm line 617.
syntax error at /home/cpan2/.cpan/build/Genezzo-0.72-0/blib/lib/Genezzo/Tablespace.pm line 620, near "}"
/home/cpan2/.cpan/build/Genezzo-0.72-0/blib/lib/Genezzo/Tablespace.pm has too many errors.
Compilation failed in require at /home/cpan2/.cpan/build/Genezzo-0.72-0/blib/lib/Genezzo/Dict.pm line 15.
BEGIN failed--compilation aborted at /home/cpan2/.cpan/build/Genezzo-0.72-0/blib/lib/Genezzo/Dict.pm line 15.
Compilation failed in require at /home/cpan2/.cpan/build/Genezzo-0.72-0/blib/lib/Genezzo/GenDBI.pm line 21.
BEGIN failed--compilation aborted at /home/cpan2/.cpan/build/Genezzo-0.72-0/blib/lib/Genezzo/GenDBI.pm line 21.
Compilation failed in require at t/Feeble1.t line 13.
BEGIN failed--compilation aborted at t/Feeble1.t line 13.
t/Feeble1.t .... 
Dubious, test returned 255 (wstat 65280, 0xff00)
Failed 18/18 subtests 
syntax error at /home/cpan2/.cpan/build/Genezzo-0.72-0/blib/lib/Genezzo/Tablespace.pm line 603, near "$tname qw(_tspace _tsfiles _tab1 _col1 allfileused)"
Global symbol "$tname" requires explicit package name (did you forget to declare "my $tname"?) at /home/cpan2/.cpan/build/Genezzo-0.72-0/blib/lib/Genezzo/Tablespace.pm line 605.
Global symbol "$self" requires explicit package name (did you forget to declare "my $self"?) at /home/cpan2/.cpan/build/Genezzo-0.72-0/blib/lib/Genezzo/Tablespace.pm line 608.
Global symbol "$tname" requires explicit package name (did you forget to declare "my $tname"?) at /home/cpan2/.cpan/build/Genezzo-0.72-0/blib/lib/Genezzo/Tablespace.pm line 608.
Global symbol "$preload" requires explicit package name (did you forget to declare "my $preload"?) at /home/cpan2/.cpan/build/Genezzo-0.72-0/blib/lib/Genezzo/Tablespace.pm line 614.
Global symbol "$self" requires explicit package name (did you forget to declare "my $self"?) at /home/cpan2/.cpan/build/Genezzo-0.72-0/blib/lib/Genezzo/Tablespace.pm line 616.
Global symbol "$tname" requires explicit package name (did you forget to declare "my $tname"?) at /home/cpan2/.cpan/build/Genezzo-0.72-0/blib/lib/Genezzo/Tablespace.pm line 616.
Global symbol "$self" requires explicit package name (did you forget to declare "my $self"?) at /home/cpan2/.cpan/build/Genezzo-0.72-0/blib/lib/Genezzo/Tablespace.pm line 617.
Global symbol "$tname" requires explicit package name (did you forget to declare "my $tname"?) at /home/cpan2/.cpan/build/Genezzo-0.72-0/blib/lib/Genezzo/Tablespace.pm line 617.
syntax error at /home/cpan2/.cpan/build/Genezzo-0.72-0/blib/lib/Genezzo/Tablespace.pm line 620, near "}"
/home/cpan2/.cpan/build/Genezzo-0.72-0/blib/lib/Genezzo/Tablespace.pm has too many errors.
Compilation failed in require at /home/cpan2/.cpan/build/Genezzo-0.72-0/blib/lib/Genezzo/Dict.pm line 15.
BEGIN failed--compilation aborted at /home/cpan2/.cpan/build/Genezzo-0.72-0/blib/lib/Genezzo/Dict.pm line 15.
Compilation failed in require at /home/cpan2/.cpan/build/Genezzo-0.72-0/blib/lib/Genezzo/GenDBI.pm line 21.
BEGIN failed--compilation aborted at /home/cpan2/.cpan/build/Genezzo-0.72-0/blib/lib/Genezzo/GenDBI.pm line 21.
Compilation failed in require at t/Gnzo1.t line 13.
BEGIN failed--compilation aborted at t/Gnzo1.t line 13.
t/Gnzo1.t ...... 
Dubious, test returned 255 (wstat 65280, 0xff00)
Failed 14/14 subtests 
syntax error at /home/cpan2/.cpan/build/Genezzo-0.72-0/blib/lib/Genezzo/Tablespace.pm line 603, near "$tname qw(_tspace _tsfiles _tab1 _col1 allfileused)"
Global symbol "$tname" requires explicit package name (did you forget to declare "my $tname"?) at /home/cpan2/.cpan/build/Genezzo-0.72-0/blib/lib/Genezzo/Tablespace.pm line 605.
Global symbol "$self" requires explicit package name (did you forget to declare "my $self"?) at /home/cpan2/.cpan/build/Genezzo-0.72-0/blib/lib/Genezzo/Tablespace.pm line 608.
Global symbol "$tname" requires explicit package name (did you forget to declare "my $tname"?) at /home/cpan2/.cpan/build/Genezzo-0.72-0/blib/lib/Genezzo/Tablespace.pm line 608.
Global symbol "$preload" requires explicit package name (did you forget to declare "my $preload"?) at /home/cpan2/.cpan/build/Genezzo-0.72-0/blib/lib/Genezzo/Tablespace.pm line 614.
Global symbol "$self" requires explicit package name (did you forget to declare "my $self"?) at /home/cpan2/.cpan/build/Genezzo-0.72-0/blib/lib/Genezzo/Tablespace.pm line 616.
Global symbol "$tname" requires explicit package name (did you forget to declare "my $tname"?) at /home/cpan2/.cpan/build/Genezzo-0.72-0/blib/lib/Genezzo/Tablespace.pm line 616.
Global symbol "$self" requires explicit package name (did you forget to declare "my $self"?) at /home/cpan2/.cpan/build/Genezzo-0.72-0/blib/lib/Genezzo/Tablespace.pm line 617.
Global symbol "$tname" requires explicit package name (did you forget to declare "my $tname"?) at /home/cpan2/.cpan/build/Genezzo-0.72-0/blib/lib/Genezzo/Tablespace.pm line 617.
syntax error at /home/cpan2/.cpan/build/Genezzo-0.72-0/blib/lib/Genezzo/Tablespace.pm line 620, near "}"
/home/cpan2/.cpan/build/Genezzo-0.72-0/blib/lib/Genezzo/Tablespace.pm has too many errors.
Compilation failed in require at /home/cpan2/.cpan/build/Genezzo-0.72-0/blib/lib/Genezzo/Dict.pm line 15.
BEGIN failed--compilation aborted at /home/cpan2/.cpan/build/Genezzo-0.72-0/blib/lib/Genezzo/Dict.pm line 15.
Compilation failed in require at /home/cpan2/.cpan/build/Genezzo-0.72-0/blib/lib/Genezzo/GenDBI.pm line 21.
BEGIN failed--compilation aborted at /home/cpan2/.cpan/build/Genezzo-0.72-0/blib/lib/Genezzo/GenDBI.pm line 21.
Compilation failed in require at t/Gnzo3.t line 13.
BEGIN failed--compilation aborted at t/Gnzo3.t line 13.
syntax error at /home/cpan2/.cpan/build/Genezzo-0.72-0/blib/lib/Genezzo/Tablespace.pm line 603, near "$tname qw(_tspace _tsfiles _tab1 _col1 allfileused)"
Global symbol "$tname" requires explicit package name (did you forget to declare "my $tname"?) at /home/cpan2/.cpan/build/Genezzo-0.72-0/blib/lib/Genezzo/Tablespace.pm line 605.
Global symbol "$self" requires explicit package name (did you forget to declare "my $self"?) at /home/cpan2/.cpan/build/Genezzo-0.72-0/blib/lib/Genezzo/Tablespace.pm line 608.
Global symbol "$tname" requires explicit package name (did you forget to declare "my $tname"?) at /home/cpan2/.cpan/build/Genezzo-0.72-0/blib/lib/Genezzo/Tablespace.pm line 608.
Global symbol "$preload" requires explicit package name (did you forget to declare "my $preload"?) at /home/cpan2/.cpan/build/Genezzo-0.72-0/blib/lib/Genezzo/Tablespace.pm line 614.
Global symbol "$self" requires explicit package name (did you forget to declare "my $self"?) at /home/cpan2/.cpan/build/Genezzo-0.72-0/blib/lib/Genezzo/Tablespace.pm line 616.
Global symbol "$tname" requires explicit package name (did you forget to declare "my $tname"?) at /home/cpan2/.cpan/build/Genezzo-0.72-0/blib/lib/Genezzo/Tablespace.pm line 616.
Global symbol "$self" requires explicit package name (did you forget to declare "my $self"?) at /home/cpan2/.cpan/build/Genezzo-0.72-0/blib/lib/Genezzo/Tablespace.pm line 617.
Global symbol "$tname" requires explicit package name (did you forget to declare "my $tname"?) at /home/cpan2/.cpan/build/Genezzo-0.72-0/blib/lib/Genezzo/Tablespace.pm line 617.
syntax error at /home/cpan2/.cpan/build/Genezzo-0.72-0/blib/lib/Genezzo/Tablespace.pm line 620, near "}"
/home/cpan2/.cpan/build/Genezzo-0.72-0/blib/lib/Genezzo/Tablespace.pm has too many errors.
Compilation failed in require at /home/cpan2/.cpan/build/Genezzo-0.72-0/blib/lib/Genezzo/Dict.pm line 15.
BEGIN failed--compilation aborted at /home/cpan2/.cpan/build/Genezzo-0.72-0/blib/lib/Genezzo/Dict.pm line 15.
Compilation failed in require at /home/cpan2/.cpan/build/Genezzo-0.72-0/blib/lib/Genezzo/GenDBI.pm line 21.
BEGIN failed--compilation aborted at /home/cpan2/.cpan/build/Genezzo-0.72-0/blib/lib/Genezzo/GenDBI.pm line 21.
Compilation failed in require at t/Gnzo2.t line 13.
BEGIN failed--compilation aborted at t/Gnzo2.t line 13.
t/Gnzo3.t ...... 
Dubious, test returned 255 (wstat 65280, 0xff00)
Failed 15/15 subtests 
t/Gnzo2.t ...... 
Dubious, test returned 255 (wstat 65280, 0xff00)
Failed 31/31 subtests 

#   Failed test 'use Genezzo::GenDBI;'
#   at t/GSysHook1.t line 14.
#     Tried to use 'Genezzo::GenDBI'.
#     Error:  syntax error at /home/cpan2/.cpan/build/Genezzo-0.72-0/blib/lib/Genezzo/Tablespace.pm line 603, near "$tname qw(_tspace _tsfiles _tab1 _col1 allfileused)"
# Global symbol "$tname" requires explicit package name (did you forget to declare "my $tname"?) at /home/cpan2/.cpan/build/Genezzo-0.72-0/blib/lib/Genezzo/Tablespace.pm line 605.
# Global symbol "$self" requires explicit package name (did you forget to declare "my $self"?) at /home/cpan2/.cpan/build/Genezzo-0.72-0/blib/lib/Genezzo/Tablespace.pm line 608.
# Global symbol "$tname" requires explicit package name (did you forget to declare "my $tname"?) at /home/cpan2/.cpan/build/Genezzo-0.72-0/blib/lib/Genezzo/Tablespace.pm line 608.
# Global symbol "$preload" requires explicit package name (did you forget to declare "my $preload"?) at /home/cpan2/.cpan/build/Genezzo-0.72-0/blib/lib/Genezzo/Tablespace.pm line 614.
# Global symbol "$self" requires explicit package name (did you forget to declare "my $self"?) at /home/cpan2/.cpan/build/Genezzo-0.72-0/blib/lib/Genezzo/Tablespace.pm line 616.
# Global symbol "$tname" requires explicit package name (did you forget to declare "my $tname"?) at /home/cpan2/.cpan/build/Genezzo-0.72-0/blib/lib/Genezzo/Tablespace.pm line 616.
# Global symbol "$self" requires explicit package name (did you forget to declare "my $self"?) at /home/cpan2/.cpan/build/Genezzo-0.72-0/blib/lib/Genezzo/Tablespace.pm line 617.
# Global symbol "$tname" requires explicit package name (did you forget to declare "my $tname"?) at /home/cpan2/.cpan/build/Genezzo-0.72-0/blib/lib/Genezzo/Tablespace.pm line 617.
# syntax error at /home/cpan2/.cpan/build/Genezzo-0.72-0/blib/lib/Genezzo/Tablespace.pm line 620, near "}"
# /home/cpan2/.cpan/build/Genezzo-0.72-0/blib/lib/Genezzo/Tablespace.pm has too many errors.
# Compilation failed in require at /home/cpan2/.cpan/build/Genezzo-0.72-0/blib/lib/Genezzo/Dict.pm line 15.
# BEGIN failed--compilation aborted at /home/cpan2/.cpan/build/Genezzo-0.72-0/blib/lib/Genezzo/Dict.pm line 15.
# Compilation failed in require at /home/cpan2/.cpan/build/Genezzo-0.72-0/blib/lib/Genezzo/GenDBI.pm line 21.
# BEGIN failed--compilation aborted at /home/cpan2/.cpan/build/Genezzo-0.72-0/blib/lib/Genezzo/GenDBI.pm line 21.
# Compilation failed in require at t/GSysHook1.t line 14.
# BEGIN failed--compilation aborted at t/GSysHook1.t line 14.
Attempt to reload Genezzo/Dict.pm aborted.
Compilation failed in require at /home/cpan2/.cpan/build/Genezzo-0.72-0/blib/lib/Genezzo/Havok.pm line 10.
BEGIN failed--compilation aborted at /home/cpan2/.cpan/build/Genezzo-0.72-0/blib/lib/Genezzo/Havok.pm line 10.
Compilation failed in require at t/GSysHook1.t line 74.
BEGIN failed--compilation aborted at t/GSysHook1.t line 74.
# Looks like your test exited with 255 just after 1.
t/GSysHook1.t .. 
Dubious, test returned 255 (wstat 65280, 0xff00)
Failed 14/14 subtests 

#   Failed test 'use Genezzo::GenDBI;'
#   at t/GSysHook2.t line 18.
#     Tried to use 'Genezzo::GenDBI'.
#     Error:  syntax error at /home/cpan2/.cpan/build/Genezzo-0.72-0/blib/lib/Genezzo/Tablespace.pm line 603, near "$tname qw(_tspace _tsfiles _tab1 _col1 allfileused)"
# Global symbol "$tname" requires explicit package name (did you forget to declare "my $tname"?) at /home/cpan2/.cpan/build/Genezzo-0.72-0/blib/lib/Genezzo/Tablespace.pm line 605.
# Global symbol "$self" requires explicit package name (did you forget to declare "my $self"?) at /home/cpan2/.cpan/build/Genezzo-0.72-0/blib/lib/Genezzo/Tablespace.pm line 608.
# Global symbol "$tname" requires explicit package name (did you forget to declare "my $tname"?) at /home/cpan2/.cpan/build/Genezzo-0.72-0/blib/lib/Genezzo/Tablespace.pm line 608.
# Global symbol "$preload" requires explicit package name (did you forget to declare "my $preload"?) at /home/cpan2/.cpan/build/Genezzo-0.72-0/blib/lib/Genezzo/Tablespace.pm line 614.
# Global symbol "$self" requires explicit package name (did you forget to declare "my $self"?) at /home/cpan2/.cpan/build/Genezzo-0.72-0/blib/lib/Genezzo/Tablespace.pm line 616.
# Global symbol "$tname" requires explicit package name (did you forget to declare "my $tname"?) at /home/cpan2/.cpan/build/Genezzo-0.72-0/blib/lib/Genezzo/Tablespace.pm line 616.
# Global symbol "$self" requires explicit package name (did you forget to declare "my $self"?) at /home/cpan2/.cpan/build/Genezzo-0.72-0/blib/lib/Genezzo/Tablespace.pm line 617.
# Global symbol "$tname" requires explicit package name (did you forget to declare "my $tname"?) at /home/cpan2/.cpan/build/Genezzo-0.72-0/blib/lib/Genezzo/Tablespace.pm line 617.
# syntax error at /home/cpan2/.cpan/build/Genezzo-0.72-0/blib/lib/Genezzo/Tablespace.pm line 620, near "}"
# /home/cpan2/.cpan/build/Genezzo-0.72-0/blib/lib/Genezzo/Tablespace.pm has too many errors.
# Compilation failed in require at /home/cpan2/.cpan/build/Genezzo-0.72-0/blib/lib/Genezzo/Dict.pm line 15.
# BEGIN failed--compilation aborted at /home/cpan2/.cpan/build/Genezzo-0.72-0/blib/lib/Genezzo/Dict.pm line 15.
# Compilation failed in require at /home/cpan2/.cpan/build/Genezzo-0.72-0/blib/lib/Genezzo/GenDBI.pm line 21.
# BEGIN failed--compilation aborted at /home/cpan2/.cpan/build/Genezzo-0.72-0/blib/lib/Genezzo/GenDBI.pm line 21.
# Compilation failed in require at t/GSysHook2.t line 18.
# BEGIN failed--compilation aborted at t/GSysHook2.t line 18.
Attempt to reload Genezzo/Dict.pm aborted.
Compilation failed in require at /home/cpan2/.cpan/build/Genezzo-0.72-0/blib/lib/Genezzo/Havok.pm line 10.
BEGIN failed--compilation aborted at /home/cpan2/.cpan/build/Genezzo-0.72-0/blib/lib/Genezzo/Havok.pm line 10.
Compilation failed in require at t/GSysHook2.t line 51.
BEGIN failed--compilation aborted at t/GSysHook2.t line 51.
# Looks like your test exited with 255 just after 1.
t/GSysHook2.t .. 
Dubious, test returned 255 (wstat 65280, 0xff00)
Failed 4/4 subtests 
syntax error at /home/cpan2/.cpan/build/Genezzo-0.72-0/blib/lib/Genezzo/Tablespace.pm line 603, near "$tname qw(_tspace _tsfiles _tab1 _col1 allfileused)"
Global symbol "$tname" requires explicit package name (did you forget to declare "my $tname"?) at /home/cpan2/.cpan/build/Genezzo-0.72-0/blib/lib/Genezzo/Tablespace.pm line 605.
Global symbol "$self" requires explicit package name (did you forget to declare "my $self"?) at /home/cpan2/.cpan/build/Genezzo-0.72-0/blib/lib/Genezzo/Tablespace.pm line 608.
Global symbol "$tname" requires explicit package name (did you forget to declare "my $tname"?) at /home/cpan2/.cpan/build/Genezzo-0.72-0/blib/lib/Genezzo/Tablespace.pm line 608.
Global symbol "$preload" requires explicit package name (did you forget to declare "my $preload"?) at /home/cpan2/.cpan/build/Genezzo-0.72-0/blib/lib/Genezzo/Tablespace.pm line 614.
Global symbol "$self" requires explicit package name (did you forget to declare "my $self"?) at /home/cpan2/.cpan/build/Genezzo-0.72-0/blib/lib/Genezzo/Tablespace.pm line 616.
Global symbol "$tname" requires explicit package name (did you forget to declare "my $tname"?) at /home/cpan2/.cpan/build/Genezzo-0.72-0/blib/lib/Genezzo/Tablespace.pm line 616.
Global symbol "$self" requires explicit package name (did you forget to declare "my $self"?) at /home/cpan2/.cpan/build/Genezzo-0.72-0/blib/lib/Genezzo/Tablespace.pm line 617.
Global symbol "$tname" requires explicit package name (did you forget to declare "my $tname"?) at /home/cpan2/.cpan/build/Genezzo-0.72-0/blib/lib/Genezzo/Tablespace.pm line 617.
syntax error at /home/cpan2/.cpan/build/Genezzo-0.72-0/blib/lib/Genezzo/Tablespace.pm line 620, near "}"
/home/cpan2/.cpan/build/Genezzo-0.72-0/blib/lib/Genezzo/Tablespace.pm has too many errors.
Compilation failed in require at /home/cpan2/.cpan/build/Genezzo-0.72-0/blib/lib/Genezzo/Dict.pm line 15.
BEGIN failed--compilation aborted at /home/cpan2/.cpan/build/Genezzo-0.72-0/blib/lib/Genezzo/Dict.pm line 15.
Compilation failed in require at /home/cpan2/.cpan/build/Genezzo-0.72-0/blib/lib/Genezzo/GenDBI.pm line 21.
BEGIN failed--compilation aborted at /home/cpan2/.cpan/build/Genezzo-0.72-0/blib/lib/Genezzo/GenDBI.pm line 21.
Compilation failed in require at t/Index1.t line 13.
BEGIN failed--compilation aborted at t/Index1.t line 13.
t/Index1.t ..... 
Dubious, test returned 255 (wstat 65280, 0xff00)
Failed 20/20 subtests 
syntax error at /home/cpan2/.cpan/build/Genezzo-0.72-0/blib/lib/Genezzo/Tablespace.pm line 603, near "$tname qw(_tspace _tsfiles _tab1 _col1 allfileused)"
Global symbol "$tname" requires explicit package name (did you forget to declare "my $tname"?) at /home/cpan2/.cpan/build/Genezzo-0.72-0/blib/lib/Genezzo/Tablespace.pm line 605.
Global symbol "$self" requires explicit package name (did you forget to declare "my $self"?) at /home/cpan2/.cpan/build/Genezzo-0.72-0/blib/lib/Genezzo/Tablespace.pm line 608.
Global symbol "$tname" requires explicit package name (did you forget to declare "my $tname"?) at /home/cpan2/.cpan/build/Genezzo-0.72-0/blib/lib/Genezzo/Tablespace.pm line 608.
Global symbol "$preload" requires explicit package name (did you forget to declare "my $preload"?) at /home/cpan2/.cpan/build/Genezzo-0.72-0/blib/lib/Genezzo/Tablespace.pm line 614.
Global symbol "$self" requires explicit package name (did you forget to declare "my $self"?) at /home/cpan2/.cpan/build/Genezzo-0.72-0/blib/lib/Genezzo/Tablespace.pm line 616.
Global symbol "$tname" requires explicit package name (did you forget to declare "my $tname"?) at /home/cpan2/.cpan/build/Genezzo-0.72-0/blib/lib/Genezzo/Tablespace.pm line 616.
Global symbol "$self" requires explicit package name (did you forget to declare "my $self"?) at /home/cpan2/.cpan/build/Genezzo-0.72-0/blib/lib/Genezzo/Tablespace.pm line 617.
Global symbol "$tname" requires explicit package name (did you forget to declare "my $tname"?) at /home/cpan2/.cpan/build/Genezzo-0.72-0/blib/lib/Genezzo/Tablespace.pm line 617.
syntax error at /home/cpan2/.cpan/build/Genezzo-0.72-0/blib/lib/Genezzo/Tablespace.pm line 620, near "}"
/home/cpan2/.cpan/build/Genezzo-0.72-0/blib/lib/Genezzo/Tablespace.pm has too many errors.
Compilation failed in require at /home/cpan2/.cpan/build/Genezzo-0.72-0/blib/lib/Genezzo/Dict.pm line 15.
BEGIN failed--compilation aborted at /home/cpan2/.cpan/build/Genezzo-0.72-0/blib/lib/Genezzo/Dict.pm line 15.
Compilation failed in require at /home/cpan2/.cpan/build/Genezzo-0.72-0/blib/lib/Genezzo/GenDBI.pm line 21.
BEGIN failed--compilation aborted at /home/cpan2/.cpan/build/Genezzo-0.72-0/blib/lib/Genezzo/GenDBI.pm line 21.
Compilation failed in require at t/Havok1.t line 13.
BEGIN failed--compilation aborted at t/Havok1.t line 13.
t/Havok1.t ..... 
Dubious, test returned 255 (wstat 65280, 0xff00)
Failed 26/26 subtests 
syntax error at /home/cpan2/.cpan/build/Genezzo-0.72-0/blib/lib/Genezzo/Tablespace.pm line 603, near "$tname qw(_tspace _tsfiles _tab1 _col1 allfileused)"
Global symbol "$tname" requires explicit package name (did you forget to declare "my $tname"?) at /home/cpan2/.cpan/build/Genezzo-0.72-0/blib/lib/Genezzo/Tablespace.pm line 605.
Global symbol "$self" requires explicit package name (did you forget to declare "my $self"?) at /home/cpan2/.cpan/build/Genezzo-0.72-0/blib/lib/Genezzo/Tablespace.pm line 608.
Global symbol "$tname" requires explicit package name (did you forget to declare "my $tname"?) at /home/cpan2/.cpan/build/Genezzo-0.72-0/blib/lib/Genezzo/Tablespace.pm line 608.
Global symbol "$preload" requires explicit package name (did you forget to declare "my $preload"?) at /home/cpan2/.cpan/build/Genezzo-0.72-0/blib/lib/Genezzo/Tablespace.pm line 614.
Global symbol "$self" requires explicit package name (did you forget to declare "my $self"?) at /home/cpan2/.cpan/build/Genezzo-0.72-0/blib/lib/Genezzo/Tablespace.pm line 616.
Global symbol "$tname" requires explicit package name (did you forget to declare "my $tname"?) at /home/cpan2/.cpan/build/Genezzo-0.72-0/blib/lib/Genezzo/Tablespace.pm line 616.
Global symbol "$self" requires explicit package name (did you forget to declare "my $self"?) at /home/cpan2/.cpan/build/Genezzo-0.72-0/blib/lib/Genezzo/Tablespace.pm line 617.
Global symbol "$tname" requires explicit package name (did you forget to declare "my $tname"?) at /home/cpan2/.cpan/build/Genezzo-0.72-0/blib/lib/Genezzo/Tablespace.pm line 617.
syntax error at /home/cpan2/.cpan/build/Genezzo-0.72-0/blib/lib/Genezzo/Tablespace.pm line 620, near "}"
/home/cpan2/.cpan/build/Genezzo-0.72-0/blib/lib/Genezzo/Tablespace.pm has too many errors.
Compilation failed in require at /home/cpan2/.cpan/build/Genezzo-0.72-0/blib/lib/Genezzo/Dict.pm line 15.
BEGIN failed--compilation aborted at /home/cpan2/.cpan/build/Genezzo-0.72-0/blib/lib/Genezzo/Dict.pm line 15.
Compilation failed in require at /home/cpan2/.cpan/build/Genezzo-0.72-0/blib/lib/Genezzo/GenDBI.pm line 21.
BEGIN failed--compilation aborted at /home/cpan2/.cpan/build/Genezzo-0.72-0/blib/lib/Genezzo/GenDBI.pm line 21.
Compilation failed in require at t/Index2.t line 13.
BEGIN failed--compilation aborted at t/Index2.t line 13.
t/Index2.t ..... 
Dubious, test returned 255 (wstat 65280, 0xff00)
Failed 10/10 subtests 
syntax error at /home/cpan2/.cpan/build/Genezzo-0.72-0/blib/lib/Genezzo/Tablespace.pm line 603, near "$tname qw(_tspace _tsfiles _tab1 _col1 allfileused)"
Global symbol "$tname" requires explicit package name (did you forget to declare "my $tname"?) at /home/cpan2/.cpan/build/Genezzo-0.72-0/blib/lib/Genezzo/Tablespace.pm line 605.
Global symbol "$self" requires explicit package name (did you forget to declare "my $self"?) at /home/cpan2/.cpan/build/Genezzo-0.72-0/blib/lib/Genezzo/Tablespace.pm line 608.
Global symbol "$tname" requires explicit package name (did you forget to declare "my $tname"?) at /home/cpan2/.cpan/build/Genezzo-0.72-0/blib/lib/Genezzo/Tablespace.pm line 608.
Global symbol "$preload" requires explicit package name (did you forget to declare "my $preload"?) at /home/cpan2/.cpan/build/Genezzo-0.72-0/blib/lib/Genezzo/Tablespace.pm line 614.
Global symbol "$self" requires explicit package name (did you forget to declare "my $self"?) at /home/cpan2/.cpan/build/Genezzo-0.72-0/blib/lib/Genezzo/Tablespace.pm line 616.
Global symbol "$tname" requires explicit package name (did you forget to declare "my $tname"?) at /home/cpan2/.cpan/build/Genezzo-0.72-0/blib/lib/Genezzo/Tablespace.pm line 616.
Global symbol "$self" requires explicit package name (did you forget to declare "my $self"?) at /home/cpan2/.cpan/build/Genezzo-0.72-0/blib/lib/Genezzo/Tablespace.pm line 617.
Global symbol "$tname" requires explicit package name (did you forget to declare "my $tname"?) at /home/cpan2/.cpan/build/Genezzo-0.72-0/blib/lib/Genezzo/Tablespace.pm line 617.
syntax error at /home/cpan2/.cpan/build/Genezzo-0.72-0/blib/lib/Genezzo/Tablespace.pm line 620, near "}"
/home/cpan2/.cpan/build/Genezzo-0.72-0/blib/lib/Genezzo/Tablespace.pm has too many errors.
Compilation failed in require at /home/cpan2/.cpan/build/Genezzo-0.72-0/blib/lib/Genezzo/Dict.pm line 15.
BEGIN failed--compilation aborted at /home/cpan2/.cpan/build/Genezzo-0.72-0/blib/lib/Genezzo/Dict.pm line 15.
Compilation failed in require at /home/cpan2/.cpan/build/Genezzo-0.72-0/blib/lib/Genezzo/GenDBI.pm line 21.
BEGIN failed--compilation aborted at /home/cpan2/.cpan/build/Genezzo-0.72-0/blib/lib/Genezzo/GenDBI.pm line 21.
Compilation failed in require at t/Index3.t line 13.
BEGIN failed--compilation aborted at t/Index3.t line 13.
t/Index3.t ..... 
Dubious, test returned 255 (wstat 65280, 0xff00)
Failed 23/23 subtests 
syntax error at /home/cpan2/.cpan/build/Genezzo-0.72-0/blib/lib/Genezzo/Tablespace.pm line 603, near "$tname qw(_tspace _tsfiles _tab1 _col1 allfileused)"
Global symbol "$tname" requires explicit package name (did you forget to declare "my $tname"?) at /home/cpan2/.cpan/build/Genezzo-0.72-0/blib/lib/Genezzo/Tablespace.pm line 605.
Global symbol "$self" requires explicit package name (did you forget to declare "my $self"?) at /home/cpan2/.cpan/build/Genezzo-0.72-0/blib/lib/Genezzo/Tablespace.pm line 608.
Global symbol "$tname" requires explicit package name (did you forget to declare "my $tname"?) at /home/cpan2/.cpan/build/Genezzo-0.72-0/blib/lib/Genezzo/Tablespace.pm line 608.
Global symbol "$preload" requires explicit package name (did you forget to declare "my $preload"?) at /home/cpan2/.cpan/build/Genezzo-0.72-0/blib/lib/Genezzo/Tablespace.pm line 614.
Global symbol "$self" requires explicit package name (did you forget to declare "my $self"?) at /home/cpan2/.cpan/build/Genezzo-0.72-0/blib/lib/Genezzo/Tablespace.pm line 616.
Global symbol "$tname" requires explicit package name (did you forget to declare "my $tname"?) at /home/cpan2/.cpan/build/Genezzo-0.72-0/blib/lib/Genezzo/Tablespace.pm line 616.
Global symbol "$self" requires explicit package name (did you forget to declare "my $self"?) at /home/cpan2/.cpan/build/Genezzo-0.72-0/blib/lib/Genezzo/Tablespace.pm line 617.
Global symbol "$tname" requires explicit package name (did you forget to declare "my $tname"?) at /home/cpan2/.cpan/build/Genezzo-0.72-0/blib/lib/Genezzo/Tablespace.pm line 617.
syntax error at /home/cpan2/.cpan/build/Genezzo-0.72-0/blib/lib/Genezzo/Tablespace.pm line 620, near "}"
/home/cpan2/.cpan/build/Genezzo-0.72-0/blib/lib/Genezzo/Tablespace.pm has too many errors.
Compilation failed in require at /home/cpan2/.cpan/build/Genezzo-0.72-0/blib/lib/Genezzo/Dict.pm line 15.
BEGIN failed--compilation aborted at /home/cpan2/.cpan/build/Genezzo-0.72-0/blib/lib/Genezzo/Dict.pm line 15.
Compilation failed in require at /home/cpan2/.cpan/build/Genezzo-0.72-0/blib/lib/Genezzo/GenDBI.pm line 21.
BEGIN failed--compilation aborted at /home/cpan2/.cpan/build/Genezzo-0.72-0/blib/lib/Genezzo/GenDBI.pm line 21.
Compilation failed in require at t/Prefs1.t line 13.
BEGIN failed--compilation aborted at t/Prefs1.t line 13.
t/Prefs1.t ..... 
Dubious, test returned 255 (wstat 65280, 0xff00)
Failed 23/23 subtests 
"my" variable $phclass masks earlier declaration in same statement at t/PushHash1.t line 177.
"my" variable $insert_num masks earlier declaration in same scope at t/PushHash1.t line 187.
"my" variable $delete_num masks earlier declaration in same scope at t/PushHash1.t line 188.
"my" variable %td_hash masks earlier declaration in same scope at t/PushHash1.t line 190.
"my" variable %realhash masks earlier declaration in same scope at t/PushHash1.t line 192.
"my" variable $foo masks earlier declaration in same scope at t/PushHash1.t line 194.
"my" variable $tiehash masks earlier declaration in same scope at t/PushHash1.t line 196.
"my" variable $icnt masks earlier declaration in same scope at t/PushHash1.t line 202.
"my" variable @tempo1 masks earlier declaration in same scope at t/PushHash1.t line 203.
"my" variable @tempo2 masks earlier declaration in same scope at t/PushHash1.t line 203.
"my" variable $loopfail masks earlier declaration in same scope at t/PushHash1.t line 216.
"my" variable $phclass masks earlier declaration in same scope at t/PushHash1.t line 235.
"my" variable $insert_num masks earlier declaration in same scope at t/PushHash1.t line 245.
syntax error at t/PushHash1.t line 39, near ")"
  (Might be a runaway multi-line () string starting on line 34)
Can't redeclare "my" in "my" at t/PushHash1.t line 45, near "my"
Global symbol "$phclass" requires explicit package name (did you forget to declare "my $phclass"?) at t/PushHash1.t line 54.
Global symbol "$phclass" requires explicit package name (did you forget to declare "my $phclass"?) at t/PushHash1.t line 136.
syntax error at t/PushHash1.t line 174, near "}"
Can't redeclare "my" in "my" at t/PushHash1.t line 187, near "my"
Can't redeclare "my" in "my" at t/PushHash1.t line 188, near "my"
syntax error at t/PushHash1.t line 232, near "}"
Can't redeclare "my" in "my" at t/PushHash1.t line 245, near "my"
Can't redeclare "my" in "my" at t/PushHash1.t line 247, near "my"
t/PushHash1.t has too many errors.
t/PushHash1.t .. 
Dubious, test returned 255 (wstat 65280, 0xff00)
Failed 117/117 subtests 
syntax error at /home/cpan2/.cpan/build/Genezzo-0.72-0/blib/lib/Genezzo/Tablespace.pm line 603, near "$tname qw(_tspace _tsfiles _tab1 _col1 allfileused)"
Global symbol "$tname" requires explicit package name (did you forget to declare "my $tname"?) at /home/cpan2/.cpan/build/Genezzo-0.72-0/blib/lib/Genezzo/Tablespace.pm line 605.
Global symbol "$self" requires explicit package name (did you forget to declare "my $self"?) at /home/cpan2/.cpan/build/Genezzo-0.72-0/blib/lib/Genezzo/Tablespace.pm line 608.
Global symbol "$tname" requires explicit package name (did you forget to declare "my $tname"?) at /home/cpan2/.cpan/build/Genezzo-0.72-0/blib/lib/Genezzo/Tablespace.pm line 608.
Global symbol "$preload" requires explicit package name (did you forget to declare "my $preload"?) at /home/cpan2/.cpan/build/Genezzo-0.72-0/blib/lib/Genezzo/Tablespace.pm line 614.
Global symbol "$self" requires explicit package name (did you forget to declare "my $self"?) at /home/cpan2/.cpan/build/Genezzo-0.72-0/blib/lib/Genezzo/Tablespace.pm line 616.
Global symbol "$tname" requires explicit package name (did you forget to declare "my $tname"?) at /home/cpan2/.cpan/build/Genezzo-0.72-0/blib/lib/Genezzo/Tablespace.pm line 616.
Global symbol "$self" requires explicit package name (did you forget to declare "my $self"?) at /home/cpan2/.cpan/build/Genezzo-0.72-0/blib/lib/Genezzo/Tablespace.pm line 617.
Global symbol "$tname" requires explicit package name (did you forget to declare "my $tname"?) at /home/cpan2/.cpan/build/Genezzo-0.72-0/blib/lib/Genezzo/Tablespace.pm line 617.
syntax error at /home/cpan2/.cpan/build/Genezzo-0.72-0/blib/lib/Genezzo/Tablespace.pm line 620, near "}"
/home/cpan2/.cpan/build/Genezzo-0.72-0/blib/lib/Genezzo/Tablespace.pm has too many errors.
Compilation failed in require at /home/cpan2/.cpan/build/Genezzo-0.72-0/blib/lib/Genezzo/Dict.pm line 15.
BEGIN failed--compilation aborted at /home/cpan2/.cpan/build/Genezzo-0.72-0/blib/lib/Genezzo/Dict.pm line 15.
Compilation failed in require at /home/cpan2/.cpan/build/Genezzo-0.72-0/blib/lib/Genezzo/GenDBI.pm line 21.
BEGIN failed--compilation aborted at /home/cpan2/.cpan/build/Genezzo-0.72-0/blib/lib/Genezzo/GenDBI.pm line 21.
Compilation failed in require at t/PTPrep1.t line 13.
BEGIN failed--compilation aborted at t/PTPrep1.t line 13.
t/PTPrep1.t .... 
Dubious, test returned 255 (wstat 65280, 0xff00)
Failed 29/29 subtests 
"my" variable $phclass masks earlier declaration in same statement at t/Row1.t line 177.
"my" variable $insert_num masks earlier declaration in same scope at t/Row1.t line 184.
"my" variable $delete_num masks earlier declaration in same scope at t/Row1.t line 185.
"my" variable $buff masks earlier declaration in same scope at t/Row1.t line 187.
"my" variable %td_hash masks earlier declaration in same scope at t/Row1.t line 188.
"my" variable $foo masks earlier declaration in same scope at t/Row1.t line 191.
"my" variable $tiehash masks earlier declaration in same scope at t/Row1.t line 193.
"my" variable $icnt masks earlier declaration in same scope at t/Row1.t line 200.
"my" variable @tempo1 masks earlier declaration in same scope at t/Row1.t line 201.
"my" variable @tempo2 masks earlier declaration in same scope at t/Row1.t line 201.
"my" variable $loopfail masks earlier declaration in same scope at t/Row1.t line 214.
"my" variable $phclass masks earlier declaration in same scope at t/Row1.t line 233.
"my" variable $insert_num masks earlier declaration in same scope at t/Row1.t line 240.
syntax error at t/Row1.t line 36, near ")"
  (Might be a runaway multi-line () string starting on line 34)
Can't redeclare "my" in "my" at t/Row1.t line 44, near "my"
Global symbol "$phclass" requires explicit package name (did you forget to declare "my $phclass"?) at t/Row1.t line 53.
Global symbol "$phclass" requires explicit package name (did you forget to declare "my $phclass"?) at t/Row1.t line 136.
syntax error at t/Row1.t line 174, near "}"
Can't redeclare "my" in "my" at t/Row1.t line 184, near "my"
Can't redeclare "my" in "my" at t/Row1.t line 185, near "my"
syntax error at t/Row1.t line 230, near "}"
Can't redeclare "my" in "my" at t/Row1.t line 240, near "my"
Can't redeclare "my" in "my" at t/Row1.t line 242, near "my"
t/Row1.t has too many errors.
t/Row1.t ....... 
Dubious, test returned 255 (wstat 65280, 0xff00)
Failed 45/45 subtests 
t/Util1.t ...... ok
syntax error at /home/cpan2/.cpan/build/Genezzo-0.72-0/blib/lib/Genezzo/Tablespace.pm line 603, near "$tname qw(_tspace _tsfiles _tab1 _col1 allfileused)"
Global symbol "$tname" requires explicit package name (did you forget to declare "my $tname"?) at /home/cpan2/.cpan/build/Genezzo-0.72-0/blib/lib/Genezzo/Tablespace.pm line 605.
Global symbol "$self" requires explicit package name (did you forget to declare "my $self"?) at /home/cpan2/.cpan/build/Genezzo-0.72-0/blib/lib/Genezzo/Tablespace.pm line 608.
Global symbol "$tname" requires explicit package name (did you forget to declare "my $tname"?) at /home/cpan2/.cpan/build/Genezzo-0.72-0/blib/lib/Genezzo/Tablespace.pm line 608.
Global symbol "$preload" requires explicit package name (did you forget to declare "my $preload"?) at /home/cpan2/.cpan/build/Genezzo-0.72-0/blib/lib/Genezzo/Tablespace.pm line 614.
Global symbol "$self" requires explicit package name (did you forget to declare "my $self"?) at /home/cpan2/.cpan/build/Genezzo-0.72-0/blib/lib/Genezzo/Tablespace.pm line 616.
Global symbol "$tname" requires explicit package name (did you forget to declare "my $tname"?) at /home/cpan2/.cpan/build/Genezzo-0.72-0/blib/lib/Genezzo/Tablespace.pm line 616.
Global symbol "$self" requires explicit package name (did you forget to declare "my $self"?) at /home/cpan2/.cpan/build/Genezzo-0.72-0/blib/lib/Genezzo/Tablespace.pm line 617.
Global symbol "$tname" requires explicit package name (did you forget to declare "my $tname"?) at /home/cpan2/.cpan/build/Genezzo-0.72-0/blib/lib/Genezzo/Tablespace.pm line 617.
syntax error at /home/cpan2/.cpan/build/Genezzo-0.72-0/blib/lib/Genezzo/Tablespace.pm line 620, near "}"
/home/cpan2/.cpan/build/Genezzo-0.72-0/blib/lib/Genezzo/Tablespace.pm has too many errors.
Compilation failed in require at /home/cpan2/.cpan/build/Genezzo-0.72-0/blib/lib/Genezzo/Dict.pm line 15.
BEGIN failed--compilation aborted at /home/cpan2/.cpan/build/Genezzo-0.72-0/blib/lib/Genezzo/Dict.pm line 15.
Compilation failed in require at /home/cpan2/.cpan/build/Genezzo-0.72-0/blib/lib/Genezzo/GenDBI.pm line 21.
BEGIN failed--compilation aborted at /home/cpan2/.cpan/build/Genezzo-0.72-0/blib/lib/Genezzo/GenDBI.pm line 21.
Compilation failed in require at t/Join1.t line 13.
BEGIN failed--compilation aborted at t/Join1.t line 13.
t/Join1.t ...... 
Dubious, test returned 255 (wstat 65280, 0xff00)
Failed 10/10 subtests 
syntax error at /home/cpan2/.cpan/build/Genezzo-0.72-0/blib/lib/Genezzo/Tablespace.pm line 603, near "$tname qw(_tspace _tsfiles _tab1 _col1 allfileused)"
Global symbol "$tname" requires explicit package name (did you forget to declare "my $tname"?) at /home/cpan2/.cpan/build/Genezzo-0.72-0/blib/lib/Genezzo/Tablespace.pm line 605.
Global symbol "$self" requires explicit package name (did you forget to declare "my $self"?) at /home/cpan2/.cpan/build/Genezzo-0.72-0/blib/lib/Genezzo/Tablespace.pm line 608.
Global symbol "$tname" requires explicit package name (did you forget to declare "my $tname"?) at /home/cpan2/.cpan/build/Genezzo-0.72-0/blib/lib/Genezzo/Tablespace.pm line 608.
Global symbol "$preload" requires explicit package name (did you forget to declare "my $preload"?) at /home/cpan2/.cpan/build/Genezzo-0.72-0/blib/lib/Genezzo/Tablespace.pm line 614.
Global symbol "$self" requires explicit package name (did you forget to declare "my $self"?) at /home/cpan2/.cpan/build/Genezzo-0.72-0/blib/lib/Genezzo/Tablespace.pm line 616.
Global symbol "$tname" requires explicit package name (did you forget to declare "my $tname"?) at /home/cpan2/.cpan/build/Genezzo-0.72-0/blib/lib/Genezzo/Tablespace.pm line 616.
Global symbol "$self" requires explicit package name (did you forget to declare "my $self"?) at /home/cpan2/.cpan/build/Genezzo-0.72-0/blib/lib/Genezzo/Tablespace.pm line 617.
Global symbol "$tname" requires explicit package name (did you forget to declare "my $tname"?) at /home/cpan2/.cpan/build/Genezzo-0.72-0/blib/lib/Genezzo/Tablespace.pm line 617.
syntax error at /home/cpan2/.cpan/build/Genezzo-0.72-0/blib/lib/Genezzo/Tablespace.pm line 620, near "}"
/home/cpan2/.cpan/build/Genezzo-0.72-0/blib/lib/Genezzo/Tablespace.pm has too many errors.
Compilation failed in require at /home/cpan2/.cpan/build/Genezzo-0.72-0/blib/lib/Genezzo/Dict.pm line 15.
BEGIN failed--compilation aborted at /home/cpan2/.cpan/build/Genezzo-0.72-0/blib/lib/Genezzo/Dict.pm line 15.
Compilation failed in require at /home/cpan2/.cpan/build/Genezzo-0.72-0/blib/lib/Genezzo/GenDBI.pm line 21.
BEGIN failed--compilation aborted at /home/cpan2/.cpan/build/Genezzo-0.72-0/blib/lib/Genezzo/GenDBI.pm line 21.
Compilation failed in require at t/SQLTest1.t line 13.
BEGIN failed--compilation aborted at t/SQLTest1.t line 13.
t/SQLTest1.t ... 
Dubious, test returned 255 (wstat 65280, 0xff00)
Failed 4/4 subtests 

Test Summary Report
-------------------
t/AAASetup1.t (Wstat: 65280 Tests: 1 Failed: 1)
  Failed test:  1
  Non-zero exit status: 255
  Parse errors: Bad plan.  You planned 2 tests but ran 1.
t/DBI1.t     (Wstat: 65280 Tests: 1 Failed: 1)
  Failed test:  1
  Non-zero exit status: 255
  Parse errors: Bad plan.  You planned 48 tests but ran 1.
t/Cons1.t    (Wstat: 65280 Tests: 1 Failed: 1)
  Failed test:  1
  Non-zero exit status: 255
  Parse errors: Bad plan.  You planned 21 tests but ran 1.
t/Feeble1.t  (Wstat: 65280 Tests: 1 Failed: 1)
  Failed test:  1
  Non-zero exit status: 255
  Parse errors: Bad plan.  You planned 18 tests but ran 1.
t/Gnzo1.t    (Wstat: 65280 Tests: 1 Failed: 1)
  Failed test:  1
  Non-zero exit status: 255
  Parse errors: Bad plan.  You planned 14 tests but ran 1.
t/Gnzo3.t    (Wstat: 65280 Tests: 1 Failed: 1)
  Failed test:  1
  Non-zero exit status: 255
  Parse errors: Bad plan.  You planned 15 tests but ran 1.
t/Gnzo2.t    (Wstat: 65280 Tests: 1 Failed: 1)
  Failed test:  1
  Non-zero exit status: 255
  Parse errors: Bad plan.  You planned 31 tests but ran 1.
t/GSysHook1.t (Wstat: 65280 Tests: 1 Failed: 1)
  Failed test:  1
  Non-zero exit status: 255
  Parse errors: Bad plan.  You planned 14 tests but ran 1.
t/GSysHook2.t (Wstat: 65280 Tests: 1 Failed: 1)
  Failed test:  1
  Non-zero exit status: 255
  Parse errors: Bad plan.  You planned 4 tests but ran 1.
t/Index1.t   (Wstat: 65280 Tests: 1 Failed: 1)
  Failed test:  1
  Non-zero exit status: 255
  Parse errors: Bad plan.  You planned 20 tests but ran 1.
t/Havok1.t   (Wstat: 65280 Tests: 1 Failed: 1)
  Failed test:  1
  Non-zero exit status: 255
  Parse errors: Bad plan.  You planned 26 tests but ran 1.
t/Index2.t   (Wstat: 65280 Tests: 1 Failed: 1)
  Failed test:  1
  Non-zero exit status: 255
  Parse errors: Bad plan.  You planned 10 tests but ran 1.
t/Index3.t   (Wstat: 65280 Tests: 1 Failed: 1)
  Failed test:  1
  Non-zero exit status: 255
  Parse errors: Bad plan.  You planned 23 tests but ran 1.
t/Prefs1.t   (Wstat: 65280 Tests: 1 Failed: 1)
  Failed test:  1
  Non-zero exit status: 255
  Parse errors: Bad plan.  You planned 23 tests but ran 1.
t/PushHash1.t (Wstat: 65280 Tests: 1 Failed: 1)
  Failed test:  1
  Non-zero exit status: 255
  Parse errors: Bad plan.  You planned 117 tests but ran 1.
t/PTPrep1.t  (Wstat: 65280 Tests: 1 Failed: 1)
  Failed test:  1
  Non-zero exit status: 255
  Parse errors: Bad plan.  You planned 29 tests but ran 1.
t/Row1.t     (Wstat: 65280 Tests: 1 Failed: 1)
  Failed test:  1
  Non-zero exit status: 255
  Parse errors: Bad plan.  You planned 45 tests but ran 1.
t/Join1.t    (Wstat: 65280 Tests: 1 Failed: 1)
  Failed test:  1
  Non-zero exit status: 255
  Parse errors: Bad plan.  You planned 10 tests but ran 1.
t/SQLTest1.t (Wstat: 65280 Tests: 1 Failed: 1)
  Failed test:  1
  Non-zero exit status: 255
  Parse errors: Bad plan.  You planned 4 tests but ran 1.
Files=25, Tests=1016,  5 wallclock secs ( 0.21 usr  0.03 sys + 12.72 cusr  0.53 csys = 13.49 CPU)
Result: FAIL
Failed 19/25 test programs. 19/1016 subtests failed.
Makefile:1159: recipe for target 'test_dynamic' failed
make: *** [test_dynamic] Error 255

------------------------------
PREREQUISITES
------------------------------

Prerequisite modules loaded:

requires:

    Module              Need Have    
    ------------------- ---- --------
    File::Compare       0.0  1.1006  
    File::Copy          0.0  2.32    
    File::Path          0.0  2.12    
    File::Spec          0.0  3.62    
    IO::Handle          0.0  1.35    
    Parse::RecDescent   1.94 1.967014
    Term::ReadLine      0.0  1.14    
    Text::ParseWords    0.0  3.30    
    Text::Soundex       0.0  3.05    

build_requires:

    Module              Need Have    
    ------------------- ---- --------
    ExtUtils::MakeMaker 0    7.24    


------------------------------
ENVIRONMENT AND OTHER CONTEXT
------------------------------

Environment variables:

    AUTOMATED_TESTING = 1
    HARNESS_OPTIONS = j3
    LANG = en_US.UTF-8
    PATH = /usr/local/bin:/usr/bin:/bin:/usr/local/games:/usr/games
    PERL5LIB = 
    PERL5OPT = 
    PERL5_CPANPLUS_IS_RUNNING = 4678
    PERL5_CPAN_IS_RUNNING = 4678
    PERL5_CPAN_IS_RUNNING_IN_RECURSION = 1512,4678
    PERL_CR_SMOKER_CURRENT = Genezzo-0.72
    PERL_CR_SMOKER_RUNONCE = 1
    PERL_EXTUTILS_AUTOINSTALL = --defaultdeps
    PERL_MM_USE_DEFAULT = 1
    PERL_USE_UNSAFE_INC = 0
    SHELL = /bin/bash
    TERM = putty-256color

Perl special variables (and OS-specific diagnostics, for MSWin32):

    $^X = /home/cpan2/install/bin/perl
    $UID/$EUID = 1003 / 1003
    $GID = 1003 1003
    $EGID = 1003 1003

Perl module toolchain versions installed:

    Module              Have    
    ------------------- --------
    CPAN                2.18    
    CPAN::Meta          2.150010
    Cwd                 3.62    
    ExtUtils::CBuilder  0.280224
    ExtUtils::Command   7.24    
    ExtUtils::Install   2.04    
    ExtUtils::MakeMaker 7.24    
    ExtUtils::Manifest  1.70    
    ExtUtils::ParseXS   3.34    
    File::Spec          3.62    
    JSON                2.90    
    JSON::PP            2.27400 
    Module::Build       0.4222  
    Module::Signature   0.81    
    Parse::CPAN::Meta   2.150010
    Test::Harness       3.38    
    Test::More          1.302079
    YAML                1.23    
    YAML::Syck          1.29    
    version             0.9917  


--

Summary of my perl5 (revision 5 version 26 subversion 0) configuration:
  Commit id: 2e3b2a1fba7611d1cd6060a5f07f6a0f91a06b3a
  Platform:
    osname=linux
    osvers=3.16.0-4-amd64
    archname=x86_64-linux-thread-multi
    uname='linux digitalis 3.16.0-4-amd64 #1 smp debian 3.16.36-1+deb8u2 (2016-10-19) x86_64 gnulinux '
    config_args='-Dusedevel -DDEBUGGING -Dusethreads -Dprefix=/home/cpan2/install -Uversiononly -des'
    hint=recommended
    useposix=true
    d_sigaction=define
    useithreads=define
    usemultiplicity=define
    use64bitint=define
    use64bitall=define
    uselongdouble=undef
    usemymalloc=n
    default_inc_excludes_dot=define
    bincompat5005=undef
  Compiler:
    cc='cc'
    ccflags ='-D_REENTRANT -D_GNU_SOURCE -fwrapv -DDEBUGGING -fno-strict-aliasing -pipe -fstack-protector-strong -I/usr/local/include -D_LARGEFILE_SOURCE -D_FILE_OFFSET_BITS=64 -D_FORTIFY_SOURCE=2'
    optimize='-O2 -g'
    cppflags='-D_REENTRANT -D_GNU_SOURCE -fwrapv -DDEBUGGING -fno-strict-aliasing -pipe -fstack-protector-strong -I/usr/local/include'
    ccversion=''
    gccversion='4.9.2'
    gccosandvers=''
    intsize=4
    longsize=8
    ptrsize=8
    doublesize=8
    byteorder=12345678
    doublekind=3
    d_longlong=define
    longlongsize=8
    d_longdbl=define
    longdblsize=16
    longdblkind=3
    ivtype='long'
    ivsize=8
    nvtype='double'
    nvsize=8
    Off_t='off_t'
    lseeksize=8
    alignbytes=8
    prototype=define
  Linker and Libraries:
    ld='cc'
    ldflags =' -fstack-protector-strong -L/usr/local/lib'
    libpth=/usr/local/lib /usr/lib/gcc/x86_64-linux-gnu/4.9/include-fixed /usr/include/x86_64-linux-gnu /usr/lib /lib/x86_64-linux-gnu /lib/../lib /usr/lib/x86_64-linux-gnu /usr/lib/../lib /lib /lib64 /usr/lib64
    libs=-lpthread -lnsl -ldl -lm -lcrypt -lutil -lc
    perllibs=-lpthread -lnsl -ldl -lm -lcrypt -lutil -lc
    libc=libc-2.19.so
    so=so
    useshrplib=false
    libperl=libperl.a
    gnulibc_version='2.19'
  Dynamic Linking:
    dlsrc=dl_dlopen.xs
    dlext=so
    d_dlsymun=undef
    ccdlflags='-Wl,-E'
    cccdlflags='-fPIC'
    lddlflags='-shared -O2 -g -L/usr/local/lib -fstack-protector-strong'


Characteristics of this binary (from libperl): 
  Compile-time options:
    DEBUGGING
    HAS_TIMES
    MULTIPLICITY
    PERLIO_LAYERS
    PERL_COPY_ON_WRITE
    PERL_DONT_CREATE_GVSV
    PERL_IMPLICIT_CONTEXT
    PERL_MALLOC_WRAP
    PERL_OP_PARENT
    PERL_PRESERVE_IVUV
    PERL_TRACK_MEMPOOL
    PERL_USE_DEVEL
    USE_64_BIT_ALL
    USE_64_BIT_INT
    USE_ITHREADS
    USE_LARGE_FILES
    USE_LOCALE
    USE_LOCALE_COLLATE
    USE_LOCALE_CTYPE
    USE_LOCALE_NUMERIC
    USE_LOCALE_TIME
    USE_PERLIO
    USE_PERL_ATOF
    USE_REENTRANT_API
  Built under linux
  Compiled at Mar 26 2017 22:45:02
  %ENV:
    PERL5LIB=""
    PERL5OPT=""
    PERL5_CPANPLUS_IS_RUNNING="4678"
    PERL5_CPAN_IS_RUNNING="4678"
    PERL5_CPAN_IS_RUNNING_IN_RECURSION="1512,4678"
    PERL_CR_SMOKER_CURRENT="Genezzo-0.72"
    PERL_CR_SMOKER_RUNONCE="1"
    PERL_EXTUTILS_AUTOINSTALL="--defaultdeps"
    PERL_MM_USE_DEFAULT="1"
    PERL_USE_UNSAFE_INC="0"
  @INC:
    /home/cpan2/install/lib/perl5/site_perl/5.26.0/x86_64-linux-thread-multi
    /home/cpan2/install/lib/perl5/site_perl/5.26.0
    /home/cpan2/install/lib/perl5/5.26.0/x86_64-linux-thread-multi
    /home/cpan2/install/lib/perl5/5.26.0