Report for Test-Unit-0.25_0922

Back
From: metabase:user:d2c9f356-b46f-11df-9a90-20a83c0b7757
Subject: FAIL Test-Unit-0.25_0922 v5.14.0 SunOS/Solaris
Date: 2011-06-08T10:32:10Z

This distribution has been tested as part of the CPAN Testers
project, supporting the Perl programming language.  See
http://wiki.cpantesters.org/ for more information or email
questions to cpan-testers-discuss@perl.org


--
Dear Matthew Astley,

This is a computer-generated report for Test-Unit-0.25_0922
on perl 5.14.0, created by CPAN-Reporter-1.1902.

Thank you for uploading your work to CPAN.  However, there was a problem
testing your distribution.

If you think this report is invalid, please consult the CPAN Testers Wiki
for suggestions on how to avoid getting FAIL reports for missing library
or binary dependencies, unsupported operating systems, and so on:

http://wiki.cpantesters.org/wiki/CPANAuthorNotes

Sections of this report:

    * Tester comments
    * Program output
    * Prerequisites
    * Environment and other context

------------------------------
TESTER COMMENTS
------------------------------

Additional comments from tester:

this report is from an automated smoke testing program
and was not reviewed by a human for accuracy

------------------------------
PROGRAM OUTPUT
------------------------------

Output from '/usr/local/bin/make test':

PERL_DL_NONLAZY=1 /export/home/cpant2/perl5/bin/perl5.14.0 "-MExtUtils::Command::MM" "-e" "test_harness(0, 'blib/lib', 'blib/arch')" t/*.t
t/all_tests.t ..... ok
t/assert.t ........ 
Failed 2/45 subtests 
t/try_examples.t .. ok

Test Summary Report
-------------------
t/assert.t      (Wstat: 0 Tests: 45 Failed: 2)
  Failed tests:  29, 43
Files=3, Tests=94,  1 wallclock secs ( 0.03 usr  0.01 sys +  0.87 cusr  0.02 csys =  0.93 CPU)
Result: FAIL
Failed 1/3 test programs. 2/94 subtests failed.
make: *** [test_dynamic] Error 255

------------------------------
PREREQUISITES
------------------------------

Prerequisite modules loaded:

requires:

    Module              Need Have    
    ------------------- ---- --------
    base                1    2.16    
    Class::Inner        0    0.200001
    Devel::Symdump      0    2.08    
    Error               0    0.17016 

build_requires:

    Module              Need Have    
    ------------------- ---- --------
    ExtUtils::MakeMaker 0    6.57_05 

configure_requires:

    Module              Need Have    
    ------------------- ---- --------
    ExtUtils::MakeMaker 0    6.57_05 


------------------------------
ENVIRONMENT AND OTHER CONTEXT
------------------------------

Environment variables:

    AUTOMATED_TESTING = 1
    LANG = C
    LD_LIBRARY_PATH = /usr/local/lib:
    PATH = /export/home/cpant2/perl5/bin:/usr/local/bin:/usr/bin
    PERL5LIB = /export/home/cpant2/.cpan/build/Class-Inner-0.200001-4gXhWM/blib/arch:/export/home/cpant2/.cpan/build/Class-Inner-0.200001-4gXhWM/blib/lib
    PERL5OPT = 
    PERL5_CPANPLUS_IS_RUNNING = 23323
    PERL5_CPAN_IS_RUNNING = 23323
    PERL5_CPAN_IS_RUNNING_IN_RECURSION = 3679,23323
    PERL_CR_SMOKER_CURRENT = Test-Unit-0.25_0922
    PERL_EXTUTILS_AUTOINSTALL = --defaultdeps
    PERL_LWP_SSL_VERIFY_HOSTNAME = 0
    PERL_MM_USE_DEFAULT = 1
    SHELL = /usr/bin/bash
    TERM = xterm

Perl special variables (and OS-specific diagnostics, for MSWin32):

    $^X = /export/home/cpant2/perl5/bin/perl5.14.0
    $UID/$EUID = 101 / 101
    $GID = 1 1
    $EGID = 1 1

Perl module toolchain versions installed:

    Module              Have    
    ------------------- --------
    CPAN                1.9600  
    Cwd                 3.36    
    ExtUtils::CBuilder  0.280203
    ExtUtils::Command   1.17    
    ExtUtils::Install   1.56    
    ExtUtils::MakeMaker 6.57_05 
    ExtUtils::Manifest  1.58    
    ExtUtils::ParseXS   2.2210  
    File::Spec          3.33    
    Module::Build       0.3800  
    Module::Signature   n/a     
    Test::Harness       3.23    
    Test::More          0.98    
    YAML                0.73    
    YAML::Syck          1.17    
    version             0.90    


--

Summary of my perl5 (revision 5 version 14 subversion 0) configuration:
   
  Platform:
    osname=solaris, osvers=2.10, archname=i86pc-solaris-64int
    uname='sunos vmrz0046 5.10 generic_141445-09 i86pc i386 i86pc solaris '
    config_args='-Dcc=gcc -Dprefix=~/perl5 -Duse64bitint -Dusedevel -d'
    hint=recommended, useposix=true, d_sigaction=define
    useithreads=undef, usemultiplicity=undef
    useperlio=define, d_sfio=undef, uselargefiles=define, usesocks=undef
    use64bitint=define, use64bitall=undef, uselongdouble=undef
    usemymalloc=n, bincompat5005=undef
  Compiler:
    cc='gcc', ccflags ='-DPTR_IS_LONG -fno-strict-aliasing -pipe -I/usr/local/include -D_LARGEFILE_SOURCE -D_FILE_OFFSET_BITS=64 -DPERL_USE_SAFE_PUTENV',
    optimize='-O',
    cppflags='-DPTR_IS_LONG -fno-strict-aliasing -pipe -I/usr/local/include'
    ccversion='', gccversion='3.4.6', gccosandvers='solaris2.10'
    intsize=4, longsize=4, ptrsize=4, doublesize=8, byteorder=12345678
    d_longlong=define, longlongsize=8, d_longdbl=define, longdblsize=12
    ivtype='long long', ivsize=8, nvtype='double', nvsize=8, Off_t='off_t', lseeksize=8
    alignbytes=4, prototype=define
  Linker and Libraries:
    ld='gcc', ldflags =' -L/usr/local/lib '
    libpth=/usr/local/lib /usr/lib /usr/ccs/lib
    libs=-lsocket -lnsl -lgdbm -ldl -lm -lc
    perllibs=-lsocket -lnsl -ldl -lm -lc
    libc=/lib/libc.so, so=so, useshrplib=false, libperl=libperl.a
    gnulibc_version=''
  Dynamic Linking:
    dlsrc=dl_dlopen.xs, dlext=so, d_dlsymun=undef, ccdlflags=' '
    cccdlflags='-fPIC', lddlflags='-G -L/usr/local/lib'


Characteristics of this binary (from libperl): 
  Compile-time options: PERL_DONT_CREATE_GVSV PERL_MALLOC_WRAP
                        PERL_PRESERVE_IVUV PERL_USE_DEVEL
                        PERL_USE_SAFE_PUTENV USE_64_BIT_INT USE_LARGE_FILES
                        USE_PERLIO USE_PERL_ATOF
  Built under solaris
  Compiled at May 19 2011 10:08:49
  %ENV:
    PERL5LIB="/export/home/cpant2/.cpan/build/Class-Inner-0.200001-4gXhWM/blib/arch:/export/home/cpant2/.cpan/build/Class-Inner-0.200001-4gXhWM/blib/lib"
    PERL5OPT=""
    PERL5_CPANPLUS_IS_RUNNING="23323"
    PERL5_CPAN_IS_RUNNING="23323"
    PERL5_CPAN_IS_RUNNING_IN_RECURSION="3679,23323"
    PERL_CR_SMOKER_CURRENT="Test-Unit-0.25_0922"
    PERL_EXTUTILS_AUTOINSTALL="--defaultdeps"
    PERL_LWP_SSL_VERIFY_HOSTNAME="0"
    PERL_MM_USE_DEFAULT="1"
  @INC:
    /export/home/cpant2/.cpan/build/Class-Inner-0.200001-4gXhWM/blib/arch
    /export/home/cpant2/.cpan/build/Class-Inner-0.200001-4gXhWM/blib/lib
    /export/home/cpant2/perl5/lib/site_perl/5.14.0/i86pc-solaris-64int
    /export/home/cpant2/perl5/lib/site_perl/5.14.0
    /export/home/cpant2/perl5/lib/5.14.0/i86pc-solaris-64int
    /export/home/cpant2/perl5/lib/5.14.0
    .