Back
From: metabase:user:314402c4-2aae-11df-837a-5e0a49663a4f
Subject: FAIL Test-Unit-0.25 v5.20.1 GNU/Linux
Date: 2017-04-19T20:20:01Z
This distribution has been tested as part of the CPAN Testers
project, supporting the Perl programming language. See
http://wiki.cpantesters.org/ for more information or email
questions to cpan-testers-discuss@perl.org
--
Dear Matthew Astley,
This is a computer-generated report for Test-Unit-0.25
on perl 5.20.1, created by CPAN-Reporter-1.2018.
Thank you for uploading your work to CPAN. However, there was a problem
testing your distribution.
If you think this report is invalid, please consult the CPAN Testers Wiki
for suggestions on how to avoid getting FAIL reports for missing library
or binary dependencies, unsupported operating systems, and so on:
http://wiki.cpantesters.org/wiki/CPANAuthorNotes
Sections of this report:
* Tester comments
* Program output
* Prerequisites
* Environment and other context
------------------------------
TESTER COMMENTS
------------------------------
Additional comments from tester:
none provided
------------------------------
PROGRAM OUTPUT
------------------------------
Output from '/usr/bin/make test':
PERL_DL_NONLAZY=1 "/bbbike/perl-5.20.1/bin/perl5.20.1" "-MExtUtils::Command::MM" "-MTest::Harness" "-e" "undef *Test::Harness::Switches; test_harness(0, 'blib/lib', 'blib/arch')" t/*.t
defined(@array) is deprecated at /tmpfs/.cpan-build-cpansand/2017041918/Test-Unit-0.25-8/blib/lib/Test/Unit/TestCase.pm line 106.
(Maybe you should just omit the defined()?)
t/all_tests.t ..... ok
defined(@array) is deprecated at /tmpfs/.cpan-build-cpansand/2017041918/Test-Unit-0.25-8/blib/lib/Test/Unit/TestCase.pm line 106.
(Maybe you should just omit the defined()?)
t/assert.t ........
Failed 2/40 subtests
# Test 1 got: "defined(@array) is deprecated at /tmpfs/.cpan-build-cpansand/2017041918/Test-Unit-0.25-8/blib/lib/Test/Unit/TestCase.pm line 106.\n# \t(Maybe you should just omit the defined()?)\n# Suite setup\n# TEST-RUN-SUMMARY\n# \n# TIME-SUMMARY\n# \n# !!!FAILURES!!!\n# Test Results:\n# Run: 2, Failures: 1, Errors: 0\n# \n# There was 1 failure:\n# 1) examples/fail_example.pm:19 - test_fail(fail_example)\n# Born to lose ...\n# \n# Test was not successful.\n# " (t/try_examples.t at line 106)
# Expected: "Suite setup\n# TEST-RUN-SUMMARY\n# \n# TIME-SUMMARY\n# \n# !!!FAILURES!!!\n# Test Results:\n# Run: 2, Failures: 1, Errors: 0\n# \n# There was 1 failure:\n# 1) examples/fail_example.pm:19 - test_fail(fail_example)\n# Born to lose ...\n# \n# Test was not successful.\n# "
# Line 1 is changed:
# - "Suite setup\n"
# + "defined(@array) is deprecated at /tmpfs/.cpan-build-cpansand/2017041918/Test-Unit-0.25-8/blib/lib/Test/Unit/TestCase.pm line 106.\n"
# Got 2 extra lines at line 2:
# + "# \t(Maybe you should just omit the defined()?)\n"
# + "# Suite setup\n"
# t/try_examples.t line 106 is: ok($out, $guru_checked{$e});
# Test 2 got: "defined(@array) is deprecated at /tmpfs/.cpan-build-cpansand/2017041918/Test-Unit-0.25-8/blib/lib/Test/Unit/TestCase.pm line 106.\n# \t(Maybe you should just omit the defined()?)\n# ...\n# TIME-SUMMARY\n# \n# OK (3 tests)\n# " (t/try_examples.t at line 106 fail #2)
# Expected: "...\n# TIME-SUMMARY\n# \n# OK (3 tests)\n# "
# Line 1 is changed:
# - "...\n"
# + "defined(@array) is deprecated at /tmpfs/.cpan-build-cpansand/2017041918/Test-Unit-0.25-8/blib/lib/Test/Unit/TestCase.pm line 106.\n"
# Got 2 extra lines at line 2:
# + "# \t(Maybe you should just omit the defined()?)\n"
# + "# ...\n"
# Test 3 got: "defined(@array) is deprecated at /tmpfs/.cpan-build-cpansand/2017041918/Test-Unit-0.25-8/blib/lib/Test/Unit/TestCase.pm line 106.\n# \t(Maybe you should just omit the defined()?)\n# ...\n# TIME-SUMMARY\n# \n# OK (3 tests)\n# " (t/try_examples.t at line 106 fail #3)
# Expected: "...\n# TIME-SUMMARY\n# \n# OK (3 tests)\n# "
# Line 1 is changed:
# - "...\n"
# + "defined(@array) is deprecated at /tmpfs/.cpan-build-cpansand/2017041918/Test-Unit-0.25-8/blib/lib/Test/Unit/TestCase.pm line 106.\n"
# Got 2 extra lines at line 2:
# + "# \t(Maybe you should just omit the defined()?)\n"
# + "# ...\n"
# Test 4 got: "defined(@array) is deprecated at /tmpfs/.cpan-build-cpansand/2017041918/Test-Unit-0.25-8/blib/lib/Test/Unit/TestCase.pm line 106.\n# \t(Maybe you should just omit the defined()?)\n# ...\n# TIME-SUMMARY\n# \n# OK (3 tests)\n# " (t/try_examples.t at line 106 fail #4)
# Expected: "...\n# TIME-SUMMARY\n# \n# OK (3 tests)\n# "
# Line 1 is changed:
# - "...\n"
# + "defined(@array) is deprecated at /tmpfs/.cpan-build-cpansand/2017041918/Test-Unit-0.25-8/blib/lib/Test/Unit/TestCase.pm line 106.\n"
# Got 2 extra lines at line 2:
# + "# \t(Maybe you should just omit the defined()?)\n"
# + "# ...\n"
t/try_examples.t ..
Failed 4/4 subtests
Test Summary Report
-------------------
t/assert.t (Wstat: 0 Tests: 40 Failed: 2)
Failed tests: 24, 29
t/try_examples.t (Wstat: 0 Tests: 4 Failed: 4)
Failed tests: 1-4
Files=3, Tests=89, 1 wallclock secs ( 0.01 usr 0.02 sys + 0.62 cusr 0.02 csys = 0.67 CPU)
Result: FAIL
Failed 2/3 test programs. 6/89 subtests failed.
Makefile:955: recipe for target 'test_dynamic' failed
make: *** [test_dynamic] Error 255
------------------------------
PREREQUISITES
------------------------------
Prerequisite modules loaded:
requires:
Module Need Have
------------------- ---- --------
base 1 2.22
Class::Inner 0 0.200001
Devel::Symdump 0 2.17
Error 0 0.17024
build_requires:
Module Need Have
------------------- ---- --------
ExtUtils::MakeMaker 0 7.24
------------------------------
ENVIRONMENT AND OTHER CONTEXT
------------------------------
Environment variables:
LANG = C
LC_ALL = de_DE.UTF-8
PATH = /usr/local/bin:/usr/bin:/bin:/usr/local/sbin:/usr/sbin:/sbin:/home/cpansand/bin/linux-gnu:/home/cpansand/bin/sh:/home/cpansand/bin:/usr/games:/home/cpansand/devel:/home/eserte/src/srezic-misc/scripts
PERL5LIB = /home/cpansand/.cpan/build/2017041918/Class-Inner-0.200001-7/blib/arch:/home/cpansand/.cpan/build/2017041918/Class-Inner-0.200001-7/blib/lib
PERL5OPT =
PERL5_CPANPLUS_IS_RUNNING = 25883
PERL5_CPAN_IS_RUNNING = 25883
PERL5_CPAN_IS_RUNNING_IN_RECURSION = 25824,25883
PERLDOC = -MPod::Perldoc::ToTextOverstrike
PERL_BATCH = yes
PERL_CANARY_STABILITY_NOPROMPT = 1
PERL_CPAN_REPORTER_CONFIG = /var/tmp/cpansmoker-1023/2017041918/cpanreporter_000_config.ini
PERL_EXTUTILS_AUTOINSTALL = --defaultdeps
PERL_PARALLEL_SMOKER = yes
PERL_USE_UNSAFE_INC = 1
SHELL = /bin/zsh
TERM = screen
TMPDIR = /var/tmp/cpansmoker-1023/2017041918
Perl special variables (and OS-specific diagnostics, for MSWin32):
$^X = /bbbike/perl-5.20.1/bin/perl5.20.1
$UID/$EUID = 1023 / 1023
$GID = 1023 1023
$EGID = 1023 1023
Perl module toolchain versions installed:
Module Have
------------------- --------
CPAN 2.16
CPAN::Meta 2.150010
Cwd 3.62
ExtUtils::CBuilder 0.280224
ExtUtils::Command 7.24
ExtUtils::Install 2.04
ExtUtils::MakeMaker 7.24
ExtUtils::Manifest 1.70
ExtUtils::ParseXS 3.24
File::Spec 3.62
JSON 2.90
JSON::PP 2.27400
Module::Build 0.4220
Module::Signature 0.80
Parse::CPAN::Meta 2.150010
Test::Harness 3.38
Test::More 1.302083
YAML 1.20
YAML::Syck 1.29
version 0.9916
--
Summary of my perl5 (revision 5 version 20 subversion 1) configuration:
Platform:
osname=linux, osvers=3.16.0-4-amd64, archname=x86_64-linux
uname='linux eserte 3.16.0-4-amd64 #1 smp debian 3.16.7-ckt25-2 (2016-04-08) x86_64 gnulinux '
config_args='-ds -e -Dprefix=/opt/perl-5.20.1 -Dcf_email=srezic@cpan.org'
hint=recommended, useposix=true, d_sigaction=define
useithreads=undef, usemultiplicity=undef
use64bitint=define, use64bitall=define, uselongdouble=undef
usemymalloc=n, bincompat5005=undef
Compiler:
cc='cc', ccflags ='-fwrapv -fno-strict-aliasing -pipe -fstack-protector -I/usr/local/include -D_LARGEFILE_SOURCE -D_FILE_OFFSET_BITS=64',
optimize='-O2',
cppflags='-fwrapv -fno-strict-aliasing -pipe -fstack-protector -I/usr/local/include'
ccversion='', gccversion='4.9.2', gccosandvers=''
intsize=4, longsize=8, ptrsize=8, doublesize=8, byteorder=12345678
d_longlong=define, longlongsize=8, d_longdbl=define, longdblsize=16
ivtype='long', ivsize=8, nvtype='double', nvsize=8, Off_t='off_t', lseeksize=8
alignbytes=8, prototype=define
Linker and Libraries:
ld='cc', ldflags =' -fstack-protector -L/usr/local/lib'
libpth=/usr/local/lib /usr/lib/gcc/x86_64-linux-gnu/4.9/include-fixed /usr/include/x86_64-linux-gnu /usr/lib /lib/x86_64-linux-gnu /lib/../lib /usr/lib/x86_64-linux-gnu /usr/lib/../lib /lib
libs=-lnsl -lgdbm -ldb -ldl -lm -lcrypt -lutil -lc -lgdbm_compat
perllibs=-lnsl -ldl -lm -lcrypt -lutil -lc
libc=libc-2.19.so, so=so, useshrplib=false, libperl=libperl.a
gnulibc_version='2.19'
Dynamic Linking:
dlsrc=dl_dlopen.xs, dlext=so, d_dlsymun=undef, ccdlflags='-Wl,-E'
cccdlflags='-fPIC', lddlflags='-shared -O2 -L/usr/local/lib -fstack-protector'
Characteristics of this binary (from libperl):
Compile-time options: HAS_TIMES PERLIO_LAYERS PERL_DONT_CREATE_GVSV
PERL_HASH_FUNC_ONE_AT_A_TIME_HARD PERL_MALLOC_WRAP
PERL_NEW_COPY_ON_WRITE PERL_PRESERVE_IVUV
USE_64_BIT_ALL USE_64_BIT_INT USE_LARGE_FILES
USE_LOCALE USE_LOCALE_COLLATE USE_LOCALE_CTYPE
USE_LOCALE_NUMERIC USE_PERLIO USE_PERL_ATOF
Built under linux
Compiled at May 7 2016 16:00:15
%ENV:
PERL5LIB="/home/cpansand/.cpan/build/2017041918/Class-Inner-0.200001-7/blib/arch:/home/cpansand/.cpan/build/2017041918/Class-Inner-0.200001-7/blib/lib"
PERL5OPT=""
PERL5_CPANPLUS_IS_RUNNING="25883"
PERL5_CPAN_IS_RUNNING="25883"
PERL5_CPAN_IS_RUNNING_IN_RECURSION="25824,25883"
PERLDOC="-MPod::Perldoc::ToTextOverstrike"
PERL_BATCH="yes"
PERL_CANARY_STABILITY_NOPROMPT="1"
PERL_CPAN_REPORTER_CONFIG="/var/tmp/cpansmoker-1023/2017041918/cpanreporter_000_config.ini"
PERL_EXTUTILS_AUTOINSTALL="--defaultdeps"
PERL_PARALLEL_SMOKER="yes"
PERL_USE_UNSAFE_INC="1"
@INC:
/home/cpansand/.cpan/build/2017041918/Class-Inner-0.200001-7/blib/arch
/home/cpansand/.cpan/build/2017041918/Class-Inner-0.200001-7/blib/lib
/opt/perl-5.20.1/lib/site_perl/5.20.1/x86_64-linux
/opt/perl-5.20.1/lib/site_perl/5.20.1
/opt/perl-5.20.1/lib/5.20.1/x86_64-linux
/opt/perl-5.20.1/lib/5.20.1
.