Back
From: metabase:user:0d96120c-29e2-11e5-b049-ede3035d37de
Subject: FAIL Test-Unit-0.25 v5.23.1 GNU/Linux
Date: 2015-08-04T22:45:52Z
This distribution has been tested as part of the CPAN Testers
project, supporting the Perl programming language. See
http://wiki.cpantesters.org/ for more information or email
questions to cpan-testers-discuss@perl.org
--
Dear Matthew Astley,
This is a computer-generated report for Test-Unit-0.25
on perl 5.23.1, created by CPAN-Reporter-1.2015.
Thank you for uploading your work to CPAN. However, there was a problem
testing your distribution.
If you think this report is invalid, please consult the CPAN Testers Wiki
for suggestions on how to avoid getting FAIL reports for missing library
or binary dependencies, unsupported operating systems, and so on:
http://wiki.cpantesters.org/wiki/CPANAuthorNotes
Sections of this report:
* Tester comments
* Program output
* Prerequisites
* Environment and other context
------------------------------
TESTER COMMENTS
------------------------------
Additional comments from tester:
this report is from an automated smoke testing program
and was not reviewed by a human for accuracy
CPU : Intel(R) Xeon(R) CPU E5-2680 v2 @ 2.80GHz
MEMORY : 1.94 GB
ARCH : x86_64
OS : CentOS 7.1.1503
KERNEL : Linux 4.1.0-x86_64-linode59
VIRTUALIZATION : xen0
------------------------------
PROGRAM OUTPUT
------------------------------
Output from '/usr/bin/make test':
PERL_DL_NONLAZY=1 "/home/jmaslak/perl5/perlbrew/perls/perl-5.23.1-ld/bin/perl5.23.1" "-MExtUtils::Command::MM" "-MTest::Harness" "-e" "undef *Test::Harness::Switches; test_harness(0, 'blib/lib', 'blib/arch')" t/*.t
Can't use 'defined(@array)' (Maybe you should just omit the defined()?) at /home/jmaslak/.cpan/build/Test-Unit-0.25-zH45oB/blib/lib/Test/Unit/TestCase.pm line 106.
Compilation failed in require at /home/jmaslak/.cpan/build/Test-Unit-0.25-zH45oB/blib/lib/Test/Unit/TestSuite.pm line 15.
BEGIN failed--compilation aborted at /home/jmaslak/.cpan/build/Test-Unit-0.25-zH45oB/blib/lib/Test/Unit/TestSuite.pm line 15.
Compilation failed in require at /home/jmaslak/.cpan/build/Test-Unit-0.25-zH45oB/blib/lib/Test/Unit/Loader.pm line 7.
BEGIN failed--compilation aborted at /home/jmaslak/.cpan/build/Test-Unit-0.25-zH45oB/blib/lib/Test/Unit/Loader.pm line 7.
Compilation failed in require at /home/jmaslak/.cpan/build/Test-Unit-0.25-zH45oB/blib/lib/Test/Unit/Listener.pm line 2.
BEGIN failed--compilation aborted at /home/jmaslak/.cpan/build/Test-Unit-0.25-zH45oB/blib/lib/Test/Unit/Listener.pm line 2.
Compilation failed in require at /home/jmaslak/perl5/perlbrew/perls/perl-5.23.1-ld/lib/5.23.1/base.pm line 99.
...propagated at /home/jmaslak/perl5/perlbrew/perls/perl-5.23.1-ld/lib/5.23.1/base.pm line 108.
BEGIN failed--compilation aborted at /home/jmaslak/.cpan/build/Test-Unit-0.25-zH45oB/blib/lib/Test/Unit/Runner.pm line 25.
Compilation failed in require at /home/jmaslak/perl5/perlbrew/perls/perl-5.23.1-ld/lib/5.23.1/base.pm line 99.
...propagated at /home/jmaslak/perl5/perlbrew/perls/perl-5.23.1-ld/lib/5.23.1/base.pm line 108.
BEGIN failed--compilation aborted at /home/jmaslak/.cpan/build/Test-Unit-0.25-zH45oB/blib/lib/Test/Unit/HarnessUnit.pm line 6.
Compilation failed in require at t/all_tests.t line 6.
BEGIN failed--compilation aborted at t/all_tests.t line 6.
t/all_tests.t .....
Dubious, test returned 255 (wstat 65280, 0xff00)
No subtests run
Can't use 'defined(@array)' (Maybe you should just omit the defined()?) at /home/jmaslak/.cpan/build/Test-Unit-0.25-zH45oB/blib/lib/Test/Unit/TestCase.pm line 106.
Compilation failed in require at /home/jmaslak/.cpan/build/Test-Unit-0.25-zH45oB/blib/lib/Test/Unit/TestSuite.pm line 15.
BEGIN failed--compilation aborted at /home/jmaslak/.cpan/build/Test-Unit-0.25-zH45oB/blib/lib/Test/Unit/TestSuite.pm line 15.
Compilation failed in require at /home/jmaslak/.cpan/build/Test-Unit-0.25-zH45oB/blib/lib/Test/Unit/Loader.pm line 7.
BEGIN failed--compilation aborted at /home/jmaslak/.cpan/build/Test-Unit-0.25-zH45oB/blib/lib/Test/Unit/Loader.pm line 7.
Compilation failed in require at /home/jmaslak/.cpan/build/Test-Unit-0.25-zH45oB/blib/lib/Test/Unit/Listener.pm line 2.
BEGIN failed--compilation aborted at /home/jmaslak/.cpan/build/Test-Unit-0.25-zH45oB/blib/lib/Test/Unit/Listener.pm line 2.
Compilation failed in require at /home/jmaslak/perl5/perlbrew/perls/perl-5.23.1-ld/lib/5.23.1/base.pm line 99.
...propagated at /home/jmaslak/perl5/perlbrew/perls/perl-5.23.1-ld/lib/5.23.1/base.pm line 108.
BEGIN failed--compilation aborted at /home/jmaslak/.cpan/build/Test-Unit-0.25-zH45oB/blib/lib/Test/Unit/Runner.pm line 25.
Compilation failed in require at /home/jmaslak/perl5/perlbrew/perls/perl-5.23.1-ld/lib/5.23.1/base.pm line 99.
...propagated at /home/jmaslak/perl5/perlbrew/perls/perl-5.23.1-ld/lib/5.23.1/base.pm line 108.
BEGIN failed--compilation aborted at /home/jmaslak/.cpan/build/Test-Unit-0.25-zH45oB/blib/lib/Test/Unit/HarnessUnit.pm line 6.
Compilation failed in require at t/assert.t line 5.
BEGIN failed--compilation aborted at t/assert.t line 5.
t/assert.t ........
Dubious, test returned 255 (wstat 65280, 0xff00)
No subtests run
# Test 1 got: "Can't use 'defined(@array)' (Maybe you should just omit the defined()?) at /home/jmaslak/.cpan/build/Test-Unit-0.25-zH45oB/blib/lib/Test/Unit/TestCase.pm line 106.\n# Compilation failed in require at /home/jmaslak/.cpan/build/Test-Unit-0.25-zH45oB/blib/lib/Test/Unit/TestSuite.pm line 15.\n# BEGIN failed--compilation aborted at /home/jmaslak/.cpan/build/Test-Unit-0.25-zH45oB/blib/lib/Test/Unit/TestSuite.pm line 15.\n# Compilation failed in require at /home/jmaslak/.cpan/build/Test-Unit-0.25-zH45oB/blib/lib/Test/Unit/Loader.pm line 7.\n# BEGIN failed--compilation aborted at /home/jmaslak/.cpan/build/Test-Unit-0.25-zH45oB/blib/lib/Test/Unit/Loader.pm line 7.\n# Compilation failed in require at /home/jmaslak/.cpan/build/Test-Unit-0.25-zH45oB/blib/lib/Test/Unit/Listener.pm line 2.\n# BEGIN failed--compilation aborted at /home/jmaslak/.cpan/build/Test-Unit-0.25-zH45oB/blib/lib/Test/Unit/Listener.pm line 2.\n# Compilation failed in require at /home/jmaslak/perl5/perlbrew/perls/perl-5.23.1-ld/lib/5.23.1/base.pm line 99.\n# \t...propagated at /home/jmaslak/perl5/perlbrew/perls/perl-5.23.1-ld/lib/5.23.1/base.pm line 108.\n# BEGIN failed--compilation aborted at /home/jmaslak/.cpan/build/Test-Unit-0.25-zH45oB/blib/lib/Test/Unit/Runner.pm line 25.\n# Compilation failed in require at /home/jmaslak/perl5/perlbrew/perls/perl-5.23.1-ld/lib/5.23.1/base.pm line 99.\n# \t...propagated at /home/jmaslak/perl5/perlbrew/perls/perl-5.23.1-ld/lib/5.23.1/base.pm line 108.\n# BEGIN failed--compilation aborted at /home/jmaslak/.cpan/build/Test-Unit-0.25-zH45oB/blib/lib/Test/Unit/TestRunner.pm line 4.\n# Compilation failed in require at ./TestRunner.pl line 6.\n# BEGIN failed--compilation aborted at ./TestRunner.pl line 6.\n# " (t/try_examples.t at line 106)
# Expected: "Suite setup\n# TEST-RUN-SUMMARY\n# \n# TIME-SUMMARY\n# \n# !!!FAILURES!!!\n# Test Results:\n# Run: 2, Failures: 1, Errors: 0\n# \n# There was 1 failure:\n# 1) examples/fail_example.pm:19 - test_fail(fail_example)\n# Born to lose ...\n# \n# Test was not successful.\n# "
# Lines 1-14 are changed:
# - "Suite setup\n"
# + "Can't use 'defined(@array)' (Maybe you should just omit the defined()?) at /home/jmaslak/.cpan/build/Test-Unit-0.25-zH45oB/blib/lib/Test/Unit/TestCase.pm line 106.\n"
# - "# TEST-RUN-SUMMARY\n"
# + "# Compilation failed in require at /home/jmaslak/.cpan/build/Test-Unit-0.25-zH45oB/blib/lib/Test/Unit/TestSuite.pm line 15.\n"
# - "# \n"
# + "# BEGIN failed--compilation aborted at /home/jmaslak/.cpan/build/Test-Unit-0.25-zH45oB/blib/lib/Test/Unit/TestSuite.pm line 15.\n"
# - "# TIME-SUMMARY\n"
# + "# Compilation failed in require at /home/jmaslak/.cpan/build/Test-Unit-0.25-zH45oB/blib/lib/Test/Unit/Loader.pm line 7.\n"
# - "# \n"
# + "# BEGIN failed--compilation aborted at /home/jmaslak/.cpan/build/Test-Unit-0.25-zH45oB/blib/lib/Test/Unit/Loader.pm line 7.\n"
# - "# !!!FAILURES!!!\n"
# + "# Compilation failed in require at /home/jmaslak/.cpan/build/Test-Unit-0.25-zH45oB/blib/lib/Test/Unit/Listener.pm line 2.\n"
# - "# Test Results:\n"
# + "# BEGIN failed--compilation aborted at /home/jmaslak/.cpan/build/Test-Unit-0.25-zH45oB/blib/lib/Test/Unit/Listener.pm line 2.\n"
# - "# Run: 2, Failures: 1, Errors: 0\n"
# + "# Compilation failed in require at /home/jmaslak/perl5/perlbrew/perls/perl-5.23.1-ld/lib/5.23.1/base.pm line 99.\n"
# - "# \n"
# + "# \t...propagated at /home/jmaslak/perl5/perlbrew/perls/perl-5.23.1-ld/lib/5.23.1/base.pm line 108.\n"
# - "# There was 1 failure:\n"
# + "# BEGIN failed--compilation aborted at /home/jmaslak/.cpan/build/Test-Unit-0.25-zH45oB/blib/lib/Test/Unit/Runner.pm line 25.\n"
# - "# 1) examples/fail_example.pm:19 - test_fail(fail_example)\n"
# + "# Compilation failed in require at /home/jmaslak/perl5/perlbrew/perls/perl-5.23.1-ld/lib/5.23.1/base.pm line 99.\n"
# - "# Born to lose ...\n"
# + "# \t...propagated at /home/jmaslak/perl5/perlbrew/perls/perl-5.23.1-ld/lib/5.23.1/base.pm line 108.\n"
# - "# \n"
# + "# BEGIN failed--compilation aborted at /home/jmaslak/.cpan/build/Test-Unit-0.25-zH45oB/blib/lib/Test/Unit/TestRunner.pm line 4.\n"
# - "# Test was not successful.\n"
# + "# Compilation failed in require at ./TestRunner.pl line 6.\n"
# Got 1 extra line at line 15:
# + "# BEGIN failed--compilation aborted at ./TestRunner.pl line 6.\n"
# t/try_examples.t line 106 is: ok($out, $guru_checked{$e});
# Test 2 got: "Can't use 'defined(@array)' (Maybe you should just omit the defined()?) at /home/jmaslak/.cpan/build/Test-Unit-0.25-zH45oB/blib/lib/Test/Unit/TestCase.pm line 106.\n# Compilation failed in require at /home/jmaslak/.cpan/build/Test-Unit-0.25-zH45oB/blib/lib/Test/Unit/TestSuite.pm line 15.\n# BEGIN failed--compilation aborted at /home/jmaslak/.cpan/build/Test-Unit-0.25-zH45oB/blib/lib/Test/Unit/TestSuite.pm line 15.\n# Compilation failed in require at /home/jmaslak/.cpan/build/Test-Unit-0.25-zH45oB/blib/lib/Test/Unit/Procedural.pm line 5.\n# BEGIN failed--compilation aborted at /home/jmaslak/.cpan/build/Test-Unit-0.25-zH45oB/blib/lib/Test/Unit/Procedural.pm line 5.\n# Compilation failed in require at examples/patch100132 line 6.\n# BEGIN failed--compilation aborted at examples/patch100132 line 6.\n# " (t/try_examples.t at line 106 fail #2)
# Expected: "...\n# TIME-SUMMARY\n# \n# OK (3 tests)\n# "
# Lines 1-4 are changed:
# - "...\n"
# + "Can't use 'defined(@array)' (Maybe you should just omit the defined()?) at /home/jmaslak/.cpan/build/Test-Unit-0.25-zH45oB/blib/lib/Test/Unit/TestCase.pm line 106.\n"
# - "# TIME-SUMMARY\n"
# + "# Compilation failed in require at /home/jmaslak/.cpan/build/Test-Unit-0.25-zH45oB/blib/lib/Test/Unit/TestSuite.pm line 15.\n"
# - "# \n"
# + "# BEGIN failed--compilation aborted at /home/jmaslak/.cpan/build/Test-Unit-0.25-zH45oB/blib/lib/Test/Unit/TestSuite.pm line 15.\n"
# - "# OK (3 tests)\n"
# + "# Compilation failed in require at /home/jmaslak/.cpan/build/Test-Unit-0.25-zH45oB/blib/lib/Test/Unit/Procedural.pm line 5.\n"
# Got 3 extra lines at line 5:
# + "# BEGIN failed--compilation aborted at /home/jmaslak/.cpan/build/Test-Unit-0.25-zH45oB/blib/lib/Test/Unit/Procedural.pm line 5.\n"
# + "# Compilation failed in require at examples/patch100132 line 6.\n"
# + "# BEGIN failed--compilation aborted at examples/patch100132 line 6.\n"
# Test 3 got: "Can't use 'defined(@array)' (Maybe you should just omit the defined()?) at /home/jmaslak/.cpan/build/Test-Unit-0.25-zH45oB/blib/lib/Test/Unit/TestCase.pm line 106.\n# Compilation failed in require at /home/jmaslak/.cpan/build/Test-Unit-0.25-zH45oB/blib/lib/Test/Unit/TestSuite.pm line 15.\n# BEGIN failed--compilation aborted at /home/jmaslak/.cpan/build/Test-Unit-0.25-zH45oB/blib/lib/Test/Unit/TestSuite.pm line 15.\n# Compilation failed in require at /home/jmaslak/.cpan/build/Test-Unit-0.25-zH45oB/blib/lib/Test/Unit/Procedural.pm line 5.\n# BEGIN failed--compilation aborted at /home/jmaslak/.cpan/build/Test-Unit-0.25-zH45oB/blib/lib/Test/Unit/Procedural.pm line 5.\n# Compilation failed in require at examples/patch100132-1 line 6.\n# BEGIN failed--compilation aborted at examples/patch100132-1 line 6.\n# " (t/try_examples.t at line 106 fail #3)
# Expected: "...\n# TIME-SUMMARY\n# \n# OK (3 tests)\n# "
# Lines 1-4 are changed:
# - "...\n"
# + "Can't use 'defined(@array)' (Maybe you should just omit the defined()?) at /home/jmaslak/.cpan/build/Test-Unit-0.25-zH45oB/blib/lib/Test/Unit/TestCase.pm line 106.\n"
# - "# TIME-SUMMARY\n"
# + "# Compilation failed in require at /home/jmaslak/.cpan/build/Test-Unit-0.25-zH45oB/blib/lib/Test/Unit/TestSuite.pm line 15.\n"
# - "# \n"
# + "# BEGIN failed--compilation aborted at /home/jmaslak/.cpan/build/Test-Unit-0.25-zH45oB/blib/lib/Test/Unit/TestSuite.pm line 15.\n"
# - "# OK (3 tests)\n"
# + "# Compilation failed in require at /home/jmaslak/.cpan/build/Test-Unit-0.25-zH45oB/blib/lib/Test/Unit/Procedural.pm line 5.\n"
# Got 3 extra lines at line 5:
# + "# BEGIN failed--compilation aborted at /home/jmaslak/.cpan/build/Test-Unit-0.25-zH45oB/blib/lib/Test/Unit/Procedural.pm line 5.\n"
# + "# Compilation failed in require at examples/patch100132-1 line 6.\n"
# + "# BEGIN failed--compilation aborted at examples/patch100132-1 line 6.\n"
# Test 4 got: "Can't use 'defined(@array)' (Maybe you should just omit the defined()?) at /home/jmaslak/.cpan/build/Test-Unit-0.25-zH45oB/blib/lib/Test/Unit/TestCase.pm line 106.\n# Compilation failed in require at /home/jmaslak/.cpan/build/Test-Unit-0.25-zH45oB/blib/lib/Test/Unit/TestSuite.pm line 15.\n# BEGIN failed--compilation aborted at /home/jmaslak/.cpan/build/Test-Unit-0.25-zH45oB/blib/lib/Test/Unit/TestSuite.pm line 15.\n# Compilation failed in require at /home/jmaslak/.cpan/build/Test-Unit-0.25-zH45oB/blib/lib/Test/Unit/Procedural.pm line 5.\n# BEGIN failed--compilation aborted at /home/jmaslak/.cpan/build/Test-Unit-0.25-zH45oB/blib/lib/Test/Unit/Procedural.pm line 5.\n# Compilation failed in require at examples/patch100132-2 line 6.\n# BEGIN failed--compilation aborted at examples/patch100132-2 line 6.\n# " (t/try_examples.t at line 106 fail #4)
# Expected: "...\n# TIME-SUMMARY\n# \n# OK (3 tests)\n# "
# Lines 1-4 are changed:
# - "...\n"
# + "Can't use 'defined(@array)' (Maybe you should just omit the defined()?) at /home/jmaslak/.cpan/build/Test-Unit-0.25-zH45oB/blib/lib/Test/Unit/TestCase.pm line 106.\n"
# - "# TIME-SUMMARY\n"
# + "# Compilation failed in require at /home/jmaslak/.cpan/build/Test-Unit-0.25-zH45oB/blib/lib/Test/Unit/TestSuite.pm line 15.\n"
# - "# \n"
# + "# BEGIN failed--compilation aborted at /home/jmaslak/.cpan/build/Test-Unit-0.25-zH45oB/blib/lib/Test/Unit/TestSuite.pm line 15.\n"
# - "# OK (3 tests)\n"
# + "# Compilation failed in require at /home/jmaslak/.cpan/build/Test-Unit-0.25-zH45oB/blib/lib/Test/Unit/Procedural.pm line 5.\n"
# Got 3 extra lines at line 5:
# + "# BEGIN failed--compilation aborted at /home/jmaslak/.cpan/build/Test-Unit-0.25-zH45oB/blib/lib/Test/Unit/Procedural.pm line 5.\n"
# + "# Compilation failed in require at examples/patch100132-2 line 6.\n"
# + "# BEGIN failed--compilation aborted at examples/patch100132-2 line 6.\n"
t/try_examples.t ..
Failed 4/4 subtests
Test Summary Report
-------------------
t/all_tests.t (Wstat: 65280 Tests: 0 Failed: 0)
Non-zero exit status: 255
Parse errors: No plan found in TAP output
t/assert.t (Wstat: 65280 Tests: 0 Failed: 0)
Non-zero exit status: 255
Parse errors: No plan found in TAP output
t/try_examples.t (Wstat: 0 Tests: 4 Failed: 4)
Failed tests: 1-4
Files=3, Tests=4, 0 wallclock secs ( 0.03 usr 0.02 sys + 0.20 cusr 0.07 csys = 0.32 CPU)
Result: FAIL
Failed 3/3 test programs. 4/4 subtests failed.
make: *** [test_dynamic] Error 255
------------------------------
PREREQUISITES
------------------------------
Prerequisite modules loaded:
requires:
Module Need Have
------------------- ---- --------
base 1 2.22
Class::Inner 0 0.200001
Devel::Symdump 0 2.15
Error 0 0.17024
build_requires:
Module Need Have
------------------- ---- --------
ExtUtils::MakeMaker 0 7.04_01
------------------------------
ENVIRONMENT AND OTHER CONTEXT
------------------------------
Environment variables:
AUTOMATED_TESTING = 1
LANG = en_US.UTF-8
NONINTERACTIVE_TESTING = 1
PATH = /home/jmaslak/perl5/perlbrew/bin:/home/jmaslak/perl5/perlbrew/perls/perl-5.23.1-ld/bin:/home/jmaslak/perltest/bin:/home/jmaslak/perltest/bin:/home/jmaslak/perltest/bin:/home/jmaslak/perl5/perlbrew/bin:/home/jmaslak/perl5/perlbrew/perls/perl-5.23.1/bin:/usr/local/bin:/usr/bin:/usr/local/sbin:/usr/sbin:/usr/sbin:~/perltest/bin
PERL5LIB = /home/jmaslak/.cpan/build/Class-Inner-0.200001-dReCIR/blib/arch:/home/jmaslak/.cpan/build/Class-Inner-0.200001-dReCIR/blib/lib
PERL5OPT =
PERL5_CPANPLUS_IS_RUNNING = 6509
PERL5_CPAN_IS_RUNNING = 6509
PERL5_CPAN_IS_RUNNING_IN_RECURSION = 13556,6509
PERLBREW_BASHRC_VERSION = 0.73
PERLBREW_HOME = /home/jmaslak/.perlbrew
PERLBREW_LIB =
PERLBREW_MANPATH = /home/jmaslak/perl5/perlbrew/perls/perl-5.23.1-ld/man
PERLBREW_PATH = /home/jmaslak/perl5/perlbrew/bin:/home/jmaslak/perl5/perlbrew/perls/perl-5.23.1-ld/bin
PERLBREW_PERL = perl-5.23.1-ld
PERLBREW_ROOT = /home/jmaslak/perl5/perlbrew
PERLBREW_VERSION = 0.73
PERL_CR_SMOKER_CURRENT = Test-Unit-ITestRunner-0.05
PERL_EXTUTILS_AUTOINSTALL = --defaultdeps
PERL_LOCAL_LIB_ROOT =
PERL_MM_USE_DEFAULT = 1
SHELL = /bin/bash
TERM = screen
Perl special variables (and OS-specific diagnostics, for MSWin32):
$^X = /home/jmaslak/perl5/perlbrew/perls/perl-5.23.1-ld/bin/perl5.23.1
$UID/$EUID = 1000 / 1000
$GID = 1000 10 1000
$EGID = 1000 10 1000
Perl module toolchain versions installed:
Module Have
------------------- --------
CPAN 2.11
CPAN::Meta 2.150005
Cwd 3.56
ExtUtils::CBuilder 0.280223
ExtUtils::Command 1.20
ExtUtils::Install 2.04
ExtUtils::MakeMaker 7.04_01
ExtUtils::Manifest 1.70
ExtUtils::ParseXS 3.28
File::Spec 3.56
JSON 2.90
JSON::PP 2.27300
Module::Build 0.4214
Module::Signature n/a
Parse::CPAN::Meta 1.4417
Test::Harness 3.35
Test::More 1.001014
YAML 1.15
YAML::Syck n/a
version 0.9909
--
Summary of my perl5 (revision 5 version 23 subversion 1) configuration:
Platform:
osname=linux, osvers=4.1.0-x86_64-linode59, archname=x86_64-linux-ld
uname='linux cpantest.antelope.net 4.1.0-x86_64-linode59 #1 smp mon jun 22 10:39:23 edt 2015 x86_64 x86_64 x86_64 gnulinux '
config_args='-de -Dprefix=/home/jmaslak/perl5/perlbrew/perls/perl-5.23.1-ld -Duselongdouble -Dusedevel -Aeval:scriptdir=/home/jmaslak/perl5/perlbrew/perls/perl-5.23.1-ld/bin'
hint=recommended, useposix=true, d_sigaction=define
useithreads=undef, usemultiplicity=undef
use64bitint=define, use64bitall=define, uselongdouble=define
usemymalloc=n, bincompat5005=undef
Compiler:
cc='cc', ccflags ='-fwrapv -fno-strict-aliasing -pipe -fstack-protector-strong -I/usr/local/include -D_LARGEFILE_SOURCE -D_FILE_OFFSET_BITS=64 -D_FORTIFY_SOURCE=2',
optimize='-O2',
cppflags='-fwrapv -fno-strict-aliasing -pipe -fstack-protector-strong -I/usr/local/include'
ccversion='', gccversion='4.8.3 20140911 (Red Hat 4.8.3-9)', gccosandvers=''
intsize=4, longsize=8, ptrsize=8, doublesize=8, byteorder=12345678, doublekind=3
d_longlong=define, longlongsize=8, d_longdbl=define, longdblsize=16, longdblkind=3
ivtype='long', ivsize=8, nvtype='long double', nvsize=16, Off_t='off_t', lseeksize=8
alignbytes=16, prototype=define
Linker and Libraries:
ld='cc', ldflags =' -fstack-protector-strong -L/usr/local/lib'
libpth=/usr/local/lib /usr/lib /lib/../lib64 /usr/lib/../lib64 /lib /lib64 /usr/lib64 /usr/local/lib64
libs=-lpthread -lnsl -ldl -lm -lcrypt -lutil -lc
perllibs=-lpthread -lnsl -ldl -lm -lcrypt -lutil -lc
libc=libc-2.17.so, so=so, useshrplib=false, libperl=libperl.a
gnulibc_version='2.17'
Dynamic Linking:
dlsrc=dl_dlopen.xs, dlext=so, d_dlsymun=undef, ccdlflags='-Wl,-E'
cccdlflags='-fPIC', lddlflags='-shared -O2 -L/usr/local/lib -fstack-protector-strong'
Characteristics of this binary (from libperl):
Compile-time options: HAS_TIMES PERLIO_LAYERS PERL_COPY_ON_WRITE
PERL_DONT_CREATE_GVSV
PERL_HASH_FUNC_ONE_AT_A_TIME_HARD PERL_MALLOC_WRAP
PERL_PRESERVE_IVUV PERL_USE_DEVEL USE_64_BIT_ALL
USE_64_BIT_INT USE_LARGE_FILES USE_LOCALE
USE_LOCALE_COLLATE USE_LOCALE_CTYPE
USE_LOCALE_NUMERIC USE_LOCALE_TIME USE_LONG_DOUBLE
USE_PERLIO USE_PERL_ATOF
Locally applied patches:
Devel::PatchPerl 1.38
Built under linux
Compiled at Jul 26 2015 04:54:15
%ENV:
PERL5LIB="/home/jmaslak/.cpan/build/Class-Inner-0.200001-dReCIR/blib/arch:/home/jmaslak/.cpan/build/Class-Inner-0.200001-dReCIR/blib/lib"
PERL5OPT=""
PERL5_CPANPLUS_IS_RUNNING="6509"
PERL5_CPAN_IS_RUNNING="6509"
PERL5_CPAN_IS_RUNNING_IN_RECURSION="13556,6509"
PERLBREW_BASHRC_VERSION="0.73"
PERLBREW_HOME="/home/jmaslak/.perlbrew"
PERLBREW_LIB=""
PERLBREW_MANPATH="/home/jmaslak/perl5/perlbrew/perls/perl-5.23.1-ld/man"
PERLBREW_PATH="/home/jmaslak/perl5/perlbrew/bin:/home/jmaslak/perl5/perlbrew/perls/perl-5.23.1-ld/bin"
PERLBREW_PERL="perl-5.23.1-ld"
PERLBREW_ROOT="/home/jmaslak/perl5/perlbrew"
PERLBREW_VERSION="0.73"
PERL_CR_SMOKER_CURRENT="Test-Unit-ITestRunner-0.05"
PERL_EXTUTILS_AUTOINSTALL="--defaultdeps"
PERL_LOCAL_LIB_ROOT=""
PERL_MM_USE_DEFAULT="1"
@INC:
/home/jmaslak/.cpan/build/Class-Inner-0.200001-dReCIR/blib/arch
/home/jmaslak/.cpan/build/Class-Inner-0.200001-dReCIR/blib/lib
/home/jmaslak/perl5/perlbrew/perls/perl-5.23.1-ld/lib/site_perl/5.23.1/x86_64-linux-ld
/home/jmaslak/perl5/perlbrew/perls/perl-5.23.1-ld/lib/site_perl/5.23.1
/home/jmaslak/perl5/perlbrew/perls/perl-5.23.1-ld/lib/5.23.1/x86_64-linux-ld
/home/jmaslak/perl5/perlbrew/perls/perl-5.23.1-ld/lib/5.23.1
.