RDF-Simple v0.419 Perl 5 v5.22.4 x86_64-linux

Status
Fail
From
Nigel Horne
Dist
RDF-Simple v0.419
Platform
Perl 5 v5.22.4 x86_64-linux
Date
2019-04-21 19:42:12
ID
8f00b97c-646d-11e9-bf31-80c71e9d5857
This distribution has been tested as part of the CPAN Testers
project, supporting the Perl programming language.  See
http://wiki.cpantesters.org/ for more information or email
questions to cpan-testers-discuss@perl.org


--
Dear Martin 'Kingpin' Thurn,

This is a computer-generated report for RDF-Simple-0.419
on perl 5.22.4, created by CPAN-Reporter-1.2018.

Thank you for uploading your work to CPAN.  However, there was a problem
testing your distribution.

If you think this report is invalid, please consult the CPAN Testers Wiki
for suggestions on how to avoid getting FAIL reports for missing library
or binary dependencies, unsupported operating systems, and so on:

http://wiki.cpantesters.org/wiki/CPANAuthorNotes

Sections of this report:

    * Tester comments
    * Program output
    * Prerequisites
    * Environment and other context

------------------------------
TESTER COMMENTS
------------------------------

Additional comments from tester:

this report is from an automated smoke testing program
and was not reviewed by a human for accuracy

------------------------------
PROGRAM OUTPUT
------------------------------

Output from '/usr/bin/make test':

PERL_DL_NONLAZY=1 "/home/smoker/perl5/perlbrew/perls/perl-5.22.4/bin/perl5.22.4" "-MExtUtils::Command::MM" "-MTest::Harness" "-e" "undef *Test::Harness::Switches; test_harness(0, 'inc', 'blib/lib', 'blib/arch')" t/*.t
t/001_load.t ........... ok
Unable to provide required features
# Looks like your test exited with 2 just after 7.
t/coverage.t ........... 
Dubious, test returned 2 (wstat 512, 0x200)
All 7 subtests passed 
Unable to provide required features
# Looks like your test exited with 2 just after 1.
t/empty.t .............. 
Dubious, test returned 2 (wstat 512, 0x200)
All 1 subtests passed 
Unable to provide required features
# Looks like your test exited with 2 just after 5.
t/from_file.t .......... 
Dubious, test returned 2 (wstat 512, 0x200)
All 5 subtests passed 
Unable to provide required features
# Looks like your test exited with 2 just after 1.
t/long.t ............... 
Dubious, test returned 2 (wstat 512, 0x200)
All 1 subtests passed 
t/pod.t ................ skipped: Test::Pod 1.00 required for testing POD
Unable to provide required features
# Looks like your test exited with 2 just after 5.
t/multi-class.t ........ 
Dubious, test returned 2 (wstat 512, 0x200)
All 5 subtests passed 
Unable to provide required features
# Looks like your test exited with 2 just after 2.
t/rt-44879-resource.t .. 
Dubious, test returned 2 (wstat 512, 0x200)
All 2 subtests passed 
Unable to provide required features
# Looks like your test exited with 2 just after 2.
t/rt46956.t ............ 
Dubious, test returned 2 (wstat 512, 0x200)
All 2 subtests passed 
t/uri.t ................ ok

Test Summary Report
-------------------
t/coverage.t         (Wstat: 512 Tests: 7 Failed: 0)
  Non-zero exit status: 2
t/empty.t            (Wstat: 512 Tests: 1 Failed: 0)
  Non-zero exit status: 2
t/from_file.t        (Wstat: 512 Tests: 5 Failed: 0)
  Non-zero exit status: 2
t/long.t             (Wstat: 512 Tests: 1 Failed: 0)
  Non-zero exit status: 2
t/multi-class.t      (Wstat: 512 Tests: 5 Failed: 0)
  Non-zero exit status: 2
t/rt-44879-resource.t (Wstat: 512 Tests: 2 Failed: 0)
  Non-zero exit status: 2
t/rt46956.t          (Wstat: 512 Tests: 2 Failed: 0)
  Non-zero exit status: 2
Files=10, Tests=27,  3 wallclock secs ( 0.07 usr  0.01 sys +  1.20 cusr  0.28 csys =  1.56 CPU)
Result: FAIL
Failed 7/10 test programs. 0/27 subtests failed.
Makefile:783: recipe for target 'test_dynamic' failed
make: *** [test_dynamic] Error 255

------------------------------
PREREQUISITES
------------------------------

Prerequisite modules loaded:

requires:

    Module              Need  Have      
    ------------------- ----- ----------
    Class::MethodMaker  0     2.24      
    File::Slurp         0     9999.27   
    LWP::UserAgent      0     6.36      
    perl                5.005 5.022004  
    Regexp::Common      0     2017060201
    URI::Escape         0     3.31      
    XML::SAX            0     1.00      

build_requires:

    Module              Need  Have      
    ------------------- ----- ----------
    ExtUtils::MakeMaker 6.36  7.34      
    IO::CaptureOutput   0     1.1104    
    Test::File          0     1.443     
    Test::Simple        0     1.001014  

configure_requires:

    Module              Need  Have      
    ------------------- ----- ----------
    ExtUtils::MakeMaker 6.36  7.34      


------------------------------
ENVIRONMENT AND OTHER CONTEXT
------------------------------

Environment variables:

    AUTOMATED_TESTING = 1
    HARNESS_OPTIONS = j2
    NONINTERACTIVE_TESTING = 1
    PATH = /home/smoker/perl5/perlbrew/bin:/home/smoker/perl5/perlbrew/perls/perl-5.22.4/bin:/usr/local/sbin:/usr/local/bin:/usr/sbin:/usr/bin:/sbin:/bin
    PERL5LIB = /tmp/build/XML-SAX-1.00-0/blib/arch:/tmp/build/XML-SAX-1.00-0/blib/lib:/tmp/build/XML-SAX-Base-1.09-0/blib/arch:/tmp/build/XML-SAX-Base-1.09-0/blib/lib:/tmp/build/XML-NamespaceSupport-1.12-0/blib/arch:/tmp/build/XML-NamespaceSupport-1.12-0/blib/lib:/tmp/build/Regexp-Common-2017060201-0/blib/arch:/tmp/build/Regexp-Common-2017060201-0/blib/lib:/tmp/build/File-Slurp-9999.27-0/blib/arch:/tmp/build/File-Slurp-9999.27-0/blib/lib:/tmp/build/Class-MethodMaker-2.24-0/blib/arch:/tmp/build/Class-MethodMaker-2.24-0/blib/lib
    PERL5OPT = 
    PERL5_CPANPLUS_IS_RUNNING = 14687
    PERL5_CPAN_IS_RUNNING = 14687
    PERLBREW_HOME = /home/smoker/.perlbrew
    PERLBREW_MANPATH = /home/smoker/perl5/perlbrew/perls/perl-5.22.4/man
    PERLBREW_PATH = /home/smoker/perl5/perlbrew/bin:/home/smoker/perl5/perlbrew/perls/perl-5.22.4/bin
    PERLBREW_PERL = perl-5.22.4
    PERLBREW_ROOT = /home/smoker/perl5/perlbrew
    PERLBREW_SHELLRC_VERSION = 0.86
    PERLBREW_VERSION = 0.86
    PERL_MM_USE_DEFAULT = 1
    PERL_USE_UNSAFE_INC = 1
    SHELL = /bin/bash
    TERM = xterm
    TMPDIR = /tmp/testwrapper.14676

Perl special variables (and OS-specific diagnostics, for MSWin32):

    $^X = /home/smoker/perl5/perlbrew/perls/perl-5.22.4/bin/perl5.22.4
    $UID/$EUID = 1000 / 1000
    $GID = 1000
    $EGID = 1000

Perl module toolchain versions installed:

    Module              Have      
    ------------------- ----------
    CPAN                2.22      
    CPAN::Meta          2.150001  
    Cwd                 3.75      
    ExtUtils::CBuilder  0.280221  
    ExtUtils::Command   7.34      
    ExtUtils::Install   2.06      
    ExtUtils::MakeMaker 7.34      
    ExtUtils::Manifest  1.70      
    ExtUtils::ParseXS   3.28      
    File::Spec          3.75      
    JSON                4.00      
    JSON::PP            2.27300_01
    Module::Build       0.4224    
    Module::Signature   n/a       
    Parse::CPAN::Meta   1.4414_001
    Test::Harness       3.35_01   
    Test::More          1.001014  
    YAML                1.27      
    YAML::Syck          1.31      
    version             0.9909    


--

Summary of my perl5 (revision 5 version 22 subversion 4) configuration:
   
  Platform:
    osname=linux, osvers=4.16.0-2-amd64, archname=x86_64-linux
    uname='linux c75a8c3329de 4.16.0-2-amd64 #1 smp debian 4.16.16-2 (2018-06-22) x86_64 gnulinux '
    config_args='-de -Dprefix=/home/smoker/perl5/perlbrew/perls/perl-5.22.4 -Dusedevel -Accflags=-O2 -pipe -Wall -Wextra -mtune=native -march=native -Aeval:scriptdir=/home/smoker/perl5/perlbrew/perls/perl-5.22.4/bin'
    hint=recommended, useposix=true, d_sigaction=define
    useithreads=undef, usemultiplicity=undef
    use64bitint=define, use64bitall=define, uselongdouble=undef
    usemymalloc=n, bincompat5005=undef
  Compiler:
    cc='cc', ccflags ='-O2 -pipe -Wall -Wextra -mtune=native -march=native -fwrapv -fno-strict-aliasing -fstack-protector-strong -I/usr/local/include -D_LARGEFILE_SOURCE -D_FILE_OFFSET_BITS=64',
    optimize='-O2',
    cppflags='-O2 -pipe -Wall -Wextra -mtune=native -march=native -fwrapv -fno-strict-aliasing -fstack-protector-strong -I/usr/local/include'
    ccversion='', gccversion='6.3.0 20170516', gccosandvers=''
    intsize=4, longsize=8, ptrsize=8, doublesize=8, byteorder=12345678, doublekind=3
    d_longlong=define, longlongsize=8, d_longdbl=define, longdblsize=16, longdblkind=3
    ivtype='long', ivsize=8, nvtype='double', nvsize=8, Off_t='off_t', lseeksize=8
    alignbytes=8, prototype=define
  Linker and Libraries:
    ld='cc', ldflags =' -fstack-protector-strong -L/usr/local/lib'
    libpth=/usr/local/lib /usr/lib/gcc/x86_64-linux-gnu/6/include-fixed /usr/include/x86_64-linux-gnu /usr/lib /lib/x86_64-linux-gnu /lib/../lib /usr/lib/x86_64-linux-gnu /usr/lib/../lib /lib
    libs=-lpthread -lnsl -ldl -lm -lcrypt -lutil -lc
    perllibs=-lpthread -lnsl -ldl -lm -lcrypt -lutil -lc
    libc=libc-2.24.so, so=so, useshrplib=false, libperl=libperl.a
    gnulibc_version='2.24'
  Dynamic Linking:
    dlsrc=dl_dlopen.xs, dlext=so, d_dlsymun=undef, ccdlflags='-Wl,-E'
    cccdlflags='-fPIC', lddlflags='-shared -O2 -L/usr/local/lib -fstack-protector-strong'


Characteristics of this binary (from libperl): 
  Compile-time options: HAS_TIMES PERLIO_LAYERS PERL_DONT_CREATE_GVSV
                        PERL_HASH_FUNC_ONE_AT_A_TIME_HARD PERL_MALLOC_WRAP
                        PERL_NEW_COPY_ON_WRITE PERL_PRESERVE_IVUV
                        PERL_USE_DEVEL USE_64_BIT_ALL USE_64_BIT_INT
                        USE_LARGE_FILES USE_LOCALE USE_LOCALE_COLLATE
                        USE_LOCALE_CTYPE USE_LOCALE_NUMERIC USE_LOCALE_TIME
                        USE_PERLIO USE_PERL_ATOF
  Locally applied patches:
	Devel::PatchPerl 1.52
  Built under linux
  Compiled at Jan 19 2019 18:14:18
  %ENV:
    PERL5LIB="/tmp/build/XML-SAX-1.00-0/blib/arch:/tmp/build/XML-SAX-1.00-0/blib/lib:/tmp/build/XML-SAX-Base-1.09-0/blib/arch:/tmp/build/XML-SAX-Base-1.09-0/blib/lib:/tmp/build/XML-NamespaceSupport-1.12-0/blib/arch:/tmp/build/XML-NamespaceSupport-1.12-0/blib/lib:/tmp/build/Regexp-Common-2017060201-0/blib/arch:/tmp/build/Regexp-Common-2017060201-0/blib/lib:/tmp/build/File-Slurp-9999.27-0/blib/arch:/tmp/build/File-Slurp-9999.27-0/blib/lib:/tmp/build/Class-MethodMaker-2.24-0/blib/arch:/tmp/build/Class-MethodMaker-2.24-0/blib/lib"
    PERL5OPT=""
    PERL5_CPANPLUS_IS_RUNNING="14687"
    PERL5_CPAN_IS_RUNNING="14687"
    PERLBREW_HOME="/home/smoker/.perlbrew"
    PERLBREW_MANPATH="/home/smoker/perl5/perlbrew/perls/perl-5.22.4/man"
    PERLBREW_PATH="/home/smoker/perl5/perlbrew/bin:/home/smoker/perl5/perlbrew/perls/perl-5.22.4/bin"
    PERLBREW_PERL="perl-5.22.4"
    PERLBREW_ROOT="/home/smoker/perl5/perlbrew"
    PERLBREW_SHELLRC_VERSION="0.86"
    PERLBREW_VERSION="0.86"
    PERL_MM_USE_DEFAULT="1"
    PERL_USE_UNSAFE_INC="1"
  @INC:
    /tmp/build/XML-SAX-1.00-0/blib/arch
    /tmp/build/XML-SAX-1.00-0/blib/lib
    /tmp/build/XML-SAX-Base-1.09-0/blib/arch
    /tmp/build/XML-SAX-Base-1.09-0/blib/lib
    /tmp/build/XML-NamespaceSupport-1.12-0/blib/arch
    /tmp/build/XML-NamespaceSupport-1.12-0/blib/lib
    /tmp/build/Regexp-Common-2017060201-0/blib/arch
    /tmp/build/Regexp-Common-2017060201-0/blib/lib
    /tmp/build/File-Slurp-9999.27-0/blib/arch
    /tmp/build/File-Slurp-9999.27-0/blib/lib
    /tmp/build/Class-MethodMaker-2.24-0/blib/arch
    /tmp/build/Class-MethodMaker-2.24-0/blib/lib
    /home/smoker/perl5/perlbrew/perls/perl-5.22.4/lib/site_perl/5.22.4/x86_64-linux
    /home/smoker/perl5/perlbrew/perls/perl-5.22.4/lib/site_perl/5.22.4
    /home/smoker/perl5/perlbrew/perls/perl-5.22.4/lib/5.22.4/x86_64-linux
    /home/smoker/perl5/perlbrew/perls/perl-5.22.4/lib/5.22.4
    .