Text-Xslate vv3.5.6 Perl 5 v5.27.8 amd64-freebsd

Status
Fail
From
Slaven Rezić (SREZIC)
Dist
Text-Xslate vv3.5.6
Platform
Perl 5 v5.27.8 amd64-freebsd
Date
2018-01-25 07:30:02
ID
8e6e4e64-01a1-11e8-b746-84ef8bb0c2e6
This distribution has been tested as part of the CPAN Testers
project, supporting the Perl programming language.  See
http://wiki.cpantesters.org/ for more information or email
questions to cpan-testers-discuss@perl.org


--
Dear Shoichi Kaji,

This is a computer-generated report for Text-Xslate-v3.5.6
on perl 5.27.8, created by CPAN-Reporter-1.2018.

Thank you for uploading your work to CPAN.  However, there was a problem
testing your distribution.

If you think this report is invalid, please consult the CPAN Testers Wiki
for suggestions on how to avoid getting FAIL reports for missing library
or binary dependencies, unsupported operating systems, and so on:

http://wiki.cpantesters.org/wiki/CPANAuthorNotes

Sections of this report:

    * Tester comments
    * Program output
    * Prerequisites
    * Environment and other context

------------------------------
TESTER COMMENTS
------------------------------

Additional comments from tester:

none provided

------------------------------
PROGRAM OUTPUT
------------------------------

Output from './Build test':

xs tests
# Testing Text::Xslate/v3.5.6
# Backend: XS
# $ENV{XSLATE}=xs
t/000_load.t .................................... ok
t/010_internals/001_parse.t ..................... ok
t/010_internals/002_compile.t ................... ok
t/010_internals/003_assemble.t .................. ok
t/010_internals/004_magic.t ..................... ok
t/010_internals/005_load_file.t ................. ok
t/010_internals/006_errhandler.t ................ ok
t/010_internals/007_compile_errs.t .............. ok
t/010_internals/008_files.t ..................... ok
t/010_internals/009_goto_address.t .............. ok
t/010_internals/010_line_number.t ............... ok
t/010_internals/011_missuse.t ................... ok
t/010_internals/012_multilines.t ................ ok
t/010_internals/013_deps_str.t .................. ok
t/010_internals/014_deps_file.t ................. ok
t/010_internals/015_deps_file2.t ................ ok
t/010_internals/016_cached.t .................... ok
t/010_internals/017_render.t .................... ok
t/010_internals/018_opinfo.t .................... ok
t/010_internals/019_runtime_error.t ............. ok
t/010_internals/020_optimize.t .................. ok
t/010_internals/021_edge_cases.t ................ ok
t/010_internals/022_signal.t .................... ok
t/010_internals/023_cachepath.t ................. ok
t/010_internals/024_die_in_macros.t ............. ok
t/010_internals/025_reset_hooks.t ............... ok
t/010_internals/026_issue16_deep_recursion.t .... ok
t/010_internals/027_infinite_warn.t ............. ok
t/010_internals/028_taint.t ..................... ok
t/010_internals/029_large_file.t ................ ok
t/010_internals/030_die_in_funcs.t .............. ok
t/010_internals/031_save_src.t .................. ok
t/010_internals/032_encoding_error.t ............ skipped: TODO: the behaviours of PP and XS does not match
t/010_internals/033_vpath_cache.t ............... ok
t/010_internals/034_is_code_ref.t ............... ok
t/010_internals/036_merge_hash.t ................ ok
t/010_internals/037_find_file.t ................. ok
t/010_internals/038_suffix.t .................... ok
t/010_internals/039_taint_issue84.t ............. ok
t/010_internals/100_threads.t ................... skipped: multi-threading tests
t/010_internals/200_leaktrace.t ................. ok
t/010_internals/300_explicit_pp.t ............... ok
t/020_interface/001_parser_option.t ............. ok
t/020_interface/002_myparser.t .................. ok
t/020_interface/003_encoding.t .................. ok
t/020_interface/004_no_vars.t ................... ok
t/020_interface/005_util.t ...................... ok
t/020_interface/006_psgi.t ...................... ok
t/020_interface/007_data_section.t .............. ok
t/020_interface/008_type.t ...................... ok
t/020_interface/009_hash_with_default.t ......... ok
t/020_interface/010_err_encoding.t .............. ok
t/020_interface/011_hwd_w_include_vars.t ........ ok
t/020_interface/012_default_functions.t ......... ok
t/020_interface/013_slurp_template.t ............ ok
t/020_interface/014_customize_option.t .......... ok
t/020_interface/015_render_recursion.t .......... ok
t/020_interface/016_pre_process_handler.t ....... ok
t/020_interface/017_validate.t .................. ok
t/030_kolon/001_interpolate.t ................... ok
t/030_kolon/002_field.t ......................... ok
t/030_kolon/003_for.t ........................... ok
t/030_kolon/004_if.t ............................ ok
t/030_kolon/005_rel_ops.t ....................... ok
t/030_kolon/006_arith_ops.t ..................... ok
t/030_kolon/007_log_ops.t ....................... ok
t/030_kolon/008_literal.t ....................... ok
t/030_kolon/009_include.t ....................... ok
t/030_kolon/010_escaped_str.t ................... ok
t/030_kolon/011_macro.t ......................... ok
t/030_kolon/012_cascade.t ....................... ok
t/030_kolon/013_more_field.t .................... ok
t/030_kolon/014_while.t ......................... ok
t/030_kolon/015_methods.t ....................... ok
t/030_kolon/016_funcs.t ......................... ok
t/030_kolon/017_more_macro.t .................... ok
t/030_kolon/018_dynamic_filters.t ............... ok
t/030_kolon/019_explicit_interpolate.t .......... ok
t/030_kolon/020_chomp.t ......................... ok
t/030_kolon/021_overlay.t ....................... ok
t/030_kolon/022_given.t ......................... ok
t/030_kolon/023_bitwise.t ....................... ok
t/030_kolon/024_localize_vars.t ................. ok
t/030_kolon/025_objectliteral.t ................. ok
t/030_kolon/026_constant.t ...................... ok
t/030_kolon/027_lambda.t ........................ ok
t/030_kolon/028_smartmatch.t .................... ok
t/030_kolon/029_blockfilter.t ................... ok
t/030_kolon/030_xfuncs.t ........................ ok
t/030_kolon/031_post_if.t ....................... ok
t/030_kolon/032_include_bareword.t .............. ok
t/030_kolon/033_ov_forloop.t .................... ok
t/030_kolon/034_print.t ......................... ok
t/030_kolon/035_include_w_vars.t ................ ok
t/030_kolon/036_foreach_else.t .................. ok
t/030_kolon/037_loop_ctl.t ...................... ok
t/030_kolon/038_custom_esc.t .................... ok
t/030_kolon/039_root_vars.t ..................... ok
t/030_kolon/040_external_macro.t ................ skipped: external macros are not yet implemented
t/040_tterse/001_parse.t ........................ ok
t/040_tterse/002_interpolate.t .................. ok
t/040_tterse/003_field.t ........................ ok
t/040_tterse/004_for.t .......................... ok
t/040_tterse/005_if.t ........................... ok
t/040_tterse/006_include.t ...................... ok
t/040_tterse/007_funcs.t ........................ ok
t/040_tterse/008_methods.t ...................... ok
t/040_tterse/009_comments.t ..................... ok
t/040_tterse/010_expr.t ......................... ok
t/040_tterse/011_objectliterals.t ............... ok
t/040_tterse/012_macro.t ........................ ok
t/040_tterse/013_wrapper.t ...................... ok
t/040_tterse/014_set.t .......................... ok
t/040_tterse/015_while.t ........................ ok
t/040_tterse/016_call.t ......................... ok
t/040_tterse/017_filter.t ....................... ok
t/040_tterse/018_process.t ...................... ok
t/040_tterse/019_switch.t ....................... ok
t/040_tterse/020_chomp.t ........................ ok
t/040_tterse/021_fake_use.t ..................... ok
t/040_tterse/022_post_if.t ...................... ok
t/040_tterse/023_loop_ctl.t ..................... ok
t/040_tterse/024_for_else.t ..................... ok
t/040_tterse/025_macro.t ........................ ok
t/040_tterse/100_not_supported.t ................ ok
t/050_builtins/001_builtin_funcs.t .............. ok
t/050_builtins/002_autobox.t .................... ok
t/050_builtins/003_autobox_w_cb.t ............... ok
t/050_builtins/004_copied.t ..................... ok
t/100_plugin/001_import_from.t .................. ok
t/100_plugin/002_import.t ....................... ok
t/100_plugin/003_bridge.t ....................... ok
t/100_plugin/004_star.t ......................... ok
t/100_plugin/005_html_builder_module.t .......... ok
t/100_plugin/100_error.t ........................ ok
t/200_app/001_hello.t ........................... ok
t/200_app/002_tree.t ............................ ok
t/200_app/003_runner.t .......................... ok
t/200_app/004_encoding.t ........................ ok
t/300_examples/001_basic.t ...................... ok
t/300_examples/002_cascade.t .................... ok
t/300_examples/003_metakolon.t .................. ok
t/300_examples/004_tterse.t ..................... ok
t/900_bugs/001_super.t .......................... ok
t/900_bugs/002_addfunc.t ........................ ok
t/900_bugs/003_frame_access.t ................... ok
t/900_bugs/004_errorhandling.t .................. ok
t/900_bugs/005_rec_include.t .................... ok
t/900_bugs/006_complex_lex.t .................... ok
t/900_bugs/007_uuv.t ............................ ok
t/900_bugs/008_include_var.t .................... ok
t/900_bugs/009_quote_in_comments.t .............. ok
t/900_bugs/010_widechar_for_md5.t ............... ok
t/900_bugs/011_reserved_words.t ................. ok
t/900_bugs/012_ltgt_in_comments.t ............... ok
t/900_bugs/013_comments_lineno.t ................ ok
t/900_bugs/014_too_large_int.t .................. ok
t/900_bugs/015_my_scope.t ....................... ok
t/900_bugs/016_x_in_tterse.t .................... ok
t/900_bugs/017_unallocated.t .................... skipped: not yet
t/900_bugs/019_nested_mm.t ...................... ok
t/900_bugs/020_switch_foo.t ..................... ok
t/900_bugs/021_cached_enc.t ..................... ok
t/900_bugs/022_empty_if_block.t ................. ok
t/900_bugs/023_deploy_problem.t ................. ok
t/900_bugs/024_use_cache.t ...................... ok
t/900_bugs/025_clobber-macro-args.t ............. ok
t/900_bugs/026_issue61.t ........................ ok
t/900_bugs/027_issue65.t ........................ ok
t/900_bugs/028_issue68.t ........................ ok
t/900_bugs/029_fork_and_cache.t ................. skipped: deal with memorycache-filecache-original model more effectively
t/900_bugs/030_issue71.t ........................ ok
t/900_bugs/031_yappo.t .......................... ok
t/900_bugs/032_issue79.t ........................ ok
t/900_bugs/033_ex_safe_render.t ................. ok
t/900_bugs/034_hash_key_utf8.t .................. ok
t/900_bugs/035_issue81_tiedhash.t ............... ok
t/900_bugs/036_vpath_utf8.t ..................... ok
t/900_bugs/037_text_str_key.t ................... ok
t/900_bugs/038_conbine_flaged_utf8_and_other.t .. ok
t/900_bugs/039_issue96.t ........................ ok
t/900_bugs/040_issue95.t ........................ ok
t/900_bugs/041_cachedir_other_process.t ......... ok
t/900_bugs/042_perl59_issue.t ................... ok
t/900_bugs/043_issue107.t ....................... ok
t/900_bugs/044_empty_result.t ................... ok
t/900_bugs/045_issue130.t ....................... ok
t/900_bugs/046_issue156.t ....................... ok
t/900_bugs/046_issue88.t ........................ ok
t/900_bugs/047_undef_concat.t ................... ok
t/900_bugs/048_issue172.t ....................... ok
All tests successful.
Files=191, Tests=2734, 381 wallclock secs ( 1.21 usr  1.16 sys + 39.54 cusr  9.76 csys = 51.66 CPU)
Result: PASS
pureperl tests
# Testing Text::Xslate/v3.5.6
# Backend: PP
# $ENV{XSLATE}=[pp]
t/000_load.t .................................... ok
t/010_internals/001_parse.t ..................... ok
t/010_internals/002_compile.t ................... ok
t/010_internals/003_assemble.t .................. ok
t/010_internals/004_magic.t ..................... ok
t/010_internals/005_load_file.t ................. ok
t/010_internals/006_errhandler.t ................ ok
t/010_internals/007_compile_errs.t .............. ok

    #   Failed test 'auto reload 1'
    #   at t/010_internals/008_files.t line 74.
    #          got: 'Hello, Perl world!
    # '
    #     expected: 'Hi, Perl.
    # '

    #   Failed test 'auto reload 2'
    #   at t/010_internals/008_files.t line 74.
    #          got: 'Hello, Perl world!
    # '
    #     expected: 'Hi, Perl.
    # '
    # Looks like you failed 2 tests of 3.

#   Failed test 'cache => 1 (default mode)'
#   at t/010_internals/008_files.t line 75.
# Looks like you failed 1 test of 3.
t/010_internals/008_files.t ..................... 
Dubious, test returned 1 (wstat 256, 0x100)
Failed 1/3 subtests 
t/010_internals/009_goto_address.t .............. ok
t/010_internals/010_line_number.t ............... ok
t/010_internals/011_missuse.t ................... ok
t/010_internals/012_multilines.t ................ ok
t/010_internals/013_deps_str.t .................. ok
t/010_internals/014_deps_file.t ................. ok
t/010_internals/015_deps_file2.t ................ ok
t/010_internals/016_cached.t .................... ok
t/010_internals/017_render.t .................... ok
t/010_internals/018_opinfo.t .................... ok
t/010_internals/019_runtime_error.t ............. ok
t/010_internals/020_optimize.t .................. ok
t/010_internals/021_edge_cases.t ................ ok
t/010_internals/022_signal.t .................... ok
t/010_internals/023_cachepath.t ................. ok
t/010_internals/024_die_in_macros.t ............. ok
t/010_internals/025_reset_hooks.t ............... ok
t/010_internals/026_issue16_deep_recursion.t .... ok
t/010_internals/027_infinite_warn.t ............. ok
t/010_internals/028_taint.t ..................... ok
t/010_internals/029_large_file.t ................ ok
t/010_internals/030_die_in_funcs.t .............. ok
t/010_internals/031_save_src.t .................. ok
t/010_internals/032_encoding_error.t ............ skipped: TODO: the behaviours of PP and XS does not match
t/010_internals/033_vpath_cache.t ............... ok
t/010_internals/034_is_code_ref.t ............... ok
t/010_internals/036_merge_hash.t ................ ok
t/010_internals/037_find_file.t ................. ok
t/010_internals/038_suffix.t .................... ok
t/010_internals/039_taint_issue84.t ............. ok
t/010_internals/100_threads.t ................... skipped: multi-threading tests
t/010_internals/200_leaktrace.t ................. ok
t/010_internals/300_explicit_pp.t ............... ok
t/020_interface/001_parser_option.t ............. ok
t/020_interface/002_myparser.t .................. ok
t/020_interface/003_encoding.t .................. ok
t/020_interface/004_no_vars.t ................... ok
t/020_interface/005_util.t ...................... ok
t/020_interface/006_psgi.t ...................... ok
t/020_interface/007_data_section.t .............. ok
t/020_interface/008_type.t ...................... ok
t/020_interface/009_hash_with_default.t ......... ok
t/020_interface/010_err_encoding.t .............. ok
t/020_interface/011_hwd_w_include_vars.t ........ ok
t/020_interface/012_default_functions.t ......... ok
t/020_interface/013_slurp_template.t ............ ok
t/020_interface/014_customize_option.t .......... ok
t/020_interface/015_render_recursion.t .......... ok
t/020_interface/016_pre_process_handler.t ....... ok
t/020_interface/017_validate.t .................. ok
t/030_kolon/001_interpolate.t ................... ok
t/030_kolon/002_field.t ......................... ok
t/030_kolon/003_for.t ........................... ok
t/030_kolon/004_if.t ............................ ok
t/030_kolon/005_rel_ops.t ....................... ok
t/030_kolon/006_arith_ops.t ..................... ok
t/030_kolon/007_log_ops.t ....................... ok
t/030_kolon/008_literal.t ....................... ok
t/030_kolon/009_include.t ....................... ok
t/030_kolon/010_escaped_str.t ................... ok
t/030_kolon/011_macro.t ......................... ok
t/030_kolon/012_cascade.t ....................... ok
t/030_kolon/013_more_field.t .................... ok
t/030_kolon/014_while.t ......................... ok
t/030_kolon/015_methods.t ....................... ok
t/030_kolon/016_funcs.t ......................... ok
t/030_kolon/017_more_macro.t .................... ok
t/030_kolon/018_dynamic_filters.t ............... ok
t/030_kolon/019_explicit_interpolate.t .......... ok
t/030_kolon/020_chomp.t ......................... ok
t/030_kolon/021_overlay.t ....................... ok
t/030_kolon/022_given.t ......................... ok
t/030_kolon/023_bitwise.t ....................... ok
t/030_kolon/024_localize_vars.t ................. ok
t/030_kolon/025_objectliteral.t ................. ok
t/030_kolon/026_constant.t ...................... ok
t/030_kolon/027_lambda.t ........................ ok
t/030_kolon/028_smartmatch.t .................... ok
t/030_kolon/029_blockfilter.t ................... ok
t/030_kolon/030_xfuncs.t ........................ ok
t/030_kolon/031_post_if.t ....................... ok
t/030_kolon/032_include_bareword.t .............. ok
t/030_kolon/033_ov_forloop.t .................... ok
t/030_kolon/034_print.t ......................... ok
t/030_kolon/035_include_w_vars.t ................ ok
t/030_kolon/036_foreach_else.t .................. ok
t/030_kolon/037_loop_ctl.t ...................... ok
t/030_kolon/038_custom_esc.t .................... ok
t/030_kolon/039_root_vars.t ..................... ok
t/030_kolon/040_external_macro.t ................ skipped: external macros are not yet implemented
t/040_tterse/001_parse.t ........................ ok
t/040_tterse/002_interpolate.t .................. ok
t/040_tterse/003_field.t ........................ ok
t/040_tterse/004_for.t .......................... ok
t/040_tterse/005_if.t ........................... ok
t/040_tterse/006_include.t ...................... ok
t/040_tterse/007_funcs.t ........................ ok
t/040_tterse/008_methods.t ...................... ok
t/040_tterse/009_comments.t ..................... ok
t/040_tterse/010_expr.t ......................... ok
t/040_tterse/011_objectliterals.t ............... ok
t/040_tterse/012_macro.t ........................ ok
t/040_tterse/013_wrapper.t ...................... ok
t/040_tterse/014_set.t .......................... ok
t/040_tterse/015_while.t ........................ ok
t/040_tterse/016_call.t ......................... ok
t/040_tterse/017_filter.t ....................... ok
t/040_tterse/018_process.t ...................... ok
t/040_tterse/019_switch.t ....................... ok
t/040_tterse/020_chomp.t ........................ ok
t/040_tterse/021_fake_use.t ..................... ok
t/040_tterse/022_post_if.t ...................... ok
t/040_tterse/023_loop_ctl.t ..................... ok
t/040_tterse/024_for_else.t ..................... ok
t/040_tterse/025_macro.t ........................ ok
t/040_tterse/100_not_supported.t ................ ok
t/050_builtins/001_builtin_funcs.t .............. ok
t/050_builtins/002_autobox.t .................... ok
t/050_builtins/003_autobox_w_cb.t ............... ok
t/050_builtins/004_copied.t ..................... ok
t/100_plugin/001_import_from.t .................. ok
t/100_plugin/002_import.t ....................... ok
t/100_plugin/003_bridge.t ....................... ok
t/100_plugin/004_star.t ......................... ok
t/100_plugin/005_html_builder_module.t .......... ok
t/100_plugin/100_error.t ........................ ok
t/200_app/001_hello.t ........................... ok
t/200_app/002_tree.t ............................ ok
t/200_app/003_runner.t .......................... ok
t/200_app/004_encoding.t ........................ ok
t/300_examples/001_basic.t ...................... ok
t/300_examples/002_cascade.t .................... ok
t/300_examples/003_metakolon.t .................. ok
t/300_examples/004_tterse.t ..................... ok
t/900_bugs/001_super.t .......................... ok
t/900_bugs/002_addfunc.t ........................ ok
t/900_bugs/003_frame_access.t ................... ok
t/900_bugs/004_errorhandling.t .................. ok
t/900_bugs/005_rec_include.t .................... ok
t/900_bugs/006_complex_lex.t .................... ok
t/900_bugs/007_uuv.t ............................ skipped: NYI in PP
t/900_bugs/008_include_var.t .................... ok
t/900_bugs/009_quote_in_comments.t .............. ok
t/900_bugs/010_widechar_for_md5.t ............... ok
t/900_bugs/011_reserved_words.t ................. ok
t/900_bugs/012_ltgt_in_comments.t ............... ok
t/900_bugs/013_comments_lineno.t ................ ok
t/900_bugs/014_too_large_int.t .................. ok
t/900_bugs/015_my_scope.t ....................... ok
t/900_bugs/016_x_in_tterse.t .................... ok
t/900_bugs/017_unallocated.t .................... skipped: not yet
t/900_bugs/019_nested_mm.t ...................... ok
t/900_bugs/020_switch_foo.t ..................... ok
t/900_bugs/021_cached_enc.t ..................... ok
t/900_bugs/022_empty_if_block.t ................. ok
t/900_bugs/023_deploy_problem.t ................. ok
t/900_bugs/024_use_cache.t ...................... ok
t/900_bugs/025_clobber-macro-args.t ............. ok
t/900_bugs/026_issue61.t ........................ ok
t/900_bugs/027_issue65.t ........................ ok
t/900_bugs/028_issue68.t ........................ ok
t/900_bugs/029_fork_and_cache.t ................. skipped: deal with memorycache-filecache-original model more effectively
t/900_bugs/030_issue71.t ........................ ok
t/900_bugs/031_yappo.t .......................... ok
t/900_bugs/032_issue79.t ........................ ok
t/900_bugs/033_ex_safe_render.t ................. ok
t/900_bugs/034_hash_key_utf8.t .................. ok
t/900_bugs/035_issue81_tiedhash.t ............... ok
t/900_bugs/036_vpath_utf8.t ..................... ok
t/900_bugs/037_text_str_key.t ................... ok
t/900_bugs/038_conbine_flaged_utf8_and_other.t .. ok
t/900_bugs/039_issue96.t ........................ ok
t/900_bugs/040_issue95.t ........................ ok
t/900_bugs/041_cachedir_other_process.t ......... ok
t/900_bugs/042_perl59_issue.t ................... ok
t/900_bugs/043_issue107.t ....................... ok
t/900_bugs/044_empty_result.t ................... ok
t/900_bugs/045_issue130.t ....................... ok
t/900_bugs/046_issue156.t ....................... ok
t/900_bugs/046_issue88.t ........................ ok
t/900_bugs/047_undef_concat.t ................... ok
t/900_bugs/048_issue172.t ....................... ok

Test Summary Report
-------------------
t/010_internals/008_files.t                   (Wstat: 256 Tests: 3 Failed: 1)
  Failed test:  2
  Non-zero exit status: 1
Files=191, Tests=2731, 441 wallclock secs ( 1.42 usr  1.04 sys + 52.24 cusr 11.98 csys = 66.69 CPU)
Result: FAIL
Failed 1/191 test programs. 1/2731 subtests failed.

------------------------------
PREREQUISITES
------------------------------

Prerequisite modules loaded:

requires:

    Module                Need     Have    
    --------------------- -------- --------
    Data::MessagePack     0.38     1.00    
    Encode                2.26     2.94    
    Mouse                 v2.5.0   v2.5.1  
    parent                0.221    0.236   
    perl                  5.008001 5.027008
    Scalar::Util          1.14     1.49    
    Storable              2.15     2.65    

build_requires:

    Module                Need     Have    
    --------------------- -------- --------
    ExtUtils::CBuilder    0        0.280230
    File::Copy::Recursive 0        0.38    
    File::Path            2.07     2.15    
    Test::More            0.98     1.302120
    Test::Requires        0        0.10    

configure_requires:

    Module                Need     Have    
    --------------------- -------- --------
    Devel::PPPort         3.33     3.38    
    Module::Build         0.4005   0.4224  
    Module::Build::XSUtil 0        0.18    
    version               0.9913   0.9918  


------------------------------
ENVIRONMENT AND OTHER CONTEXT
------------------------------

Environment variables:

    PATH = /usr/local/bin:/usr/bin:/bin:/usr/local/sbin:/usr/sbin:/sbin:/home/cpansand/bin/sh:/home/cpansand/bin:/usr/games:/home/cpansand/devel:/home/eserte/src/srezic-misc/scripts
    PERL5LIB = 
    PERL5OPT = 
    PERL5_CPANPLUS_IS_RUNNING = 36290
    PERL5_CPAN_IS_RUNNING = 36290
    PERL5_CPAN_IS_RUNNING_IN_RECURSION = 36176,36290
    PERL_BATCH = yes
    PERL_CANARY_STABILITY_NOPROMPT = 1
    PERL_CPAN_REPORTER_CONFIG = /var/tmp/cpansmoker-1023/2018012206/cpanreporter_001_config.ini
    PERL_EXTUTILS_AUTOINSTALL = --defaultdeps
    PERL_USE_UNSAFE_INC = 1
    SHELL = /bin/sh
    TMPDIR = /var/tmp/cpansmoker-1023/2018012206

Perl special variables (and OS-specific diagnostics, for MSWin32):

    $^X = /usr/perl5.27.8p/bin/perl5.27.8
    $UID/$EUID = 1023 / 1023
    $GID = 1023 1023
    $EGID = 1023 1023

Perl module toolchain versions installed:

    Module              Have    
    ------------------- --------
    CPAN                2.20    
    CPAN::Meta          2.150010
    Cwd                 3.72    
    ExtUtils::CBuilder  0.280230
    ExtUtils::Command   7.30    
    ExtUtils::Install   2.14    
    ExtUtils::MakeMaker 7.30    
    ExtUtils::Manifest  1.70    
    ExtUtils::ParseXS   3.36    
    File::Spec          3.72    
    JSON                2.97001 
    JSON::PP            2.97001 
    Module::Build       0.4224  
    Module::Signature   0.81    
    Parse::CPAN::Meta   2.150010
    Test::Harness       3.39    
    Test::More          1.302120
    YAML                1.24    
    YAML::Syck          1.30    
    version             0.9918  


--

Summary of my perl5 (revision 5 version 27 subversion 8) configuration:
   
  Platform:
    osname=freebsd
    osvers=12.0-current
    archname=amd64-freebsd
    uname='freebsd ali1.bbbike.org 12.0-current freebsd 12.0-current #5 01bc8400629(master)-dirty: tue jan 2 18:05:25 hst 2018 root@ali1.bbbike.org:usrobjhomeprojectsfreebsdamd64.amd64sysgeneric amd64 '
    config_args='-ds -e -Dprefix=/usr/perl5.27.8p -Dusedevel -Dusemallocwrap=no -Dcf_email=srezic@cpan.org -Doptimize=-O2 -pipe'
    hint=recommended
    useposix=true
    d_sigaction=define
    useithreads=undef
    usemultiplicity=undef
    use64bitint=define
    use64bitall=define
    uselongdouble=undef
    usemymalloc=n
    default_inc_excludes_dot=define
    bincompat5005=undef
  Compiler:
    cc='cc'
    ccflags ='-DHAS_FPSETMASK -DHAS_FLOATINGPOINT_H -fno-strict-aliasing -pipe -fstack-protector-strong -I/usr/local/include -D_FORTIFY_SOURCE=2'
    optimize='-O2 -pipe'
    cppflags='-DHAS_FPSETMASK -DHAS_FLOATINGPOINT_H -fno-strict-aliasing -pipe -fstack-protector-strong -I/usr/local/include'
    ccversion=''
    gccversion='4.2.1 Compatible FreeBSD Clang 5.0.1 (tags/RELEASE_501/final 320880)'
    gccosandvers=''
    intsize=4
    longsize=8
    ptrsize=8
    doublesize=8
    byteorder=12345678
    doublekind=3
    d_longlong=define
    longlongsize=8
    d_longdbl=define
    longdblsize=16
    longdblkind=3
    ivtype='long'
    ivsize=8
    nvtype='double'
    nvsize=8
    Off_t='off_t'
    lseeksize=8
    alignbytes=8
    prototype=define
  Linker and Libraries:
    ld='cc'
    ldflags ='-pthread -Wl,-E  -fstack-protector-strong -L/usr/local/lib'
    libpth=/usr/lib /usr/local/lib /usr/lib/clang/5.0.1/lib /usr/lib
    libs=-lpthread -lgdbm -lm -lcrypt -lutil -lc
    perllibs=-lpthread -lm -lcrypt -lutil -lc
    libc=
    so=so
    useshrplib=false
    libperl=libperl.a
    gnulibc_version=''
  Dynamic Linking:
    dlsrc=dl_dlopen.xs
    dlext=so
    d_dlsymun=undef
    ccdlflags=' '
    cccdlflags='-DPIC -fPIC'
    lddlflags='-shared  -L/usr/local/lib -fstack-protector-strong'


Characteristics of this binary (from libperl): 
  Compile-time options:
    HAS_TIMES
    PERLIO_LAYERS
    PERL_COPY_ON_WRITE
    PERL_DONT_CREATE_GVSV
    PERL_OP_PARENT
    PERL_PRESERVE_IVUV
    PERL_USE_DEVEL
    USE_64_BIT_ALL
    USE_64_BIT_INT
    USE_LARGE_FILES
    USE_LOCALE
    USE_LOCALE_COLLATE
    USE_LOCALE_CTYPE
    USE_LOCALE_NUMERIC
    USE_LOCALE_TIME
    USE_PERLIO
    USE_PERL_ATOF
  Built under freebsd
  Compiled at Jan 20 2018 17:14:39
  %ENV:
    PERL5LIB=""
    PERL5OPT=""
    PERL5_CPANPLUS_IS_RUNNING="36290"
    PERL5_CPAN_IS_RUNNING="36290"
    PERL5_CPAN_IS_RUNNING_IN_RECURSION="36176,36290"
    PERL_BATCH="yes"
    PERL_CANARY_STABILITY_NOPROMPT="1"
    PERL_CPAN_REPORTER_CONFIG="/var/tmp/cpansmoker-1023/2018012206/cpanreporter_001_config.ini"
    PERL_EXTUTILS_AUTOINSTALL="--defaultdeps"
    PERL_USE_UNSAFE_INC="1"
  @INC:
    /usr/perl5.27.8p/lib/site_perl/5.27.8/amd64-freebsd
    /usr/perl5.27.8p/lib/site_perl/5.27.8
    /usr/perl5.27.8p/lib/5.27.8/amd64-freebsd
    /usr/perl5.27.8p/lib/5.27.8
    .