Back
From: metabase:user:30f4dfbe-2aae-11df-837a-5e0a49663a4f
Subject: NA DBIx-Custom-0.40 v5.8.2 GNU/Linux
Date: 2017-03-31T11:31:11Z
This distribution has been tested as part of the CPAN Testers
project, supporting the Perl programming language. See
http://wiki.cpantesters.org/ for more information or email
questions to cpan-testers-discuss@perl.org
--
Dear Yuki Kimoto,
This is a computer-generated report for DBIx-Custom-0.40
on perl 5.8.2, created by CPAN-Reporter-1.2018.
Thank you for uploading your work to CPAN. While attempting to build or test
this distribution, the distribution signaled that support is not available
either for this operating system or this version of Perl. Nevertheless, any
diagnostic output produced is provided below for reference. If this is not
what you expect, you may wish to consult the CPAN Testers Wiki:
http://wiki.cpantesters.org/wiki/CPANAuthorNotes
Sections of this report:
* Tester comments
* Program output
* Prerequisites
* Environment and other context
------------------------------
TESTER COMMENTS
------------------------------
Additional comments from tester:
this report is from an automated smoke testing program
and was not reviewed by a human for accuracy
------------------------------
PROGRAM OUTPUT
------------------------------
Output from '/usr/bin/make test':
PERL_DL_NONLAZY=1 "/home/njh/perl5/perlbrew/perls/perl-5.8.2/bin/perl" "-MExtUtils::Command::MM" "-MTest::Harness" "-e" "undef *Test::Harness::Switches; test_harness(0, 'blib/lib', 'blib/arch')" t/*.t t/next/*.t
Perl v5.8.7 required--this is only v5.8.2, stopped at /home/njh/.cpan/build/DBIx-Custom-0.40-2/blib/lib/DBIx/Custom.pm line 1.
BEGIN failed--compilation aborted at /home/njh/.cpan/build/DBIx-Custom-0.40-2/blib/lib/DBIx/Custom.pm line 1.
Compilation failed in require at t/common-mysql-fullqualified.t line 12.
BEGIN failed--compilation aborted at t/common-mysql-fullqualified.t line 12.
t/common-mysql-fullqualified.t ...
Dubious, test returned 255 (wstat 65280, 0xff00)
No subtests run
Perl v5.8.7 required--this is only v5.8.2, stopped at /home/njh/.cpan/build/DBIx-Custom-0.40-2/blib/lib/DBIx/Custom.pm line 1.
BEGIN failed--compilation aborted at /home/njh/.cpan/build/DBIx-Custom-0.40-2/blib/lib/DBIx/Custom.pm line 1.
Compilation failed in require at t/common-mysql.t line 10.
BEGIN failed--compilation aborted at t/common-mysql.t line 10.
t/common-mysql.t .................
Dubious, test returned 255 (wstat 65280, 0xff00)
No subtests run
Perl v5.8.7 required--this is only v5.8.2, stopped at /home/njh/.cpan/build/DBIx-Custom-0.40-2/blib/lib/DBIx/Custom.pm line 1.
BEGIN failed--compilation aborted at /home/njh/.cpan/build/DBIx-Custom-0.40-2/blib/lib/DBIx/Custom.pm line 1.
Compilation failed in require at t/access.t line 7.
BEGIN failed--compilation aborted at t/access.t line 7.
t/access.t .......................
Dubious, test returned 255 (wstat 65280, 0xff00)
No subtests run
Perl v5.8.7 required--this is only v5.8.2, stopped at /home/njh/.cpan/build/DBIx-Custom-0.40-2/blib/lib/DBIx/Custom.pm line 1.
BEGIN failed--compilation aborted at /home/njh/.cpan/build/DBIx-Custom-0.40-2/blib/lib/DBIx/Custom.pm line 1.
Compilation failed in require at t/access2007-accdb.t line 7.
BEGIN failed--compilation aborted at t/access2007-accdb.t line 7.
t/access2007-accdb.t .............
Dubious, test returned 255 (wstat 65280, 0xff00)
No subtests run
Perl v5.8.7 required--this is only v5.8.2, stopped at /home/njh/.cpan/build/DBIx-Custom-0.40-2/blib/lib/DBIx/Custom.pm line 1.
BEGIN failed--compilation aborted at /home/njh/.cpan/build/DBIx-Custom-0.40-2/blib/lib/DBIx/Custom.pm line 1.
Compilation failed in require at t/access2010-accdb.t line 7.
BEGIN failed--compilation aborted at t/access2010-accdb.t line 7.
t/access2010-accdb.t .............
Dubious, test returned 255 (wstat 65280, 0xff00)
No subtests run
Perl v5.8.7 required--this is only v5.8.2, stopped at /home/njh/.cpan/build/DBIx-Custom-0.40-2/blib/lib/DBIx/Custom.pm line 1.
BEGIN failed--compilation aborted at /home/njh/.cpan/build/DBIx-Custom-0.40-2/blib/lib/DBIx/Custom.pm line 1.
Compilation failed in require at t/common-oracle.t line 10.
BEGIN failed--compilation aborted at t/common-oracle.t line 10.
t/common-oracle.t ................
Dubious, test returned 255 (wstat 65280, 0xff00)
No subtests run
Perl v5.8.7 required--this is only v5.8.2, stopped at /home/njh/.cpan/build/DBIx-Custom-0.40-2/blib/lib/DBIx/Custom.pm line 1.
BEGIN failed--compilation aborted at /home/njh/.cpan/build/DBIx-Custom-0.40-2/blib/lib/DBIx/Custom.pm line 1.
Compilation failed in require at t/common-postgresql.t line 10.
BEGIN failed--compilation aborted at t/common-postgresql.t line 10.
t/common-postgresql.t ............
Dubious, test returned 255 (wstat 65280, 0xff00)
No subtests run
Perl v5.8.7 required--this is only v5.8.2, stopped at /home/njh/.cpan/build/DBIx-Custom-0.40-2/blib/lib/DBIx/Custom.pm line 1.
BEGIN failed--compilation aborted at /home/njh/.cpan/build/DBIx-Custom-0.40-2/blib/lib/DBIx/Custom.pm line 1.
Compilation failed in require at t/common-sqlite-fullqualified.t line 8.
BEGIN failed--compilation aborted at t/common-sqlite-fullqualified.t line 8.
t/common-sqlite-fullqualified.t ..
Dubious, test returned 255 (wstat 65280, 0xff00)
No subtests run
Perl v5.8.7 required--this is only v5.8.2, stopped at /home/njh/.cpan/build/DBIx-Custom-0.40-2/blib/lib/DBIx/Custom.pm line 1.
BEGIN failed--compilation aborted at /home/njh/.cpan/build/DBIx-Custom-0.40-2/blib/lib/DBIx/Custom.pm line 1.
Compilation failed in require at t/common-sqlite-quote.t line 8.
BEGIN failed--compilation aborted at t/common-sqlite-quote.t line 8.
t/common-sqlite-quote.t ..........
Dubious, test returned 255 (wstat 65280, 0xff00)
No subtests run
Perl v5.8.7 required--this is only v5.8.2, stopped at /home/njh/.cpan/build/DBIx-Custom-0.40-2/blib/lib/DBIx/Custom.pm line 1.
BEGIN failed--compilation aborted at /home/njh/.cpan/build/DBIx-Custom-0.40-2/blib/lib/DBIx/Custom.pm line 1.
Compilation failed in require at t/common-sqlite.t line 8.
BEGIN failed--compilation aborted at t/common-sqlite.t line 8.
t/common-sqlite.t ................
Dubious, test returned 255 (wstat 65280, 0xff00)
No subtests run
Perl v5.8.7 required--this is only v5.8.2, stopped at /home/njh/.cpan/build/DBIx-Custom-0.40-2/blib/lib/DBIx/Custom.pm line 1.
BEGIN failed--compilation aborted at /home/njh/.cpan/build/DBIx-Custom-0.40-2/blib/lib/DBIx/Custom.pm line 1.
Compilation failed in require at t/common-sqlserver.t line 10.
BEGIN failed--compilation aborted at t/common-sqlserver.t line 10.
t/common-sqlserver.t .............
Dubious, test returned 255 (wstat 65280, 0xff00)
No subtests run
Perl v5.8.7 required--this is only v5.8.2, stopped at /home/njh/.cpan/build/DBIx-Custom-0.40-2/blib/lib/DBIx/Custom.pm line 1.
BEGIN failed--compilation aborted at /home/njh/.cpan/build/DBIx-Custom-0.40-2/blib/lib/DBIx/Custom.pm line 1.
Compilation failed in require at t/mysql-async.t line 7.
BEGIN failed--compilation aborted at t/mysql-async.t line 7.
t/mysql-async.t ..................
Dubious, test returned 255 (wstat 65280, 0xff00)
No subtests run
Perl v5.8.7 required--this is only v5.8.2, stopped at /home/njh/.cpan/build/DBIx-Custom-0.40-2/blib/lib/DBIx/Custom.pm line 1.
BEGIN failed--compilation aborted at /home/njh/.cpan/build/DBIx-Custom-0.40-2/blib/lib/DBIx/Custom.pm line 1.
Compilation failed in require at t/sqlite-quote.t line 2.
BEGIN failed--compilation aborted at t/sqlite-quote.t line 2.
t/sqlite-quote.t .................
Dubious, test returned 255 (wstat 65280, 0xff00)
No subtests run
Perl v5.8.7 required--this is only v5.8.2, stopped at /home/njh/.cpan/build/DBIx-Custom-0.40-2/blib/lib/DBIx/Custom.pm line 1.
BEGIN failed--compilation aborted at /home/njh/.cpan/build/DBIx-Custom-0.40-2/blib/lib/DBIx/Custom.pm line 1.
Compilation failed in require at t/mysql2.t line 7.
BEGIN failed--compilation aborted at t/mysql2.t line 7.
t/mysql2.t .......................
Dubious, test returned 255 (wstat 65280, 0xff00)
No subtests run
Perl v5.8.7 required--this is only v5.8.2, stopped at /home/njh/.cpan/build/DBIx-Custom-0.40-2/blib/lib/DBIx/Custom.pm line 1.
BEGIN failed--compilation aborted at /home/njh/.cpan/build/DBIx-Custom-0.40-2/blib/lib/DBIx/Custom.pm line 1.
Compilation failed in require at t/mysql.t line 7.
BEGIN failed--compilation aborted at t/mysql.t line 7.
t/mysql.t ........................
Dubious, test returned 255 (wstat 65280, 0xff00)
No subtests run
# Failed test 'use DBIx::Custom;'
# at t/sqlite.t line 16.
# Tried to use 'DBIx::Custom'.
# Error: Perl v5.8.7 required--this is only v5.8.2, stopped at /home/njh/.cpan/build/DBIx-Custom-0.40-2/blib/lib/DBIx/Custom.pm line 1.
# BEGIN failed--compilation aborted at /home/njh/.cpan/build/DBIx-Custom-0.40-2/blib/lib/DBIx/Custom.pm line 1.
# Compilation failed in require at t/sqlite.t line 16.
# BEGIN failed--compilation aborted at t/sqlite.t line 16.
syntax error at t/sqlite.t line 24, near "has dsn"
syntax error at t/sqlite.t line 25, near "}"
Execution of t/sqlite.t aborted due to compilation errors.
# Looks like your test exited with 255 just after 1.
t/sqlite.t .......................
Dubious, test returned 255 (wstat 65280, 0xff00)
Failed 1/1 subtests
t/common.t ....................... skipped: common.t is always skipped
Test Summary Report
-------------------
t/common-mysql-fullqualified.t (Wstat: 65280 Tests: 0 Failed: 0)
Non-zero exit status: 255
Parse errors: No plan found in TAP output
t/common-mysql.t (Wstat: 65280 Tests: 0 Failed: 0)
Non-zero exit status: 255
Parse errors: No plan found in TAP output
t/access.t (Wstat: 65280 Tests: 0 Failed: 0)
Non-zero exit status: 255
Parse errors: No plan found in TAP output
t/access2007-accdb.t (Wstat: 65280 Tests: 0 Failed: 0)
Non-zero exit status: 255
Parse errors: No plan found in TAP output
t/access2010-accdb.t (Wstat: 65280 Tests: 0 Failed: 0)
Non-zero exit status: 255
Parse errors: No plan found in TAP output
t/common-oracle.t (Wstat: 65280 Tests: 0 Failed: 0)
Non-zero exit status: 255
Parse errors: No plan found in TAP output
t/common-postgresql.t (Wstat: 65280 Tests: 0 Failed: 0)
Non-zero exit status: 255
Parse errors: No plan found in TAP output
t/common-sqlite-fullqualified.t (Wstat: 65280 Tests: 0 Failed: 0)
Non-zero exit status: 255
Parse errors: No plan found in TAP output
t/common-sqlite-quote.t (Wstat: 65280 Tests: 0 Failed: 0)
Non-zero exit status: 255
Parse errors: No plan found in TAP output
t/common-sqlite.t (Wstat: 65280 Tests: 0 Failed: 0)
Non-zero exit status: 255
Parse errors: No plan found in TAP output
t/common-sqlserver.t (Wstat: 65280 Tests: 0 Failed: 0)
Non-zero exit status: 255
Parse errors: No plan found in TAP output
t/mysql-async.t (Wstat: 65280 Tests: 0 Failed: 0)
Non-zero exit status: 255
Parse errors: No plan found in TAP output
t/sqlite-quote.t (Wstat: 65280 Tests: 0 Failed: 0)
Non-zero exit status: 255
Parse errors: No plan found in TAP output
t/mysql2.t (Wstat: 65280 Tests: 0 Failed: 0)
Non-zero exit status: 255
Parse errors: No plan found in TAP output
t/mysql.t (Wstat: 65280 Tests: 0 Failed: 0)
Non-zero exit status: 255
Parse errors: No plan found in TAP output
t/sqlite.t (Wstat: 65280 Tests: 1 Failed: 1)
Failed test: 1
Non-zero exit status: 255
Files=17, Tests=1, 3 wallclock secs ( 0.33 usr 0.17 sys + 6.46 cusr 0.94 csys = 7.90 CPU)
Result: FAIL
Failed 16/17 test programs. 1/1 subtests failed.
Makefile:892: recipe for target 'test_dynamic' failed
make: *** [test_dynamic] Error 255
------------------------------
PREREQUISITES
------------------------------
Prerequisite modules loaded:
requires:
Module Need Have
------------------- ----- --------
DBD::SQLite 1.25 1.54
DBI 1.605 1.636
DBIx::Connector 0.56 0.56
Object::Simple 3.1 3.19
Test::More 0 1.302078
build_requires:
Module Need Have
------------------- ----- --------
ExtUtils::MakeMaker 0 7.24
configure_requires:
Module Need Have
------------------- ----- --------
ExtUtils::MakeMaker 0 7.24
------------------------------
ENVIRONMENT AND OTHER CONTEXT
------------------------------
Environment variables:
AUTOMATED_TESTING = 1
HARNESS_OPTIONS = j4
LANG = en_US.UTF-8
LANGUAGE = en_US.UTF-8
LC_ALL = en_US.UTF-8
PATH = /home/njh/perl5/perlbrew/bin:/home/njh/perl5/perlbrew/perls/perl-5.8.2/bin:/home/njh/perl5/perlbrew/bin:/home/njh/src/njh/smoker/bin:/usr/bin:/bin
PERL5LIB = /home/njh/.cpan/build/Object-Simple-3.19-18/blib/arch:/home/njh/.cpan/build/Object-Simple-3.19-18/blib/lib:/home/njh/.cpan/build/DBIx-Connector-0.56-7/blib/arch:/home/njh/.cpan/build/DBIx-Connector-0.56-7/blib/lib:/home/njh/.cpan/build/Test-MockModule-0.11-11/blib/arch:/home/njh/.cpan/build/Test-MockModule-0.11-11/blib/lib:/home/njh/.cpan/build/SUPER-1.20141117-14/blib/arch:/home/njh/.cpan/build/SUPER-1.20141117-14/blib/lib:/home/njh/.cpan/build/Sub-Identify-0.12-14/blib/arch:/home/njh/.cpan/build/Sub-Identify-0.12-14/blib/lib
PERL5OPT =
PERL5_CPANPLUS_IS_RUNNING = 2393
PERL5_CPAN_IS_RUNNING = 2393
PERLBREW_BASHRC_VERSION = 0.78
PERLBREW_LIB =
PERLBREW_MANPATH = /home/njh/perl5/perlbrew/perls/perl-5.8.2/man
PERLBREW_PATH = /home/njh/perl5/perlbrew/bin:/home/njh/perl5/perlbrew/perls/perl-5.8.2/bin
PERLBREW_PERL = perl-5.8.2
PERLBREW_ROOT = /home/njh/perl5/perlbrew
PERLBREW_VERSION = 0.78
PERL_LOCAL_LIB_ROOT =
SHELL = /bin/sh
Perl special variables (and OS-specific diagnostics, for MSWin32):
$^X = /home/njh/perl5/perlbrew/perls/perl-5.8.2/bin/perl
$UID/$EUID = 1000 / 1000
$GID = 100 100
$EGID = 100 100
Perl module toolchain versions installed:
Module Have
------------------- --------
CPAN 2.16
CPAN::Meta 2.150010
Cwd 3.2701
ExtUtils::CBuilder 0.280224
ExtUtils::Command 7.24
ExtUtils::Install 1.54
ExtUtils::MakeMaker 7.24
ExtUtils::Manifest 1.70
ExtUtils::ParseXS 3.30
File::Spec 3.2701
JSON 2.90
JSON::PP 2.27400
Module::Build 0.4220
Module::Signature n/a
Parse::CPAN::Meta 2.150010
Test::Harness 3.36
Test::More 1.302078
YAML n/a
YAML::Syck 1.29
version 0.9917
--
Summary of my perl5 (revision 5.0 version 8 subversion 2) configuration:
Platform:
osname=linux, osvers=4.5.7-std-4, archname=armv7l-linux-thread-multi
uname='linux scw-808d97 4.5.7-std-4 #1 smp tue jul 12 11:00:06 utc 2016 armv7l gnulinux '
config_args='-de -Dprefix=/home/njh/perl5/perlbrew/perls/perl-5.8.2 -Duseithreads -Dusemultiplicity -Dusedevel -Accflags=-O2 -W -Wformat=2 -Wswitch -Wshadow -Wwrite-strings -Wuninitialized -Wall -pipe -fomit-frame-pointer -D_FORTIFY_SOURCE=2 -Wpointer-arith -Wstrict-prototypes -fstack-protector -Wstack-protector -Wextra -Wbad-function-cast -Wcast-align -Wcast-qual -Wdisabled-optimization -Wendif-labels -Wfloat-equal -Wformat-nonliteral -Winline -Wmissing-declarations -Wmissing-prototypes -Wnested-externs -Wpointer-arith -Wundef -Wformat-security -mtune=native -march=native -mfpu=vfp -mfloat-abi=hard -Aeval:scriptdir=/home/njh/perl5/perlbrew/perls/perl-5.8.2/bin'
hint=recommended, useposix=true, d_sigaction=define
usethreads=define use5005threads=undef useithreads=define usemultiplicity=define
useperlio=define d_sfio=undef uselargefiles=define usesocks=undef
use64bitint=undef use64bitall=undef uselongdouble=undef
usemymalloc=n, bincompat5005=undef
Compiler:
cc='cc', ccflags ='-D_REENTRANT -D_GNU_SOURCE -O2 -W -Wformat=2 -Wswitch -Wshadow -Wwrite-strings -Wuninitialized -Wall -pipe -fomit-frame-pointer -D_FORTIFY_SOURCE=2 -Wpointer-arith -Wstrict-prototypes -fstack-protector -Wstack-protector -Wextra -Wbad-function-cast -Wcast-align -Wcast-qual -Wdisabled-optimization -Wendif-labels -Wfloat-equal -Wformat-nonliteral -Winline -Wmissing-declarations -Wmissing-prototypes -Wnested-externs -Wpointer-arith -Wundef -Wformat-security -mtune=native -march=native -mfpu=vfp -mfloat-abi=hard -fno-strict-aliasing -I/usr/local/include -D_LARGEFILE_SOURCE -D_FILE_OFFSET_BITS=64',
optimize='-O2',
cppflags='-D_REENTRANT -D_GNU_SOURCE -O2 -W -Wformat=2 -Wswitch -Wshadow -Wwrite-strings -Wuninitialized -Wall -pipe -fomit-frame-pointer -D_FORTIFY_SOURCE=2 -Wpointer-arith -Wstrict-prototypes -fstack-protector -Wstack-protector -Wextra -Wbad-function-cast -Wcast-align -Wcast-qual -Wdisabled-optimization -Wendif-labels -Wfloat-equal -Wformat-nonliteral -Winline -Wmissing-declarations -Wmissing-prototypes -Wnested-externs -Wpointer-arith -Wundef -Wformat-security -mtune=native -march=native -mfpu=vfp -mfloat-abi=hard -fno-strict-aliasing -I/usr/local/include'
ccversion='', gccversion='4.9.2', gccosandvers=''
intsize=4, longsize=4, ptrsize=4, doublesize=8, byteorder=1234
d_longlong=define, longlongsize=8, d_longdbl=define, longdblsize=8
ivtype='long', ivsize=4, nvtype='double', nvsize=8, Off_t='off_t', lseeksize=8
alignbytes=8, prototype=define
Linker and Libraries:
ld='cc', ldflags =' -L/usr/local/lib'
libpth=/usr/local/lib /lib/arm-linux-gnueabihf /lib /usr/lib/arm-linux-gnueabihf /usr/lib
libs=-lnsl -ldl -lm -lcrypt -lutil -lpthread -lc
perllibs=-lnsl -ldl -lm -lcrypt -lutil -lpthread -lc
libc=libc-2.19.so, so=so, useshrplib=false, libperl=libperl.a
gnulibc_version='2.19'
Dynamic Linking:
dlsrc=dl_dlopen.xs, dlext=so, d_dlsymun=undef, ccdlflags='-rdynamic'
cccdlflags='-fpic', lddlflags='-shared -L/usr/local/lib'
Characteristics of this binary (from libperl):
Compile-time options: MULTIPLICITY USE_ITHREADS USE_LARGE_FILES PERL_IMPLICIT_CONTEXT
Locally applied patches:
Devel::PatchPerl 1.38
Built under linux
Compiled at Feb 26 2017 02:16:34
%ENV:
PERL5LIB="/home/njh/.cpan/build/Object-Simple-3.19-18/blib/arch:/home/njh/.cpan/build/Object-Simple-3.19-18/blib/lib:/home/njh/.cpan/build/DBIx-Connector-0.56-7/blib/arch:/home/njh/.cpan/build/DBIx-Connector-0.56-7/blib/lib:/home/njh/.cpan/build/Test-MockModule-0.11-11/blib/arch:/home/njh/.cpan/build/Test-MockModule-0.11-11/blib/lib:/home/njh/.cpan/build/SUPER-1.20141117-14/blib/arch:/home/njh/.cpan/build/SUPER-1.20141117-14/blib/lib:/home/njh/.cpan/build/Sub-Identify-0.12-14/blib/arch:/home/njh/.cpan/build/Sub-Identify-0.12-14/blib/lib"
PERL5OPT=""
PERL5_CPANPLUS_IS_RUNNING="2393"
PERL5_CPAN_IS_RUNNING="2393"
PERLBREW_BASHRC_VERSION="0.78"
PERLBREW_LIB=""
PERLBREW_MANPATH="/home/njh/perl5/perlbrew/perls/perl-5.8.2/man"
PERLBREW_PATH="/home/njh/perl5/perlbrew/bin:/home/njh/perl5/perlbrew/perls/perl-5.8.2/bin"
PERLBREW_PERL="perl-5.8.2"
PERLBREW_ROOT="/home/njh/perl5/perlbrew"
PERLBREW_VERSION="0.78"
PERL_LOCAL_LIB_ROOT=""
@INC:
/home/njh/.cpan/build/Object-Simple-3.19-18/blib/arch
/home/njh/.cpan/build/Object-Simple-3.19-18/blib/lib
/home/njh/.cpan/build/DBIx-Connector-0.56-7/blib/arch
/home/njh/.cpan/build/DBIx-Connector-0.56-7/blib/lib
/home/njh/.cpan/build/Test-MockModule-0.11-11/blib/arch
/home/njh/.cpan/build/Test-MockModule-0.11-11/blib/lib
/home/njh/.cpan/build/SUPER-1.20141117-14/blib/arch
/home/njh/.cpan/build/SUPER-1.20141117-14/blib/lib
/home/njh/.cpan/build/Sub-Identify-0.12-14/blib/arch
/home/njh/.cpan/build/Sub-Identify-0.12-14/blib/lib
/home/njh/perl5/perlbrew/perls/perl-5.8.2/lib/5.8.2/armv7l-linux-thread-multi
/home/njh/perl5/perlbrew/perls/perl-5.8.2/lib/5.8.2
/home/njh/perl5/perlbrew/perls/perl-5.8.2/lib/site_perl/5.8.2/armv7l-linux-thread-multi
/home/njh/perl5/perlbrew/perls/perl-5.8.2/lib/site_perl/5.8.2
/home/njh/perl5/perlbrew/perls/perl-5.8.2/lib/site_perl
.