Report for Bolts-0.143171

Back
From: metabase:user:314402c4-2aae-11df-837a-5e0a49663a4f
Subject: NA Bolts-0.143171 v5.8.9 FreeBSD
Date: 2014-11-13T20:13:32Z

This distribution has been tested as part of the CPAN Testers
project, supporting the Perl programming language.  See
http://wiki.cpantesters.org/ for more information or email
questions to cpan-testers-discuss@perl.org


--
Dear Andrew Sterling Hanenkamp,

This is a computer-generated report for Bolts-0.143171
on perl 5.8.9, created by CPAN-Reporter-1.2011.

Thank you for uploading your work to CPAN.  While attempting to build or test
this distribution, the distribution signaled that support is not available
either for this operating system or this version of Perl.  Nevertheless, any
diagnostic output produced is provided below for reference.  If this is not
what you expect, you may wish to consult the CPAN Testers Wiki:

http://wiki.cpantesters.org/wiki/CPANAuthorNotes

Sections of this report:

    * Tester comments
    * Program output
    * Prerequisites
    * Environment and other context

------------------------------
TESTER COMMENTS
------------------------------

Additional comments from tester:

none provided

------------------------------
PROGRAM OUTPUT
------------------------------

Output from '/usr/bin/make test':

PERL_DL_NONLAZY=1 "/usr/perl5.8.9/bin/perl" "-MExtUtils::Command::MM" "-MTest::Harness" "-e" "undef *Test::Harness::Switches; test_harness(0, 'blib/lib', 'blib/arch')" t/*.t
Can't modify division (/) in division (/) at /usr/home/eserte/.cpan/build/Bolts-0.143171-izinVj/blib/lib/Bolts/Meta/Attribute/Trait/Initializer.pm line 55, near "'Scalar';"
Compilation failed in require at /usr/home/eserte/.cpan/build/Bolts-0.143171-izinVj/blib/lib/Bolts.pm line 9.
BEGIN failed--compilation aborted at /usr/home/eserte/.cpan/build/Bolts-0.143171-izinVj/blib/lib/Bolts.pm line 9.
Compilation failed in require at t/bad-index-key.t line 9.
BEGIN failed--compilation aborted at t/bad-index-key.t line 9.
# Looks like your test exited with 255 before it could output anything.
t/bad-index-key.t ......... 
Dubious, test returned 255 (wstat 65280, 0xff00)
Failed 6/6 subtests 
Can't modify division (/) in division (/) at /usr/home/eserte/.cpan/build/Bolts-0.143171-izinVj/blib/lib/Bolts/Meta/Attribute/Trait/Initializer.pm line 55, near "'Scalar';"
Compilation failed in require at /usr/home/eserte/.cpan/build/Bolts-0.143171-izinVj/blib/lib/Bolts.pm line 9.
BEGIN failed--compilation aborted at /usr/home/eserte/.cpan/build/Bolts-0.143171-izinVj/blib/lib/Bolts.pm line 9.
Compilation failed in require at t/bag-acquire_all.t line 24.
BEGIN failed--compilation aborted at t/bag-acquire_all.t line 24.
# Looks like your test exited with 255 before it could output anything.
t/bag-acquire_all.t ....... 
Dubious, test returned 255 (wstat 65280, 0xff00)
Failed 6/6 subtests 
Perl v5.10.0 required--this is only v5.8.9, stopped at t/bag-dep.t line 2.
BEGIN failed--compilation aborted at t/bag-dep.t line 2.
t/bag-dep.t ............... 
Dubious, test returned 255 (wstat 65280, 0xff00)
No subtests run 
Perl v5.10.0 required--this is only v5.8.9, stopped at t/bag-nest.t line 2.
BEGIN failed--compilation aborted at t/bag-nest.t line 2.
t/bag-nest.t .............. 
Dubious, test returned 255 (wstat 65280, 0xff00)
No subtests run 
Can't modify division (/) in division (/) at /usr/home/eserte/.cpan/build/Bolts-0.143171-izinVj/blib/lib/Bolts/Meta/Attribute/Trait/Initializer.pm line 55, near "'Scalar';"
Compilation failed in require at /usr/home/eserte/.cpan/build/Bolts-0.143171-izinVj/blib/lib/Bolts.pm line 9.
BEGIN failed--compilation aborted at /usr/home/eserte/.cpan/build/Bolts-0.143171-izinVj/blib/lib/Bolts.pm line 9.
Compilation failed in require at t/bag.t line 6.
BEGIN failed--compilation aborted at t/bag.t line 6.
# Looks like your test exited with 255 before it could output anything.
t/bag.t ................... 
Dubious, test returned 255 (wstat 65280, 0xff00)
Failed 11/11 subtests 
syntax error at /usr/home/eserte/.cpan/build/Bolts-0.143171-izinVj/blib/lib/Bolts/Role/RootLocator.pm line 128, near "$component) "
  (Might be a runaway multi-line // string starting on line 92)
syntax error at /usr/home/eserte/.cpan/build/Bolts-0.143171-izinVj/blib/lib/Bolts/Role/RootLocator.pm line 131, near "else"
Compilation failed in require at /usr/perl5.8.9/lib/site_perl/5.8.9/Module/Runtime.pm line 313.
Compilation failed in require at /usr/home/eserte/.cpan/build/Bolts-0.143171-izinVj/blib/lib/Bolts/Util.pm line 8.
BEGIN failed--compilation aborted at /usr/home/eserte/.cpan/build/Bolts-0.143171-izinVj/blib/lib/Bolts/Util.pm line 8.
Compilation failed in require at t/basic.t line 7.
BEGIN failed--compilation aborted at t/basic.t line 7.
# Looks like your test exited with 255 before it could output anything.
t/basic.t ................. 
Dubious, test returned 255 (wstat 65280, 0xff00)
Failed 17/17 subtests 
Perl v5.10.0 required--this is only v5.8.9, stopped at t/dependencies.t line 2.
BEGIN failed--compilation aborted at t/dependencies.t line 2.
t/dependencies.t .......... 
Dubious, test returned 255 (wstat 65280, 0xff00)
No subtests run 
Perl v5.10.0 required--this is only v5.8.9, stopped at t/infer.t line 2.
BEGIN failed--compilation aborted at t/infer.t line 2.
t/infer.t ................. 
Dubious, test returned 255 (wstat 65280, 0xff00)
No subtests run 
syntax error at /usr/home/eserte/.cpan/build/Bolts-0.143171-izinVj/blib/lib/Bolts/Role/RootLocator.pm line 128, near "$component) "
  (Might be a runaway multi-line // string starting on line 92)
syntax error at /usr/home/eserte/.cpan/build/Bolts-0.143171-izinVj/blib/lib/Bolts/Role/RootLocator.pm line 131, near "else"
Compilation failed in require at /usr/perl5.8.9/lib/site_perl/5.8.9/Module/Runtime.pm line 313.
Compilation failed in require at /usr/home/eserte/.cpan/build/Bolts-0.143171-izinVj/blib/lib/Bolts/Util.pm line 8.
BEGIN failed--compilation aborted at /usr/home/eserte/.cpan/build/Bolts-0.143171-izinVj/blib/lib/Bolts/Util.pm line 8.
Compilation failed in require at t/initializer.t line 6.
BEGIN failed--compilation aborted at t/initializer.t line 6.
# Looks like your test exited with 255 before it could output anything.
t/initializer.t ........... 
Dubious, test returned 255 (wstat 65280, 0xff00)
Failed 4/4 subtests 
Can't modify division (/) in division (/) at /usr/home/eserte/.cpan/build/Bolts-0.143171-izinVj/blib/lib/Bolts/Meta/Attribute/Trait/Initializer.pm line 55, near "'Scalar';"
Compilation failed in require at /usr/home/eserte/.cpan/build/Bolts-0.143171-izinVj/blib/lib/Bolts.pm line 9.
BEGIN failed--compilation aborted at /usr/home/eserte/.cpan/build/Bolts-0.143171-izinVj/blib/lib/Bolts.pm line 9.
Compilation failed in require at t/inject-bypos.t line 9.
BEGIN failed--compilation aborted at t/inject-bypos.t line 9.
# Looks like your test exited with 255 before it could output anything.
t/inject-bypos.t .......... 
Dubious, test returned 255 (wstat 65280, 0xff00)
Failed 3/3 subtests 
Can't modify division (/) in division (/) at /usr/home/eserte/.cpan/build/Bolts-0.143171-izinVj/blib/lib/Bolts/Meta/Attribute/Trait/Initializer.pm line 55, near "'Scalar';"
Compilation failed in require at /usr/home/eserte/.cpan/build/Bolts-0.143171-izinVj/blib/lib/Bolts.pm line 9.
BEGIN failed--compilation aborted at /usr/home/eserte/.cpan/build/Bolts-0.143171-izinVj/blib/lib/Bolts.pm line 9.
Compilation failed in require at t/opaque.t line 18.
BEGIN failed--compilation aborted at t/opaque.t line 18.
# Looks like your test exited with 255 before it could output anything.
t/opaque.t ................ 
Dubious, test returned 255 (wstat 65280, 0xff00)
Failed 5/5 subtests 
t/release-pod-coverage.t .. skipped: these tests are for release candidate testing
t/release-pod-syntax.t .... skipped: these tests are for release candidate testing

Test Summary Report
-------------------
t/bad-index-key.t       (Wstat: 65280 Tests: 0 Failed: 0)
  Non-zero exit status: 255
  Parse errors: Bad plan.  You planned 6 tests but ran 0.
t/bag-acquire_all.t     (Wstat: 65280 Tests: 0 Failed: 0)
  Non-zero exit status: 255
  Parse errors: Bad plan.  You planned 6 tests but ran 0.
t/bag-dep.t             (Wstat: 65280 Tests: 0 Failed: 0)
  Non-zero exit status: 255
  Parse errors: No plan found in TAP output
t/bag-nest.t            (Wstat: 65280 Tests: 0 Failed: 0)
  Non-zero exit status: 255
  Parse errors: No plan found in TAP output
t/bag.t                 (Wstat: 65280 Tests: 0 Failed: 0)
  Non-zero exit status: 255
  Parse errors: Bad plan.  You planned 11 tests but ran 0.
t/basic.t               (Wstat: 65280 Tests: 0 Failed: 0)
  Non-zero exit status: 255
  Parse errors: Bad plan.  You planned 17 tests but ran 0.
t/dependencies.t        (Wstat: 65280 Tests: 0 Failed: 0)
  Non-zero exit status: 255
  Parse errors: No plan found in TAP output
t/infer.t               (Wstat: 65280 Tests: 0 Failed: 0)
  Non-zero exit status: 255
  Parse errors: No plan found in TAP output
t/initializer.t         (Wstat: 65280 Tests: 0 Failed: 0)
  Non-zero exit status: 255
  Parse errors: Bad plan.  You planned 4 tests but ran 0.
t/inject-bypos.t        (Wstat: 65280 Tests: 0 Failed: 0)
  Non-zero exit status: 255
  Parse errors: Bad plan.  You planned 3 tests but ran 0.
t/opaque.t              (Wstat: 65280 Tests: 0 Failed: 0)
  Non-zero exit status: 255
  Parse errors: Bad plan.  You planned 5 tests but ran 0.
Files=13, Tests=0,  4 wallclock secs ( 0.09 usr  0.02 sys +  3.96 cusr  0.28 csys =  4.35 CPU)
Result: FAIL
Failed 11/13 test programs. 0/0 subtests failed.
*** [test_dynamic] Error code 255

Stop in /usr/home/eserte/.cpan/build/Bolts-0.143171-izinVj.

------------------------------
PREREQUISITES
------------------------------

Prerequisite modules loaded:

requires:

    Module                       Need Have    
    ---------------------------- ---- --------
    Carp                         0    1.3301  
    Class::Load                  0    0.22    
  ! Hash::Util::FieldHash        0    n/a     
    List::MoreUtils              0    0.33    
    Moose                        0    2.1402  
    Moose::Exporter              0    2.1402  
    Moose::Role                  0    2.1402  
    Moose::Util                  0    2.1402  
    Moose::Util::MetaRole        0    2.1402  
    Moose::Util::TypeConstraints 0    2.1402  
    Safe::Isa                    0    1.000005
    Scalar::Util                 0    1.41    

build_requires:

    Module                       Need Have    
    ---------------------------- ---- --------
    ExtUtils::MakeMaker          0    7.02    
    lib                          0    0.61    
    List::Util                   0    1.41    
    strict                       0    1.03    
    Test::More                   0    1.001008
    vars                         0    1.01    
    warnings                     0    1.05_01 

configure_requires:

    Module                       Need Have    
    ---------------------------- ---- --------
    ExtUtils::MakeMaker          6.30 7.02    


------------------------------
ENVIRONMENT AND OTHER CONTEXT
------------------------------

Environment variables:

    DBIC_NO_WARN_BAD_PERL = 1
    LC_ALL = de_DE.ISO8859-1
    PATH = /usr/local/bin:/usr/bin:/bin:/usr/local/sbin:/usr/sbin:/sbin:/home/cpansand/bin/freebsd9.1:/home/cpansand/bin/sh:/home/cpansand/bin:/usr/games:/home/cpansand/devel:/usr/home/eserte/src/srezic-misc/scripts
    PERL5LIB = 
    PERL5OPT = 
    PERL5_CPANPLUS_IS_RUNNING = 29772
    PERL5_CPAN_IS_RUNNING = 29772
    PERL5_CPAN_IS_RUNNING_IN_RECURSION = 29753,29772
    PERLDOC = -MPod::Perldoc::ToTextOverstrike
    PERL_BATCH = yes
    PERL_CPAN_REPORTER_CONFIG = /var/tmp/cpansmoker-1023/RKCqCnKTeo_config.ini
    PERL_EXTUTILS_AUTOINSTALL = --defaultdeps
    PERL_HTML_DISPLAY_CLASS = HTML::Display::Mozilla
    SHELL = /usr/local/bin/zsh
    TERM = screen
    TMPDIR = /var/tmp/cpansmoker-1023

Perl special variables (and OS-specific diagnostics, for MSWin32):

    $^X = /usr/perl5.8.9/bin/perl
    $UID/$EUID = 1023 / 1023
    $GID = 1023 1023
    $EGID = 1023 1023

Perl module toolchain versions installed:

    Module              Have    
    ------------------- --------
    CPAN                2.05    
    CPAN::Meta          2.142060
    Cwd                 3.47    
    ExtUtils::CBuilder  0.280220
    ExtUtils::Command   1.16    
    ExtUtils::Install   2.04    
    ExtUtils::MakeMaker 7.02    
    ExtUtils::Manifest  1.65    
    ExtUtils::ParseXS   3.24    
    File::Spec          3.47    
    JSON                2.90    
    JSON::PP            2.27203 
    Module::Build       0.4210  
    Module::Signature   0.73    
    Parse::CPAN::Meta   1.4414  
    Test::Harness       3.32    
    Test::More          1.001008
    YAML                1.12    
    YAML::Syck          1.27    
    version             0.9909  


--

Summary of my perl5 (revision 5 version 8 subversion 9) configuration:
  Platform:
    osname=freebsd, osvers=9.2-release-p4, archname=amd64-freebsd
    uname='freebsd cvrsnica-freebsd-92 9.2-release-p4 freebsd 9.2-release-p4 #0: tue apr 8 18:08:22 utc 2014 root@amd64-builder.daemonology.net:usrobjusrsrcsysgeneric amd64 '
    config_args='-ds -e -Dprefix=/usr/perl5.8.9'
    hint=recommended, useposix=true, d_sigaction=define
    usethreads=undef use5005threads=undef useithreads=undef usemultiplicity=undef
    useperlio=define d_sfio=undef uselargefiles=define usesocks=undef
    use64bitint=define use64bitall=define uselongdouble=undef
    usemymalloc=n, bincompat5005=undef
  Compiler:
    cc='cc', ccflags ='-DHAS_FPSETMASK -DHAS_FLOATINGPOINT_H -fno-strict-aliasing -pipe -I/usr/local/include',
    optimize='-O',
    cppflags='-DHAS_FPSETMASK -DHAS_FLOATINGPOINT_H -fno-strict-aliasing -pipe -I/usr/local/include'
    ccversion='', gccversion='4.2.1 20070831 patched [FreeBSD]', gccosandvers=''
    intsize=4, longsize=8, ptrsize=8, doublesize=8, byteorder=12345678
    d_longlong=define, longlongsize=8, d_longdbl=define, longdblsize=16
    ivtype='long', ivsize=8, nvtype='double', nvsize=8, Off_t='off_t', lseeksize=8
    alignbytes=8, prototype=define
  Linker and Libraries:
    ld='cc', ldflags ='-Wl,-E  -L/usr/local/lib'
    libpth=/usr/lib /usr/local/lib
    libs=-lgdbm -lm -lcrypt -lutil -lc
    perllibs=-lm -lcrypt -lutil -lc
    libc=, so=so, useshrplib=false, libperl=libperl.a
    gnulibc_version=''
  Dynamic Linking:
    dlsrc=dl_dlopen.xs, dlext=so, d_dlsymun=undef, ccdlflags=' '
    cccdlflags='-DPIC -fPIC', lddlflags='-shared  -L/usr/local/lib'


Characteristics of this binary (from libperl): 
  Compile-time options: PERL_MALLOC_WRAP USE_64_BIT_ALL USE_64_BIT_INT
                        USE_FAST_STDIO USE_LARGE_FILES USE_PERLIO
  Built under freebsd
  Compiled at May 15 2014 22:27:57
  %ENV:
    PERL5LIB=""
    PERL5OPT=""
    PERL5_CPANPLUS_IS_RUNNING="29772"
    PERL5_CPAN_IS_RUNNING="29772"
    PERL5_CPAN_IS_RUNNING_IN_RECURSION="29753,29772"
    PERLDOC="-MPod::Perldoc::ToTextOverstrike"
    PERL_BATCH="yes"
    PERL_CPAN_REPORTER_CONFIG="/var/tmp/cpansmoker-1023/RKCqCnKTeo_config.ini"
    PERL_EXTUTILS_AUTOINSTALL="--defaultdeps"
    PERL_HTML_DISPLAY_CLASS="HTML::Display::Mozilla"
  @INC:
    /usr/perl5.8.9/lib/5.8.9/amd64-freebsd
    /usr/perl5.8.9/lib/5.8.9
    /usr/perl5.8.9/lib/site_perl/5.8.9/amd64-freebsd
    /usr/perl5.8.9/lib/site_perl/5.8.9
    .