Media-Convert v1.4.1 Perl 5 v5.20.0 x86_64-linux
- Status
- Na
- From
- Slaven Rezić
- Dist
-
Media-Convert v1.4.1
- Platform
- Perl 5 v5.20.0 x86_64-linux
- Date
- 2024-12-22 18:06:59
- ID
- 89f12924-c08f-11ef-a823-cce26d8775ea
This distribution has been tested as part of the CPAN Testers
project, supporting the Perl programming language. See
http://wiki.cpantesters.org/ for more information or email
questions to cpan-testers-discuss@perl.org
--
Dear Wouter Verhelst,
This is a computer-generated report for Media-Convert-1.4.1
on perl 5.20.0, created by CPAN-Reporter-1.2018.
Thank you for uploading your work to CPAN. While attempting to build or test
this distribution, the distribution signaled that support is not available
either for this operating system or this version of Perl. Nevertheless, any
diagnostic output produced is provided below for reference. If this is not
what you expect, you may wish to consult the CPAN Testers Wiki:
http://wiki.cpantesters.org/wiki/CPANAuthorNotes
Sections of this report:
* Tester comments
* Program output
* Prerequisites
* Environment and other context
------------------------------
TESTER COMMENTS
------------------------------
Additional comments from tester:
none provided
------------------------------
PROGRAM OUTPUT
------------------------------
Output from '/usr/bin/make test':
PERL_DL_NONLAZY=1 "/opt/perl-5.20.0/bin/perl" "-MExtUtils::Command::MM" "-MTest::Harness" "-e" "undef *Test::Harness::Switches; test_harness(0, 'blib/lib', 'blib/arch')" t/*.t
# Failed test 'use Media::Convert::Asset;'
# at t/aac_channels.t line 8.
# Tried to use 'Media::Convert::Asset'.
# Error: Perl v5.24.0 required--this is only v5.20.0, stopped at /home/cpansand/.cpan/build/2024122217/Media-Convert-1.4.1-0/blib/lib/Media/Convert/Asset.pm line 5.
# BEGIN failed--compilation aborted at /home/cpansand/.cpan/build/2024122217/Media-Convert-1.4.1-0/blib/lib/Media/Convert/Asset.pm line 5.
# Compilation failed in require at t/aac_channels.t line 8.
# BEGIN failed--compilation aborted at t/aac_channels.t line 8.
Can't locate object method "new" via package "Media::Convert::Asset" at t/aac_channels.t line 12.
# Tests were run but no plan was declared and done_testing() was not seen.
# Looks like your test exited with 255 just after 3.
t/aac_channels.t ..
Dubious, test returned 255 (wstat 65280, 0xff00)
Failed 1/3 subtests
# Failed test 'use Media::Convert::Asset;'
# at t/av1.t line 8.
# Tried to use 'Media::Convert::Asset'.
# Error: Perl v5.24.0 required--this is only v5.20.0, stopped at /home/cpansand/.cpan/build/2024122217/Media-Convert-1.4.1-0/blib/lib/Media/Convert/Asset.pm line 5.
# BEGIN failed--compilation aborted at /home/cpansand/.cpan/build/2024122217/Media-Convert-1.4.1-0/blib/lib/Media/Convert/Asset.pm line 5.
# Compilation failed in require at t/av1.t line 8.
# BEGIN failed--compilation aborted at t/av1.t line 8.
# Failed test 'use Media::Convert::Asset::ProfileFactory;'
# at t/av1.t line 9.
# Tried to use 'Media::Convert::Asset::ProfileFactory'.
# Error: Attempt to reload Media/Convert/Asset.pm aborted.
# Compilation failed in require at /opt/perl-5.20.0/lib/site_perl/5.20.0/Module/Runtime.pm line 317.
# Compilation failed in require at t/av1.t line 9.
# BEGIN failed--compilation aborted at t/av1.t line 9.
Use of uninitialized value $codeclist in split at /home/cpansand/.cpan/build/2024122217/Media-Convert-1.4.1-0/blib/lib/Media/Convert/FfmpegInfo.pm line 21.
# Looks like you failed 2 tests of 9.
t/av1.t ...........
Dubious, test returned 2 (wstat 512, 0x200)
Failed 2/9 subtests
(less 5 skipped subtests: 2 okay)
# Failed test 'use Media::Convert::Asset;'
# at t/avsync.t line 7.
# Tried to use 'Media::Convert::Asset'.
# Error: Perl v5.24.0 required--this is only v5.20.0, stopped at /home/cpansand/.cpan/build/2024122217/Media-Convert-1.4.1-0/blib/lib/Media/Convert/Asset.pm line 5.
# BEGIN failed--compilation aborted at /home/cpansand/.cpan/build/2024122217/Media-Convert-1.4.1-0/blib/lib/Media/Convert/Asset.pm line 5.
# Compilation failed in require at t/avsync.t line 7.
# BEGIN failed--compilation aborted at t/avsync.t line 7.
# Failed test 'use Media::Convert::AvSync;'
# at t/avsync.t line 8.
# Tried to use 'Media::Convert::AvSync'.
# Error: Attempt to reload Media/Convert/Asset.pm aborted.
# Compilation failed in require at /home/cpansand/.cpan/build/2024122217/Media-Convert-1.4.1-0/blib/lib/Media/Convert/AvSync.pm line 4.
# BEGIN failed--compilation aborted at /home/cpansand/.cpan/build/2024122217/Media-Convert-1.4.1-0/blib/lib/Media/Convert/AvSync.pm line 4.
# Compilation failed in require at t/avsync.t line 8.
# BEGIN failed--compilation aborted at t/avsync.t line 8.
Can't locate object method "new" via package "Media::Convert::Asset" at t/avsync.t line 10.
# Looks like your test exited with 255 just after 2.
t/avsync.t ........
Dubious, test returned 255 (wstat 65280, 0xff00)
Failed 14/14 subtests
Perl v5.24.0 required--this is only v5.20.0, stopped at t/codecs.t line 3.
BEGIN failed--compilation aborted at t/codecs.t line 3.
t/codecs.t ........
Dubious, test returned 255 (wstat 65280, 0xff00)
No subtests run
# Failed test 'use Media::Convert::Asset;'
# at t/concat.t line 8.
# Tried to use 'Media::Convert::Asset'.
# Error: Perl v5.24.0 required--this is only v5.20.0, stopped at /home/cpansand/.cpan/build/2024122217/Media-Convert-1.4.1-0/blib/lib/Media/Convert/Asset.pm line 5.
# BEGIN failed--compilation aborted at /home/cpansand/.cpan/build/2024122217/Media-Convert-1.4.1-0/blib/lib/Media/Convert/Asset.pm line 5.
# Compilation failed in require at t/concat.t line 8.
# BEGIN failed--compilation aborted at t/concat.t line 8.
# Failed test 'use Media::Convert::Asset::Concat;'
# at t/concat.t line 9.
# Tried to use 'Media::Convert::Asset::Concat'.
# Error: Attempt to reload Media/Convert/Asset.pm aborted.
# Compilation failed in require at /opt/perl-5.20.0/lib/site_perl/5.20.0/Module/Runtime.pm line 317.
# Compilation failed in require at t/concat.t line 9.
# BEGIN failed--compilation aborted at t/concat.t line 9.
Can't locate object method "new" via package "Media::Convert::Asset" at t/concat.t line 12.
# Looks like your test exited with 255 just after 3.
t/concat.t ........
Dubious, test returned 255 (wstat 65280, 0xff00)
Failed 8/9 subtests
# Failed test 'use Media::Convert::Asset;'
# at t/convert.t line 7.
# Tried to use 'Media::Convert::Asset'.
# Error: Perl v5.24.0 required--this is only v5.20.0, stopped at /home/cpansand/.cpan/build/2024122217/Media-Convert-1.4.1-0/blib/lib/Media/Convert/Asset.pm line 5.
# BEGIN failed--compilation aborted at /home/cpansand/.cpan/build/2024122217/Media-Convert-1.4.1-0/blib/lib/Media/Convert/Asset.pm line 5.
# Compilation failed in require at t/convert.t line 7.
# BEGIN failed--compilation aborted at t/convert.t line 7.
Can't locate object method "new" via package "Media::Convert::Asset" at t/convert.t line 10.
# Looks like your test exited with 255 just after 2.
t/convert.t .......
Dubious, test returned 255 (wstat 65280, 0xff00)
Failed 9/10 subtests
# Failed test 'use Media::Convert::Asset;'
# at t/copy.t line 7.
# Tried to use 'Media::Convert::Asset'.
# Error: Perl v5.24.0 required--this is only v5.20.0, stopped at /home/cpansand/.cpan/build/2024122217/Media-Convert-1.4.1-0/blib/lib/Media/Convert/Asset.pm line 5.
# BEGIN failed--compilation aborted at /home/cpansand/.cpan/build/2024122217/Media-Convert-1.4.1-0/blib/lib/Media/Convert/Asset.pm line 5.
# Compilation failed in require at t/copy.t line 7.
# BEGIN failed--compilation aborted at t/copy.t line 7.
Can't locate object method "new" via package "Media::Convert::Asset" at t/copy.t line 10.
# Looks like your test exited with 255 just after 2.
t/copy.t ..........
Dubious, test returned 255 (wstat 65280, 0xff00)
Failed 9/10 subtests
# Failed test 'use Media::Convert::Asset;'
# at t/keyframes.t line 8.
# Tried to use 'Media::Convert::Asset'.
# Error: Perl v5.24.0 required--this is only v5.20.0, stopped at /home/cpansand/.cpan/build/2024122217/Media-Convert-1.4.1-0/blib/lib/Media/Convert/Asset.pm line 5.
# BEGIN failed--compilation aborted at /home/cpansand/.cpan/build/2024122217/Media-Convert-1.4.1-0/blib/lib/Media/Convert/Asset.pm line 5.
# Compilation failed in require at t/keyframes.t line 8.
# BEGIN failed--compilation aborted at t/keyframes.t line 8.
Can't locate object method "new" via package "Media::Convert::Asset" at t/keyframes.t line 11.
# Tests were run but no plan was declared and done_testing() was not seen.
# Looks like your test exited with 255 just after 2.
t/keyframes.t .....
Dubious, test returned 255 (wstat 65280, 0xff00)
Failed 1/2 subtests
# Failed test 'use Media::Convert::Asset;'
# at t/normalize.t line 7.
# Tried to use 'Media::Convert::Asset'.
# Error: Perl v5.24.0 required--this is only v5.20.0, stopped at /home/cpansand/.cpan/build/2024122217/Media-Convert-1.4.1-0/blib/lib/Media/Convert/Asset.pm line 5.
# BEGIN failed--compilation aborted at /home/cpansand/.cpan/build/2024122217/Media-Convert-1.4.1-0/blib/lib/Media/Convert/Asset.pm line 5.
# Compilation failed in require at t/normalize.t line 7.
# BEGIN failed--compilation aborted at t/normalize.t line 7.
Can't locate object method "new" via package "Media::Convert::Asset" at t/normalize.t line 10.
# Looks like your test exited with 255 just after 2.
t/normalize.t .....
Dubious, test returned 255 (wstat 65280, 0xff00)
Failed 8/9 subtests
# Failed test 'use Media::Convert::Asset::PNGGen;'
# at t/pnggen.t line 8.
# Tried to use 'Media::Convert::Asset::PNGGen'.
# Error: Perl v5.24.0 required--this is only v5.20.0, stopped at /home/cpansand/.cpan/build/2024122217/Media-Convert-1.4.1-0/blib/lib/Media/Convert/Asset.pm line 5.
# BEGIN failed--compilation aborted at /home/cpansand/.cpan/build/2024122217/Media-Convert-1.4.1-0/blib/lib/Media/Convert/Asset.pm line 5.
# Compilation failed in require at /opt/perl-5.20.0/lib/site_perl/5.20.0/Module/Runtime.pm line 317.
# Compilation failed in require at t/pnggen.t line 8.
# BEGIN failed--compilation aborted at t/pnggen.t line 8.
# Failed test 'use Media::Convert::Asset;'
# at t/pnggen.t line 9.
# Tried to use 'Media::Convert::Asset'.
# Error: Attempt to reload Media/Convert/Asset.pm aborted.
# Compilation failed in require at t/pnggen.t line 9.
# BEGIN failed--compilation aborted at t/pnggen.t line 9.
# Failed test 'An object of class 'Media::Convert::Asset::PNGGen' isa 'Media::Convert::Asset''
# at t/pnggen.t line 13.
# The object of class 'Media::Convert::Asset::PNGGen' isn't a 'Media::Convert::Asset'
Can't locate object method "new" via package "Media::Convert::Asset" at t/pnggen.t line 15.
# Looks like your test exited with 255 just after 5.
t/pnggen.t ........
Dubious, test returned 255 (wstat 65280, 0xff00)
Failed 6/8 subtests
# Failed test 'use Media::Convert::Asset;'
# at t/probe.t line 7.
# Tried to use 'Media::Convert::Asset'.
# Error: Perl v5.24.0 required--this is only v5.20.0, stopped at /home/cpansand/.cpan/build/2024122217/Media-Convert-1.4.1-0/blib/lib/Media/Convert/Asset.pm line 5.
# BEGIN failed--compilation aborted at /home/cpansand/.cpan/build/2024122217/Media-Convert-1.4.1-0/blib/lib/Media/Convert/Asset.pm line 5.
# Compilation failed in require at t/probe.t line 7.
# BEGIN failed--compilation aborted at t/probe.t line 7.
Can't locate object method "new" via package "Media::Convert::Asset" at t/probe.t line 9.
# Looks like your test exited with 255 just after 1.
t/probe.t .........
Dubious, test returned 255 (wstat 65280, 0xff00)
Failed 11/11 subtests
# Failed test 'use Media::Convert::Asset;'
# at t/profiles.t line 8.
# Tried to use 'Media::Convert::Asset'.
# Error: Perl v5.24.0 required--this is only v5.20.0, stopped at /home/cpansand/.cpan/build/2024122217/Media-Convert-1.4.1-0/blib/lib/Media/Convert/Asset.pm line 5.
# BEGIN failed--compilation aborted at /home/cpansand/.cpan/build/2024122217/Media-Convert-1.4.1-0/blib/lib/Media/Convert/Asset.pm line 5.
# Compilation failed in require at t/profiles.t line 8.
# BEGIN failed--compilation aborted at t/profiles.t line 8.
# Failed test 'use Media::Convert::Asset::ProfileFactory;'
# at t/profiles.t line 9.
# Tried to use 'Media::Convert::Asset::ProfileFactory'.
# Error: Attempt to reload Media/Convert/Asset.pm aborted.
# Compilation failed in require at /opt/perl-5.20.0/lib/site_perl/5.20.0/Module/Runtime.pm line 317.
# Compilation failed in require at t/profiles.t line 9.
# BEGIN failed--compilation aborted at t/profiles.t line 9.
Can't locate object method "new" via package "Media::Convert::Asset" at t/profiles.t line 12.
# Looks like your test exited with 255 just after 3.
t/profiles.t ......
Dubious, test returned 255 (wstat 65280, 0xff00)
Failed 44/45 subtests
# Failed test 'use Media::Convert::Asset;'
# at t/reporting.t line 8.
# Tried to use 'Media::Convert::Asset'.
# Error: Perl v5.24.0 required--this is only v5.20.0, stopped at /home/cpansand/.cpan/build/2024122217/Media-Convert-1.4.1-0/blib/lib/Media/Convert/Asset.pm line 5.
# BEGIN failed--compilation aborted at /home/cpansand/.cpan/build/2024122217/Media-Convert-1.4.1-0/blib/lib/Media/Convert/Asset.pm line 5.
# Compilation failed in require at t/reporting.t line 8.
# BEGIN failed--compilation aborted at t/reporting.t line 8.
Can't locate object method "new" via package "Media::Convert::Asset" at t/reporting.t line 11.
# Looks like your test exited with 255 just after 2.
t/reporting.t .....
Dubious, test returned 255 (wstat 65280, 0xff00)
Failed 6/7 subtests
Perl v5.24.0 required--this is only v5.20.0, stopped at t/script.t line 3.
BEGIN failed--compilation aborted at t/script.t line 3.
t/script.t ........
Dubious, test returned 255 (wstat 65280, 0xff00)
No subtests run
Test Summary Report
-------------------
t/aac_channels.t (Wstat: 65280 Tests: 3 Failed: 1)
Failed test: 1
Non-zero exit status: 255
Parse errors: No plan found in TAP output
t/av1.t (Wstat: 512 Tests: 9 Failed: 2)
Failed tests: 1-2
Non-zero exit status: 2
t/avsync.t (Wstat: 65280 Tests: 2 Failed: 2)
Failed tests: 1-2
Non-zero exit status: 255
Parse errors: Bad plan. You planned 14 tests but ran 2.
t/codecs.t (Wstat: 65280 Tests: 0 Failed: 0)
Non-zero exit status: 255
Parse errors: No plan found in TAP output
t/concat.t (Wstat: 65280 Tests: 3 Failed: 2)
Failed tests: 1-2
Non-zero exit status: 255
Parse errors: Bad plan. You planned 9 tests but ran 3.
t/convert.t (Wstat: 65280 Tests: 2 Failed: 1)
Failed test: 1
Non-zero exit status: 255
Parse errors: Bad plan. You planned 10 tests but ran 2.
t/copy.t (Wstat: 65280 Tests: 2 Failed: 1)
Failed test: 1
Non-zero exit status: 255
Parse errors: Bad plan. You planned 10 tests but ran 2.
t/keyframes.t (Wstat: 65280 Tests: 2 Failed: 1)
Failed test: 1
Non-zero exit status: 255
Parse errors: No plan found in TAP output
t/normalize.t (Wstat: 65280 Tests: 2 Failed: 1)
Failed test: 1
Non-zero exit status: 255
Parse errors: Bad plan. You planned 9 tests but ran 2.
t/pnggen.t (Wstat: 65280 Tests: 5 Failed: 3)
Failed tests: 1-2, 4
Non-zero exit status: 255
Parse errors: Bad plan. You planned 8 tests but ran 5.
t/probe.t (Wstat: 65280 Tests: 1 Failed: 1)
Failed test: 1
Non-zero exit status: 255
Parse errors: Bad plan. You planned 11 tests but ran 1.
t/profiles.t (Wstat: 65280 Tests: 3 Failed: 2)
Failed tests: 1-2
Non-zero exit status: 255
Parse errors: Bad plan. You planned 45 tests but ran 3.
t/reporting.t (Wstat: 65280 Tests: 2 Failed: 1)
Failed test: 1
Non-zero exit status: 255
Parse errors: Bad plan. You planned 7 tests but ran 2.
t/script.t (Wstat: 65280 Tests: 0 Failed: 0)
Non-zero exit status: 255
Parse errors: No plan found in TAP output
Files=14, Tests=36, 2 wallclock secs ( 0.02 usr 0.02 sys + 1.66 cusr 0.22 csys = 1.92 CPU)
Result: FAIL
Failed 14/14 test programs. 18/36 subtests failed.
make: *** [test_dynamic] Error 255
------------------------------
PREREQUISITES
------------------------------
Prerequisite modules loaded:
requires:
Module Need Have
------------------- ---- --------
! Alien::ffmpeg 0 n/a
IPC::System::Simple 0 1.25
JSON::MaybeXS 0 1.003007
Moose 0 2.1805
MooseX::Singleton 0 0.29
SemVer 0 0.10.0
build_requires:
Module Need Have
------------------- ---- --------
ExtUtils::MakeMaker 0 7.24
Test::More 0 1.302056
configure_requires:
Module Need Have
------------------- ---- --------
ExtUtils::MakeMaker 0 7.24
------------------------------
ENVIRONMENT AND OTHER CONTEXT
------------------------------
Environment variables:
LANG = en_US.UTF-8
LANGUAGE = en_US:en
LC_ALL = en_US.UTF-8
PATH = /usr/local/bin:/usr/bin:/bin:/usr/local/sbin:/usr/sbin:/sbin:/home/cpansand/bin/linux-gnu:/home/cpansand/bin/sh:/home/cpansand/bin:/usr/games:/home/cpansand/devel:/home/eserte/src/srezic-misc/scripts
PERL5LIB = /home/cpansand/.cpan/build/2024122217/SemVer-v0.10.0-0/blib/arch:/home/cpansand/.cpan/build/2024122217/SemVer-v0.10.0-0/blib/lib
PERL5OPT =
PERL5_CPANPLUS_IS_RUNNING = 4691
PERL5_CPAN_IS_RUNNING = 4691
PERL5_CPAN_IS_RUNNING_IN_RECURSION = 28634,4691
PERLDOC = -MPod::Perldoc::ToTextOverstrike
PERL_BATCH = yes
PERL_CANARY_STABILITY_NOPROMPT = 1
PERL_CPAN_REPORTER_CONFIG = /var/tmp/cpansmoker-1023/2024122217/cpanreporter_000_config.ini
PERL_EXTUTILS_AUTOINSTALL = --defaultdeps
PERL_USE_UNSAFE_INC = 1
SHELL = /bin/zsh
TERM = screen
TMPDIR = /var/tmp/cpansmoker-1023/2024122217
Perl special variables (and OS-specific diagnostics, for MSWin32):
$^X = /opt/perl-5.20.0/bin/perl
$UID/$EUID = 1023 / 1023
$GID = 1023 1023
$EGID = 1023 1023
Perl module toolchain versions installed:
Module Have
------------------- --------
CPAN 2.16
CPAN::Meta 2.150010
Cwd 3.62
ExtUtils::CBuilder 0.280216
ExtUtils::Command 7.24
ExtUtils::Install 1.67
ExtUtils::MakeMaker 7.24
ExtUtils::Manifest 1.70
ExtUtils::ParseXS 3.24
File::Spec 3.62
JSON 2.90
JSON::PP 2.27400
Module::Build 0.4220
Module::Signature 0.81
Parse::CPAN::Meta 2.150010
Test::Harness 3.30
Test::More 1.302056
YAML 1.17
YAML::Syck 1.29
version 0.9917
--
Summary of my perl5 (revision 5 version 20 subversion 0) configuration:
Platform:
osname=linux, osvers=3.2.0-4-amd64, archname=x86_64-linux
uname='linux cvrsnica-wheezy 3.2.0-4-amd64 #1 smp debian 3.2.54-2 x86_64 gnulinux '
config_args='-ds -e -Dprefix=/opt/perl-5.20.0'
hint=recommended, useposix=true, d_sigaction=define
useithreads=undef, usemultiplicity=undef
use64bitint=define, use64bitall=define, uselongdouble=undef
usemymalloc=n, bincompat5005=undef
Compiler:
cc='cc', ccflags ='-fwrapv -fno-strict-aliasing -pipe -fstack-protector -I/usr/local/include -D_LARGEFILE_SOURCE -D_FILE_OFFSET_BITS=64',
optimize='-O2',
cppflags='-fwrapv -fno-strict-aliasing -pipe -fstack-protector -I/usr/local/include'
ccversion='', gccversion='4.7.2', gccosandvers=''
intsize=4, longsize=8, ptrsize=8, doublesize=8, byteorder=12345678
d_longlong=define, longlongsize=8, d_longdbl=define, longdblsize=16
ivtype='long', ivsize=8, nvtype='double', nvsize=8, Off_t='off_t', lseeksize=8
alignbytes=8, prototype=define
Linker and Libraries:
ld='cc', ldflags =' -fstack-protector -L/usr/local/lib'
libpth=/usr/local/lib /usr/lib/gcc/x86_64-linux-gnu/4.7/include-fixed /usr/include/x86_64-linux-gnu /usr/lib /lib/x86_64-linux-gnu /lib/../lib /usr/lib/x86_64-linux-gnu /usr/lib/../lib /lib
libs=-lnsl -ldb -ldl -lm -lcrypt -lutil -lc
perllibs=-lnsl -ldl -lm -lcrypt -lutil -lc
libc=libc-2.13.so, so=so, useshrplib=false, libperl=libperl.a
gnulibc_version='2.13'
Dynamic Linking:
dlsrc=dl_dlopen.xs, dlext=so, d_dlsymun=undef, ccdlflags='-Wl,-E'
cccdlflags='-fPIC', lddlflags='-shared -O2 -L/usr/local/lib -fstack-protector'
Characteristics of this binary (from libperl):
Compile-time options: HAS_TIMES PERLIO_LAYERS PERL_DONT_CREATE_GVSV
PERL_HASH_FUNC_ONE_AT_A_TIME_HARD PERL_MALLOC_WRAP
PERL_NEW_COPY_ON_WRITE PERL_PRESERVE_IVUV
USE_64_BIT_ALL USE_64_BIT_INT USE_LARGE_FILES
USE_LOCALE USE_LOCALE_COLLATE USE_LOCALE_CTYPE
USE_LOCALE_NUMERIC USE_PERLIO USE_PERL_ATOF
Built under linux
Compiled at Jul 19 2014 07:43:18
%ENV:
PERL5LIB="/home/cpansand/.cpan/build/2024122217/SemVer-v0.10.0-0/blib/arch:/home/cpansand/.cpan/build/2024122217/SemVer-v0.10.0-0/blib/lib"
PERL5OPT=""
PERL5_CPANPLUS_IS_RUNNING="4691"
PERL5_CPAN_IS_RUNNING="4691"
PERL5_CPAN_IS_RUNNING_IN_RECURSION="28634,4691"
PERLDOC="-MPod::Perldoc::ToTextOverstrike"
PERL_BATCH="yes"
PERL_CANARY_STABILITY_NOPROMPT="1"
PERL_CPAN_REPORTER_CONFIG="/var/tmp/cpansmoker-1023/2024122217/cpanreporter_000_config.ini"
PERL_EXTUTILS_AUTOINSTALL="--defaultdeps"
PERL_USE_UNSAFE_INC="1"
@INC:
/home/cpansand/.cpan/build/2024122217/SemVer-v0.10.0-0/blib/arch
/home/cpansand/.cpan/build/2024122217/SemVer-v0.10.0-0/blib/lib
/opt/perl-5.20.0/lib/site_perl/5.20.0/x86_64-linux
/opt/perl-5.20.0/lib/site_perl/5.20.0
/opt/perl-5.20.0/lib/5.20.0/x86_64-linux
/opt/perl-5.20.0/lib/5.20.0
.