Algorithm-AM v3.12 Perl 5 v5.41.2 x86_64-linux-thread-multi

Status
Fail
From
Andreas J. König (ANDK)
Dist
Algorithm-AM v3.12
Platform
Perl 5 v5.41.2 x86_64-linux-thread-multi
Date
2024-08-15 18:38:17
ID
89ea673e-5b35-11ef-a6c3-a71da8a0091c
This distribution has been tested as part of the CPAN Testers
project, supporting the Perl programming language.  See
http://wiki.cpantesters.org/ for more information or email
questions to cpan-testers-discuss@perl.org


--
Dear Nathan Gary Glenn,

This is a computer-generated report for Algorithm-AM-3.12
on perl 5.41.2, created by CPAN-Reporter-1.2019.

Thank you for uploading your work to CPAN.  However, there was a problem
testing your distribution.

If you think this report is invalid, please consult the CPAN Testers Wiki
for suggestions on how to avoid getting FAIL reports for missing library
or binary dependencies, unsupported operating systems, and so on:

http://wiki.cpantesters.org/wiki/CPANAuthorNotes

Sections of this report:

    * Tester comments
    * Program output
    * Prerequisites
    * Environment and other context

------------------------------
TESTER COMMENTS
------------------------------

Additional comments from tester:

this report is from an automated smoke testing program
and was not reviewed by a human for accuracy

------------------------------
PROGRAM OUTPUT
------------------------------

Output from '/usr/bin/make test':

"/tmp/basesmoker-reloperl-LuaR/bin/perl" -MExtUtils::Command::MM -e 'cp_nonempty' -- AM.bs blib/arch/auto/Algorithm/AM/AM.bs 644
PERL_DL_NONLAZY=1 "/tmp/basesmoker-reloperl-LuaR/bin/perl" "-MExtUtils::Command::MM" "-MTest::Harness" "-e" "undef *Test::Harness::Switches; test_harness(0, 'blib/lib', 'blib/arch')" t/*.t
t/0-use_AM.t ........... ok
t/0-use_Batch.t ........ ok
# 
# Versions for all modules listed in MYMETA.json (including optional ones):
# 
# === Configure Requires ===
# 
#     Module              Want Have
#     ------------------- ---- ----
#     ExtUtils::MakeMaker 6.17 7.70
# 
# === Build Requires ===
# 
#     Module              Want Have
#     ------------------- ---- ----
#     ExtUtils::MakeMaker  any 7.70
# 
# === Test Requires ===
# 
#     Module              Want     Have
#     ------------------- ---- --------
#     ExtUtils::MakeMaker  any     7.70
#     File::Spec           any     3.92
#     FindBin              any     1.54
#     Test::Deep           any    1.204
#     Test::Exception      any     0.43
#     Test::LongString     any     0.17
#     Test::More          0.88 1.302200
#     Test::NoWarnings     any     1.06
# 
# === Test Recommends ===
# 
#     Module         Want     Have
#     ---------- -------- --------
#     CPAN::Meta 2.120900 2.150010
# 
# === Runtime Requires ===
# 
#     Module            Want     Have
#     ----------------- ---- --------
#     Carp               any     1.54
#     Class::Tiny        any    1.008
#     Exporter::Easy     any     0.18
#     Getopt::Long      2.13     2.58
#     Import::Into       any 1.002005
#     Log::Any           any    1.717
#     Log::Any::Adapter  any    1.717
#     Path::Tiny         any    0.146
#     Pod::Usage         any     2.03
#     Text::Table        any    1.135
#     XSLoader           any     0.32
#     feature            any     1.90
#     integer            any     1.01
#     strict             any     1.13
#     warnings           any     1.70
# 
t/00-report-prereqs.t .. ok
t/01-Item.t ............ ok
t/02-DataSet.t ......... ok

    #   Failed test 'class scores'
    #   at t/03-AM.t line 95.
    #     Structures begin differing at:
    #          $got->{e} = '13'
    #     $expected->{e} = '4'
    # Looks like you failed 1 test of 3.

#   Failed test 'quadratic calculation'
#   at t/03-AM.t line 98.

    #   Failed test 'class scores'
    #   at t/03-AM.t line 115.
    #     Structures begin differing at:
    #          $got->{e} = '20'
    #     $expected->{e} = '2'
    # Looks like you failed 1 test of 3.

#   Failed test 'linear calculation'
#   at t/03-AM.t line 117.

    #   Failed test 'class scores'
    #   at t/03-AM.t line 140.
    #     Structures begin differing at:
    #          $got->{r} = '30'
    #     $expected->{r} = '7'
    # Looks like you failed 1 test of 3.

#   Failed test 'exclude nulls'
#   at t/03-AM.t line 143.

    #   Failed test 'class scores'
    #   at t/03-AM.t line 152.
    #     Structures begin differing at:
    #          $got->{r} = '35'
    #     $expected->{r} = '5'
    # Looks like you failed 1 test of 3.

#   Failed test 'include nulls'
#   at t/03-AM.t line 154.

    #   Failed test 'class scores'
    #   at t/03-AM.t line 177.
    #     Structures begin differing at:
    #          $got->{e} = '48'
    #     $expected->{e} = '4'
    # Looks like you failed 1 test of 3.

#   Failed test 'exclude given'
#   at t/03-AM.t line 179.

    #   Failed test 'class scores'
    #   at t/03-AM.t line 188.
    #     Structures begin differing at:
    #          $got->{r} = '63'
    #     $expected->{r} = '15'
    # Looks like you failed 1 test of 3.

#   Failed test 'include given'
#   at t/03-AM.t line 190.
# Looks like you failed 6 tests of 14.
t/03-AM.t .............. 
Dubious, test returned 6 (wstat 1536, 0x600)
Failed 6/14 subtests 

    #   Failed test 'statistical summary'
    #   at t/04-Result.t line 116.
    # after whitespace removal:
    #          got: ..."------+|e|13|100.000||r|13|100.000|+-------+------"...
    #       length: 233
    #     expected: ..."------+|e|4|30.769||r|9|69.231|+-------+-------+--"...
    #       length: 234
    #     strings begin to differ at char 106

    #   Failed test 'statistical summary (incorrect class)'
    #   at t/04-Result.t line 140.
    # after whitespace removal:
    #          got: ..."------+|e|13|100.000||r|13|100.000|+-------+------"...
    #       length: 240
    #     expected: ..."------+|e|4|30.769||r|9|69.231|+-------+-------+--"...
    #       length: 236
    #     strings begin to differ at char 106

    #   Failed test 'statistical summary (tie)'
    #   at t/04-Result.t line 164.
    # after whitespace removal:
    #          got: ..."------+|e|13|100.000||r|13|100.000|+-------+------"...
    #       length: 233
    #     expected: ..."------+|e|4|30.769||r|9|69.231|+-------+-------+--"...
    #       length: 229
    #     strings begin to differ at char 106

    #   Failed test 'statistical summary (unlabeled)'
    #   at t/04-Result.t line 188.
    # after whitespace removal:
    #          got: ..."------+|e|26|200.000||r|26|200.000|+-------+------"...
    #       length: 221
    #     expected: ..."------+|e|4|30.769||r|9|69.231|+-------+-------+--"...
    #       length: 217
    #     strings begin to differ at char 106
    # Looks like you failed 4 tests of 4.

#   Failed test 'statistical summary'
#   at t/04-Result.t line 191.

#   Failed test 'scores'
#   at t/04-Result.t line 303.
#     Structures begin differing at:
#          $got->{r} = '13'
#     $expected->{r} = '9'

#   Failed test 'normalized scores'
#   at t/04-Result.t line 305.
# Comparing $data->{"e"} as a number
#    got : 1
# expect : 0.3076923 +/- 1e-05
# Looks like you failed 3 tests of 7.
t/04-Result.t .......... 
Dubious, test returned 3 (wstat 768, 0x300)
Failed 3/7 subtests 

#   Failed test 'compare 9'
#   at t/05-Bigint.t line 24.
#          got: '13'
#     expected: '4'

#   Failed test 'and 4'
#   at t/05-Bigint.t line 25.
#          got: '13'
#     expected: '9'

#   Failed test '4 is smaller than 9'
#   at t/05-Bigint.t line 26.
#          got: '0'
#     expected: '-1'

#   Failed test '9 is bigger than 4'
#   at t/05-Bigint.t line 27.
#          got: '0'
#     expected: '1'
# Looks like you failed 4 tests of 6.
t/05-Bigint.t .......... 
Dubious, test returned 4 (wstat 1024, 0x400)
Failed 4/6 subtests 
t/06-Batch.t ........... ok

    #   Failed test 'classes scores'
    #   at t/07-Batch_hooks.t line 199.
    #     Structures begin differing at:
    #          $got->{r} = '13'
    #     $expected->{r} = '9'
    # Looks like you failed 1 test of 12.

#   Failed test 'end_repeat_hook'
#   at t/07-Batch_hooks.t line 124.

    #   Failed test 'classes scores'
    #   at t/07-Batch_hooks.t line 199.
    #     Structures begin differing at:
    #          $got->{r} = '26'
    #     $expected->{r} = '9'
    # Looks like you failed 1 test of 12.

#   Failed test 'end_repeat_hook'
#   at t/07-Batch_hooks.t line 124.

    #   Failed test 'class scores'
    #   at t/07-Batch_hooks.t line 195.
    #     Structures begin differing at:
    #          $got->{e} = '34'
    #     $expected->{e} = '4'
    # Looks like you failed 1 test of 12.

#   Failed test 'end_repeat_hook'
#   at t/07-Batch_hooks.t line 124.

    #   Failed test 'class scores'
    #   at t/07-Batch_hooks.t line 195.
    #     Structures begin differing at:
    #          $got->{r} = '42'
    #     $expected->{r} = '4'
    # Looks like you failed 1 test of 12.

#   Failed test 'end_repeat_hook'
#   at t/07-Batch_hooks.t line 124.

    #   Failed test 'scores for first result'
    #   at t/07-Batch_hooks.t line 218.
    #     Structures begin differing at:
    #          $got->{e} = '13'
    #     $expected->{e} = '4'

    #   Failed test 'scores for second result'
    #   at t/07-Batch_hooks.t line 220.
    #     Structures begin differing at:
    #          $got->{e} = '26'
    #     $expected->{e} = '4'

    #   Failed test 'scores for third result'
    #   at t/07-Batch_hooks.t line 222.
    #     Structures begin differing at:
    #          $got->{r} = '34'
    #     $expected->{r} = '4'

    #   Failed test 'scores for fourth result'
    #   at t/07-Batch_hooks.t line 224.
    #     Structures begin differing at:
    #          $got->{e} = '42'
    #     $expected->{e} = '4'
    # Looks like you failed 4 tests of 9.

#   Failed test 'end_hook'
#   at t/07-Batch_hooks.t line 124.
# Looks like you failed 5 tests of 39.
t/07-Batch_hooks.t ..... 
Dubious, test returned 5 (wstat 1280, 0x500)
Failed 5/39 subtests 

#   Failed test '161 out of 173 items correctly predicted'
#   at t/08-finnverb.t line 28.
#          got: '173'
#     expected: '161'
# Looks like you failed 1 test of 2.
t/08-finnverb.t ........ 
Dubious, test returned 1 (wstat 256, 0x100)
Failed 1/2 subtests 
t/09-soybean.t ......... ok

Test Summary Report
-------------------
t/03-AM.t            (Wstat: 1536 (exited 6) Tests: 14 Failed: 6)
  Failed tests:  6, 9-13
  Non-zero exit status: 6
t/04-Result.t        (Wstat: 768 (exited 3) Tests: 7 Failed: 3)
  Failed tests:  2, 6-7
  Non-zero exit status: 3
t/05-Bigint.t        (Wstat: 1024 (exited 4) Tests: 6 Failed: 4)
  Failed tests:  1-4
  Non-zero exit status: 4
t/07-Batch_hooks.t   (Wstat: 1280 (exited 5) Tests: 39 Failed: 5)
  Failed tests:  10, 17, 26, 33, 35
  Non-zero exit status: 5
t/08-finnverb.t      (Wstat: 256 (exited 1) Tests: 2 Failed: 1)
  Failed test:  1
  Non-zero exit status: 1
Files=12, Tests=143,  2 wallclock secs ( 0.08 usr  0.03 sys +  1.79 cusr  0.34 csys =  2.24 CPU)
Result: FAIL
Failed 5/12 test programs. 19/143 subtests failed.
make: *** [Makefile:1127: test_dynamic] Error 255

------------------------------
PREREQUISITES
------------------------------

Prerequisite modules loaded:

requires:

    Module              Need     Have    
    ------------------- -------- --------
    Carp                0        1.54    
    Class::Tiny         0        1.008   
    Exporter::Easy      0        0.18    
    feature             0        1.90    
    Getopt::Long        2.13     2.58    
    Import::Into        0        1.002005
    integer             0        1.01    
    Log::Any            0        1.717   
    Log::Any::Adapter   0        1.717   
    Path::Tiny          0        0.146   
    perl                5.010000 5.041002
    Pod::Usage          0        2.03    
    strict              0        1.13    
    Text::Table         0        1.135   
    warnings            0        1.70    
    XSLoader            0        0.32    

build_requires:

    Module              Need     Have    
    ------------------- -------- --------
    ExtUtils::MakeMaker 0        7.70    
    File::Spec          0        3.92    
    FindBin             0        1.54    
    Test::Deep          0        1.204   
    Test::Exception     0        0.43    
    Test::LongString    0        0.17    
    Test::More          0.88     1.302200
    Test::NoWarnings    0        1.06    

configure_requires:

    Module              Need     Have    
    ------------------- -------- --------
    ExtUtils::MakeMaker 6.17     7.70    
    perl                5.010    5.041002


------------------------------
ENVIRONMENT AND OTHER CONTEXT
------------------------------

Environment variables:

    AUTOMATED_TESTING = 1
    LANG = en_US.UTF-8
    LC_ADDRESS = de_DE.UTF-8
    LC_IDENTIFICATION = de_DE.UTF-8
    LC_MEASUREMENT = de_DE.UTF-8
    LC_MONETARY = de_DE.UTF-8
    LC_NAME = de_DE.UTF-8
    LC_NUMERIC = de_DE.UTF-8
    LC_PAPER = de_DE.UTF-8
    LC_TELEPHONE = de_DE.UTF-8
    LC_TIME = de_DE.UTF-8
    PATH = /home/sand/bin:/usr/local/bin:/usr/local/sbin:/usr/sbin:/usr/bin:/sbin:/bin:/usr/games:/usr/local/games:/snap/bin:/usr/local/perl/bin:/usr/X11/bin
    PERL = /tmp/basesmoker-reloperl-LuaR/bin/perl
    PERL5LIB = /tmp/loop_over_bdir-2922500-lBBYGM/ProjectBuilder-0.14.1-0/blib/arch:/tmp/loop_over_bdir-2922500-lBBYGM/ProjectBuilder-0.14.1-0/blib/lib:/tmp/loop_over_bdir-2922500-lBBYGM/makepp-1.19-0/blib/arch:/tmp/loop_over_bdir-2922500-lBBYGM/makepp-1.19-0/blib/lib:/tmp/loop_over_bdir-2922500-lBBYGM/Lingua-YaTeA-0.626-0/blib/arch:/tmp/loop_over_bdir-2922500-lBBYGM/Lingua-YaTeA-0.626-0/blib/lib:/tmp/loop_over_bdir-2922500-lBBYGM/NoZone-1.3-0/blib/arch:/tmp/loop_over_bdir-2922500-lBBYGM/NoZone-1.3-0/blib/lib:/tmp/loop_over_bdir-2922500-lBBYGM/mmds-1.902-0/blib/arch:/tmp/loop_over_bdir-2922500-lBBYGM/mmds-1.902-0/blib/lib:/tmp/loop_over_bdir-2922500-lBBYGM/MP3-PodcastFetch-1.05-0/blib/arch:/tmp/loop_over_bdir-2922500-lBBYGM/MP3-PodcastFetch-1.05-0/blib/lib:/tmp/loop_over_bdir-2922500-lBBYGM/Devel-Required-0.16-0/blib/arch:/tmp/loop_over_bdir-2922500-lBBYGM/Devel-Required-0.16-0/blib/lib
    PERL5OPT = 
    PERL5_CPANPLUS_IS_RUNNING = 2922508
    PERL5_CPAN_IS_RUNNING = 2922508
    PERL_CANARY_STABILITY_NOPROMPT = 1
    PERL_MM_USE_DEFAULT = 1
    PERL_USE_UNSAFE_INC = 1
    SHELL = /usr/bin/zsh
    TERM = screen

Perl special variables (and OS-specific diagnostics, for MSWin32):

    $^X = /tmp/basesmoker-reloperl-LuaR/bin/perl
    $UID/$EUID = 1005 / 1005
    $GID = 1005 1005
    $EGID = 1005 1005

Perl module toolchain versions installed:

    Module              Have    
    ------------------- --------
    CPAN                2.36    
    CPAN::Meta          2.150010
    Cwd                 3.92    
    ExtUtils::CBuilder  0.280240
    ExtUtils::Command   7.70    
    ExtUtils::Install   2.22    
    ExtUtils::MakeMaker 7.70    
    ExtUtils::Manifest  1.75    
    ExtUtils::ParseXS   3.52    
    File::Spec          3.92    
    JSON                4.10    
    JSON::PP            4.16    
    Module::Build       0.4234  
    Module::Signature   0.88    
    Parse::CPAN::Meta   2.150010
    Test2               1.302200
    Test::Harness       3.48    
    Test::More          1.302200
    YAML                1.31    
    YAML::Syck          1.34    
    version             0.9932  


--

Summary of my perl5 (revision 5 version 41 subversion 2) configuration:
  Commit id: bcb5884b9b0ae1345ac74420bacb865ba11baab3
  Platform:
    osname=linux
    osvers=6.5.0-41-generic
    archname=x86_64-linux-thread-multi
    uname='linux k93jammy 6.5.0-41-generic #41~22.04.2-ubuntu smp preempt_dynamic mon jun 3 11:32:55 utc 2 x86_64 x86_64 x86_64 gnulinux '
    config_args='-Dprefix=/home/sand/src/perl/repoperls/installed-perls/host/k93jammy/v5.41.2/b4f3 -Dmyhostname=k93jammy -Dinstallusrbinperl=n -Uversiononly -Dusedevel -des -Ui_db -Dlibswanted=cl pthread socket inet nsl gdbm dbm malloc dl ld sun m crypt sec util c cposix posix ucb BSD gdbm_compat -Duseithreads -Uuselongdouble -DEBUGGING=-g'
    hint=recommended
    useposix=true
    d_sigaction=define
    useithreads=define
    usemultiplicity=define
    use64bitint=define
    use64bitall=define
    uselongdouble=undef
    usemymalloc=n
    default_inc_excludes_dot=define
  Compiler:
    cc='cc'
    ccflags ='-D_REENTRANT -D_GNU_SOURCE -fwrapv -fno-strict-aliasing -pipe -fstack-protector-strong -I/usr/local/include -D_LARGEFILE_SOURCE -D_FILE_OFFSET_BITS=64'
    optimize='-O2 -g'
    cppflags='-D_REENTRANT -D_GNU_SOURCE -fwrapv -fno-strict-aliasing -pipe -fstack-protector-strong -I/usr/local/include'
    ccversion=''
    gccversion='11.4.0'
    gccosandvers=''
    intsize=4
    longsize=8
    ptrsize=8
    doublesize=8
    byteorder=12345678
    doublekind=3
    d_longlong=define
    longlongsize=8
    d_longdbl=define
    longdblsize=16
    longdblkind=3
    ivtype='long'
    ivsize=8
    nvtype='double'
    nvsize=8
    Off_t='off_t'
    lseeksize=8
    alignbytes=8
    prototype=define
  Linker and Libraries:
    ld='cc'
    ldflags =' -fstack-protector-strong -L/usr/local/lib'
    libpth=/usr/local/lib /usr/lib/x86_64-linux-gnu /usr/lib /usr/lib64
    libs=-lpthread -lnsl -ldl -lm -lcrypt -lutil -lc
    perllibs=-lpthread -lnsl -ldl -lm -lcrypt -lutil -lc
    libc=/lib/x86_64-linux-gnu/libc.so.6
    so=so
    useshrplib=false
    libperl=libperl.a
    gnulibc_version='2.35'
  Dynamic Linking:
    dlsrc=dl_dlopen.xs
    dlext=so
    d_dlsymun=undef
    ccdlflags='-Wl,-E'
    cccdlflags='-fPIC'
    lddlflags='-shared -O2 -g -L/usr/local/lib -fstack-protector-strong'


Characteristics of this binary (from libperl): 
  Compile-time options:
    HAS_LONG_DOUBLE
    HAS_STRTOLD
    HAS_TIMES
    MULTIPLICITY
    PERLIO_LAYERS
    PERL_COPY_ON_WRITE
    PERL_DONT_CREATE_GVSV
    PERL_HASH_FUNC_SIPHASH13
    PERL_HASH_USE_SBOX32
    PERL_MALLOC_WRAP
    PERL_OP_PARENT
    PERL_PRESERVE_IVUV
    PERL_USE_DEVEL
    PERL_USE_SAFE_PUTENV
    USE_64_BIT_ALL
    USE_64_BIT_INT
    USE_ITHREADS
    USE_LARGE_FILES
    USE_LOCALE
    USE_LOCALE_COLLATE
    USE_LOCALE_CTYPE
    USE_LOCALE_NUMERIC
    USE_LOCALE_TIME
    USE_PERLIO
    USE_PERL_ATOF
    USE_REENTRANT_API
    USE_THREAD_SAFE_LOCALE
  Built under linux
  Compiled at Jul 21 2024 16:53:05
  %ENV:
    PERL="/tmp/basesmoker-reloperl-LuaR/bin/perl"
    PERL5LIB="/tmp/loop_over_bdir-2922500-lBBYGM/ProjectBuilder-0.14.1-0/blib/arch:/tmp/loop_over_bdir-2922500-lBBYGM/ProjectBuilder-0.14.1-0/blib/lib:/tmp/loop_over_bdir-2922500-lBBYGM/makepp-1.19-0/blib/arch:/tmp/loop_over_bdir-2922500-lBBYGM/makepp-1.19-0/blib/lib:/tmp/loop_over_bdir-2922500-lBBYGM/Lingua-YaTeA-0.626-0/blib/arch:/tmp/loop_over_bdir-2922500-lBBYGM/Lingua-YaTeA-0.626-0/blib/lib:/tmp/loop_over_bdir-2922500-lBBYGM/NoZone-1.3-0/blib/arch:/tmp/loop_over_bdir-2922500-lBBYGM/NoZone-1.3-0/blib/lib:/tmp/loop_over_bdir-2922500-lBBYGM/mmds-1.902-0/blib/arch:/tmp/loop_over_bdir-2922500-lBBYGM/mmds-1.902-0/blib/lib:/tmp/loop_over_bdir-2922500-lBBYGM/MP3-PodcastFetch-1.05-0/blib/arch:/tmp/loop_over_bdir-2922500-lBBYGM/MP3-PodcastFetch-1.05-0/blib/lib:/tmp/loop_over_bdir-2922500-lBBYGM/Devel-Required-0.16-0/blib/arch:/tmp/loop_over_bdir-2922500-lBBYGM/Devel-Required-0.16-0/blib/lib"
    PERL5OPT=""
    PERL5_CPANPLUS_IS_RUNNING="2922508"
    PERL5_CPAN_IS_RUNNING="2922508"
    PERL_CANARY_STABILITY_NOPROMPT="1"
    PERL_MM_USE_DEFAULT="1"
    PERL_USE_UNSAFE_INC="1"
  @INC:
    /tmp/loop_over_bdir-2922500-lBBYGM/ProjectBuilder-0.14.1-0/blib/arch
    /tmp/loop_over_bdir-2922500-lBBYGM/ProjectBuilder-0.14.1-0/blib/lib
    /tmp/loop_over_bdir-2922500-lBBYGM/makepp-1.19-0/blib/arch
    /tmp/loop_over_bdir-2922500-lBBYGM/makepp-1.19-0/blib/lib
    /tmp/loop_over_bdir-2922500-lBBYGM/Lingua-YaTeA-0.626-0/blib/arch
    /tmp/loop_over_bdir-2922500-lBBYGM/Lingua-YaTeA-0.626-0/blib/lib
    /tmp/loop_over_bdir-2922500-lBBYGM/NoZone-1.3-0/blib/arch
    /tmp/loop_over_bdir-2922500-lBBYGM/NoZone-1.3-0/blib/lib
    /tmp/loop_over_bdir-2922500-lBBYGM/mmds-1.902-0/blib/arch
    /tmp/loop_over_bdir-2922500-lBBYGM/mmds-1.902-0/blib/lib
    /tmp/loop_over_bdir-2922500-lBBYGM/MP3-PodcastFetch-1.05-0/blib/arch
    /tmp/loop_over_bdir-2922500-lBBYGM/MP3-PodcastFetch-1.05-0/blib/lib
    /tmp/loop_over_bdir-2922500-lBBYGM/Devel-Required-0.16-0/blib/arch
    /tmp/loop_over_bdir-2922500-lBBYGM/Devel-Required-0.16-0/blib/lib
    /home/sand/src/perl/repoperls/installed-perls/host/k93jammy/v5.41.2/b4f3/lib/site_perl/5.41.2/x86_64-linux-thread-multi
    /home/sand/src/perl/repoperls/installed-perls/host/k93jammy/v5.41.2/b4f3/lib/site_perl/5.41.2
    /home/sand/src/perl/repoperls/installed-perls/host/k93jammy/v5.41.2/b4f3/lib/5.41.2/x86_64-linux-thread-multi
    /home/sand/src/perl/repoperls/installed-perls/host/k93jammy/v5.41.2/b4f3/lib/5.41.2
    .