SDL_Perl vv2.2.6 Perl 5 v5.12.1 i686-linux
- Status
- Fail
- From
- Graham Crookham (GRAHAMC)
- Dist
-
SDL_Perl vv2.2.6
- Platform
- Perl 5 v5.12.1 i686-linux
- Date
- 2010-07-29 21:09:12
- ID
- 89939634-9b55-11df-a8fe-bd7b0e8d2b73
This distribution has been tested as part of the CPAN Testers
project, supporting the Perl programming language. See
http://wiki.cpantesters.org/ for more information or email
questions to cpan-testers-discuss@perl.org
--
Dear Kartik Thakore,
This is a computer-generated report for SDL_Perl-v2.2.6
on perl 5.12.1, created by CPAN-Reporter-1.18.
Thank you for uploading your work to CPAN. However, there was a problem
testing your distribution.
If you think this report is invalid, please consult the CPAN Testers Wiki
for suggestions on how to avoid getting FAIL reports for missing library
or binary dependencies, unsupported operating systems, and so on:
http://wiki.cpantesters.org/wiki/CPANAuthorNotes
Sections of this report:
* Tester comments
* Program output
* Prerequisites
* Environment and other context
------------------------------
TESTER COMMENTS
------------------------------
Additional comments from tester:
this report is from an automated smoke testing program
and was not reviewed by a human for accuracy
------------------------------
PROGRAM OUTPUT
------------------------------
Output from './Build test':
t/apppm.t .......... ok
t/cdrompm.t ........ ok
t/colorpm.t ........ ok
t/cursorpm.t ....... ok
t/eventpm.t ........ ok
t/fontpm.t ......... ok
Duplicate file or mask \bBuild$ at /home/graham/perltest/perl5121/perl/lib/site_perl/5.12.1/Test/DistManifest.pm line 211
# Distribution files are missing in MANIFEST:
# MYMETA.yml
# lib/SDL_perl.o
# lib/SDL_perl.c
# lib/SDL_perl.xs
# lib/SDL/SFont.o
# lib/SDL/Config.pm
# lib/SDL/SFont.c
# lib/SDL/OpenGL.o
# lib/SDL/SFont.xs
# lib/SDL/OpenGL.c
# lib/SDL/OpenGL.xs
# Failed test 'All files are listed in MANIFEST or skipped'
# at t/manifest.t line 33.
# Looks like you failed 1 test of 4.
t/manifest.t .......
Dubious, test returned 1 (wstat 256, 0x100)
Failed 1/4 subtests
t/mixerpm.t ........ skipped: SDL_mixer support not compiled
t/mpegpm.t ......... skipped: smpeg support not compiled SDL_mixer support not compiled
t/musicpm.t ........ ok
t/opengl.t ......... ok
t/palettepm.t ...... ok
t/rectpm.t ......... ok
t/sdlgamerect.t .... ok
t/sdlpm.t .......... ok
t/soundpm.t ........ ok
t/surfaceML.t ...... skipped: No appropriate valgrind executable could be found
t/surfacepm.t ...... ok
t/timerpm.t ........ ok
t/toolfontpm.t ..... skipped: SDL_ttf support not compiled
t/toolgraphicpm.t .. skipped: SDL_gfx support not compiled
t/ttfontpm.t ....... skipped: SDL_ttf support not compiled
t/videopm.t ........ skipped: smpeg support not compiled SDL_mixer support not compiled
Test Summary Report
-------------------
t/manifest.t (Wstat: 256 Tests: 4 Failed: 1)
Failed test: 2
Non-zero exit status: 1
Files=23, Tests=181, 2 wallclock secs ( 0.25 usr 0.07 sys + 1.78 cusr 0.27 csys = 2.37 CPU)
Result: FAIL
Failed 1/23 test programs. 1/181 subtests failed.
------------------------------
PREREQUISITES
------------------------------
Prerequisite modules loaded:
build_requires:
Module Need Have
------------------ -------- -------
ExtUtils::CBuilder 0 0.27_05
Test::Simple 0.47 0.95_02
configure_requires:
Module Need Have
------------------ -------- -------
Alien::SDL v0.7.1 1.412
ExtUtils::CBuilder 0.260301 0.27_05
Module::Build 0.35 0.36_13
YAML 0.68 0.71
------------------------------
ENVIRONMENT AND OTHER CONTEXT
------------------------------
Environment variables:
AUTOMATED_TESTING = 1
LANG = C
PATH = /home/graham/perltest/perl5121/perl/bin:/bin:/usr/bin:/sbin:/usr/sbin:/opt/java/bin:/opt/java/jre/bin:/opt/kde/bin:/usr/bin/perlbin/site:/usr/bin/perlbin/vendor:/usr/bin/perlbin/core:/opt/qt/bin
PERL5LIB =
PERL5OPT =
PERL5_CPANPLUS_IS_RUNNING = 31209
PERL5_CPAN_IS_RUNNING = 31209
PERL5_CPAN_IS_RUNNING_IN_RECURSION = 3792,31209
PERL_CR_SMOKER_CURRENT = SDL_Perl-v2.2.6
PERL_EXTUTILS_AUTOINSTALL = --defaultdeps
PERL_MM_USE_DEFAULT = 1
SHELL = /bin/bash
TERM = xterm
Perl special variables (and OS-specific diagnostics, for MSWin32):
$^X = /home/graham/perltest/perl5121/perl/bin/perl
$UID/$EUID = 1000 / 1000
$GID = 1000 7 10 91 92 93 95 98 100 108 1000 1001
$EGID = 1000 7 10 91 92 93 95 98 100 108 1000 1001
Perl module toolchain versions installed:
Module Have
------------------- -------
CPAN 1.94_58
Cwd 3.31_02
ExtUtils::CBuilder 0.27_05
ExtUtils::Command 1.16
ExtUtils::Install 1.55
ExtUtils::MakeMaker 6.56
ExtUtils::Manifest 1.58
ExtUtils::ParseXS 2.2206
File::Spec 3.31_02
Module::Build 0.36_13
Module::Signature 0.64
Test::Harness 3.21
Test::More 0.95_02
YAML 0.71
YAML::Syck 1.10_05
version 0.82
--
Summary of my perl5 (revision 5 version 12 subversion 1) configuration:
Platform:
osname=linux, osvers=2.6.33-arch, archname=i686-linux
uname='linux lorant 2.6.33-arch #1 smp preempt thu may 13 12:06:25 cest 2010 i686 intel(r) pentium(r) 4 cpu 2.80ghz genuineintel gnulinux '
config_args=''
hint=recommended, useposix=true, d_sigaction=define
useithreads=undef, usemultiplicity=undef
useperlio=define, d_sfio=undef, uselargefiles=define, usesocks=undef
use64bitint=undef, use64bitall=undef, uselongdouble=undef
usemymalloc=n, bincompat5005=undef
Compiler:
cc='cc', ccflags ='-fno-strict-aliasing -pipe -fstack-protector -I/usr/local/include -D_LARGEFILE_SOURCE -D_FILE_OFFSET_BITS=64',
optimize='-O2',
cppflags='-fno-strict-aliasing -pipe -fstack-protector -I/usr/local/include'
ccversion='', gccversion='4.5.0 20100520 (prerelease)', gccosandvers=''
intsize=4, longsize=4, ptrsize=4, doublesize=8, byteorder=1234
d_longlong=define, longlongsize=8, d_longdbl=define, longdblsize=12
ivtype='long', ivsize=4, nvtype='double', nvsize=8, Off_t='off_t', lseeksize=8
alignbytes=4, prototype=define
Linker and Libraries:
ld='cc', ldflags =' -fstack-protector -L/usr/local/lib'
libpth=/usr/local/lib /lib /usr/lib
libs=-lnsl -lgdbm -ldb -ldl -lm -lcrypt -lutil -lc -lgdbm_compat
perllibs=-lnsl -ldl -lm -lcrypt -lutil -lc
libc=/lib/libc-2.12.so, so=so, useshrplib=true, libperl=libperl.so
gnulibc_version='2.12'
Dynamic Linking:
dlsrc=dl_dlopen.xs, dlext=so, d_dlsymun=undef, ccdlflags='-Wl,-E -Wl,-rpath,/home/graham/perltest/perl5121/perl/lib/5.12.1/i686-linux/CORE'
cccdlflags='-fPIC', lddlflags='-shared -O2 -L/usr/local/lib -fstack-protector'
Characteristics of this binary (from libperl):
Compile-time options: PERL_DONT_CREATE_GVSV PERL_MALLOC_WRAP
USE_LARGE_FILES USE_PERLIO USE_PERL_ATOF
Built under linux
Compiled at Jul 20 2010 13:38:07
%ENV:
PERL5LIB=""
PERL5OPT=""
PERL5_CPANPLUS_IS_RUNNING="31209"
PERL5_CPAN_IS_RUNNING="31209"
PERL5_CPAN_IS_RUNNING_IN_RECURSION="3792,31209"
PERL_CR_SMOKER_CURRENT="SDL_Perl-v2.2.6"
PERL_EXTUTILS_AUTOINSTALL="--defaultdeps"
PERL_MM_USE_DEFAULT="1"
@INC:
/home/graham/perltest/perl5121/perl/lib/site_perl/5.12.1/i686-linux
/home/graham/perltest/perl5121/perl/lib/site_perl/5.12.1
/home/graham/perltest/perl5121/perl/lib/5.12.1/i686-linux
/home/graham/perltest/perl5121/perl/lib/5.12.1
.