Const v0.001 Perl 5 v5.10.1 alpha-linux

Status
Fail
From
Chris Williams (BINGOS)
Dist
Const v0.001
Platform
Perl 5 v5.10.1 alpha-linux
Date
2010-07-09T15:20:41
ID
89832e5e-8b6d-11df-a589-f79c6e8696e0
This distribution has been tested as part of the CPAN Testers
project, supporting the Perl programming language.  See
http://wiki.cpantesters.org/ for more information or email
questions to cpan-testers-discuss@perl.org


--

Dear LEONT,
    
This is a computer-generated error report created automatically by
CPANPLUS, version 0.9005. Testers personal comments may appear 
at the end of this report.


Thank you for uploading your work to CPAN.  However, it appears that
there were some problems testing your distribution.

TEST RESULTS:

Below is the error stack from stage 'make test':

[MSG] [Fri Jul  9 16:20:39 2010] Building Const

[ERROR] [Fri Jul  9 16:20:41 2010] MAKE TEST failed:
# Testing Const 0.001, Perl 5.010001, /home/cpan/pit/bare/perl-5.10.1/bin/perl
t/00-load.t ....... ok
Can't locate Test/Exception.pm in @INC (@INC contains: /home/cpan/pit/bare/conf/perl-5.10.1/.cpanplus/5.10.1/build/Const-0.001/blib/lib /home/cpan/pit/bare/conf/perl-5.10.1/.cpanplus/5.10.1/build/Const-0.001/blib/arch /home/cpan/pit/bare/conf/perl-5.10.1/.cpanplus/5.10.1/build/Const-0.001/blib/lib /home/cpan/pit/bare/conf/perl-5.10.1/.cpanplus/5.10.1/build/Const-0.001/blib/arch /home/cpan/pit/bare/perl-5.10.1/lib/5.10.1/alpha-linux /home/cpan/pit/bare/perl-5.10.1/lib/5.10.1 /home/cpan/pit/bare/perl-5.10.1/lib/site_perl/5.10.1/alpha-linux /home/cpan/pit/bare/perl-5.10.1/lib/site_perl/5.10.1 .) at t/10-basics.t line 8.
BEGIN failed--compilation aborted at t/10-basics.t line 8.
# Looks like your test exited with 2 before it could output anything.
t/10-basics.t ..... 
Dubious, test returned 2 (wstat 512, 0x200)
Failed 14/14 subtests 
t/pod-coverage.t .. skipped: Test::Pod::Coverage 1.08 required for testing POD coverage
t/pod.t ........... skipped: Test::Pod 1.22 required for testing POD

Test Summary Report
-------------------
t/10-basics.t   (Wstat: 512 Tests: 0 Failed: 0)
  Non-zero exit status: 2
  Parse errors: Bad plan.  You planned 14 tests but ran 0.
Files=4, Tests=1,  1 wallclock secs ( 0.19 usr  0.03 sys +  0.57 cusr  0.07 csys =  0.87 CPU)
Result: FAIL
Failed 1/4 test programs. 0/1 subtests failed.
BEGIN failed--compilation aborted at /home/cpan/pit/bare/perl-5.10.1/bin/cpanp-run-perl line 8.
 
[MSG] [Fri Jul  9 16:20:41 2010] DEFAULT 'proceed_on_test_failure' HANDLER RETURNING 'sub return value'


MISSING PREREQUISITES:

It was observed that the test suite seem to fail without these modules:

Test::Exception

As such, adding the prerequisite module(s) to 'PREREQ_PM' in your
Makefile.PL should solve this problem.  For example:

WriteMakefile(
    AUTHOR      => 'LEONT (cpanplus-info@lists.sf.net)',
    ... # other information
    PREREQ_PM   => {
	'Test::Exception'	=> '0', # or a minimum working version
    }
);

Thanks! :-)

PREREQUISITES:

Here is a list of prerequisites you specified and versions we 
managed to load:
                                
	  Module Name                        Have     Want
	  Exporter                           5.63     5.57
	  Module::Build                    0.3607        0
	  Test::More                         0.94        0

Perl module toolchain versions installed:
	Module Name                        Have
	CPANPLUS                         0.9005
	CPANPLUS::Dist::Build              0.46
	Cwd                                3.31
	ExtUtils::CBuilder               0.2703
	ExtUtils::Command                  1.16
	ExtUtils::Install                  1.54
	ExtUtils::MakeMaker                6.56
	ExtUtils::Manifest                 1.58
	ExtUtils::ParseXS                2.2206
	File::Spec                         3.31
	Module::Build                    0.3607
	Test::Harness                      3.21
	Test::More                         0.94
	version                            0.82

******************************** NOTE ********************************
The comments above are created mechanically, possibly without manual
checking by the sender.  As there are many people performing automatic
tests on each upload to CPAN, it is likely that you will receive 
identical messages about the same problem.

If you believe that the message is mistaken, please reply to the first
one with correction and/or additional informations, and do not take
it personally.  We appreciate your patience. :)
**********************************************************************

Additional comments:
 

This report was machine-generated by CPANPLUS::Dist::YACSmoke 0.58.
Powered by minismokebox version 0.26

------------------------------
ENVIRONMENT AND OTHER CONTEXT
------------------------------

Environment variables:

    AUTOMATED_TESTING = 1
    LANG = en_GB.UTF-8
    PATH = /usr/local/bin:/usr/bin:/bin:/usr/games
    PERL5LIB = :/home/cpan/pit/bare/conf/perl-5.10.1/.cpanplus/5.10.1/build/Const-0.001/blib/lib:/home/cpan/pit/bare/conf/perl-5.10.1/.cpanplus/5.10.1/build/Const-0.001/blib/arch
    PERL5_CPANPLUS_IS_RUNNING = 16331
    PERL5_CPANPLUS_IS_VERSION = 0.9005
    PERL5_MINISMOKEBOX = 0.26
    PERL5_YACSMOKE_BASE = /home/cpan/pit/bare/conf/perl-5.10.1
    PERL_EXTUTILS_AUTOINSTALL = --defaultdeps
    PERL_MM_USE_DEFAULT = 1
    SHELL = /bin/bash
    TERM = screen.linux

Perl special variables (and OS-specific diagnostics, for MSWin32):

    Perl: $^X = /home/cpan/pit/bare/perl-5.10.1/bin/perl
    UID:  $<  = 1001
    EUID: $>  = 1001
    GID:  $(  = 1001 1001
    EGID: $)  = 1001 1001


-------------------------------


--

Summary of my perl5 (revision 5 version 10 subversion 1) configuration:
   
  Platform:
    osname=linux, osvers=2.6.26-2-alpha-generic, archname=alpha-linux
    uname='linux debauch 2.6.26-2-alpha-generic #1 tue mar 9 22:27:23 utc 2010 alpha gnulinux '
    config_args='-de -Dprefix=/home/cpan/pit/bare/perl-5.10.1'
    hint=recommended, useposix=true, d_sigaction=define
    useithreads=undef, usemultiplicity=undef
    useperlio=define, d_sfio=undef, uselargefiles=define, usesocks=undef
    use64bitint=define, use64bitall=define, uselongdouble=undef
    usemymalloc=n, bincompat5005=undef
  Compiler:
    cc='cc', ccflags ='-fno-strict-aliasing -pipe -I/usr/local/include -D_LARGEFILE_SOURCE -D_FILE_OFFSET_BITS=64',
    optimize='-O2',
    cppflags='-fno-strict-aliasing -pipe -I/usr/local/include'
    ccversion='', gccversion='4.2.4 (Debian 4.2.4-6)', gccosandvers=''
    intsize=4, longsize=8, ptrsize=8, doublesize=8, byteorder=12345678
    d_longlong=define, longlongsize=8, d_longdbl=define, longdblsize=16
    ivtype='long', ivsize=8, nvtype='double', nvsize=8, Off_t='off_t', lseeksize=8
    alignbytes=8, prototype=define
  Linker and Libraries:
    ld='cc', ldflags =' -L/usr/local/lib'
    libpth=/usr/local/lib /lib /usr/lib
    libs=-lnsl -ldl -lm -lcrypt -lutil -lc
    perllibs=-lnsl -ldl -lm -lcrypt -lutil -lc
    libc=, so=so, useshrplib=false, libperl=libperl.a
    gnulibc_version='2.7'
  Dynamic Linking:
    dlsrc=dl_dlopen.xs, dlext=so, d_dlsymun=undef, ccdlflags='-Wl,-E'
    cccdlflags='-fPIC', lddlflags='-shared -O2 -L/usr/local/lib'


Characteristics of this binary (from libperl): 
  Compile-time options: PERL_DONT_CREATE_GVSV PERL_MALLOC_WRAP USE_64_BIT_ALL
                        USE_64_BIT_INT USE_LARGE_FILES USE_PERLIO
  Built under linux
  Compiled at Apr  6 2010 17:06:16
  %ENV:
    PERL5LIB=":/home/cpan/pit/bare/conf/perl-5.10.1/.cpanplus/5.10.1/build/Const-0.001/blib/lib:/home/cpan/pit/bare/conf/perl-5.10.1/.cpanplus/5.10.1/build/Const-0.001/blib/arch"
    PERL5_CPANPLUS_IS_RUNNING="16331"
    PERL5_CPANPLUS_IS_VERSION="0.9005"
    PERL5_MINISMOKEBOX="0.26"
    PERL5_YACSMOKE_BASE="/home/cpan/pit/bare/conf/perl-5.10.1"
    PERL_EXTUTILS_AUTOINSTALL="--defaultdeps"
    PERL_MM_USE_DEFAULT="1"
  @INC:
    /home/cpan/pit/bare/conf/perl-5.10.1/.cpanplus/5.10.1/build/Const-0.001/blib/lib
    /home/cpan/pit/bare/conf/perl-5.10.1/.cpanplus/5.10.1/build/Const-0.001/blib/arch
    /home/cpan/pit/bare/perl-5.10.1/lib/5.10.1/alpha-linux
    /home/cpan/pit/bare/perl-5.10.1/lib/5.10.1
    /home/cpan/pit/bare/perl-5.10.1/lib/site_perl/5.10.1/alpha-linux
    /home/cpan/pit/bare/perl-5.10.1/lib/site_perl/5.10.1
    .