Sledge-View v0.08 Perl 5 v5.13.0 i686-linux-thread-multi

Status
Fail
From
Serguei Trouchelle (STRO)
Dist
Sledge-View v0.08
Platform
Perl 5 v5.13.0 i686-linux-thread-multi
Date
2010-06-11T20:18:45
ID
894ad258-7596-11df-9c11-b74b32f0e683
This distribution has been tested as part of the CPAN Testers
project, supporting the Perl programming language.  See
http://wiki.cpantesters.org/ for more information or email
questions to cpan-testers-discuss@perl.org


--
Dear Tokuhiro Matsuno,

This is a computer-generated report for Sledge-View-0.08
on perl 5.13.0, created by CPAN-Reporter-1.1711.

Thank you for uploading your work to CPAN.  However, there was a problem
testing your distribution.

If you think this report is invalid, please consult the CPAN Testers Wiki
for suggestions on how to avoid getting FAIL reports for missing library
or binary dependencies, unsupported operating systems, and so on:

http://wiki.cpantesters.org/wiki/CPANAuthorNotes

Sections of this report:

    * Tester comments
    * Program output
    * Prerequisites
    * Environment and other context

------------------------------
TESTER COMMENTS
------------------------------

Additional comments from tester:

this report is from an automated smoke testing program
and was not reviewed by a human for accuracy

------------------------------
PROGRAM OUTPUT
------------------------------

Output from '"C:\Program Files\Microsoft Visual Studio\VC98\bin\nmake.EXE" test':


Microsoft (R) Program Maintenance Utility   Version 6.00.8168.0
Copyright (C) Microsoft Corp 1988-1998. All rights reserved.

	C:\home\stro\perl5130\bin\perl.exe "-MExtUtils::Command::MM" "-e" "test_harness(0, 'inc', 'blib\lib', 'blib\arch')" t/00.load.t t/01.base.t t/02.abstract.t t/03.csv.t t/04.tt.t t/dependencies.t t/perlcritic.t t/pod-coverage.t t/pod.t t/spelling.t
t/00.load.t ....... skipped: Sledge::Exceptions required for testing base: Can't locate Sledge/Exceptions.pm in @INC (@INC contains: C:\home\stro\cpan\build\5.13.0\Sledge-View-0.08-PlKzie\inc C:\home\stro\cpan\build\5.13.0\Sledge-View-0.08-PlKzie\blib\lib C:\home\stro\cpan\build\5.13.0\Sledge-View-0.08-PlKzie\blib\arch C:/home/stro/perl5130/site/lib C:/home/stro/perl5130/lib .) at (eval 3) line 2.
t/01.base.t ....... skipped: t::TestPages required for testing base: Can't locate Sledge/Exceptions.pm in @INC (@INC contains: C:\home\stro\cpan\build\5.13.0\Sledge-View-0.08-PlKzie\inc C:\home\stro\cpan\build\5.13.0\Sledge-View-0.08-PlKzie\blib\lib C:\home\stro\cpan\build\5.13.0\Sledge-View-0.08-PlKzie\blib\arch C:/home/stro/perl5130/site/lib C:/home/stro/perl5130/lib .) at C:\home\stro\cpan\build\5.13.0\Sledge-View-0.08-PlKzie\blib\lib/Sledge/View.pm line 5.
Can't locate Sledge/Exceptions.pm in @INC (@INC contains: C:\home\stro\cpan\build\5.13.0\Sledge-View-0.08-PlKzie\inc C:\home\stro\cpan\build\5.13.0\Sledge-View-0.08-PlKzie\blib\lib C:\home\stro\cpan\build\5.13.0\Sledge-View-0.08-PlKzie\blib\arch C:/home/stro/perl5130/site/lib C:/home/stro/perl5130/lib .) at C:\home\stro\cpan\build\5.13.0\Sledge-View-0.08-PlKzie\blib\lib/Sledge/View.pm line 5.
BEGIN failed--compilation aborted at C:\home\stro\cpan\build\5.13.0\Sledge-View-0.08-PlKzie\blib\lib/Sledge/View.pm line 5.
Compilation failed in require at t/02.abstract.t line 4.
BEGIN failed--compilation aborted at t/02.abstract.t line 4.
t/02.abstract.t ... 
Dubious, test returned 2 (wstat 512, 0x200)
No subtests run 
t/03.csv.t ........ skipped: Test::Base, t::TestPages required for testing base: Can't locate Sledge/Exceptions.pm in @INC (@INC contains: C:\home\stro\cpan\build\5.13.0\Sledge-View-0.08-PlKzie\inc C:\home\stro\cpan\build\5.13.0\Sledge-View-0.08-PlKzie\blib\lib C:\home\stro\cpan\build\5.13.0\Sledge-View-0.08-PlKzie\blib\arch C:/home/stro/perl5130/site/lib C:/home/stro/perl5130/lib .) at C:\home\stro\cpan\build\5.13.0\Sledge-View-0.08-PlKzie\blib\lib/Sledge/View.pm line 5.
t/04.tt.t ......... skipped: t::TestPages required for testing base: Can't locate Sledge/Exceptions.pm in @INC (@INC contains: C:\home\stro\cpan\build\5.13.0\Sledge-View-0.08-PlKzie\inc C:\home\stro\cpan\build\5.13.0\Sledge-View-0.08-PlKzie\blib\lib C:\home\stro\cpan\build\5.13.0\Sledge-View-0.08-PlKzie\blib\arch C:/home/stro/perl5130/site/lib C:/home/stro/perl5130/lib .) at C:\home\stro\cpan\build\5.13.0\Sledge-View-0.08-PlKzie\blib\lib/Sledge/View.pm line 5.
t/dependencies.t .. skipped: Test::Dependencies required for testing dependencies

#   Failed test 'Test::Perl::Critic for "blib\lib\Sledge\View\CSV.pm"'
#   in C:/home/stro/perl5130/site/lib/Test/Perl/Critic.pm at line 110.
# 
# Perl::Critic found these violations in "blib\lib\Sledge\View\CSV.pm":
# Private Member Data shouldn't be accessed directly at line 50, column 34.  Accessing an objects data directly breaks encapsulation and should be avoided.  Example: $object->{ some_key }.  (Severity: 5)

#   Failed test 'Test::Perl::Critic for "blib\lib\Sledge\View\TT.pm"'
#   in C:/home/stro/perl5130/site/lib/Test/Perl/Critic.pm at line 110.
# 
# Perl::Critic found these violations in "blib\lib\Sledge\View\TT.pm":
# Private Member Data shouldn't be accessed directly at line 40, column 17.  Accessing an objects data directly breaks encapsulation and should be avoided.  Example: $object->{ some_key }.  (Severity: 5)
# Looks like you failed 2 tests of 6.
t/perlcritic.t .... 
Dubious, test returned 2 (wstat 512, 0x200)
Failed 2/6 subtests 
t/pod-coverage.t .. ok
t/pod.t ........... ok
'spell' is not recognized as an internal or external command,
operable program or batch file.
Died at C:/home/stro/perl5130/site/lib/Test/Spelling.pm line 54.
# Looks like your test died before it could output anything.
t/spelling.t ...... 
Dubious, test returned 255 (wstat 65280, 0xff00)
Failed 6/6 subtests 

Test Summary Report
-------------------
t/02.abstract.t (Wstat: 512 Tests: 0 Failed: 0)
  Non-zero exit status: 2
  Parse errors: No plan found in TAP output
t/perlcritic.t  (Wstat: 512 Tests: 6 Failed: 2)
  Failed tests:  4-5
  Non-zero exit status: 2
t/spelling.t    (Wstat: 65280 Tests: 0 Failed: 0)
  Non-zero exit status: 255
  Parse errors: Bad plan.  You planned 6 tests but ran 0.
Files=10, Tests=18, 27 wallclock secs ( 0.14 usr +  0.17 sys =  0.31 CPU)
Result: FAIL
Failed 3/10 test programs. 2/18 subtests failed.
NMAKE : fatal error U1077: 'C:\home\stro\perl5130\bin\perl.exe' : return code '0xff'
Stop.

------------------------------
PREREQUISITES
------------------------------

Prerequisite modules loaded:

requires:

    Module                Need Have 
    --------------------- ---- -----
    Class::Accessor::Fast 0    0.34 
    Class::Trigger        0    0.14 
    HTTP::Headers         0    5.835
    Test::Base            0    0.59 
    UNIVERSAL::require    0    0.13 


------------------------------
ENVIRONMENT AND OTHER CONTEXT
------------------------------

Environment variables:

    AUTOMATED_TESTING = 1
    COMSPEC = C:\WINDOWS\system32\cmd.exe
    INCLUDE = C:\Program Files\Microsoft Visual Studio\VC98\atl\include;C:\Program Files\Microsoft Visual Studio\VC98\mfc\include;C:\Program Files\Microsoft Visual Studio\VC98\include
    LIB = C:\Program Files\Microsoft Visual Studio\VC98\mfc\lib;C:\Program Files\Microsoft Visual Studio\VC98\lib
    NUMBER_OF_PROCESSORS = 1
    PATH = C:\Program Files\Far2\;C:\Program Files\CollabNet\Subversion Client;C:\usr\site\bin;C:\usr\bin;C:\Program Files\Common Files\Microsoft Shared\Windows Live;C:\WINDOWS\system32;C:\WINDOWS;C:\WINDOWS\System32\Wbem;C:\WINDOWS\system32\WindowsPowerShell\v1.0;C:\Program Files\TortoiseSVN\bin;C:\Program Files\Microsoft Visual Studio\Common\Tools\WinNT;C:\Program Files\Microsoft Visual Studio\Common\MSDev98\Bin;C:\Program Files\Microsoft Visual Studio\Common\Tools;C:\Program Files\Microsoft Visual Studio\VC98\bin;%CommonProgramFiles%\Microsoft Shared\Windows Live
    PERL5LIB = 
    PERL5OPT = 
    PERL5_CPANPLUS_IS_RUNNING = 5064
    PERL5_CPAN_IS_RUNNING = 5064
    PERL5_CPAN_IS_RUNNING_IN_RECURSION = 308,5064
    PERL_CR_SMOKER_CURRENT = Sledge-View-0.08
    PERL_EXTUTILS_AUTOINSTALL = --defaultdeps
    PERL_MM_USE_DEFAULT = 1
    PROCESSOR_IDENTIFIER = x86 Family 15 Model 44 Stepping 2, AuthenticAMD
    TEMP = C:\DOCUME~1\root\LOCALS~1\Temp

Perl special variables (and OS-specific diagnostics, for MSWin32):

    $^X = C:\home\stro\perl5130\bin\perl.exe
    $UID/$EUID = 0 / 0
    $GID = 0
    $EGID = 0
    Win32::GetOSName = WinXP/.Net
    Win32::GetOSVersion = Service Pack 3, 5, 1, 2600, 2, 3, 0, 256, 1
    Win32::FsType = NTFS
    Win32::IsAdminUser = 1

Perl module toolchain versions installed:

    Module              Have   
    ------------------- -------
    CPAN                1.94_57
    Cwd                 3.31   
    ExtUtils::CBuilder  0.2703 
    ExtUtils::Command   1.16   
    ExtUtils::Install   1.54   
    ExtUtils::MakeMaker 6.56   
    ExtUtils::Manifest  1.58   
    ExtUtils::ParseXS   2.2205 
    File::Spec          3.31   
    Module::Build       0.36_08
    Module::Signature   n/a    
    Test::Harness       3.21   
    Test::More          0.95_02
    YAML                0.71   
    YAML::Syck          1.09   
    version             0.82   


--

Summary of my perl5 (revision 5 version 13 subversion 0) configuration:
   
  Platform:
    osname=MSWin32, osvers=5.1, archname=MSWin32-x86-multi-thread
    uname=''
    config_args='undef'
    hint=recommended, useposix=true, d_sigaction=undef
    useithreads=define, usemultiplicity=define
    useperlio=define, d_sfio=undef, uselargefiles=define, usesocks=undef
    use64bitint=undef, use64bitall=undef, uselongdouble=undef
    usemymalloc=n, bincompat5005=undef
  Compiler:
    cc='cl', ccflags ='-nologo -GF -W3 -MD -Zi -DNDEBUG -O1 -DWIN32 -D_CONSOLE -DNO_STRICT -DHAVE_DES_FCRYPT  -DPERL_IMPLICIT_CONTEXT -DPERL_IMPLICIT_SYS -DUSE_PERLIO -DPERL_MSVCRT_READFIX',
    optimize='-MD -Zi -DNDEBUG -O1',
    cppflags='-DWIN32'
    ccversion='12.00.8168', gccversion='', gccosandvers=''
    intsize=4, longsize=4, ptrsize=4, doublesize=8, byteorder=1234
    d_longlong=undef, longlongsize=8, d_longdbl=define, longdblsize=8
    ivtype='long', ivsize=4, nvtype='double', nvsize=8, Off_t='__int64', lseeksize=8
    alignbytes=8, prototype=define
  Linker and Libraries:
    ld='link', ldflags ='-nologo -nodefaultlib -debug -opt:ref,icf  -libpath:"c:\home\stro\perl5130\lib\CORE"  -machine:x86'
    libpth=\lib
    libs=  oldnames.lib kernel32.lib user32.lib gdi32.lib winspool.lib  comdlg32.lib advapi32.lib shell32.lib ole32.lib oleaut32.lib  netapi32.lib uuid.lib ws2_32.lib mpr.lib winmm.lib  version.lib odbc32.lib odbccp32.lib comctl32.lib msvcrt.lib
    perllibs=  oldnames.lib kernel32.lib user32.lib gdi32.lib winspool.lib  comdlg32.lib advapi32.lib shell32.lib ole32.lib oleaut32.lib  netapi32.lib uuid.lib ws2_32.lib mpr.lib winmm.lib  version.lib odbc32.lib odbccp32.lib comctl32.lib msvcrt.lib
    libc=msvcrt.lib, so=dll, useshrplib=true, libperl=perl513.lib
    gnulibc_version=''
  Dynamic Linking:
    dlsrc=dl_win32.xs, dlext=dll, d_dlsymun=undef, ccdlflags=' '
    cccdlflags=' ', lddlflags='-dll -nologo -nodefaultlib -debug -opt:ref,icf  -libpath:"c:\home\stro\perl5130\lib\CORE"  -machine:x86'


Characteristics of this binary (from libperl): 
  Compile-time options: MULTIPLICITY PERL_DONT_CREATE_GVSV
                        PERL_IMPLICIT_CONTEXT PERL_IMPLICIT_SYS
                        PERL_MALLOC_WRAP PL_OP_SLAB_ALLOC USE_ITHREADS
                        USE_LARGE_FILES USE_PERLIO USE_PERL_ATOF
  Built under MSWin32
  Compiled at Apr 25 2010 18:58:40
  %ENV:
    PERL5_CPANPLUS_IS_RUNNING="5064"
    PERL5_CPAN_IS_RUNNING="5064"
    PERL5_CPAN_IS_RUNNING_IN_RECURSION="308,5064"
    PERL_CR_SMOKER_CURRENT="Sledge-View-0.08"
    PERL_EXTUTILS_AUTOINSTALL="--defaultdeps"
    PERL_MM_USE_DEFAULT="1"
  @INC:
    C:/home/stro/perl5130/site/lib
    C:/home/stro/perl5130/lib
    .