Report for Fey-ORM-0.38

Back
From: metabase:user:9820532a-708b-1014-9a05-b18a96298da1
Subject: FAIL Fey-ORM-0.38 v5.14.2 GNU/Linux
Date: 2011-11-19T18:08:51Z

This distribution has been tested as part of the CPAN Testers
project, supporting the Perl programming language.  See
http://wiki.cpantesters.org/ for more information or email
questions to cpan-testers-discuss@perl.org


--
Dear Dave Rolsky,

This is a computer-generated report for Fey-ORM-0.38
on perl 5.14.2, created by CPAN-Reporter-1.2002.

Thank you for uploading your work to CPAN.  However, there was a problem
testing your distribution.

If you think this report is invalid, please consult the CPAN Testers Wiki
for suggestions on how to avoid getting FAIL reports for missing library
or binary dependencies, unsupported operating systems, and so on:

http://wiki.cpantesters.org/wiki/CPANAuthorNotes

Sections of this report:

    * Tester comments
    * Program output
    * Prerequisites
    * Environment and other context

------------------------------
TESTER COMMENTS
------------------------------

Additional comments from tester:

this report is from an automated smoke testing program
and was not reviewed by a human for accuracy

------------------------------
PROGRAM OUTPUT
------------------------------

Output from '/usr/bin/make test':

PERL_DL_NONLAZY=1 /home/bri/perl5/perlbrew/perls/perl-5.14.2/bin/perl5.14.2 "-MExtUtils::Command::MM" "-e" "test_harness(0, 'blib/lib', 'blib/arch')" t/*.t t/Class/*.t t/Object/*.t t/Object/Iterator/*.t t/Object/Iterator/FromSelect/*.t
Can't locate MooseX/StrictConstructor/Role/Meta/Method/Constructor.pm in @INC (@INC contains: t/lib /home/bri/.cpan/build/Fey-ORM-0.38-_nfoCJ/blib/lib /home/bri/.cpan/build/Fey-ORM-0.38-_nfoCJ/blib/arch /home/bri/perl5/perlbrew/perls/perl-5.14.2/lib/site_perl/5.14.2/i686-linux /home/bri/perl5/perlbrew/perls/perl-5.14.2/lib/site_perl/5.14.2 /home/bri/perl5/perlbrew/perls/perl-5.14.2/lib/5.14.2/i686-linux /home/bri/perl5/perlbrew/perls/perl-5.14.2/lib/5.14.2 .) at /home/bri/perl5/perlbrew/perls/perl-5.14.2/lib/site_perl/5.14.2/Module/Runtime.pm line 205.
 at /home/bri/perl5/perlbrew/perls/perl-5.14.2/lib/site_perl/5.14.2/i686-linux/Moose.pm line 67
Compilation failed in require at /home/bri/.cpan/build/Fey-ORM-0.38-_nfoCJ/blib/lib/Fey/Meta/Class/Table.pm line 21.
BEGIN failed--compilation aborted at /home/bri/.cpan/build/Fey-ORM-0.38-_nfoCJ/blib/lib/Fey/Meta/Class/Table.pm line 21.
Compilation failed in require at /home/bri/.cpan/build/Fey-ORM-0.38-_nfoCJ/blib/lib/Fey/Object/Schema.pm line 10.
BEGIN failed--compilation aborted at /home/bri/.cpan/build/Fey-ORM-0.38-_nfoCJ/blib/lib/Fey/Object/Schema.pm line 10.
Compilation failed in require at /home/bri/.cpan/build/Fey-ORM-0.38-_nfoCJ/blib/lib/Fey/ORM/Schema.pm line 11.
BEGIN failed--compilation aborted at /home/bri/.cpan/build/Fey-ORM-0.38-_nfoCJ/blib/lib/Fey/ORM/Schema.pm line 11.
Compilation failed in require at t/Class/Policy.t line 105.
BEGIN failed--compilation aborted at t/Class/Policy.t line 105.
t/Class/Policy.t ........................ 
Dubious, test returned 2 (wstat 512, 0x200)
No subtests run 
Can't locate MooseX/StrictConstructor/Role/Meta/Method/Constructor.pm in @INC (@INC contains: t/lib /home/bri/.cpan/build/Fey-ORM-0.38-_nfoCJ/blib/lib /home/bri/.cpan/build/Fey-ORM-0.38-_nfoCJ/blib/arch /home/bri/perl5/perlbrew/perls/perl-5.14.2/lib/site_perl/5.14.2/i686-linux /home/bri/perl5/perlbrew/perls/perl-5.14.2/lib/site_perl/5.14.2 /home/bri/perl5/perlbrew/perls/perl-5.14.2/lib/5.14.2/i686-linux /home/bri/perl5/perlbrew/perls/perl-5.14.2/lib/5.14.2 .) at /home/bri/perl5/perlbrew/perls/perl-5.14.2/lib/site_perl/5.14.2/Module/Runtime.pm line 205.
 at /home/bri/perl5/perlbrew/perls/perl-5.14.2/lib/site_perl/5.14.2/i686-linux/Moose.pm line 67
Compilation failed in require at /home/bri/.cpan/build/Fey-ORM-0.38-_nfoCJ/blib/lib/Fey/Meta/Class/Table.pm line 21.
BEGIN failed--compilation aborted at /home/bri/.cpan/build/Fey-ORM-0.38-_nfoCJ/blib/lib/Fey/Meta/Class/Table.pm line 21.
Compilation failed in require at /home/bri/.cpan/build/Fey-ORM-0.38-_nfoCJ/blib/lib/Fey/Object/Schema.pm line 10.
BEGIN failed--compilation aborted at /home/bri/.cpan/build/Fey-ORM-0.38-_nfoCJ/blib/lib/Fey/Object/Schema.pm line 10.
Compilation failed in require at /home/bri/.cpan/build/Fey-ORM-0.38-_nfoCJ/blib/lib/Fey/ORM/Schema.pm line 11.
BEGIN failed--compilation aborted at /home/bri/.cpan/build/Fey-ORM-0.38-_nfoCJ/blib/lib/Fey/ORM/Schema.pm line 11.
Compilation failed in require at t/Class/Schema.t line 16.
BEGIN failed--compilation aborted at t/Class/Schema.t line 16.
t/Class/Schema.t ........................ 
Dubious, test returned 2 (wstat 512, 0x200)
No subtests run 
Can't locate MooseX/StrictConstructor/Role/Meta/Method/Constructor.pm in @INC (@INC contains: t/lib /home/bri/.cpan/build/Fey-ORM-0.38-_nfoCJ/blib/lib /home/bri/.cpan/build/Fey-ORM-0.38-_nfoCJ/blib/arch /home/bri/perl5/perlbrew/perls/perl-5.14.2/lib/site_perl/5.14.2/i686-linux /home/bri/perl5/perlbrew/perls/perl-5.14.2/lib/site_perl/5.14.2 /home/bri/perl5/perlbrew/perls/perl-5.14.2/lib/5.14.2/i686-linux /home/bri/perl5/perlbrew/perls/perl-5.14.2/lib/5.14.2 .) at /home/bri/perl5/perlbrew/perls/perl-5.14.2/lib/site_perl/5.14.2/Module/Runtime.pm line 205.
 at /home/bri/perl5/perlbrew/perls/perl-5.14.2/lib/site_perl/5.14.2/i686-linux/Moose.pm line 67
Compilation failed in require at /home/bri/.cpan/build/Fey-ORM-0.38-_nfoCJ/blib/lib/Fey/Meta/Class/Table.pm line 21.
BEGIN failed--compilation aborted at /home/bri/.cpan/build/Fey-ORM-0.38-_nfoCJ/blib/lib/Fey/Meta/Class/Table.pm line 21.
Compilation failed in require at /home/bri/.cpan/build/Fey-ORM-0.38-_nfoCJ/blib/lib/Fey/Object/Schema.pm line 10.
BEGIN failed--compilation aborted at /home/bri/.cpan/build/Fey-ORM-0.38-_nfoCJ/blib/lib/Fey/Object/Schema.pm line 10.
Compilation failed in require at /home/bri/.cpan/build/Fey-ORM-0.38-_nfoCJ/blib/lib/Fey/ORM/Schema.pm line 11.
BEGIN failed--compilation aborted at /home/bri/.cpan/build/Fey-ORM-0.38-_nfoCJ/blib/lib/Fey/ORM/Schema.pm line 11.
Compilation failed in require at t/Class/Table-has_many.t line 17.
BEGIN failed--compilation aborted at t/Class/Table-has_many.t line 17.
t/Class/Table-has_many.t ................ 
Dubious, test returned 2 (wstat 512, 0x200)
No subtests run 
Can't locate MooseX/StrictConstructor/Role/Meta/Method/Constructor.pm in @INC (@INC contains: t/lib /home/bri/.cpan/build/Fey-ORM-0.38-_nfoCJ/blib/lib /home/bri/.cpan/build/Fey-ORM-0.38-_nfoCJ/blib/arch /home/bri/perl5/perlbrew/perls/perl-5.14.2/lib/site_perl/5.14.2/i686-linux /home/bri/perl5/perlbrew/perls/perl-5.14.2/lib/site_perl/5.14.2 /home/bri/perl5/perlbrew/perls/perl-5.14.2/lib/5.14.2/i686-linux /home/bri/perl5/perlbrew/perls/perl-5.14.2/lib/5.14.2 .) at /home/bri/perl5/perlbrew/perls/perl-5.14.2/lib/site_perl/5.14.2/Module/Runtime.pm line 205.
 at /home/bri/perl5/perlbrew/perls/perl-5.14.2/lib/site_perl/5.14.2/i686-linux/Moose.pm line 67
Compilation failed in require at /home/bri/.cpan/build/Fey-ORM-0.38-_nfoCJ/blib/lib/Fey/Meta/Class/Table.pm line 21.
BEGIN failed--compilation aborted at /home/bri/.cpan/build/Fey-ORM-0.38-_nfoCJ/blib/lib/Fey/Meta/Class/Table.pm line 21.
Compilation failed in require at /home/bri/.cpan/build/Fey-ORM-0.38-_nfoCJ/blib/lib/Fey/Object/Schema.pm line 10.
BEGIN failed--compilation aborted at /home/bri/.cpan/build/Fey-ORM-0.38-_nfoCJ/blib/lib/Fey/Object/Schema.pm line 10.
Compilation failed in require at /home/bri/.cpan/build/Fey-ORM-0.38-_nfoCJ/blib/lib/Fey/ORM/Schema.pm line 11.
BEGIN failed--compilation aborted at /home/bri/.cpan/build/Fey-ORM-0.38-_nfoCJ/blib/lib/Fey/ORM/Schema.pm line 11.
Compilation failed in require at t/Class/Table-has_one.t line 17.
BEGIN failed--compilation aborted at t/Class/Table-has_one.t line 17.
t/Class/Table-has_one.t ................. 
Dubious, test returned 2 (wstat 512, 0x200)
No subtests run 
Can't locate MooseX/StrictConstructor/Role/Meta/Method/Constructor.pm in @INC (@INC contains: t/lib /home/bri/.cpan/build/Fey-ORM-0.38-_nfoCJ/blib/lib /home/bri/.cpan/build/Fey-ORM-0.38-_nfoCJ/blib/arch /home/bri/perl5/perlbrew/perls/perl-5.14.2/lib/site_perl/5.14.2/i686-linux /home/bri/perl5/perlbrew/perls/perl-5.14.2/lib/site_perl/5.14.2 /home/bri/perl5/perlbrew/perls/perl-5.14.2/lib/5.14.2/i686-linux /home/bri/perl5/perlbrew/perls/perl-5.14.2/lib/5.14.2 .) at /home/bri/perl5/perlbrew/perls/perl-5.14.2/lib/site_perl/5.14.2/Module/Runtime.pm line 205.
 at /home/bri/perl5/perlbrew/perls/perl-5.14.2/lib/site_perl/5.14.2/i686-linux/Moose.pm line 67
Compilation failed in require at /home/bri/.cpan/build/Fey-ORM-0.38-_nfoCJ/blib/lib/Fey/Meta/Class/Table.pm line 21.
BEGIN failed--compilation aborted at /home/bri/.cpan/build/Fey-ORM-0.38-_nfoCJ/blib/lib/Fey/Meta/Class/Table.pm line 21.
Compilation failed in require at /home/bri/.cpan/build/Fey-ORM-0.38-_nfoCJ/blib/lib/Fey/ORM/Table.pm line 11.
BEGIN failed--compilation aborted at /home/bri/.cpan/build/Fey-ORM-0.38-_nfoCJ/blib/lib/Fey/ORM/Table.pm line 11.
Compilation failed in require at t/Class/Table.t line 15.
BEGIN failed--compilation aborted at t/Class/Table.t line 15.
t/Class/Table.t ......................... 
Dubious, test returned 2 (wstat 512, 0x200)
No subtests run 
Can't locate MooseX/StrictConstructor/Role/Meta/Method/Constructor.pm in @INC (@INC contains: t/lib /home/bri/.cpan/build/Fey-ORM-0.38-_nfoCJ/blib/lib /home/bri/.cpan/build/Fey-ORM-0.38-_nfoCJ/blib/arch /home/bri/perl5/perlbrew/perls/perl-5.14.2/lib/site_perl/5.14.2/i686-linux /home/bri/perl5/perlbrew/perls/perl-5.14.2/lib/site_perl/5.14.2 /home/bri/perl5/perlbrew/perls/perl-5.14.2/lib/5.14.2/i686-linux /home/bri/perl5/perlbrew/perls/perl-5.14.2/lib/5.14.2 .) at /home/bri/perl5/perlbrew/perls/perl-5.14.2/lib/site_perl/5.14.2/Module/Runtime.pm line 205.
 at /home/bri/perl5/perlbrew/perls/perl-5.14.2/lib/site_perl/5.14.2/i686-linux/Moose.pm line 67
Compilation failed in require at /home/bri/.cpan/build/Fey-ORM-0.38-_nfoCJ/blib/lib/Fey/Meta/Class/Table.pm line 21.
BEGIN failed--compilation aborted at /home/bri/.cpan/build/Fey-ORM-0.38-_nfoCJ/blib/lib/Fey/Meta/Class/Table.pm line 21.
Compilation failed in require at /home/bri/.cpan/build/Fey-ORM-0.38-_nfoCJ/blib/lib/Fey/Object/Schema.pm line 10.
BEGIN failed--compilation aborted at /home/bri/.cpan/build/Fey-ORM-0.38-_nfoCJ/blib/lib/Fey/Object/Schema.pm line 10.
Compilation failed in require at /home/bri/.cpan/build/Fey-ORM-0.38-_nfoCJ/blib/lib/Fey/ORM/Schema.pm line 11.
BEGIN failed--compilation aborted at /home/bri/.cpan/build/Fey-ORM-0.38-_nfoCJ/blib/lib/Fey/ORM/Schema.pm line 11.
Compilation failed in require at (eval 671) line 4.
BEGIN failed--compilation aborted at (eval 671) line 4.
t/Object/Iterator/FromArray.t ........... 
Dubious, test returned 2 (wstat 512, 0x200)
No subtests run 
Can't locate MooseX/StrictConstructor/Role/Meta/Method/Constructor.pm in @INC (@INC contains: t/lib /home/bri/.cpan/build/Fey-ORM-0.38-_nfoCJ/blib/lib /home/bri/.cpan/build/Fey-ORM-0.38-_nfoCJ/blib/arch /home/bri/perl5/perlbrew/perls/perl-5.14.2/lib/site_perl/5.14.2/i686-linux /home/bri/perl5/perlbrew/perls/perl-5.14.2/lib/site_perl/5.14.2 /home/bri/perl5/perlbrew/perls/perl-5.14.2/lib/5.14.2/i686-linux /home/bri/perl5/perlbrew/perls/perl-5.14.2/lib/5.14.2 .) at /home/bri/perl5/perlbrew/perls/perl-5.14.2/lib/site_perl/5.14.2/Module/Runtime.pm line 205.
 at /home/bri/perl5/perlbrew/perls/perl-5.14.2/lib/site_perl/5.14.2/i686-linux/Moose.pm line 67
Compilation failed in require at /home/bri/.cpan/build/Fey-ORM-0.38-_nfoCJ/blib/lib/Fey/Meta/Class/Table.pm line 21.
BEGIN failed--compilation aborted at /home/bri/.cpan/build/Fey-ORM-0.38-_nfoCJ/blib/lib/Fey/Meta/Class/Table.pm line 21.
Compilation failed in require at /home/bri/.cpan/build/Fey-ORM-0.38-_nfoCJ/blib/lib/Fey/Object/Schema.pm line 10.
BEGIN failed--compilation aborted at /home/bri/.cpan/build/Fey-ORM-0.38-_nfoCJ/blib/lib/Fey/Object/Schema.pm line 10.
Compilation failed in require at /home/bri/.cpan/build/Fey-ORM-0.38-_nfoCJ/blib/lib/Fey/ORM/Schema.pm line 11.
BEGIN failed--compilation aborted at /home/bri/.cpan/build/Fey-ORM-0.38-_nfoCJ/blib/lib/Fey/ORM/Schema.pm line 11.
Compilation failed in require at (eval 660) line 4.
BEGIN failed--compilation aborted at (eval 660) line 4.
t/Object/Iterator/FromSelect.t .......... 
Dubious, test returned 2 (wstat 512, 0x200)
No subtests run 
Can't locate MooseX/StrictConstructor/Role/Meta/Method/Constructor.pm in @INC (@INC contains: t/lib /home/bri/.cpan/build/Fey-ORM-0.38-_nfoCJ/blib/lib /home/bri/.cpan/build/Fey-ORM-0.38-_nfoCJ/blib/arch /home/bri/perl5/perlbrew/perls/perl-5.14.2/lib/site_perl/5.14.2/i686-linux /home/bri/perl5/perlbrew/perls/perl-5.14.2/lib/site_perl/5.14.2 /home/bri/perl5/perlbrew/perls/perl-5.14.2/lib/5.14.2/i686-linux /home/bri/perl5/perlbrew/perls/perl-5.14.2/lib/5.14.2 .) at /home/bri/perl5/perlbrew/perls/perl-5.14.2/lib/site_perl/5.14.2/Module/Runtime.pm line 205.
 at /home/bri/perl5/perlbrew/perls/perl-5.14.2/lib/site_perl/5.14.2/i686-linux/Moose.pm line 67
Compilation failed in require at /home/bri/.cpan/build/Fey-ORM-0.38-_nfoCJ/blib/lib/Fey/Meta/Class/Table.pm line 21.
BEGIN failed--compilation aborted at /home/bri/.cpan/build/Fey-ORM-0.38-_nfoCJ/blib/lib/Fey/Meta/Class/Table.pm line 21.
Compilation failed in require at /home/bri/.cpan/build/Fey-ORM-0.38-_nfoCJ/blib/lib/Fey/Object/Schema.pm line 10.
BEGIN failed--compilation aborted at /home/bri/.cpan/build/Fey-ORM-0.38-_nfoCJ/blib/lib/Fey/Object/Schema.pm line 10.
Compilation failed in require at /home/bri/.cpan/build/Fey-ORM-0.38-_nfoCJ/blib/lib/Fey/ORM/Schema.pm line 11.
BEGIN failed--compilation aborted at /home/bri/.cpan/build/Fey-ORM-0.38-_nfoCJ/blib/lib/Fey/ORM/Schema.pm line 11.
Compilation failed in require at (eval 669) line 4.
BEGIN failed--compilation aborted at (eval 669) line 4.
t/Object/Iterator/FromSelect/Caching.t .. 
Dubious, test returned 2 (wstat 512, 0x200)
No subtests run 
Can't locate MooseX/StrictConstructor/Role/Meta/Method/Constructor.pm in @INC (@INC contains: t/lib /home/bri/.cpan/build/Fey-ORM-0.38-_nfoCJ/blib/lib /home/bri/.cpan/build/Fey-ORM-0.38-_nfoCJ/blib/arch /home/bri/perl5/perlbrew/perls/perl-5.14.2/lib/site_perl/5.14.2/i686-linux /home/bri/perl5/perlbrew/perls/perl-5.14.2/lib/site_perl/5.14.2 /home/bri/perl5/perlbrew/perls/perl-5.14.2/lib/5.14.2/i686-linux /home/bri/perl5/perlbrew/perls/perl-5.14.2/lib/5.14.2 .) at /home/bri/perl5/perlbrew/perls/perl-5.14.2/lib/site_perl/5.14.2/Module/Runtime.pm line 205.
 at /home/bri/perl5/perlbrew/perls/perl-5.14.2/lib/site_perl/5.14.2/i686-linux/Moose.pm line 67
Compilation failed in require at /home/bri/.cpan/build/Fey-ORM-0.38-_nfoCJ/blib/lib/Fey/Meta/Class/Table.pm line 21.
BEGIN failed--compilation aborted at /home/bri/.cpan/build/Fey-ORM-0.38-_nfoCJ/blib/lib/Fey/Meta/Class/Table.pm line 21.
Compilation failed in require at /home/bri/.cpan/build/Fey-ORM-0.38-_nfoCJ/blib/lib/Fey/Object/Schema.pm line 10.
BEGIN failed--compilation aborted at /home/bri/.cpan/build/Fey-ORM-0.38-_nfoCJ/blib/lib/Fey/Object/Schema.pm line 10.
Compilation failed in require at /home/bri/.cpan/build/Fey-ORM-0.38-_nfoCJ/blib/lib/Fey/ORM/Schema.pm line 11.
BEGIN failed--compilation aborted at /home/bri/.cpan/build/Fey-ORM-0.38-_nfoCJ/blib/lib/Fey/ORM/Schema.pm line 11.
Compilation failed in require at (eval 622) line 4.
BEGIN failed--compilation aborted at (eval 622) line 4.
t/Object/Schema.t ....................... 
Dubious, test returned 2 (wstat 512, 0x200)
No subtests run 
Can't locate MooseX/StrictConstructor/Role/Meta/Method/Constructor.pm in @INC (@INC contains: t/lib /home/bri/.cpan/build/Fey-ORM-0.38-_nfoCJ/blib/lib /home/bri/.cpan/build/Fey-ORM-0.38-_nfoCJ/blib/arch /home/bri/perl5/perlbrew/perls/perl-5.14.2/lib/site_perl/5.14.2/i686-linux /home/bri/perl5/perlbrew/perls/perl-5.14.2/lib/site_perl/5.14.2 /home/bri/perl5/perlbrew/perls/perl-5.14.2/lib/5.14.2/i686-linux /home/bri/perl5/perlbrew/perls/perl-5.14.2/lib/5.14.2 .) at /home/bri/perl5/perlbrew/perls/perl-5.14.2/lib/site_perl/5.14.2/Module/Runtime.pm line 205.
 at /home/bri/perl5/perlbrew/perls/perl-5.14.2/lib/site_perl/5.14.2/i686-linux/Moose.pm line 67
Compilation failed in require at /home/bri/.cpan/build/Fey-ORM-0.38-_nfoCJ/blib/lib/Fey/Meta/Class/Table.pm line 21.
BEGIN failed--compilation aborted at /home/bri/.cpan/build/Fey-ORM-0.38-_nfoCJ/blib/lib/Fey/Meta/Class/Table.pm line 21.
Compilation failed in require at /home/bri/.cpan/build/Fey-ORM-0.38-_nfoCJ/blib/lib/Fey/Object/Schema.pm line 10.
BEGIN failed--compilation aborted at /home/bri/.cpan/build/Fey-ORM-0.38-_nfoCJ/blib/lib/Fey/Object/Schema.pm line 10.
Compilation failed in require at /home/bri/.cpan/build/Fey-ORM-0.38-_nfoCJ/blib/lib/Fey/ORM/Schema.pm line 11.
BEGIN failed--compilation aborted at /home/bri/.cpan/build/Fey-ORM-0.38-_nfoCJ/blib/lib/Fey/ORM/Schema.pm line 11.
Compilation failed in require at (eval 621) line 4.
BEGIN failed--compilation aborted at (eval 621) line 4.
t/Object/Table-cache.t .................. 
Dubious, test returned 2 (wstat 512, 0x200)
No subtests run 
Can't locate MooseX/StrictConstructor/Role/Meta/Method/Constructor.pm in @INC (@INC contains: t/lib /home/bri/.cpan/build/Fey-ORM-0.38-_nfoCJ/blib/lib /home/bri/.cpan/build/Fey-ORM-0.38-_nfoCJ/blib/arch /home/bri/perl5/perlbrew/perls/perl-5.14.2/lib/site_perl/5.14.2/i686-linux /home/bri/perl5/perlbrew/perls/perl-5.14.2/lib/site_perl/5.14.2 /home/bri/perl5/perlbrew/perls/perl-5.14.2/lib/5.14.2/i686-linux /home/bri/perl5/perlbrew/perls/perl-5.14.2/lib/5.14.2 .) at /home/bri/perl5/perlbrew/perls/perl-5.14.2/lib/site_perl/5.14.2/Module/Runtime.pm line 205.
 at /home/bri/perl5/perlbrew/perls/perl-5.14.2/lib/site_perl/5.14.2/i686-linux/Moose.pm line 67
Compilation failed in require at /home/bri/.cpan/build/Fey-ORM-0.38-_nfoCJ/blib/lib/Fey/Meta/Class/Table.pm line 21.
BEGIN failed--compilation aborted at /home/bri/.cpan/build/Fey-ORM-0.38-_nfoCJ/blib/lib/Fey/Meta/Class/Table.pm line 21.
Compilation failed in require at /home/bri/.cpan/build/Fey-ORM-0.38-_nfoCJ/blib/lib/Fey/ORM/Table.pm line 11.
BEGIN failed--compilation aborted at /home/bri/.cpan/build/Fey-ORM-0.38-_nfoCJ/blib/lib/Fey/ORM/Table.pm line 11.
Compilation failed in require at t/Object/Table-has_many.t line 19.
BEGIN failed--compilation aborted at t/Object/Table-has_many.t line 19.
t/Object/Table-has_many.t ............... 
Dubious, test returned 2 (wstat 512, 0x200)
No subtests run 
Can't locate MooseX/StrictConstructor/Role/Meta/Method/Constructor.pm in @INC (@INC contains: t/lib /home/bri/.cpan/build/Fey-ORM-0.38-_nfoCJ/blib/lib /home/bri/.cpan/build/Fey-ORM-0.38-_nfoCJ/blib/arch /home/bri/perl5/perlbrew/perls/perl-5.14.2/lib/site_perl/5.14.2/i686-linux /home/bri/perl5/perlbrew/perls/perl-5.14.2/lib/site_perl/5.14.2 /home/bri/perl5/perlbrew/perls/perl-5.14.2/lib/5.14.2/i686-linux /home/bri/perl5/perlbrew/perls/perl-5.14.2/lib/5.14.2 .) at /home/bri/perl5/perlbrew/perls/perl-5.14.2/lib/site_perl/5.14.2/Module/Runtime.pm line 205.
 at /home/bri/perl5/perlbrew/perls/perl-5.14.2/lib/site_perl/5.14.2/i686-linux/Moose.pm line 67
Compilation failed in require at /home/bri/.cpan/build/Fey-ORM-0.38-_nfoCJ/blib/lib/Fey/Meta/Class/Table.pm line 21.
BEGIN failed--compilation aborted at /home/bri/.cpan/build/Fey-ORM-0.38-_nfoCJ/blib/lib/Fey/Meta/Class/Table.pm line 21.
Compilation failed in require at /home/bri/.cpan/build/Fey-ORM-0.38-_nfoCJ/blib/lib/Fey/ORM/Table.pm line 11.
BEGIN failed--compilation aborted at /home/bri/.cpan/build/Fey-ORM-0.38-_nfoCJ/blib/lib/Fey/ORM/Table.pm line 11.
Compilation failed in require at t/Object/Table-has_one.t line 19.
BEGIN failed--compilation aborted at t/Object/Table-has_one.t line 19.
t/Object/Table-has_one.t ................ 
Dubious, test returned 2 (wstat 512, 0x200)
No subtests run 
Can't locate MooseX/StrictConstructor/Role/Meta/Method/Constructor.pm in @INC (@INC contains: t/lib /home/bri/.cpan/build/Fey-ORM-0.38-_nfoCJ/blib/lib /home/bri/.cpan/build/Fey-ORM-0.38-_nfoCJ/blib/arch /home/bri/perl5/perlbrew/perls/perl-5.14.2/lib/site_perl/5.14.2/i686-linux /home/bri/perl5/perlbrew/perls/perl-5.14.2/lib/site_perl/5.14.2 /home/bri/perl5/perlbrew/perls/perl-5.14.2/lib/5.14.2/i686-linux /home/bri/perl5/perlbrew/perls/perl-5.14.2/lib/5.14.2 .) at /home/bri/perl5/perlbrew/perls/perl-5.14.2/lib/site_perl/5.14.2/Module/Runtime.pm line 205.
 at /home/bri/perl5/perlbrew/perls/perl-5.14.2/lib/site_perl/5.14.2/i686-linux/Moose.pm line 67
Compilation failed in require at /home/bri/.cpan/build/Fey-ORM-0.38-_nfoCJ/blib/lib/Fey/Meta/Class/Table.pm line 21.
BEGIN failed--compilation aborted at /home/bri/.cpan/build/Fey-ORM-0.38-_nfoCJ/blib/lib/Fey/Meta/Class/Table.pm line 21.
Compilation failed in require at /home/bri/.cpan/build/Fey-ORM-0.38-_nfoCJ/blib/lib/Fey/ORM/Table.pm line 11.
BEGIN failed--compilation aborted at /home/bri/.cpan/build/Fey-ORM-0.38-_nfoCJ/blib/lib/Fey/ORM/Table.pm line 11.
Compilation failed in require at t/Object/Table-query-method.t line 18.
BEGIN failed--compilation aborted at t/Object/Table-query-method.t line 18.
t/Object/Table-query-method.t ........... 
Dubious, test returned 2 (wstat 512, 0x200)
No subtests run 
Can't locate MooseX/StrictConstructor/Role/Meta/Method/Constructor.pm in @INC (@INC contains: t/lib /home/bri/.cpan/build/Fey-ORM-0.38-_nfoCJ/blib/lib /home/bri/.cpan/build/Fey-ORM-0.38-_nfoCJ/blib/arch /home/bri/perl5/perlbrew/perls/perl-5.14.2/lib/site_perl/5.14.2/i686-linux /home/bri/perl5/perlbrew/perls/perl-5.14.2/lib/site_perl/5.14.2 /home/bri/perl5/perlbrew/perls/perl-5.14.2/lib/5.14.2/i686-linux /home/bri/perl5/perlbrew/perls/perl-5.14.2/lib/5.14.2 .) at /home/bri/perl5/perlbrew/perls/perl-5.14.2/lib/site_perl/5.14.2/Module/Runtime.pm line 205.
 at /home/bri/perl5/perlbrew/perls/perl-5.14.2/lib/site_perl/5.14.2/i686-linux/Moose.pm line 67
Compilation failed in require at /home/bri/.cpan/build/Fey-ORM-0.38-_nfoCJ/blib/lib/Fey/Meta/Class/Table.pm line 21.
BEGIN failed--compilation aborted at /home/bri/.cpan/build/Fey-ORM-0.38-_nfoCJ/blib/lib/Fey/Meta/Class/Table.pm line 21.
Compilation failed in require at /home/bri/.cpan/build/Fey-ORM-0.38-_nfoCJ/blib/lib/Fey/ORM/Table.pm line 11.
BEGIN failed--compilation aborted at /home/bri/.cpan/build/Fey-ORM-0.38-_nfoCJ/blib/lib/Fey/ORM/Table.pm line 11.
Compilation failed in require at t/Object/Table-select-attr.t line 18.
BEGIN failed--compilation aborted at t/Object/Table-select-attr.t line 18.
t/Object/Table-select-attr.t ............ 
Dubious, test returned 2 (wstat 512, 0x200)
No subtests run 
Can't locate MooseX/StrictConstructor/Role/Meta/Method/Constructor.pm in @INC (@INC contains: t/lib /home/bri/.cpan/build/Fey-ORM-0.38-_nfoCJ/blib/lib /home/bri/.cpan/build/Fey-ORM-0.38-_nfoCJ/blib/arch /home/bri/perl5/perlbrew/perls/perl-5.14.2/lib/site_perl/5.14.2/i686-linux /home/bri/perl5/perlbrew/perls/perl-5.14.2/lib/site_perl/5.14.2 /home/bri/perl5/perlbrew/perls/perl-5.14.2/lib/5.14.2/i686-linux /home/bri/perl5/perlbrew/perls/perl-5.14.2/lib/5.14.2 .) at /home/bri/perl5/perlbrew/perls/perl-5.14.2/lib/site_perl/5.14.2/Module/Runtime.pm line 205.
 at /home/bri/perl5/perlbrew/perls/perl-5.14.2/lib/site_perl/5.14.2/i686-linux/Moose.pm line 67
Compilation failed in require at /home/bri/.cpan/build/Fey-ORM-0.38-_nfoCJ/blib/lib/Fey/Meta/Class/Table.pm line 21.
BEGIN failed--compilation aborted at /home/bri/.cpan/build/Fey-ORM-0.38-_nfoCJ/blib/lib/Fey/Meta/Class/Table.pm line 21.
Compilation failed in require at /home/bri/.cpan/build/Fey-ORM-0.38-_nfoCJ/blib/lib/Fey/ORM/Table.pm line 11.
BEGIN failed--compilation aborted at /home/bri/.cpan/build/Fey-ORM-0.38-_nfoCJ/blib/lib/Fey/ORM/Table.pm line 11.
Compilation failed in require at t/Object/Table.t line 392.
BEGIN failed--compilation aborted at t/Object/Table.t line 392.
t/Object/Table.t ........................ 
Dubious, test returned 2 (wstat 512, 0x200)
No subtests run 
t/release-eol.t ......................... skipped: these tests are for release candidate testing
t/release-kwalitee.t .................... skipped: these tests are for release candidate testing
t/release-no-tabs.t ..................... skipped: these tests are for release candidate testing

Test Summary Report
-------------------
t/Class/Policy.t                      (Wstat: 512 Tests: 0 Failed: 0)
  Non-zero exit status: 2
  Parse errors: No plan found in TAP output
t/Class/Schema.t                      (Wstat: 512 Tests: 0 Failed: 0)
  Non-zero exit status: 2
  Parse errors: No plan found in TAP output
t/Class/Table-has_many.t              (Wstat: 512 Tests: 0 Failed: 0)
  Non-zero exit status: 2
  Parse errors: No plan found in TAP output
t/Class/Table-has_one.t               (Wstat: 512 Tests: 0 Failed: 0)
  Non-zero exit status: 2
  Parse errors: No plan found in TAP output
t/Class/Table.t                       (Wstat: 512 Tests: 0 Failed: 0)
  Non-zero exit status: 2
  Parse errors: No plan found in TAP output
t/Object/Iterator/FromArray.t         (Wstat: 512 Tests: 0 Failed: 0)
  Non-zero exit status: 2
  Parse errors: No plan found in TAP output
t/Object/Iterator/FromSelect.t        (Wstat: 512 Tests: 0 Failed: 0)
  Non-zero exit status: 2
  Parse errors: No plan found in TAP output
t/Object/Iterator/FromSelect/Caching.t (Wstat: 512 Tests: 0 Failed: 0)
  Non-zero exit status: 2
  Parse errors: No plan found in TAP output
t/Object/Schema.t                     (Wstat: 512 Tests: 0 Failed: 0)
  Non-zero exit status: 2
  Parse errors: No plan found in TAP output
t/Object/Table-cache.t                (Wstat: 512 Tests: 0 Failed: 0)
  Non-zero exit status: 2
  Parse errors: No plan found in TAP output
t/Object/Table-has_many.t             (Wstat: 512 Tests: 0 Failed: 0)
  Non-zero exit status: 2
  Parse errors: No plan found in TAP output
t/Object/Table-has_one.t              (Wstat: 512 Tests: 0 Failed: 0)
  Non-zero exit status: 2
  Parse errors: No plan found in TAP output
t/Object/Table-query-method.t         (Wstat: 512 Tests: 0 Failed: 0)
  Non-zero exit status: 2
  Parse errors: No plan found in TAP output
t/Object/Table-select-attr.t          (Wstat: 512 Tests: 0 Failed: 0)
  Non-zero exit status: 2
  Parse errors: No plan found in TAP output
t/Object/Table.t                      (Wstat: 512 Tests: 0 Failed: 0)
  Non-zero exit status: 2
  Parse errors: No plan found in TAP output
Files=18, Tests=0, 36 wallclock secs ( 0.06 usr  0.02 sys + 25.57 cusr  0.63 csys = 26.28 CPU)
Result: FAIL
Failed 15/18 test programs. 0/0 subtests failed.
make: *** [test_dynamic] Error 255

------------------------------
PREREQUISITES
------------------------------

Prerequisite modules loaded:

requires:

    Module                         Need Have   
    ------------------------------ ---- -------
    Devel::GlobalDestruction       0    0.04   
    Exception::Class               0    1.32   
    Fey                            0.39 0.40   
    Fey::DBIManager                0.07 0.16   
    List::AllUtils                 0    0.02   
    Moose                          1.15 2.0401 
    MooseX::ClassAttribute         0.17 0.26   
    MooseX::SemiAffordanceAccessor 0    0.09   
    MooseX::StrictConstructor      0.08 0.15   
    namespace::autoclean           0    0.13   
    Object::ID                     0    v0.1.2 
    Scalar::Util                   0    1.23   
    Sub::Exporter                  0    0.982  

build_requires:

    Module                         Need Have   
    ------------------------------ ---- -------
    Fey::Test                      0.05 0.10   
    Test::Exception                0    0.31   
    Test::More                     0.88 0.98   

configure_requires:

    Module                         Need Have   
    ------------------------------ ---- -------
    ExtUtils::MakeMaker            6.31 6.63_02


------------------------------
ENVIRONMENT AND OTHER CONTEXT
------------------------------

Environment variables:

    AUTOMATED_TESTING = 1
    LANG = C
    LANGUAGE = en_GB:en
    LC_ALL = C
    PATH = /home/bri/bin:/home/bri/perl5/perlbrew/bin:/home/bri/perl5/perlbrew/perls/perl-5.14.2/bin:~/bin:/usr/local/sbin:/usr/local/bin:/usr/sbin:/usr/bin:/sbin:/bin:/usr/games
    PATH_WITHOUT_PERLBREW = ~/bin:/usr/local/sbin:/usr/local/bin:/usr/sbin:/usr/bin:/sbin:/bin:/usr/games
    PERL5LIB = 
    PERL5OPT = 
    PERL5_CPANPLUS_IS_RUNNING = 5374
    PERL5_CPAN_IS_RUNNING = 5374
    PERL5_CPAN_IS_RUNNING_IN_RECURSION = 1848,5374
    PERLBREW_BASHRC_VERSION = 0.33
    PERLBREW_HOME = /home/bri/.perlbrew
    PERLBREW_PATH = /home/bri/perl5/perlbrew/bin:/home/bri/perl5/perlbrew/perls/perl-5.14.2/bin
    PERLBREW_PERL = perl-5.14.2
    PERLBREW_ROOT = /home/bri/perl5/perlbrew
    PERLBREW_VERSION = 0.33
    PERL_CPANM_OPT = --prompt --mirror http://172.16.1.3/cpan/
    PERL_CR_SMOKER_CURRENT = Fey-ORM-0.38
    PERL_EXTUTILS_AUTOINSTALL = --defaultdeps
    PERL_MM_USE_DEFAULT = 1
    SHELL = /bin/bash
    TERM = linux

Perl special variables (and OS-specific diagnostics, for MSWin32):

    $^X = /home/bri/perl5/perlbrew/perls/perl-5.14.2/bin/perl5.14.2
    $UID/$EUID = 1000 / 1000
    $GID = 1000 4 20 24 46 112 120 122 1000
    $EGID = 1000 4 20 24 46 112 120 122 1000

Perl module toolchain versions installed:

    Module              Have    
    ------------------- --------
    CPAN                1.9800  
    CPAN::Meta          2.112621
    Cwd                 3.36    
    ExtUtils::CBuilder  0.280202
    ExtUtils::Command   1.17    
    ExtUtils::Install   1.56    
    ExtUtils::MakeMaker 6.63_02 
    ExtUtils::Manifest  1.60    
    ExtUtils::ParseXS   3.05    
    File::Spec          3.33    
    JSON                2.53    
    JSON::PP            2.27200 
    Module::Build       0.3800  
    Module::Signature   n/a     
    Parse::CPAN::Meta   1.4401  
    Test::Harness       3.23    
    Test::More          0.98    
    YAML                0.73    
    YAML::Syck          1.19    
    version             0.95    


--

Summary of my perl5 (revision 5 version 14 subversion 2) configuration:
   
  Platform:
    osname=linux, osvers=2.6.38-11-generic, archname=i686-linux
    uname='linux lappy 2.6.38-11-generic #48-ubuntu smp fri jul 29 19:05:14 utc 2011 i686 i686 i386 gnulinux '
    config_args='-de -Dprefix=/home/bri/perl5/perlbrew/perls/perl-5.14.2'
    hint=recommended, useposix=true, d_sigaction=define
    useithreads=undef, usemultiplicity=undef
    useperlio=define, d_sfio=undef, uselargefiles=define, usesocks=undef
    use64bitint=undef, use64bitall=undef, uselongdouble=undef
    usemymalloc=n, bincompat5005=undef
  Compiler:
    cc='cc', ccflags ='-fno-strict-aliasing -pipe -fstack-protector -I/usr/local/include -D_LARGEFILE_SOURCE -D_FILE_OFFSET_BITS=64',
    optimize='-O2',
    cppflags='-fno-strict-aliasing -pipe -fstack-protector -I/usr/local/include'
    ccversion='', gccversion='4.5.2', gccosandvers=''
    intsize=4, longsize=4, ptrsize=4, doublesize=8, byteorder=1234
    d_longlong=define, longlongsize=8, d_longdbl=define, longdblsize=12
    ivtype='long', ivsize=4, nvtype='double', nvsize=8, Off_t='off_t', lseeksize=8
    alignbytes=4, prototype=define
  Linker and Libraries:
    ld='cc', ldflags =' -fstack-protector -L/usr/local/lib'
    libpth=/usr/local/lib /lib /usr/lib /usr/lib/i386-linux-gnu /usr/lib64
    libs=-lnsl -ldl -lm -lcrypt -lutil -lc
    perllibs=-lnsl -ldl -lm -lcrypt -lutil -lc
    libc=, so=so, useshrplib=false, libperl=libperl.a
    gnulibc_version='2.13'
  Dynamic Linking:
    dlsrc=dl_dlopen.xs, dlext=so, d_dlsymun=undef, ccdlflags='-Wl,-E'
    cccdlflags='-fPIC', lddlflags='-shared -O2 -L/usr/local/lib -fstack-protector'


Characteristics of this binary (from libperl): 
  Compile-time options: PERL_DONT_CREATE_GVSV PERL_MALLOC_WRAP
                        PERL_PRESERVE_IVUV USE_LARGE_FILES USE_PERLIO
                        USE_PERL_ATOF
  Built under linux
  Compiled at Nov 15 2011 23:23:28
  %ENV:
    PERL5LIB=""
    PERL5OPT=""
    PERL5_CPANPLUS_IS_RUNNING="5374"
    PERL5_CPAN_IS_RUNNING="5374"
    PERL5_CPAN_IS_RUNNING_IN_RECURSION="1848,5374"
    PERLBREW_BASHRC_VERSION="0.33"
    PERLBREW_HOME="/home/bri/.perlbrew"
    PERLBREW_PATH="/home/bri/perl5/perlbrew/bin:/home/bri/perl5/perlbrew/perls/perl-5.14.2/bin"
    PERLBREW_PERL="perl-5.14.2"
    PERLBREW_ROOT="/home/bri/perl5/perlbrew"
    PERLBREW_VERSION="0.33"
    PERL_CPANM_OPT="--prompt --mirror http://172.16.1.3/cpan/"
    PERL_CR_SMOKER_CURRENT="Fey-ORM-0.38"
    PERL_EXTUTILS_AUTOINSTALL="--defaultdeps"
    PERL_MM_USE_DEFAULT="1"
  @INC:
    /home/bri/perl5/perlbrew/perls/perl-5.14.2/lib/site_perl/5.14.2/i686-linux
    /home/bri/perl5/perlbrew/perls/perl-5.14.2/lib/site_perl/5.14.2
    /home/bri/perl5/perlbrew/perls/perl-5.14.2/lib/5.14.2/i686-linux
    /home/bri/perl5/perlbrew/perls/perl-5.14.2/lib/5.14.2
    .