Report for NG-0.001_05

Back
From: metabase:user:314402c4-2aae-11df-837a-5e0a49663a4f
Subject: FAIL NG-0.001_05 v5.12.3 FreeBSD
Date: 2013-05-21T12:25:33Z

This distribution has been tested as part of the CPAN Testers
project, supporting the Perl programming language.  See
http://wiki.cpantesters.org/ for more information or email
questions to cpan-testers-discuss@perl.org


--
Dear Jeff Rao,

This is a computer-generated report for NG-0.001_05
on perl 5.12.3, created by CPAN-Reporter-1.2007.

Thank you for uploading your work to CPAN.  However, there was a problem
testing your distribution.

If you think this report is invalid, please consult the CPAN Testers Wiki
for suggestions on how to avoid getting FAIL reports for missing library
or binary dependencies, unsupported operating systems, and so on:

http://wiki.cpantesters.org/wiki/CPANAuthorNotes

Sections of this report:

    * Tester comments
    * Program output
    * Prerequisites
    * Environment and other context

------------------------------
TESTER COMMENTS
------------------------------

Additional comments from tester:

none provided

------------------------------
PROGRAM OUTPUT
------------------------------

Output from '/usr/bin/make test':

PERL_DL_NONLAZY=1 /usr/perl5.12.3/bin/perl5.12.3 "-MExtUtils::Command::MM" "-e" "test_harness(0, 'blib/lib', 'blib/arch')" t/*.t
# Testing NG 0.001_05, Perl 5.012003, /usr/perl5.12.3/bin/perl5.12.3
t/00-load.t ......... ok
t/01-array.t ........ ok
t/02-hashtable.t .... ok
Can't locate object method "put" via package "NG::SHashtable" at t/03-shashtable.t line 11.
# Looks like your test exited with 255 just after 1.
t/03-shashtable.t ... 
Dubious, test returned 255 (wstat 65280, 0xff00)
All 1 subtests passed 
t/04-time.t ......... ok

#   Failed test at t/05-file-stat.t line 14.
#          got: '1023'
#     expected: '1000'

#   Failed test at t/05-file-stat.t line 17.
#          got: '1970'
#     expected: '2013'
# Looks like you failed 2 tests of 6.
t/05-file-stat.t .... 
Dubious, test returned 2 (wstat 512, 0x200)
Failed 2/6 subtests 
t/06-file-read.t .... ok
Use of uninitialized value in subroutine entry at /usr/perl5.12.3/lib/site_perl/5.12.3/HTML/TreeBuilder.pm line 151.
t/07-http-dom.t ..... ok
Parsing of undecoded UTF-8 will give garbage when decoding entities at /usr/perl5.12.3/lib/site_perl/5.12.3/HTML/TreeBuilder.pm line 151.
Parsing of undecoded UTF-8 will give garbage when decoding entities at /usr/perl5.12.3/lib/site_perl/5.12.3/HTML/TreeBuilder.pm line 151.
Use of uninitialized value in subroutine entry at /usr/perl5.12.3/lib/site_perl/5.12.3/HTML/TreeBuilder.pm line 151.

#   Failed test 'HTTP code ok'
#   at t/08-http-client.t line 18.
#          got: '597'
#     expected: '200'
# Looks like you failed 1 test of 6.
t/08-http-client.t .. 
Dubious, test returned 1 (wstat 256, 0x100)
Failed 1/6 subtests 
t/09-system.t ....... ok
t/10-log.t .......... ok
Useless use of hash element in void context at t/11-email.t line 15.
t/11-email.t ........ ok
t/12-parse-excel.t .. ok
t/13-autobox.t ...... ok
Can't locate object method "sound" via package "Dog" at t/14-def_class.t line 36.
# Tests were run but no plan was declared and done_testing() was not seen.
t/14-def_class.t .... 
Dubious, test returned 2 (wstat 512, 0x200)
All 4 subtests passed 
t/15-dir-read.t ..... ok

Test Summary Report
-------------------
t/03-shashtable.t (Wstat: 65280 Tests: 1 Failed: 0)
  Non-zero exit status: 255
t/05-file-stat.t  (Wstat: 512 Tests: 6 Failed: 2)
  Failed tests:  4, 6
  Non-zero exit status: 2
t/08-http-client.t (Wstat: 256 Tests: 6 Failed: 1)
  Failed test:  5
  Non-zero exit status: 1
t/14-def_class.t  (Wstat: 512 Tests: 4 Failed: 0)
  Non-zero exit status: 2
  Parse errors: No plan found in TAP output
Files=16, Tests=77, 23 wallclock secs ( 0.07 usr  0.05 sys +  2.52 cusr  0.88 csys =  3.53 CPU)
Result: FAIL
Failed 4/16 test programs. 3/77 subtests failed.
*** Error code 255

Stop in /var/tmp/CPAN-build/NG-0.001_05-7GreCI.

------------------------------
PREREQUISITES
------------------------------

Prerequisite modules loaded:

requires:

    Module                   Need Have    
    ------------------------ ---- --------
    AnyEvent::HTTP           0    2.13    
    autobox                  0    2.77    
    autodie                  0    2.19    
    Child                    0    0.009   
    DBI                      0    1.625   
    Digest::MD5              0    2.51    
    Email::MIME              0    1.911   
    File::Copy::Recursive    0    0.38    
    HTML::Element            5.00 5.03    
    HTML::Selector::XPath    0    0.13    
    HTML::TreeBuilder::XPath 0    0.14    
    JSON::XS                 0    2.33    
    Net::SSH::Any            0    0.03    
    perl                     5.01 5.012003
    Spreadsheet::ParseExcel  0    0.59    
    Spreadsheet::WriteExcel  0    2.37    
    SQL::Abstract            0    1.73    
    Sys::CpuAffinity         0    1.06    
    Time::HiRes              0    1.9725  
    Try::Tiny                0    0.12    
    XML::Simple              0    2.18    
    YAML::XS                 0    0.38    

build_requires:

    Module                   Need Have    
    ------------------------ ---- --------
    Test::Deep               0    0.110   
    Test::More               0    0.98    

configure_requires:

    Module                   Need Have    
    ------------------------ ---- --------
    ExtUtils::MakeMaker      0    6.64    


------------------------------
ENVIRONMENT AND OTHER CONTEXT
------------------------------

Environment variables:

    DBIC_NO_WARN_BAD_PERL = 1
    PATH = /usr/local/bin:/usr/X11R6/bin:/usr/X11/bin:/usr/perl5.8.0/bin:/usr/bin:/bin:/usr/local/sbin:/usr/sbin:/sbin:/usr/local/pilot/bin:/home/cpansand/bin/freebsd8.0:/home/cpansand/bin/sh:/home/cpansand/bin:/usr/X386/bin:/usr/games:/home/cpansand/devel:/usr/home/e/eserte/work/srezic-misc/scripts
    PERL5LIB = /usr/local/src/CPAN/build/HTML-Template-Compiled-1.001_001-TIYhkP/blib/arch:/usr/local/src/CPAN/build/HTML-Template-Compiled-1.001_001-TIYhkP/blib/lib:/usr/local/src/CPAN/build/DBIx-Oro-0.29_3-dtoRVc/blib/arch:/usr/local/src/CPAN/build/DBIx-Oro-0.29_3-dtoRVc/blib/lib:/usr/local/src/CPAN/build/Crypt-Blowfish-2.12_001-grAguL/blib/arch:/usr/local/src/CPAN/build/Crypt-Blowfish-2.12_001-grAguL/blib/lib:/usr/local/src/CPAN/build/Debug-Client-0.25_10-d3jlyj/blib/arch:/usr/local/src/CPAN/build/Debug-Client-0.25_10-d3jlyj/blib/lib:/usr/local/src/CPAN/build/File-Temp-0.2301-Q3ih5V/blib/arch:/usr/local/src/CPAN/build/File-Temp-0.2301-Q3ih5V/blib/lib:/usr/local/src/CPAN/build/IO-Socket-IP-0.21-6RMD3O/blib/arch:/usr/local/src/CPAN/build/IO-Socket-IP-0.21-6RMD3O/blib/lib:/usr/local/src/CPAN/build/Test-Class-0.39-x0aC7k/blib/arch:/usr/local/src/CPAN/build/Test-Class-0.39-x0aC7k/blib/lib
    PERL5OPT = 
    PERL5_CPANPLUS_IS_RUNNING = 49443
    PERL5_CPAN_IS_RUNNING = 49443
    PERL5_CPAN_IS_RUNNING_IN_RECURSION = 49414,49443
    PERL_BATCH = yes
    PERL_CPAN_REPORTER_CONFIG = /var/tmp/cpansmoker-1023/7Fot0oRfcX_config.ini
    PERL_EXTUTILS_AUTOINSTALL = --defaultdeps
    PERL_HTML_DISPLAY_CLASS = HTML::Display::Mozilla
    SHELL = /usr/local/bin/zsh
    TERM = screen
    TMPDIR = /var/tmp/cpansmoker-1023

Perl special variables (and OS-specific diagnostics, for MSWin32):

    $^X = /usr/perl5.12.3/bin/perl5.12.3
    $UID/$EUID = 1023 / 1023
    $GID = 1023 1023
    $EGID = 1023 1023

Perl module toolchain versions installed:

    Module              Have    
    ------------------- --------
    CPAN                2.00    
    CPAN::Meta          2.130880
    Cwd                 3.40    
    ExtUtils::CBuilder  0.280205
    ExtUtils::Command   1.17    
    ExtUtils::Install   1.55    
    ExtUtils::MakeMaker 6.64    
    ExtUtils::Manifest  1.60    
    ExtUtils::ParseXS   3.18    
    File::Spec          3.40    
    JSON                2.57    
    JSON::PP            2.27200 
    Module::Build       0.4005  
    Module::Signature   0.68    
    Parse::CPAN::Meta   1.4403  
    Test::Harness       3.23    
    Test::More          0.98    
    YAML                0.84    
    YAML::Syck          1.27    
    version             0.9901  


--

Summary of my perl5 (revision 5 version 12 subversion 3) configuration:
   
  Platform:
    osname=freebsd, osvers=8.0-release, archname=i386-freebsd
    uname='freebsd biokovo.herceg.de 8.0-release freebsd 8.0-release #0: sat nov 21 15:48:17 utc 2009 root@almeida.cse.buffalo.edu:usrobjusrsrcsysgeneric i386 '
    config_args='-Dprefix=/usr/perl5.12.3 -Dusemymalloc=n -D cc=ccache cc -Dgccansipedantic -Duse64bit -de -D hintfile=myfreebsd'
    hint=recommended, useposix=true, d_sigaction=define
    useithreads=undef, usemultiplicity=undef
    useperlio=define, d_sfio=undef, uselargefiles=define, usesocks=undef
    use64bitint=undef, use64bitall=undef, uselongdouble=undef
    usemymalloc=n, bincompat5005=undef
  Compiler:
    cc='ccache cc', ccflags ='-DHAS_FPSETMASK -DHAS_FLOATINGPOINT_H -fno-strict-aliasing -pipe -fstack-protector -I/usr/local/include',
    optimize='-O2 -mtune=athlon64 -pipe',
    cppflags='-DHAS_FPSETMASK -DHAS_FLOATINGPOINT_H -fno-strict-aliasing -pipe -fstack-protector -I/usr/local/include'
    ccversion='', gccversion='4.2.1 20070719  [FreeBSD]', gccosandvers=''
    intsize=4, longsize=4, ptrsize=4, doublesize=8, byteorder=1234
    d_longlong=define, longlongsize=8, d_longdbl=define, longdblsize=12
    ivtype='long', ivsize=4, nvtype='double', nvsize=8, Off_t='off_t', lseeksize=8
    alignbytes=4, prototype=define
  Linker and Libraries:
    ld='ccache cc', ldflags ='-Wl,-E  -fstack-protector -L/usr/local/lib'
    libpth=/usr/lib /usr/local/lib
    libs=-lgdbm -lm -lcrypt -lutil -lc
    perllibs=-lm -lcrypt -lutil -lc
    libc=, so=so, useshrplib=false, libperl=libperl.a
    gnulibc_version=''
  Dynamic Linking:
    dlsrc=dl_dlopen.xs, dlext=so, d_dlsymun=undef, ccdlflags=' '
    cccdlflags='-DPIC -fPIC', lddlflags='-shared  -L/usr/local/lib -fstack-protector'


Characteristics of this binary (from libperl): 
  Compile-time options: PERL_DONT_CREATE_GVSV PERL_MALLOC_WRAP PERL_USE_DEVEL
                        USE_LARGE_FILES USE_PERLIO USE_PERL_ATOF
  Built under freebsd
  Compiled at Jan 25 2011 22:50:03
  %ENV:
    PERL5LIB="/usr/local/src/CPAN/build/HTML-Template-Compiled-1.001_001-TIYhkP/blib/arch:/usr/local/src/CPAN/build/HTML-Template-Compiled-1.001_001-TIYhkP/blib/lib:/usr/local/src/CPAN/build/DBIx-Oro-0.29_3-dtoRVc/blib/arch:/usr/local/src/CPAN/build/DBIx-Oro-0.29_3-dtoRVc/blib/lib:/usr/local/src/CPAN/build/Crypt-Blowfish-2.12_001-grAguL/blib/arch:/usr/local/src/CPAN/build/Crypt-Blowfish-2.12_001-grAguL/blib/lib:/usr/local/src/CPAN/build/Debug-Client-0.25_10-d3jlyj/blib/arch:/usr/local/src/CPAN/build/Debug-Client-0.25_10-d3jlyj/blib/lib:/usr/local/src/CPAN/build/File-Temp-0.2301-Q3ih5V/blib/arch:/usr/local/src/CPAN/build/File-Temp-0.2301-Q3ih5V/blib/lib:/usr/local/src/CPAN/build/IO-Socket-IP-0.21-6RMD3O/blib/arch:/usr/local/src/CPAN/build/IO-Socket-IP-0.21-6RMD3O/blib/lib:/usr/local/src/CPAN/build/Test-Class-0.39-x0aC7k/blib/arch:/usr/local/src/CPAN/build/Test-Class-0.39-x0aC7k/blib/lib"
    PERL5OPT=""
    PERL5_CPANPLUS_IS_RUNNING="49443"
    PERL5_CPAN_IS_RUNNING="49443"
    PERL5_CPAN_IS_RUNNING_IN_RECURSION="49414,49443"
    PERL_BATCH="yes"
    PERL_CPAN_REPORTER_CONFIG="/var/tmp/cpansmoker-1023/7Fot0oRfcX_config.ini"
    PERL_EXTUTILS_AUTOINSTALL="--defaultdeps"
    PERL_HTML_DISPLAY_CLASS="HTML::Display::Mozilla"
  @INC:
    /usr/local/src/CPAN/build/HTML-Template-Compiled-1.001_001-TIYhkP/blib/arch
    /usr/local/src/CPAN/build/HTML-Template-Compiled-1.001_001-TIYhkP/blib/lib
    /usr/local/src/CPAN/build/DBIx-Oro-0.29_3-dtoRVc/blib/arch
    /usr/local/src/CPAN/build/DBIx-Oro-0.29_3-dtoRVc/blib/lib
    /usr/local/src/CPAN/build/Crypt-Blowfish-2.12_001-grAguL/blib/arch
    /usr/local/src/CPAN/build/Crypt-Blowfish-2.12_001-grAguL/blib/lib
    /usr/local/src/CPAN/build/Debug-Client-0.25_10-d3jlyj/blib/arch
    /usr/local/src/CPAN/build/Debug-Client-0.25_10-d3jlyj/blib/lib
    /usr/local/src/CPAN/build/File-Temp-0.2301-Q3ih5V/blib/arch
    /usr/local/src/CPAN/build/File-Temp-0.2301-Q3ih5V/blib/lib
    /usr/local/src/CPAN/build/IO-Socket-IP-0.21-6RMD3O/blib/arch
    /usr/local/src/CPAN/build/IO-Socket-IP-0.21-6RMD3O/blib/lib
    /usr/local/src/CPAN/build/Test-Class-0.39-x0aC7k/blib/arch
    /usr/local/src/CPAN/build/Test-Class-0.39-x0aC7k/blib/lib
    /usr/perl5.12.3/lib/site_perl/5.12.3/i386-freebsd
    /usr/perl5.12.3/lib/site_perl/5.12.3
    /usr/perl5.12.3/lib/5.12.3/i386-freebsd
    /usr/perl5.12.3/lib/5.12.3
    .