Report for NG-0.001_05

Back
From: metabase:user:320bfe00-2aae-11df-837a-5e0a49663a4f
Subject: FAIL NG-0.001_05 v5.17.9 GNU/Linux
Date: 2013-05-21T03:07:12Z

This distribution has been tested as part of the CPAN Testers
project, supporting the Perl programming language.  See
http://wiki.cpantesters.org/ for more information or email
questions to cpan-testers-discuss@perl.org


--
Dear Jeff Rao,

This is a computer-generated report for NG-0.001_05
on perl 5.17.9, created by CPAN-Reporter-1.2010.

Thank you for uploading your work to CPAN.  However, there was a problem
testing your distribution.

If you think this report is invalid, please consult the CPAN Testers Wiki
for suggestions on how to avoid getting FAIL reports for missing library
or binary dependencies, unsupported operating systems, and so on:

http://wiki.cpantesters.org/wiki/CPANAuthorNotes

Sections of this report:

    * Tester comments
    * Program output
    * Prerequisites
    * Environment and other context

------------------------------
TESTER COMMENTS
------------------------------

Additional comments from tester:

this report is from an automated smoke testing program
and was not reviewed by a human for accuracy

------------------------------
PROGRAM OUTPUT
------------------------------

Output from '/usr/bin/make test':

PERL_DL_NONLAZY=1 /home/sand/src/perl/repoperls/installed-perls/perl/v5.17.9/165a/bin/perl "-MExtUtils::Command::MM" "-e" "test_harness(0, 'blib/lib', 'blib/arch')" t/*.t
# Testing NG 0.001_05, Perl 5.017009, /home/sand/src/perl/repoperls/installed-perls/perl/v5.17.9/165a/bin/perl
t/00-load.t ......... ok
t/01-array.t ........ ok
t/02-hashtable.t .... ok
t/03-shashtable.t ... ok
t/04-time.t ......... ok

#   Failed test at t/05-file-stat.t line 14.
#          got: '1005'
#     expected: '1000'
# Looks like you failed 1 test of 6.
t/05-file-stat.t .... 
Dubious, test returned 1 (wstat 256, 0x100)
Failed 1/6 subtests 
t/06-file-read.t .... ok
Use of uninitialized value in subroutine entry at /home/src/perl/repoperls/installed-perls/perl/v5.17.9/165a/lib/site_perl/5.17.9/HTML/TreeBuilder.pm line 151.
t/07-http-dom.t ..... ok
Too late to run CHECK block at /home/src/perl/repoperls/installed-perls/perl/v5.17.9/165a/lib/site_perl/5.17.9/x86_64-linux/EV.pm line 123.
Parsing of undecoded UTF-8 will give garbage when decoding entities at /home/src/perl/repoperls/installed-perls/perl/v5.17.9/165a/lib/site_perl/5.17.9/HTML/TreeBuilder.pm line 151.
Parsing of undecoded UTF-8 will give garbage when decoding entities at /home/src/perl/repoperls/installed-perls/perl/v5.17.9/165a/lib/site_perl/5.17.9/HTML/TreeBuilder.pm line 151.
t/08-http-client.t .. ok
t/09-system.t ....... ok
t/10-log.t .......... ok
Useless use of hash element in void context at t/11-email.t line 15.
t/11-email.t ........ ok
t/12-parse-excel.t .. ok
t/13-autobox.t ...... ok

#   Failed test 'list all methods ok'
#   at t/14-def_class.t line 37.
# Compared $data->[1]
#    got : 'sound'
# expect : 'run'
# Looks like you failed 1 test of 6.
t/14-def_class.t .... 
Dubious, test returned 1 (wstat 256, 0x100)
Failed 1/6 subtests 
t/15-dir-read.t ..... ok

Test Summary Report
-------------------
t/05-file-stat.t  (Wstat: 256 Tests: 6 Failed: 1)
  Failed test:  4
  Non-zero exit status: 1
t/14-def_class.t  (Wstat: 256 Tests: 6 Failed: 1)
  Failed test:  6
  Non-zero exit status: 1
Files=16, Tests=81, 10 wallclock secs ( 0.06 usr  0.02 sys +  2.60 cusr  0.34 csys =  3.02 CPU)
Result: FAIL
Failed 2/16 test programs. 2/81 subtests failed.
make: *** [test_dynamic] Error 255

------------------------------
PREREQUISITES
------------------------------

Prerequisite modules loaded:

requires:

    Module                   Need Have    
    ------------------------ ---- --------
    AnyEvent::HTTP           0    2.15    
    autobox                  0    2.79    
    autodie                  0    2.19    
    Child                    0    0.009   
    DBI                      0    1.627   
    Digest::MD5              0    2.52    
    Email::MIME              0    1.911   
    File::Copy::Recursive    0    0.38    
    HTML::Element            5.00 5.03    
    HTML::Selector::XPath    0    0.15    
    HTML::TreeBuilder::XPath 0    0.14    
    JSON::XS                 0    2.33    
    Net::SSH::Any            0    0.03    
    perl                     5.01 5.017009
    Spreadsheet::ParseExcel  0    0.59    
    Spreadsheet::WriteExcel  0    2.38    
    SQL::Abstract            0    1.73    
    Sys::CpuAffinity         0    1.06    
    Time::HiRes              0    1.9725  
    Try::Tiny                0    0.12    
    XML::Simple              0    2.20    
    YAML::XS                 0    0.41    

build_requires:

    Module                   Need Have    
    ------------------------ ---- --------
    Test::Deep               0    0.110   
    Test::More               0    0.98    

configure_requires:

    Module                   Need Have    
    ------------------------ ---- --------
    ExtUtils::MakeMaker      0    6.66    


------------------------------
ENVIRONMENT AND OTHER CONTEXT
------------------------------

Environment variables:

    AUTOMATED_TESTING = 1
    LANG = en_US.UTF-8
    LANGUAGE = en_US:en
    PATH = /usr/lib/ccache:/home/sand/bin:/usr/local/bin:/usr/bin:/bin:/usr/bin/X11:/usr/games:/usr/local/perl/bin:/usr/X11/bin:/sbin:/usr/sbin
    PERL5LIB = 
    PERL5OPT = 
    PERL5_CPANPLUS_IS_RUNNING = 26039
    PERL5_CPAN_IS_RUNNING = 26039
    PERL_MM_USE_DEFAULT = 1
    SHELL = /usr/bin/zsh
    TERM = screen

Perl special variables (and OS-specific diagnostics, for MSWin32):

    $^X = /home/sand/src/perl/repoperls/installed-perls/perl/v5.17.9/165a/bin/perl
    $UID/$EUID = 1005 / 1005
    $GID = 1005 1005
    $EGID = 1005 1005

Perl module toolchain versions installed:

    Module              Have    
    ------------------- --------
    CPAN                2.00    
    CPAN::Meta          2.120921
    Cwd                 3.40    
    ExtUtils::CBuilder  0.280209
    ExtUtils::Command   1.17    
    ExtUtils::Install   1.59    
    ExtUtils::MakeMaker 6.66    
    ExtUtils::Manifest  1.63    
    ExtUtils::ParseXS   3.18    
    File::Spec          3.40    
    JSON                2.57    
    JSON::PP            2.27200 
    Module::Build       0.4005  
    Module::Signature   0.70    
    Parse::CPAN::Meta   1.4404  
    Test::Harness       3.28    
    Test::More          0.98    
    YAML                0.84    
    YAML::Syck          1.25    
    version             0.9901  


--

Summary of my perl5 (revision 5 version 17 subversion 9) configuration:
  Commit id: 2426c3948e1fc088396e28ef9155a2e95fccd2a9
  Platform:
    osname=linux, osvers=3.2.0-4-amd64, archname=x86_64-linux
    uname='linux k83 3.2.0-4-amd64 #1 smp debian 3.2.41-2 x86_64 gnulinux '
    config_args='-Dprefix=/home/src/perl/repoperls/installed-perls/perl/v5.17.9/165a -Dmyhostname=k83 -Dinstallusrbinperl=n -Uversiononly -Dusedevel -des -Ui_db -Uuseithreads -Uuselongdouble -DDEBUGGING=-g'
    hint=recommended, useposix=true, d_sigaction=define
    useithreads=undef, usemultiplicity=undef
    useperlio=define, d_sfio=undef, uselargefiles=define, usesocks=undef
    use64bitint=define, use64bitall=define, uselongdouble=undef
    usemymalloc=n, bincompat5005=undef
  Compiler:
    cc='cc', ccflags ='-fno-strict-aliasing -pipe -fstack-protector -I/usr/local/include -D_LARGEFILE_SOURCE -D_FILE_OFFSET_BITS=64',
    optimize='-O2 -g',
    cppflags='-fno-strict-aliasing -pipe -fstack-protector -I/usr/local/include'
    ccversion='', gccversion='4.7.2', gccosandvers=''
    intsize=4, longsize=8, ptrsize=8, doublesize=8, byteorder=12345678
    d_longlong=define, longlongsize=8, d_longdbl=define, longdblsize=16
    ivtype='long', ivsize=8, nvtype='double', nvsize=8, Off_t='off_t', lseeksize=8
    alignbytes=8, prototype=define
  Linker and Libraries:
    ld='cc', ldflags =' -fstack-protector -L/usr/local/lib'
    libpth=/usr/local/lib /lib/x86_64-linux-gnu /lib/../lib /usr/lib/x86_64-linux-gnu /usr/lib/../lib /lib /usr/lib
    libs=-lnsl -lgdbm -ldb -ldl -lm -lcrypt -lutil -lc -lgdbm_compat
    perllibs=-lnsl -ldl -lm -lcrypt -lutil -lc
    libc=, so=so, useshrplib=false, libperl=libperl.a
    gnulibc_version='2.13'
  Dynamic Linking:
    dlsrc=dl_dlopen.xs, dlext=so, d_dlsymun=undef, ccdlflags='-Wl,-E'
    cccdlflags='-fPIC', lddlflags='-shared -O2 -g -L/usr/local/lib -fstack-protector'


Characteristics of this binary (from libperl): 
  Compile-time options: HAS_TIMES PERLIO_LAYERS PERL_DONT_CREATE_GVSV
                        PERL_MALLOC_WRAP PERL_NEW_COPY_ON_WRITE
                        PERL_PRESERVE_IVUV PERL_USE_DEVEL USE_64_BIT_ALL
                        USE_64_BIT_INT USE_LARGE_FILES USE_LOCALE
                        USE_LOCALE_COLLATE USE_LOCALE_CTYPE
                        USE_LOCALE_NUMERIC USE_PERLIO USE_PERL_ATOF
  Built under linux
  Compiled at May 10 2013 06:58:49
  %ENV:
    PERL5LIB=""
    PERL5OPT=""
    PERL5_CPANPLUS_IS_RUNNING="26039"
    PERL5_CPAN_IS_RUNNING="26039"
    PERL_MM_USE_DEFAULT="1"
  @INC:
    /home/src/perl/repoperls/installed-perls/perl/v5.17.9/165a/lib/site_perl/5.17.9/x86_64-linux
    /home/src/perl/repoperls/installed-perls/perl/v5.17.9/165a/lib/site_perl/5.17.9
    /home/src/perl/repoperls/installed-perls/perl/v5.17.9/165a/lib/5.17.9/x86_64-linux
    /home/src/perl/repoperls/installed-perls/perl/v5.17.9/165a/lib/5.17.9
    .